--------- beginning of system
07-13 16:22:54.611 3569 3569 I vold : Vold 3.0 (the awakening) firing up
07-13 16:22:54.612 3569 3569 D vold : Detected support for: ext4 f2fs ntfs vfat
07-13 16:22:54.622 3569 3569 E vold : Failed open: No such file or directory
07-13 16:22:54.623 3569 3569 W vold : Failed to LOOP_GET_STATUS64 /dev/block/loop7: No such device or address
07-13 16:22:54.623 3569 3569 W vold : Failed to LOOP_GET_STATUS64 /dev/block/loop6: No such device or address
07-13 16:22:54.623 3569 3569 W vold : Failed to LOOP_GET_STATUS64 /dev/block/loop5: No such device or address
07-13 16:22:54.623 3569 3569 W vold : Failed to LOOP_GET_STATUS64 /dev/block/loop4: No such device or address
07-13 16:22:54.623 3569 3569 W vold : Failed to LOOP_GET_STATUS64 /dev/block/loop2: No such device or address
07-13 16:22:54.623 3569 3569 W vold : Failed to LOOP_GET_STATUS64 /dev/block/loop3: No such device or address
07-13 16:22:54.623 3569 3569 W vold : Failed to LOOP_GET_STATUS64 /dev/block/loop0: No such device or address
07-13 16:22:54.623 3569 3569 W vold : Failed to LOOP_GET_STATUS64 /dev/block/loop1: No such device or address
07-13 16:22:54.635 3569 3569 D vold : VoldNativeService::start() completed OK
07-13 16:22:54.644 3569 3613 D vold : Disk at 7:48 changed
07-13 16:22:54.645 3569 3613 D vold : Disk at 7:40 changed
07-13 16:22:54.647 3569 3613 E NetlinkListener: recvmsg failed (I/O error)
07-13 16:22:54.657 3569 3613 E NetlinkListener: recvmsg failed (I/O error)
07-13 16:22:54.662 3569 3613 D vold : Disk at 7:32 changed
07-13 16:22:54.668 3563 3638 I QISL : QSEE Interrupt Service Listener Thread is started
07-13 16:22:54.670 3563 3638 I QISL : QSEE Interrupt Service Listener was activated successfully
07-13 16:22:54.678 3569 3613 E NetlinkListener: recvmsg failed (I/O error)
07-13 16:22:54.692 3569 3613 I chatty : uid=0(root) Binder:3569_2 identical 2 lines
07-13 16:22:54.696 3569 3613 E NetlinkListener: recvmsg failed (I/O error)
07-13 16:22:54.696 3569 3613 D vold : Disk at 7:16 changed
07-13 16:22:54.700 3569 3613 E NetlinkListener: recvmsg failed (I/O error)
07-13 16:22:54.704 3569 3613 D vold : Disk at 7:24 changed
07-13 16:22:54.710 3569 3613 D vold : Disk at 7:0 changed
07-13 16:22:54.717 3569 3613 E NetlinkListener: recvmsg failed (I/O error)
07-13 16:22:56.070 3569 3613 I chatty : uid=0(root) Binder:3569_2 identical 289 lines
07-13 16:22:56.073 3569 3613 E NetlinkListener: recvmsg failed (I/O error)
07-13 16:22:56.590 4588 4588 I irsc_util: Starting irsc tool
07-13 16:22:56.595 4588 4588 I irsc_util: Num of entries:297
07-13 16:22:56.595 4588 4588 I irsc_util: Ending irsc tool
07-13 16:22:56.619 3569 3613 E NetlinkListener: recvmsg failed (I/O error)
07-13 16:22:57.233 3569 3613 I chatty : uid=0(root) Binder:3569_2 identical 52 lines
07-13 16:22:57.234 3569 3613 E NetlinkListener: recvmsg failed (I/O error)
07-13 16:22:57.243 4844 4844 I imsrcsd : Uce Service HAL is starting up...
07-13 16:22:57.249 4844 4844 I imsrcsd : Uce Service HAL loading imsrcsbaseimpl
07-13 16:22:57.332 4844 4844 I imsrcsd : Starting Service for First Time imsbaseimpl
07-13 16:22:57.344 4844 4844 I ServiceManagement: Registered com.qualcomm.qti.uceservice@2.1::IUceService/com.qualcomm.qti.uceservice (start delay of 170ms)
07-13 16:22:57.344 4844 4844 I imsrcsd : ImsRcsBaseImpl CM_IMSCONNECTIONMANAGER_CREATE_CONNECTION Before Registering Service
07-13 16:22:57.346 4844 4844 I ServiceManagement: Registered com.qualcomm.qti.imscmservice@2.2::IImsCmService/qti.ims.connectionmanagerservice (start delay of 171ms)
07-13 16:22:57.346 4844 4844 I imsrcsd : ImsRcsBaseImpl CM_IMSCONNECTIONMANAGER_CREATE_CONNECTION After Registering Service
07-13 16:22:57.366 3569 3613 E NetlinkListener: recvmsg failed (I/O error)
07-13 16:22:57.382 3569 3613 I chatty : uid=0(root) Binder:3569_2 identical 2 lines
07-13 16:22:57.382 3569 3613 E NetlinkListener: recvmsg failed (I/O error)
07-13 16:22:57.391 4844 4844 I ServiceManagement: Registered vendor.qti.ims.callinfo@1.0::IService/default (start delay of 217ms)
07-13 16:22:57.391 4844 4844 I imsrcsd : ImsRcsBaseImpl ImsCallInfo After Registering Service
07-13 16:22:57.501 3569 3613 E NetlinkListener: recvmsg failed (I/O error)
07-13 16:22:57.696 3569 3613 I chatty : uid=0(root) Binder:3569_2 identical 93 lines
07-13 16:22:57.696 3569 3613 E NetlinkListener: recvmsg failed (I/O error)
07-13 16:22:57.697 5235 5235 I iorapd : iorapd (the prefetchening) firing up
07-13 16:22:57.702 3569 3613 E NetlinkListener: recvmsg failed (I/O error)
07-13 16:22:57.702 3569 3613 I chatty : uid=0(root) Binder:3569_2 identical 1 line
07-13 16:22:57.702 3569 3613 E NetlinkListener: recvmsg failed (I/O error)
07-13 16:22:57.705 5235 5235 W iorapd : Tracing disabled by iorapd.perfetto.enable=false
07-13 16:22:57.713 3569 3613 E NetlinkListener: recvmsg failed (I/O error)
07-13 16:22:59.451 3569 3613 I chatty : uid=0(root) Binder:3569_2 identical 346 lines
07-13 16:22:59.453 3569 3613 E NetlinkListener: recvmsg failed (I/O error)
07-13 16:22:59.493 6054 6054 I imsrcsd : Uce Service HAL is starting up...
07-13 16:22:59.493 6054 6054 I imsrcsd : getAndroidPropValue : vendor.ims.DATA_DAEMON_STATUS[1]
07-13 16:22:59.818 3569 3613 E NetlinkListener: recvmsg failed (I/O error)
07-13 16:23:04.424 3569 3613 I chatty : uid=0(root) Binder:3569_2 identical 47 lines
07-13 16:23:04.433 3569 3613 E NetlinkListener: recvmsg failed (I/O error)
07-13 16:23:04.493 6054 6054 I imsrcsd : getAndroidPropValue : vendor.ims.modem.multisub.cap[2]
07-13 16:23:04.493 6054 6054 I imsrcsd : Uce Service HAL detected modemVersion[2]
07-13 16:23:04.493 6054 6054 I imsrcsd : Uce Service HAL loading lib-imsrcs-v2
07-13 16:23:04.537 6054 6054 I Diag_Lib: StartImsService
07-13 16:23:04.537 6054 6054 I imsrcsd : ImsServiceMain startService[1]
07-13 16:23:04.541 6054 7141 I ServiceManagement: Registered vendor.qti.ims.callinfo@1.0::IService/default (start delay of 5077ms)
07-13 16:23:04.541 6054 7141 I imsrcsd : ImsServiceMain Running..
07-13 16:23:04.922 3569 3613 E NetlinkListener: recvmsg failed (I/O error) --------- beginning of main
07-13 16:25:39.718 10333 10770 E vndksupport: Load sphal /system/lib64/vndk-sp-29/hw/android.hidl.memory@1.0-impl.so.
07-13 16:25:39.718 10333 10770 D vndksupport: Loading /system/lib64/vndk-sp-29/hw/android.hidl.memory@1.0-impl.so from current namespace instead of sphal namespace.
07-13 16:25:39.721 5291 5291 E ion : ioctl c0044901 failed with code -1: Not a typewriter
07-13 16:25:39.746 5291 10772 I OMX-VENC: venc_dev: id = 10035242, value = 4294967295, min = 0, max = 0
07-13 16:25:39.746 5291 10772 I OMX-VENC: venc_dev: id = 10035230, value = 4294967295, min = 0, max = 5
07-13 16:25:39.746 5291 10772 I OMX-VENC: venc_dev: id = 10035243, value = 4294967295, min = 0, max = 5
07-13 16:25:39.746 5291 10772 I OMX-VENC: venc_dev: WARN: TemporalLayer: Invalid settings, hardware doesn't support 0 temporal layers
07-13 16:25:39.746 5291 10772 I OMX-VENC: venc_dev: id = 10035242, value = 4294967295, min = 0, max = 0
07-13 16:25:39.746 5291 10772 I OMX-VENC: venc_dev: id = 10035230, value = 4294967295, min = 0, max = 5
07-13 16:25:39.746 5291 10772 I OMX-VENC: venc_dev: id = 10035243, value = 4294967295, min = 0, max = 5
07-13 16:25:39.746 5291 10772 I OMX-VENC: venc_dev: WARN: TemporalLayer: Invalid settings, hardware doesn't support 0 temporal layers
07-13 16:25:39.747 10333 10768 I MediaCodecSource: MediaCodecSource (video) starting
07-13 16:25:39.748 10333 10775 I CameraSource: Using encoder format: 0x22
07-13 16:25:39.748 10333 10775 I CameraSource: Using encoder data space: 0x104
07-13 16:25:39.762 4503 4663 I chatty : uid=1041(audioserver) HwBinder:4503_1 expire 1 line
07-13 16:25:39.762 4621 6442 I chatty : uid=1041(audioserver) Binder:4621_1 expire 1 line
07-13 16:25:39.764 4621 7035 I chatty : uid=1041(audioserver) AudioOut_1D expire 1 line
07-13 16:25:39.766 4503 9151 I chatty : uid=1041(audioserver) writer expire 712 lines
07-13 16:25:39.805 4881 9144 D AudioTrack: stop(23): called with 16538 frames delivered
07-13 16:25:39.891 4818 7989 I LOWI-8.6.0.59: [LOWI-Scan] lowi_close_record:Scan done in 141853ms, 10 APs in scan results
07-13 16:25:39.892 4818 4859 I LOWI-8.6.0.59: [LOWIUtils] responseToOutPostcard - TO: FreeWifiScanObserver, FROM: LOWI-SERVER, RESP: LOWI_ASYNC_DISCOVERY_SCAN_RESULTS
07-13 16:25:39.899 4515 4752 I LocSvc_api_v02: ---> locClientSendReq line 2325 QMI_LOC_INJECT_WIFI_AP_DATA_REQ_V02
07-13 16:25:39.900 4515 6382 I LocSvc_ApiV02: <--- globalRespCb line 196 QMI_LOC_INJECT_WIFI_AP_DATA_REQ_V02
07-13 16:25:39.930 4508 10723 I chatty : uid=1047(cameraserver) provider@2.4-se expire 1 line
07-13 16:25:40.110 4508 10780 I chatty : uid=1047(cameraserver) provider@2.4-se expire 1 line
07-13 16:25:40.116 7154 7170 E SDM : HWCSession::ForceMaxFrameRate: ForceMaxFrameRate failed: max_frame_rate is 0!
07-13 16:25:40.122 4508 10783 I chatty : uid=1047(cameraserver) provider@2.4-se expire 8 lines
07-13 16:25:40.182 10333 10768 I MediaCodecSource: MediaCodecSource (video) started
07-13 16:25:40.203 7094 7209 D audio_hw_primary: adev_open_input_stream is_karaoke_fastcapture=0
07-13 16:25:40.203 7094 7209 D audio_hw_primary: adev_open_input_stream: enter: sample_rate(48000) channel_mask(0xc) devices(0x80000080) stream_handle(0x7c9c004280) io_handle(4) source(1) format 1
07-13 16:25:40.203 7094 7209 D audio_hw_primary: in_standby: enter: stream (0x7c9c004280) usecase(20: audio-record)
07-13 16:25:40.203 7094 7209 D audio_hw_primary: in_set_parameters: enter: kvpairs=routing=-2147483520;input_source=1
07-13 16:25:40.203 7094 7209 D audio_hw_primary: start_input_stream: enter: stream(0x7c9c004280)usecase(20: audio-record)
07-13 16:25:40.204 7094 7209 D audio_hw_primary: select_devices for use case (audio-record)
07-13 16:25:40.204 7094 7209 D audio_hw_primary: select_devices: changing use case audio-record input device from(194: handset-stereo-dmic-ef, acdb 34) to (195: speaker-stereo-dmic-ef, acdb 35)
07-13 16:25:40.204 7094 7209 D audio_hw_primary: select_devices: out_snd_device(0: ) in_snd_device(195: speaker-stereo-dmic-ef)
07-13 16:25:40.204 7094 7209 D ultrasound_extn: ultrasound_select_devices_pre ultrasound_enabled:0 usecase(audio-record), devices:-2147483520 in_snd_device(195, speaker-stereo-dmic-ef), out_snd_device(0, )
07-13 16:25:40.204 7094 7209 D ultrasound_extn: dump_usecase_list: start ======================================
07-13 16:25:40.204 7094 7209 D ultrasound_extn: dump_usecase_list: enter sensor_activated:0 hw_port_enabled:0 suspended:0
07-13 16:25:40.204 7094 7209 D ultrasound_extn: dump_usecase_list: select_devices_pre usecase[#0]:(0, deep-buffer-playback) in_dev:(0, ) out_dv:(2, speaker)
07-13 16:25:40.204 7094 7209 D ultrasound_extn: dump_usecase_list: select_devices_pre usecase[#1]:(50, spkr-vi-record) in_dev:(196, vi-feedback) out_dv:(0, )
07-13 16:25:40.204 7094 7209 D ultrasound_extn: dump_usecase_list: select_devices_pre usecase[#2]:(20, audio-record) in_dev:(0, ) out_dv:(0, )
07-13 16:25:40.204 7094 7209 D ultrasound_extn: dump_usecase_list: end ======================================
07-13 16:25:40.204 7094 7209 I msm8974_platform: platform_check_and_set_capture_codec_backend_cfg:txbecf: afe: bitwidth 16, samplerate 48000, channel 2 format 1, backend_idx 8 usecase = 20 device (speaker-stereo-dmic-ef)
07-13 16:25:40.204 7094 7209 I msm8974_platform: platform_check_capture_codec_backend_cfg:txbecf: afe: Codec selected backend: 8 current bit width: 16 and sample rate: 48000, channels 2 format 1
07-13 16:25:40.204 7094 7209 I msm8974_platform: platform_check_capture_codec_backend_cfg:txbecf: afe: current backend bit_width 16 sample_rate 48000 channels 1, format 0
07-13 16:25:40.204 7094 7209 I msm8974_platform: platform_check_capture_codec_backend_cfg:txbecf: afe: Codec backend needs to be updated. new bit width: 16 new sample rate: 48000 new channel: 1 new format: 1
07-13 16:25:40.204 7094 7209 I msm8974_platform: platform_set_codec_backend_cfg:becf: afe: bitwidth 16, samplerate 48000 channels 1 format 1, backend_idx 8 device (speaker-stereo-dmic-ef)
07-13 16:25:40.204 7094 7209 D audio_hw_primary: check_usecases_capture_codec_backend:becf: force routing 0
07-13 16:25:40.204 7094 7209 D hardware_info: hw_info_append_hw_type : device_name = speaker-stereo-dmic-ef
07-13 16:25:40.204 7094 7209 D msm8974_platform: platform_split_snd_device: snd_device(195) num devices(0) new_snd_devices(6)
07-13 16:25:40.204 7094 7209 D audio_hw_primary: enable_snd_device: snd_device(195: speaker-stereo-dmic-ef)[SND_DEVICE_IN_SPEAKER_DMIC_STEREO]
07-13 16:25:40.204 7094 7209 D audio_route: Apply path: speaker-stereo-dmic-ef
07-13 16:25:40.231 7094 7209 D audio_hw_utils: audio_extn_utils_send_app_type_cfg: usecase->in_snd_device speaker-stereo-dmic-ef
07-13 16:25:40.231 7094 7209 D msm8974_platform: platform_split_snd_device: snd_device(195) num devices(0) new_snd_devices(0)
07-13 16:25:40.231 7094 7209 D audio_hw_utils: audio_extn_btsco_get_sample_rate:Not a BT SCO device, need not update sampling rate
07-13 16:25:40.231 7094 7209 I audio_hw_utils: send_app_type_cfg_for_device CAPTURE app_type 69938, acdb_dev_id 35, sample_rate 48000, snd_device_be_idx 3
07-13 16:25:40.232 7094 7209 D msm8974_platform: platform_split_snd_device: snd_device(195) num devices(1) new_snd_devices(0)
07-13 16:25:40.232 7094 7209 D audio_hw_utils: audio_extn_btsco_get_sample_rate:Not a BT SCO device, need not update sampling rate
07-13 16:25:40.232 7094 7209 E ACDB-LOADER: ACDB -> Not correctly initialized!
07-13 16:25:40.232 7094 7209 D audio_hw_primary: enable_audio_route: apply mixer and update path: audio-record
07-13 16:25:40.232 7094 7209 D audio_route: Apply path: audio-record
07-13 16:25:40.234 7094 7209 E send_data_to_xlog: send_misound_data_to_xlog: Invalid sound device 0
07-13 16:25:40.234 7094 7209 D ultrasound_extn: ultrasound_select_devices_post: enter: engine_suspended: 0
07-13 16:25:40.234 7094 7209 D ultrasound_extn: dump_usecase_list: start ======================================
07-13 16:25:40.234 7094 7209 D ultrasound_extn: dump_usecase_list: enter sensor_activated:0 hw_port_enabled:0 suspended:0
07-13 16:25:40.234 7094 7209 D ultrasound_extn: dump_usecase_list: select_devices_post usecase[#0]:(0, deep-buffer-playback) in_dev:(0, ) out_dv:(2, speaker)
07-13 16:25:40.235 7094 7209 D ultrasound_extn: dump_usecase_list: select_devices_post usecase[#1]:(50, spkr-vi-record) in_dev:(196, vi-feedback) out_dv:(0, )
07-13 16:25:40.235 7094 7209 D ultrasound_extn: dump_usecase_list: select_devices_post usecase[#2]:(20, audio-record) in_dev:(195, speaker-stereo-dmic-ef) out_dv:(0, )
07-13 16:25:40.235 7094 7209 D ultrasound_extn: dump_usecase_list: RX_CDC_DMA_RX_0 SampleRate KHZ_96
07-13 16:25:40.236 7094 7209 D ultrasound_extn: dump_usecase_list: RX_CDC_DMA_RX_0 Format S16_LE
07-13 16:25:40.237 7094 7209 D ultrasound_extn: dump_usecase_list: RX_CDC_DMA_RX_0 Channels One
07-13 16:25:40.238 7094 7209 D ultrasound_extn: dump_usecase_list: RX_CDC_DMA_RX_1 SampleRate KHZ_96
07-13 16:25:40.238 7094 7209 D ultrasound_extn: dump_usecase_list: RX_CDC_DMA_RX_1 Format S16_LE
07-13 16:25:40.239 7094 7209 D ultrasound_extn: dump_usecase_list: RX_CDC_DMA_RX_1 Channels One
07-13 16:25:40.239 7094 7209 D ultrasound_extn: dump_usecase_list: end ======================================
07-13 16:25:40.239 7094 7209 D audio_hw_primary: select_devices: done
07-13 16:25:40.266 7094 7209 D audio_hw_primary: check_and_set_karaok_parameters: is karaok rx device 0, is karaok tx device 0
07-13 16:25:40.267 7094 7209 D audio_hw_primary: check_and_set_karaok_parameters: is karaok rx device 0, is karaok tx device 0
07-13 16:25:40.267 7094 7209 D audio_hw_primary: start_input_stream: exit
07-13 16:25:40.290 4508 10793 I chatty : uid=1047(cameraserver) provider@2.4-se expire 434 lines
07-13 16:25:40.558 10333 10767 W DroidMediaCodec: Creating audio encoder for audio/mp4a-latm
07-13 16:25:40.561 10333 10823 I OMXClient: IOmx service obtained
07-13 16:25:40.562 5291 5291 I OMXMaster: makeComponentInstance(OMX.google.aac.encoder) in android.hardwar process
07-13 16:25:40.564 10333 10823 I MediaCodec: MediaCodec will operate in async mode
07-13 16:25:40.565 5291 5291 E OMXNodeInstance: getExtensionIndex(0xec1ffde0:google.aac.encoder, OMX.google.android.index.storeMetaDataInBuffers) ERROR: UnsupportedIndex(0x8000101a)
07-13 16:25:40.583 10333 10822 I MediaCodecSource: MediaCodecSource (audio) starting
07-13 16:25:40.584 10333 10822 I MediaCodecSource: MediaCodecSource (audio) started
07-13 16:25:40.750 4503 9151 I audio_hw_utils: audio_extn_utils_update_stream_output_app_type_cfg Allowing 24 and above bits playback on speaker ONLY at default sampling rate
07-13 16:25:40.750 4503 9151 D audio_hw_primary: audio_is_true_native_stream_active:napb: (0) (ultrasound-proximity-output)id (67) sr 96000 bw (16) device voice-handset
07-13 16:25:40.750 4503 9151 D audio_hw_primary: audio_is_true_native_stream_active:napb: (1) (deep-buffer-playback)id (0) sr 48000 bw (16) device speaker
07-13 16:25:40.750 4503 9151 E soundtrigger: audio_extn_sound_trigger_update_stream_status: invalid input device 0x0, for event 3
07-13 16:25:40.750 4503 9151 D soundtrigger: audio_extn_sound_trigger_update_stream_status: uc_info->id 0 of type 0 for Event 3, with Raise=1
07-13 16:25:40.750 4503 9151 D sound_trigger_hal: sound_trigger_hw_call_back event 3 rx_concurrency_active 0, tx_concurrency_active 2, screen on 1, music on 0
07-13 16:25:40.750 4503 9151 D sound_trigger_hal: pcm_transfer_to_barge_in barge in 0, state 0, force idle 0
07-13 16:25:40.750 4503 9151 D sound_trigger_hal: pcm_transfer_to_barge_in exit barge in 1, state 0, force idle 0
07-13 16:25:40.750 4503 9151 D sound_trigger_hal: sound_trigger_hw_call_back rx_concurrency_active 1, tx_concurrency_active 2, screen on 1, music on 1
07-13 16:25:40.750 4503 9151 D audio_hw_utils: audio_extn_utils_send_app_type_cfg: usecase->out_snd_device speaker
07-13 16:25:40.750 4503 9151 D msm8974_platform: platform_split_snd_device: snd_device(2) num devices(0) new_snd_devices(0)
07-13 16:25:40.751 4503 9151 D audio_hw_utils: audio_extn_btsco_get_sample_rate:Not a BT SCO device, need not update sampling rate
07-13 16:25:40.751 4503 9151 I audio_hw_utils: send_app_type_cfg_for_device: change app type from 69936 to 69940
07-13 16:25:40.751 4503 9151 I audio_hw_utils: send_app_type_cfg_for_device PLAYBACK app_type 69940, acdb_dev_id 10011, sample_rate 48000, snd_device_be_idx 43
07-13 16:25:40.751 4503 9151 D msm8974_platform: platform_split_snd_device: snd_device(2) num devices(1) new_snd_devices(0)
07-13 16:25:40.751 4503 9151 D audio_hw_utils: audio_extn_btsco_get_sample_rate:Not a BT SCO device, need not update sampling rate
07-13 16:25:40.751 4503 9151 D ACDB-LOADER: ACDB -> send_audio_cal, acdb_id = 10011, path = 0, app id = 0x11134, sample rate = 48000
07-13 16:25:40.751 4503 9151 D ACDB-LOADER: ACDB -> send_asm_topology
07-13 16:25:40.751 4503 9151 D ACDB-LOADER: ACDB -> ACDB_CMD_GET_AUDPROC_STREAM_TOPOLOGY_ID
07-13 16:25:40.751 4503 9151 D ACDB-LOADER: ACDB -> send_adm_topology
07-13 16:25:40.751 4503 9151 D ACDB-LOADER: ACDB -> ACDB_CMD_GET_AUDPROC_COMMON_TOPOLOGY_ID
07-13 16:25:40.752 4503 9151 D ACDB-LOADER: ACDB -> send_audtable
07-13 16:25:40.752 4503 9151 D ACDB-LOADER: ACDB -> ACDB_CMD_GET_AUDPROC_INSTANCE_COMMON_TABLE_SIZE
07-13 16:25:40.752 4503 9151 D ACDB-LOADER: ACDB -> ACDB_CMD_GET_AUDPROC_INSTANCE_COMMON_TABLE
07-13 16:25:40.752 4503 9151 D ACDB-LOADER: ACDB -> AUDIO_SET_AUDPROC_CAL cal_type[11] acdb_id[10011] app_type[69940]
07-13 16:25:40.752 4503 9151 D ACDB-LOADER: ACDB -> send_audvoltable
07-13 16:25:40.752 4503 9151 D ACDB-LOADER: ACDB -> ACDB_CMD_GET_AUDPROC_INSTANCE_GAIN_DEP_STEP_TABLE_SIZE
07-13 16:25:40.752 4503 9151 D : Failed to fetch the lookup information of the device 0000271B
07-13 16:25:40.752 4503 9151 D ACDB-LOADER: Error: ACDB_CMD_GET_AUDPROC_INSTANCE_GAIN_DEP_STEP_TABLE_SIZE Returned = -19
07-13 16:25:40.752 4503 9151 D ACDB-LOADER: ACDB -> ACDB_CMD_GET_AUDPROC_INSTANCE_GAIN_DEP_STEP_TABLE, vol index 0
07-13 16:25:40.752 4503 9151 D : Failed to fetch the lookup information of the device 0000271B
07-13 16:25:40.752 4503 9151 D ACDB-LOADER: Error: ACDB AudProc vol returned = -19
07-13 16:25:40.752 4503 9151 D ACDB-LOADER: ACDB -> AUDIO_SET_VOL_CAL cal type = 12
07-13 16:25:40.752 4503 9151 D ACDB-LOADER: ACDB -> ACDB_CMD_GET_AUDPROC_INSTANCE_STREAM_TABLE_SIZE
07-13 16:25:40.752 4503 9151 D ACDB-LOADER: ACDB -> send_audstrmtable
07-13 16:25:40.752 4503 9151 D ACDB-LOADER: ACDB -> ACDB_CMD_GET_AUDPROC_INSTANCE_STREAM_TABLE
07-13 16:25:40.752 4503 9151 D ACDB-LOADER: ACDB -> audstrm_cal->cal_type.cal_data.cal_size = 20
07-13 16:25:40.752 4503 9151 D ACDB-LOADER: ACDB -> send_afe_topology
07-13 16:25:40.752 4503 9151 D ACDB-LOADER: ACDB -> ACDB_CMD_GET_AFE_TOPOLOGY_ID
07-13 16:25:40.752 4503 9151 D ACDB-LOADER: ACDB -> GET_AFE_TOPOLOGY_ID for adcd_id 10011, Topology Id 1000b910
07-13 16:25:40.752 4503 9151 D ACDB-LOADER: ACDB -> send_afe_cal
07-13 16:25:40.752 4503 9151 D ACDB-LOADER: ACDB -> ACDB_CMD_GET_AFE_INSTANCE_COMMON_TABLE_SIZE
07-13 16:25:40.752 4503 9151 D ACDB-LOADER: ACDB -> ACDB_CMD_GET_AFE_INSTANCE_COMMON_TABLE
07-13 16:25:40.752 4503 9151 D ACDB-LOADER: ACDB -> AUDIO_SET_AFE_CAL cal_type[16] acdb_id[10011]
07-13 16:25:40.752 4503 9151 D ACDB-LOADER: ACDB -> send_hw_delay : acdb_id = 10011 path = 0
07-13 16:25:40.752 4503 9151 D ACDB-LOADER: ACDB -> ACDB_AVSYNC_INFO: ACDB_CMD_GET_DEVICE_PROPERTY
07-13 16:25:40.752 4503 9151 D msm8974_platform: platform_split_snd_device: snd_device(2) num devices(0) new_snd_devices(0)
07-13 16:25:40.752 4503 9151 I msm8974_platform: platform_get_custom_mtmx_params: no matching param with id 0 ip_ch 2 op_ch 2 uc_id 0 snd_dev 2
07-13 16:25:40.752 4503 9151 D audio_hw_primary: enable_audio_route: apply mixer and update path: deep-buffer-playback speaker
07-13 16:25:40.752 4503 9151 D audio_route: Apply path: deep-buffer-playback speaker
07-13 16:25:40.770 7094 7195 D audio_hw_primary: out_set_volume: called with left_vol=1.000000, right_vol=1.000000
07-13 16:25:40.801 4503 9151 D send_data_to_xlog: send_misound_data_to_xlog: enter: usecase(0)
07-13 16:25:40.801 4503 9151 D ultrasound_extn: ultrasound_select_devices_post: enter: engine_suspended: 0
07-13 16:25:40.801 4503 9151 D ultrasound_extn: dump_usecase_list: start ======================================
07-13 16:25:40.801 4503 9151 D ultrasound_extn: dump_usecase_list: enter sensor_activated:1 hw_port_enabled:1 suspended:0
07-13 16:25:40.801 4503 9151 D ultrasound_extn: dump_usecase_list: select_devices_post usecase[#0]:(68, ultrasound-proximity-input) in_dev:(246, ultrasound-input) out_dv:(0, )
07-13 16:25:40.801 4503 9151 D ultrasound_extn: dump_usecase_list: select_devices_post usecase[#1]:(67, ultrasound-proximity-output) in_dev:(0, ) out_dv:(24, voice-handset)
07-13 16:25:40.801 4503 9151 D ultrasound_extn: dump_usecase_list: select_devices_post usecase[#2]:(0, deep-buffer-playback) in_dev:(0, ) out_dv:(2, speaker)
07-13 16:25:40.802 4503 9151 D ultrasound_extn: dump_usecase_list: RX_CDC_DMA_RX_0 SampleRate KHZ_96
07-13 16:25:40.803 4503 9151 D ultrasound_extn: dump_usecase_list: RX_CDC_DMA_RX_0 Format S16_LE
07-13 16:25:40.805 4503 9151 D ultrasound_extn: dump_usecase_list: RX_CDC_DMA_RX_0 Channels One
07-13 16:25:40.807 4503 9151 D ultrasound_extn: dump_usecase_list: RX_CDC_DMA_RX_1 SampleRate KHZ_96
07-13 16:25:40.808 4503 9151 D ultrasound_extn: dump_usecase_list: RX_CDC_DMA_RX_1 Format S16_LE
07-13 16:25:40.810 4503 9151 D ultrasound_extn: dump_usecase_list: RX_CDC_DMA_RX_1 Channels One
07-13 16:25:40.810 4503 9151 D ultrasound_extn: dump_usecase_list: end ======================================
07-13 16:25:40.810 4503 9151 D audio_hw_primary: select_devices: done
07-13 16:25:40.810 4503 9151 E audio_hw_primary: pcm_open_prepare_helper: cannot open device '/dev/snd/pcmC0D0p': Device or resource busy
07-13 16:25:40.810 4503 9151 D audio_hw_primary: disable_audio_route: reset and update mixer path: deep-buffer-playback speaker
07-13 16:25:40.897 4503 9151 E soundtrigger: audio_extn_sound_trigger_update_stream_status: invalid input device 0x0, for event 2
07-13 16:25:40.897 4503 9151 D soundtrigger: audio_extn_sound_trigger_update_stream_status: uc_info->id 0 of type 0 for Event 2, with Raise=1
07-13 16:25:40.897 4503 9151 D sound_trigger_hal: sound_trigger_hw_call_back event 2 rx_concurrency_active 1, tx_concurrency_active 2, screen on 1, music on 1
07-13 16:25:40.897 4503 9151 D sound_trigger_hal: pcm_transfer_to_barge_in barge in 1, state 0, force idle 0
07-13 16:25:40.897 4503 9151 D sound_trigger_hal: pcm_transfer_to_barge_in exit barge in 0, state 0, force idle 0
07-13 16:25:40.897 4503 9151 D sound_trigger_hal: sound_trigger_hw_call_back rx_concurrency_active 0, tx_concurrency_active 2, screen on 1, music on 0
07-13 16:25:40.897 4503 9151 D msm8974_platform: platform_split_snd_device: snd_device(2) num devices(0) new_snd_devices(0)
07-13 16:25:40.897 4503 9151 I msm8974_platform: platform_get_custom_mtmx_params: no matching param with id 0 ip_ch 2 op_ch 2 uc_id 0 snd_dev 2
07-13 16:25:40.897 4503 9151 D hardware_info: hw_info_append_hw_type : device_name = speaker
07-13 16:25:40.897 4503 9151 D audio_hw_primary: disable_snd_device: snd_device(2: speaker)
07-13 16:25:40.897 4503 9151 D msm8974_platform: platform_split_snd_device: snd_device(2) num devices(0) new_snd_devices(0)
07-13 16:25:40.897 4503 9151 D hardware_info: hw_info_append_hw_type : device_name = vi-feedback
07-13 16:25:40.897 4503 9151 E audio_hw_primary: disable_snd_device: device ref cnt is already 0
07-13 16:25:40.897 4503 9151 I soundtrigger: audio_extn_sound_trigger_update_device_status: device 0x2 of type 0 for Event 0, with Raise=0
07-13 16:25:40.946 10333 10776 W CameraSource: Waiting on an available memory base timed out. Dropping a recording frame.
07-13 16:25:40.948 4503 9151 D audio_hw_primary: out_standby: enter: stream (0xe834d000) usecase(0: deep-buffer-playback)
07-13 16:25:40.948 4503 9151 D audio_hw_primary: out_standby: exit
07-13 16:25:40.990 4503 9151 D audio_hw_primary: start_output_stream: enter: stream(0xe834d000)usecase(0: deep-buffer-playback) devices(0x2) is_haptic_usecase(0)
07-13 16:25:40.991 4503 9151 D audio_hw_primary: select_devices for use case (deep-buffer-playback)
07-13 16:25:40.991 4503 9151 D audio_hw_primary: select_devices: out_snd_device(2: speaker) in_snd_device(0: )
07-13 16:25:40.991 4503 9151 D ultrasound_extn: ultrasound_select_devices_pre ultrasound_enabled:1 usecase(deep-buffer-playback), devices:2 in_snd_device(0, ), out_snd_device(2, speaker)
07-13 16:25:40.991 4503 9151 D ultrasound_extn: ultrasound_select_devices_pre usecase(deep-buffer-playback), chg-to: in_snd_device(0, ), out_snd_device(0, )
07-13 16:25:40.991 4503 9151 D ultrasound_extn: dump_usecase_list: start ======================================
07-13 16:25:40.991 4503 9151 D ultrasound_extn: dump_usecase_list: enter sensor_activated:1 hw_port_enabled:1 suspended:0
07-13 16:25:40.991 4503 9151 D ultrasound_extn: dump_usecase_list: select_devices_pre usecase[#0]:(68, ultrasound-proximity-input) in_dev:(246, ultrasound-input) out_dv:(0, )
07-13 16:25:40.991 4503 9151 D ultrasound_extn: dump_usecase_list: select_devices_pre usecase[#1]:(67, ultrasound-proximity-output) in_dev:(0, ) out_dv:(24, voice-handset)
07-13 16:25:40.991 4503 9151 D ultrasound_extn: dump_usecase_list: select_devices_pre usecase[#2]:(0, deep-buffer-playback) in_dev:(0, ) out_dv:(0, )
07-13 16:25:40.991 4503 9151 D ultrasound_extn: dump_usecase_list: end ======================================
07-13 16:25:40.991 4503 9151 I msm8974_platform: platform_check_and_set_codec_backend_cfg:becf: afe: bitwidth 16, samplerate 48000 channels 2, backend_idx 4 usecase = 0 device (speaker)
07-13 16:25:40.991 4503 9151 D msm8974_platform: platform_split_snd_device: snd_device(2) num devices(1) new_snd_devices(0)
07-13 16:25:40.991 4503 9151 I msm8974_platform: platform_check_and_set_codec_backend_cfg: new_snd_devices[0] is 2
07-13 16:25:40.991 4503 9151 I msm8974_platform: platform_check_codec_backend_cfg:becf: afe: bitwidth 16, samplerate 48000 channels 2, backend_idx 4 usecase = 0 device (speaker)
07-13 16:25:40.991 4503 9151 D msm8974_platform: platform_check_codec_backend_cfg:becf: afe: playback on codec device not supporting native playback set default Sample Rate(48k)
07-13 16:25:40.991 4503 9151 D ultrasound_extn: ultrasound_check_and_set_codec_backend_cfg check use case (deep-buffer-playback), snd_device(2, speaker)
07-13 16:25:40.991 4503 9151 D ultrasound_extn: ultrasound_check_and_set_codec_backend_cfg do not change BE setting for speaker
07-13 16:25:40.991 4503 9151 I msm8974_platform: platform_check_codec_backend_cfg:becf: afe: Codec selected backend: 4 updated bit width: 24 and sample rate: 48000
07-13 16:25:40.991 4503 9151 D audio_hw_primary: check_usecases_codec_backend:becf: force routing 0
07-13 16:25:40.991 4503 9151 E msm8974_platform: platform_check_backends_match: Invalid snd_device =
07-13 16:25:40.991 4503 9151 D audio_hw_primary: check_usecases_codec_backend:becf: (94) check_usecases curr device: speaker, usecase device: backends match 0
07-13 16:25:40.991 4503 9151 D audio_hw_primary: @@: usecase[0xe9aa1180]=ultrasound-proximity-input, devices=0x0, uc_info[0xe8376500]=deep-buffer-playback
07-13 16:25:40.991 4503 9151 D audio_hw_primary: check_usecases_codec_backend:becf: (94) check_usecases curr device: speaker, usecase device:voice-handset backends match 0
07-13 16:25:40.991 4503 9151 D audio_hw_primary: @@: usecase[0xe9aa11d0]=ultrasound-proximity-output, devices=0x2, uc_info[0xe8376500]=deep-buffer-playback
07-13 16:25:40.992 4503 9151 D audio_hw_primary: @@: uc_derive_snd_device=24, snd_device=2
07-13 16:25:40.992 4503 9151 E msm8974_platform: platform_check_backends_match: Invalid snd_device =
07-13 16:25:40.992 4503 9151 D audio_hw_primary: check_usecases_codec_backend:becf: (94) check_usecases curr device: speaker, usecase device: backends match 0
07-13 16:25:40.992 4503 9151 D audio_hw_primary: @@: usecase[0xe8376500]=deep-buffer-playback, devices=0x2, uc_info[0xe8376500]=deep-buffer-playback
07-13 16:25:40.992 4503 9151 D audio_hw_primary: check_usecases_codec_backend:becf: check_usecases num.of Usecases to switch 0
07-13 16:25:40.992 4503 9151 D hardware_info: hw_info_append_hw_type : device_name = speaker
07-13 16:25:40.992 4503 9151 D msm8974_platform: platform_split_snd_device: snd_device(2) num devices(0) new_snd_devices(0)
07-13 16:25:40.992 4503 9151 D audio_hw_primary: enable_snd_device: snd_device(2: speaker)[SND_DEVICE_OUT_SPEAKER]
07-13 16:25:40.992 4503 9151 I soundtrigger: audio_extn_sound_trigger_update_device_status: device 0x2 of type 0 for Event 1, with Raise=0
07-13 16:25:40.992 4503 9151 D audio_route: Apply path: speaker
07-13 16:25:40.992 4503 9151 D hardware_info: hw_info_append_hw_type : device_name = vi-feedback
07-13 16:25:40.992 4503 9151 D msm8974_platform: platform_split_snd_device: snd_device(196) num devices(0) new_snd_devices(0)
07-13 16:25:40.993 4503 9151 D audio_hw_primary: enable_snd_device: snd_device(196: vi-feedback)[SND_DEVICE_IN_CAPTURE_VI_FEEDBACK]
07-13 16:25:40.993 4503 9151 I soundtrigger: audio_extn_sound_trigger_update_device_status: device 0xc4 of type 1 for Event 1, with Raise=0
07-13 16:25:40.994 4503 9151 D audio_route: Apply path: vi-feedback
07-13 16:25:40.994 4503 9151 D audio_hw_utils: audio_extn_utils_send_app_type_cfg: usecase->in_snd_device vi-feedback
07-13 16:25:40.994 4503 9151 E voice : voice_is_in_call_rec_stream: input stream is NULL
07-13 16:25:40.994 4503 9151 D msm8974_platform: platform_split_snd_device: snd_device(196) num devices(0) new_snd_devices(0)
07-13 16:25:40.994 4503 9151 E audio_hw_utils: send_app_type_cfg_for_device: Could not get ctl for mixer cmd - Audio Stream Capture 38 App Type Cfg
07-13 16:25:40.994 4503 9151 D msm8974_platform: platform_split_snd_device: snd_device(196) num devices(1) new_snd_devices(0)
07-13 16:25:40.994 4503 9151 D ACDB-LOADER: ACDB -> send_audio_cal, acdb_id = 102, path = 1, app id = 0x11132, sample rate = 48000
07-13 16:25:40.994 4503 9151 D ACDB-LOADER: ACDB -> send_asm_topology
07-13 16:25:40.994 4503 9151 D ACDB-LOADER: ACDB -> ACDB_CMD_GET_AUDPROC_STREAM_TOPOLOGY_ID
07-13 16:25:40.994 4503 9151 D ACDB-LOADER: ACDB -> send_adm_topology
07-13 16:25:40.994 4503 9151 D ACDB-LOADER: ACDB -> ACDB_CMD_GET_AUDPROC_COMMON_TOPOLOGY_ID
07-13 16:25:40.995 4503 9151 D ACDB-LOADER: ACDB -> send_audtable
07-13 16:25:40.995 4503 9151 D ACDB-LOADER: ACDB -> ACDB_CMD_GET_AUDPROC_INSTANCE_COMMON_TABLE_SIZE
07-13 16:25:40.995 4503 9151 D ACDB-LOADER: ACDB -> ACDB_CMD_GET_AUDPROC_INSTANCE_COMMON_TABLE
07-13 16:25:40.995 4503 9151 D ACDB-LOADER: ACDB -> AUDIO_SET_AUDPROC_CAL cal_type[11] acdb_id[102] app_type[69938]
07-13 16:25:40.995 4503 9151 D ACDB-LOADER: ACDB -> ACDB_CMD_GET_AUDPROC_INSTANCE_STREAM_TABLE_SIZE
07-13 16:25:40.995 4503 9151 D ACDB-LOADER: ACDB -> send_audstrmtable
07-13 16:25:40.995 4503 9151 D ACDB-LOADER: ACDB -> ACDB_CMD_GET_AUDPROC_INSTANCE_STREAM_TABLE
07-13 16:25:40.995 4503 9151 D ACDB-LOADER: ACDB -> audstrm_cal->cal_type.cal_data.cal_size = 20
07-13 16:25:40.995 4503 9151 D ACDB-LOADER: ACDB -> send_afe_topology
07-13 16:25:40.995 4503 9151 D ACDB-LOADER: ACDB -> ACDB_CMD_GET_AFE_TOPOLOGY_ID
07-13 16:25:40.995 4503 9151 D ACDB-LOADER: ACDB -> GET_AFE_TOPOLOGY_ID for adcd_id 102, Topology Id 1000b909
07-13 16:25:40.995 4503 9151 D ACDB-LOADER: ACDB -> send_afe_cal
07-13 16:25:40.995 4503 9151 D ACDB-LOADER: ACDB -> ACDB_CMD_GET_AFE_INSTANCE_COMMON_TABLE_SIZE
07-13 16:25:40.995 4503 9151 D ACDB-LOADER: ACDB -> ACDB_CMD_GET_AFE_INSTANCE_COMMON_TABLE
07-13 16:25:40.995 4503 9151 D ACDB-LOADER: ACDB -> AUDIO_SET_AFE_CAL cal_type[17] acdb_id[102]
07-13 16:25:40.995 4503 9151 D ACDB-LOADER: ACDB -> send_hw_delay : acdb_id = 102 path = 1
07-13 16:25:40.995 4503 9151 D ACDB-LOADER: ACDB -> ACDB_AVSYNC_INFO: ACDB_CMD_GET_DEVICE_PROPERTY
07-13 16:25:40.995 4503 9151 D audio_hw_primary: enable_audio_route: apply mixer and update path: spkr-vi-record
07-13 16:25:40.995 4503 9151 D audio_route: Apply path: spkr-vi-record
07-13 16:25:40.997 4503 9151 E audio_hw_tfa98xx_feedback: pcm_dev_tx_id = 38
07-13 16:25:40.997 4503 9151 E audio_hw_tfa98xx_feedback: audio_extn_tfa98xx_start_feedback: cannot open device '/dev/snd/pcmC0D38c': Device or resource busy
07-13 16:25:40.997 4503 9151 D hardware_info: hw_info_append_hw_type : device_name = vi-feedback
07-13 16:25:40.997 4503 9151 D audio_hw_primary: disable_snd_device: snd_device(196: vi-feedback)
07-13 16:25:40.997 4503 9151 D msm8974_platform: platform_split_snd_device: snd_device(196) num devices(0) new_snd_devices(0)
07-13 16:25:40.997 4503 9151 I soundtrigger: audio_extn_sound_trigger_update_device_status: device 0xc4 of type 1 for Event 0, with Raise=0
07-13 16:25:40.997 4503 9151 D audio_hw_primary: disable_audio_route: reset and update mixer path: spkr-vi-record
07-13 16:25:40.998 4503 9151 I audio_hw_utils: audio_extn_utils_update_stream_output_app_type_cfg Allowing 24 and above bits playback on speaker ONLY at default sampling rate
07-13 16:25:40.998 4503 9151 D audio_hw_primary: audio_is_true_native_stream_active:napb: (0) (ultrasound-proximity-output)id (67) sr 96000 bw (16) device voice-handset
07-13 16:25:40.998 4503 9151 D audio_hw_primary: audio_is_true_native_stream_active:napb: (1) (deep-buffer-playback)id (0) sr 48000 bw (16) device speaker
07-13 16:25:40.998 4503 9151 E soundtrigger: audio_extn_sound_trigger_update_stream_status: invalid input device 0x0, for event 3
07-13 16:25:40.998 4503 9151 D soundtrigger: audio_extn_sound_trigger_update_stream_status: uc_info->id 0 of type 0 for Event 3, with Raise=1
07-13 16:25:40.998 4503 9151 D sound_trigger_hal: sound_trigger_hw_call_back event 3 rx_concurrency_active 0, tx_concurrency_active 2, screen on 1, music on 0
07-13 16:25:40.998 4503 9151 D sound_trigger_hal: pcm_transfer_to_barge_in barge in 0, state 0, force idle 0
07-13 16:25:40.998 4503 9151 D sound_trigger_hal: pcm_transfer_to_barge_in exit barge in 1, state 0, force idle 0
07-13 16:25:40.998 4503 9151 D sound_trigger_hal: sound_trigger_hw_call_back rx_concurrency_active 1, tx_concurrency_active 2, screen on 1, music on 1
07-13 16:25:40.999 4503 9151 D audio_hw_utils: audio_extn_utils_send_app_type_cfg: usecase->out_snd_device speaker
07-13 16:25:40.999 4503 9151 D msm8974_platform: platform_split_snd_device: snd_device(2) num devices(0) new_snd_devices(0)
07-13 16:25:40.999 4503 9151 D audio_hw_utils: audio_extn_btsco_get_sample_rate:Not a BT SCO device, need not update sampling rate
07-13 16:25:40.999 4503 9151 I audio_hw_utils: send_app_type_cfg_for_device: change app type from 69936 to 69940
07-13 16:25:40.999 4503 9151 I audio_hw_utils: send_app_type_cfg_for_device PLAYBACK app_type 69940, acdb_dev_id 10011, sample_rate 48000, snd_device_be_idx 43
07-13 16:25:40.999 4503 9151 D msm8974_platform: platform_split_snd_device: snd_device(2) num devices(1) new_snd_devices(0)
07-13 16:25:40.999 4503 9151 D audio_hw_utils: audio_extn_btsco_get_sample_rate:Not a BT SCO device, need not update sampling rate
07-13 16:25:41.000 4503 9151 D ACDB-LOADER: ACDB -> send_audio_cal, acdb_id = 10011, path = 0, app id = 0x11134, sample rate = 48000
07-13 16:25:41.000 4503 9151 D ACDB-LOADER: ACDB -> send_asm_topology
07-13 16:25:41.000 4503 9151 D ACDB-LOADER: ACDB -> ACDB_CMD_GET_AUDPROC_STREAM_TOPOLOGY_ID
07-13 16:25:41.000 4503 9151 D ACDB-LOADER: ACDB -> send_adm_topology
07-13 16:25:41.000 4503 9151 D ACDB-LOADER: ACDB -> ACDB_CMD_GET_AUDPROC_COMMON_TOPOLOGY_ID
07-13 16:25:41.000 4503 9151 D ACDB-LOADER: ACDB -> send_audtable
07-13 16:25:41.000 4503 9151 D ACDB-LOADER: ACDB -> ACDB_CMD_GET_AUDPROC_INSTANCE_COMMON_TABLE_SIZE
07-13 16:25:41.000 4503 9151 D ACDB-LOADER: ACDB -> ACDB_CMD_GET_AUDPROC_INSTANCE_COMMON_TABLE
07-13 16:25:41.000 4503 9151 D ACDB-LOADER: ACDB -> AUDIO_SET_AUDPROC_CAL cal_type[11] acdb_id[10011] app_type[69940]
07-13 16:25:41.000 4503 9151 D ACDB-LOADER: ACDB -> send_audvoltable
07-13 16:25:41.000 4503 9151 D ACDB-LOADER: ACDB -> ACDB_CMD_GET_AUDPROC_INSTANCE_GAIN_DEP_STEP_TABLE_SIZE
07-13 16:25:41.000 4503 9151 D : Failed to fetch the lookup information of the device 0000271B
07-13 16:25:41.000 4503 9151 D ACDB-LOADER: Error: ACDB_CMD_GET_AUDPROC_INSTANCE_GAIN_DEP_STEP_TABLE_SIZE Returned = -19
07-13 16:25:41.000 4503 9151 D ACDB-LOADER: ACDB -> ACDB_CMD_GET_AUDPROC_INSTANCE_GAIN_DEP_STEP_TABLE, vol index 0
07-13 16:25:41.000 4503 9151 D : Failed to fetch the lookup information of the device 0000271B
07-13 16:25:41.000 4503 9151 D ACDB-LOADER: Error: ACDB AudProc vol returned = -19
07-13 16:25:41.000 4503 9151 D ACDB-LOADER: ACDB -> AUDIO_SET_VOL_CAL cal type = 12
07-13 16:25:41.000 4503 9151 D ACDB-LOADER: ACDB -> ACDB_CMD_GET_AUDPROC_INSTANCE_STREAM_TABLE_SIZE
07-13 16:25:41.000 4503 9151 D ACDB-LOADER: ACDB -> send_audstrmtable
07-13 16:25:41.000 4503 9151 D ACDB-LOADER: ACDB -> ACDB_CMD_GET_AUDPROC_INSTANCE_STREAM_TABLE
07-13 16:25:41.000 4503 9151 D ACDB-LOADER: ACDB -> audstrm_cal->cal_type.cal_data.cal_size = 20
07-13 16:25:41.000 4503 9151 D ACDB-LOADER: ACDB -> send_afe_topology
07-13 16:25:41.000 4503 9151 D ACDB-LOADER: ACDB -> ACDB_CMD_GET_AFE_TOPOLOGY_ID
07-13 16:25:41.000 4503 9151 D ACDB-LOADER: ACDB -> GET_AFE_TOPOLOGY_ID for adcd_id 10011, Topology Id 1000b910
07-13 16:25:41.000 4503 9151 D ACDB-LOADER: ACDB -> send_afe_cal
07-13 16:25:41.000 4503 9151 D ACDB-LOADER: ACDB -> ACDB_CMD_GET_AFE_INSTANCE_COMMON_TABLE_SIZE
07-13 16:25:41.000 4503 9151 D ACDB-LOADER: ACDB -> ACDB_CMD_GET_AFE_INSTANCE_COMMON_TABLE
07-13 16:25:41.001 4503 9151 D ACDB-LOADER: ACDB -> AUDIO_SET_AFE_CAL cal_type[16] acdb_id[10011]
07-13 16:25:41.001 4503 9151 D ACDB-LOADER: ACDB -> send_hw_delay : acdb_id = 10011 path = 0
07-13 16:25:41.001 4503 9151 D ACDB-LOADER: ACDB -> ACDB_AVSYNC_INFO: ACDB_CMD_GET_DEVICE_PROPERTY
07-13 16:25:41.001 4503 9151 D msm8974_platform: platform_split_snd_device: snd_device(2) num devices(0) new_snd_devices(0)
07-13 16:25:41.001 4503 9151 I msm8974_platform: platform_get_custom_mtmx_params: no matching param with id 0 ip_ch 2 op_ch 2 uc_id 0 snd_dev 2
07-13 16:25:41.001 4503 9151 D audio_hw_primary: enable_audio_route: apply mixer and update path: deep-buffer-playback speaker
07-13 16:25:41.001 4503 9151 D audio_route: Apply path: deep-buffer-playback speaker
07-13 16:25:41.055 4503 9151 D send_data_to_xlog: send_misound_data_to_xlog: enter: usecase(0)
07-13 16:25:41.055 4503 9151 D ultrasound_extn: ultrasound_select_devices_post: enter: engine_suspended: 0
07-13 16:25:41.055 4503 9151 D ultrasound_extn: dump_usecase_list: start ======================================
07-13 16:25:41.055 4503 9151 D ultrasound_extn: dump_usecase_list: enter sensor_activated:1 hw_port_enabled:1 suspended:0
07-13 16:25:41.055 4503 9151 D ultrasound_extn: dump_usecase_list: select_devices_post usecase[#0]:(68, ultrasound-proximity-input) in_dev:(246, ultrasound-input) out_dv:(0, )
07-13 16:25:41.055 4503 9151 D ultrasound_extn: dump_usecase_list: select_devices_post usecase[#1]:(67, ultrasound-proximity-output) in_dev:(0, ) out_dv:(24, voice-handset)
07-13 16:25:41.055 4503 9151 D ultrasound_extn: dump_usecase_list: select_devices_post usecase[#2]:(0, deep-buffer-playback) in_dev:(0, ) out_dv:(2, speaker)
07-13 16:25:41.057 4503 9151 D ultrasound_extn: dump_usecase_list: RX_CDC_DMA_RX_0 SampleRate KHZ_96
07-13 16:25:41.059 4503 9151 D ultrasound_extn: dump_usecase_list: RX_CDC_DMA_RX_0 Format S16_LE
07-13 16:25:41.060 4503 9151 D ultrasound_extn: dump_usecase_list: RX_CDC_DMA_RX_0 Channels One
07-13 16:25:41.060 4503 9151 D ultrasound_extn: dump_usecase_list: RX_CDC_DMA_RX_1 SampleRate KHZ_96
07-13 16:25:41.061 4503 9151 D ultrasound_extn: dump_usecase_list: RX_CDC_DMA_RX_1 Format S16_LE
07-13 16:25:41.062 4503 9151 D ultrasound_extn: dump_usecase_list: RX_CDC_DMA_RX_1 Channels One
07-13 16:25:41.062 4503 9151 D ultrasound_extn: dump_usecase_list: end ======================================
07-13 16:25:41.062 4503 9151 D audio_hw_primary: select_devices: done
07-13 16:25:41.062 4503 9151 E audio_hw_primary: pcm_open_prepare_helper: cannot open device '/dev/snd/pcmC0D0p': Device or resource busy
07-13 16:25:41.063 4503 9151 D audio_hw_primary: disable_audio_route: reset and update mixer path: deep-buffer-playback speaker
07-13 16:25:41.147 10333 10776 W CameraSource: Waiting on an available memory base timed out. Dropping a recording frame.
07-13 16:25:41.148 4503 9151 E soundtrigger: audio_extn_sound_trigger_update_stream_status: invalid input device 0x0, for event 2
07-13 16:25:41.148 4503 9151 D soundtrigger: audio_extn_sound_trigger_update_stream_status: uc_info->id 0 of type 0 for Event 2, with Raise=1
07-13 16:25:41.148 4503 9151 D sound_trigger_hal: sound_trigger_hw_call_back event 2 rx_concurrency_active 1, tx_concurrency_active 2, screen on 1, music on 1
07-13 16:25:41.148 4503 9151 D sound_trigger_hal: pcm_transfer_to_barge_in barge in 1, state 0, force idle 0
07-13 16:25:41.148 4503 9151 D sound_trigger_hal: pcm_transfer_to_barge_in exit barge in 0, state 0, force idle 0
07-13 16:25:41.148 4503 9151 D sound_trigger_hal: sound_trigger_hw_call_back rx_concurrency_active 0, tx_concurrency_active 2, screen on 1, music on 0
07-13 16:25:41.148 4503 9151 D msm8974_platform: platform_split_snd_device: snd_device(2) num devices(0) new_snd_devices(0)
07-13 16:25:41.148 4503 9151 I msm8974_platform: platform_get_custom_mtmx_params: no matching param with id 0 ip_ch 2 op_ch 2 uc_id 0 snd_dev 2
07-13 16:25:41.148 4503 9151 D hardware_info: hw_info_append_hw_type : device_name = speaker
07-13 16:25:41.148 4503 9151 D audio_hw_primary: disable_snd_device: snd_device(2: speaker)
07-13 16:25:41.148 4503 9151 D msm8974_platform: platform_split_snd_device: snd_device(2) num devices(0) new_snd_devices(0)
07-13 16:25:41.148 4503 9151 D hardware_info: hw_info_append_hw_type : device_name = vi-feedback
07-13 16:25:41.148 4503 9151 E audio_hw_primary: disable_snd_device: device ref cnt is already 0
07-13 16:25:41.148 4503 9151 I soundtrigger: audio_extn_sound_trigger_update_device_status: device 0x2 of type 0 for Event 0, with Raise=0
07-13 16:25:41.198 4503 9151 D audio_hw_primary: out_standby: enter: stream (0xe834d000) usecase(0: deep-buffer-playback)
07-13 16:25:41.199 4503 9151 D audio_hw_primary: out_standby: exit
07-13 16:25:41.241 4503 9151 D audio_hw_primary: start_output_stream: enter: stream(0xe834d000)usecase(0: deep-buffer-playback) devices(0x2) is_haptic_usecase(0)
07-13 16:25:41.242 4503 9151 D audio_hw_primary: select_devices for use case (deep-buffer-playback)
07-13 16:25:41.242 4503 9151 D audio_hw_primary: select_devices: out_snd_device(2: speaker) in_snd_device(0: )
07-13 16:25:41.242 4503 9151 D ultrasound_extn: ultrasound_select_devices_pre ultrasound_enabled:1 usecase(deep-buffer-playback), devices:2 in_snd_device(0, ), out_snd_device(2, speaker)
07-13 16:25:41.242 4503 9151 D ultrasound_extn: ultrasound_select_devices_pre usecase(deep-buffer-playback), chg-to: in_snd_device(0, ), out_snd_device(0, )
07-13 16:25:41.242 4503 9151 D ultrasound_extn: dump_usecase_list: start ======================================
07-13 16:25:41.242 4503 9151 D ultrasound_extn: dump_usecase_list: enter sensor_activated:1 hw_port_enabled:1 suspended:0
07-13 16:25:41.242 4503 9151 D ultrasound_extn: dump_usecase_list: select_devices_pre usecase[#0]:(68, ultrasound-proximity-input) in_dev:(246, ultrasound-input) out_dv:(0, )
07-13 16:25:41.242 4503 9151 D ultrasound_extn: dump_usecase_list: select_devices_pre usecase[#1]:(67, ultrasound-proximity-output) in_dev:(0, ) out_dv:(24, voice-handset)
07-13 16:25:41.242 4503 9151 D ultrasound_extn: dump_usecase_list: select_devices_pre usecase[#2]:(0, deep-buffer-playback) in_dev:(0, ) out_dv:(0, )
07-13 16:25:41.242 4503 9151 D ultrasound_extn: dump_usecase_list: end ======================================
07-13 16:25:41.242 4503 9151 I msm8974_platform: platform_check_and_set_codec_backend_cfg:becf: afe: bitwidth 16, samplerate 48000 channels 2, backend_idx 4 usecase = 0 device (speaker)
07-13 16:25:41.243 4503 9151 D msm8974_platform: platform_split_snd_device: snd_device(2) num devices(1) new_snd_devices(0)
07-13 16:25:41.243 4503 9151 I msm8974_platform: platform_check_and_set_codec_backend_cfg: new_snd_devices[0] is 2
07-13 16:25:41.243 4503 9151 I msm8974_platform: platform_check_codec_backend_cfg:becf: afe: bitwidth 16, samplerate 48000 channels 2, backend_idx 4 usecase = 0 device (speaker)
07-13 16:25:41.243 4503 9151 D msm8974_platform: platform_check_codec_backend_cfg:becf: afe: playback on codec device not supporting native playback set default Sample Rate(48k)
07-13 16:25:41.243 4503 9151 D ultrasound_extn: ultrasound_check_and_set_codec_backend_cfg check use case (deep-buffer-playback), snd_device(2, speaker)
07-13 16:25:41.243 4503 9151 D ultrasound_extn: ultrasound_check_and_set_codec_backend_cfg do not change BE setting for speaker
07-13 16:25:41.243 4503 9151 I msm8974_platform: platform_check_codec_backend_cfg:becf: afe: Codec selected backend: 4 updated bit width: 24 and sample rate: 48000
07-13 16:25:41.243 4503 9151 D audio_hw_primary: check_usecases_codec_backend:becf: force routing 0
07-13 16:25:41.243 4503 9151 E msm8974_platform: platform_check_backends_match: Invalid snd_device =
07-13 16:25:41.243 4503 9151 D audio_hw_primary: check_usecases_codec_backend:becf: (94) check_usecases curr device: speaker, usecase device: backends match 0
07-13 16:25:41.243 4503 9151 D audio_hw_primary: @@: usecase[0xe9aa1180]=ultrasound-proximity-input, devices=0x0, uc_info[0xe8376500]=deep-buffer-playback
07-13 16:25:41.243 4503 9151 D audio_hw_primary: check_usecases_codec_backend:becf: (94) check_usecases curr device: speaker, usecase device:voice-handset backends match 0
07-13 16:25:41.243 4503 9151 D audio_hw_primary: @@: usecase[0xe9aa11d0]=ultrasound-proximity-output, devices=0x2, uc_info[0xe8376500]=deep-buffer-playback
07-13 16:25:41.243 4503 9151 D audio_hw_primary: @@: uc_derive_snd_device=24, snd_device=2
07-13 16:25:41.243 4503 9151 E msm8974_platform: platform_check_backends_match: Invalid snd_device =
07-13 16:25:41.243 4503 9151 D audio_hw_primary: check_usecases_codec_backend:becf: (94) check_usecases curr device: speaker, usecase device: backends match 0
07-13 16:25:41.243 4503 9151 D audio_hw_primary: @@: usecase[0xe8376500]=deep-buffer-playback, devices=0x2, uc_info[0xe8376500]=deep-buffer-playback
07-13 16:25:41.243 4503 9151 D audio_hw_primary: check_usecases_codec_backend:becf: check_usecases num.of Usecases to switch 0
07-13 16:25:41.243 4503 9151 D hardware_info: hw_info_append_hw_type : device_name = speaker
07-13 16:25:41.244 4503 9151 D msm8974_platform: platform_split_snd_device: snd_device(2) num devices(0) new_snd_devices(0)
07-13 16:25:41.244 4503 9151 D audio_hw_primary: enable_snd_device: snd_device(2: speaker)[SND_DEVICE_OUT_SPEAKER]
07-13 16:25:41.244 4503 9151 I soundtrigger: audio_extn_sound_trigger_update_device_status: device 0x2 of type 0 for Event 1, with Raise=0
07-13 16:25:41.245 4503 9151 D audio_route: Apply path: speaker
07-13 16:25:41.245 4503 9151 D hardware_info: hw_info_append_hw_type : device_name = vi-feedback
07-13 16:25:41.245 4503 9151 D msm8974_platform: platform_split_snd_device: snd_device(196) num devices(0) new_snd_devices(0)
07-13 16:25:41.245 4503 9151 D audio_hw_primary: enable_snd_device: snd_device(196: vi-feedback)[SND_DEVICE_IN_CAPTURE_VI_FEEDBACK]
07-13 16:25:41.245 4503 9151 I soundtrigger: audio_extn_sound_trigger_update_device_status: device 0xc4 of type 1 for Event 1, with Raise=0
07-13 16:25:41.246 4503 9151 D audio_route: Apply path: vi-feedback
07-13 16:25:41.246 4503 9151 D audio_hw_utils: audio_extn_utils_send_app_type_cfg: usecase->in_snd_device vi-feedback
