07-13 16:25:41.246 4503 9151 E voice : voice_is_in_call_rec_stream: input stream is NULL
07-13 16:25:41.246 4503 9151 D msm8974_platform: platform_split_snd_device: snd_device(196) num devices(0) new_snd_devices(0)
07-13 16:25:41.246 4503 9151 E audio_hw_utils: send_app_type_cfg_for_device: Could not get ctl for mixer cmd - Audio Stream Capture 38 App Type Cfg
07-13 16:25:41.246 4503 9151 D msm8974_platform: platform_split_snd_device: snd_device(196) num devices(1) new_snd_devices(0)
07-13 16:25:41.246 4503 9151 D ACDB-LOADER: ACDB -> send_audio_cal, acdb_id = 102, path = 1, app id = 0x11132, sample rate = 48000
07-13 16:25:41.246 4503 9151 D ACDB-LOADER: ACDB -> send_asm_topology
07-13 16:25:41.246 4503 9151 D ACDB-LOADER: ACDB -> ACDB_CMD_GET_AUDPROC_STREAM_TOPOLOGY_ID
07-13 16:25:41.247 4503 9151 D ACDB-LOADER: ACDB -> send_adm_topology
07-13 16:25:41.247 4503 9151 D ACDB-LOADER: ACDB -> ACDB_CMD_GET_AUDPROC_COMMON_TOPOLOGY_ID
07-13 16:25:41.247 4503 9151 D ACDB-LOADER: ACDB -> send_audtable
07-13 16:25:41.247 4503 9151 D ACDB-LOADER: ACDB -> ACDB_CMD_GET_AUDPROC_INSTANCE_COMMON_TABLE_SIZE
07-13 16:25:41.247 4503 9151 D ACDB-LOADER: ACDB -> ACDB_CMD_GET_AUDPROC_INSTANCE_COMMON_TABLE
07-13 16:25:41.247 4503 9151 D ACDB-LOADER: ACDB -> AUDIO_SET_AUDPROC_CAL cal_type[11] acdb_id[102] app_type[69938]
07-13 16:25:41.247 4503 9151 D ACDB-LOADER: ACDB -> ACDB_CMD_GET_AUDPROC_INSTANCE_STREAM_TABLE_SIZE
07-13 16:25:41.247 4503 9151 D ACDB-LOADER: ACDB -> send_audstrmtable
07-13 16:25:41.247 4503 9151 D ACDB-LOADER: ACDB -> ACDB_CMD_GET_AUDPROC_INSTANCE_STREAM_TABLE
07-13 16:25:41.247 4503 9151 D ACDB-LOADER: ACDB -> audstrm_cal->cal_type.cal_data.cal_size = 20
07-13 16:25:41.247 4503 9151 D ACDB-LOADER: ACDB -> send_afe_topology
07-13 16:25:41.247 4503 9151 D ACDB-LOADER: ACDB -> ACDB_CMD_GET_AFE_TOPOLOGY_ID
07-13 16:25:41.247 4503 9151 D ACDB-LOADER: ACDB -> GET_AFE_TOPOLOGY_ID for adcd_id 102, Topology Id 1000b909
07-13 16:25:41.247 4503 9151 D ACDB-LOADER: ACDB -> send_afe_cal
07-13 16:25:41.247 4503 9151 D ACDB-LOADER: ACDB -> ACDB_CMD_GET_AFE_INSTANCE_COMMON_TABLE_SIZE
07-13 16:25:41.247 4503 9151 D ACDB-LOADER: ACDB -> ACDB_CMD_GET_AFE_INSTANCE_COMMON_TABLE
07-13 16:25:41.247 4503 9151 D ACDB-LOADER: ACDB -> AUDIO_SET_AFE_CAL cal_type[17] acdb_id[102]
07-13 16:25:41.247 4503 9151 D ACDB-LOADER: ACDB -> send_hw_delay : acdb_id = 102 path = 1
07-13 16:25:41.247 4503 9151 D ACDB-LOADER: ACDB -> ACDB_AVSYNC_INFO: ACDB_CMD_GET_DEVICE_PROPERTY
07-13 16:25:41.247 4503 9151 D audio_hw_primary: enable_audio_route: apply mixer and update path: spkr-vi-record
07-13 16:25:41.247 4503 9151 D audio_route: Apply path: spkr-vi-record
07-13 16:25:41.250 4503 9151 E audio_hw_tfa98xx_feedback: pcm_dev_tx_id = 38
07-13 16:25:41.250 4503 9151 E audio_hw_tfa98xx_feedback: audio_extn_tfa98xx_start_feedback: cannot open device '/dev/snd/pcmC0D38c': Device or resource busy
07-13 16:25:41.250 4503 9151 D hardware_info: hw_info_append_hw_type : device_name = vi-feedback
07-13 16:25:41.250 4503 9151 D audio_hw_primary: disable_snd_device: snd_device(196: vi-feedback)
07-13 16:25:41.250 4503 9151 D msm8974_platform: platform_split_snd_device: snd_device(196) num devices(0) new_snd_devices(0)
07-13 16:25:41.250 4503 9151 I soundtrigger: audio_extn_sound_trigger_update_device_status: device 0xc4 of type 1 for Event 0, with Raise=0
07-13 16:25:41.250 4503 9151 D audio_hw_primary: disable_audio_route: reset and update mixer path: spkr-vi-record
07-13 16:25:41.253 4503 9151 I audio_hw_utils: audio_extn_utils_update_stream_output_app_type_cfg Allowing 24 and above bits playback on speaker ONLY at default sampling rate
07-13 16:25:41.253 4503 9151 D audio_hw_primary: audio_is_true_native_stream_active:napb: (0) (ultrasound-proximity-output)id (67) sr 96000 bw (16) device voice-handset
07-13 16:25:41.253 4503 9151 D audio_hw_primary: audio_is_true_native_stream_active:napb: (1) (deep-buffer-playback)id (0) sr 48000 bw (16) device speaker
07-13 16:25:41.253 4503 9151 E soundtrigger: audio_extn_sound_trigger_update_stream_status: invalid input device 0x0, for event 3
07-13 16:25:41.253 4503 9151 D soundtrigger: audio_extn_sound_trigger_update_stream_status: uc_info->id 0 of type 0 for Event 3, with Raise=1
07-13 16:25:41.253 4503 9151 D sound_trigger_hal: sound_trigger_hw_call_back event 3 rx_concurrency_active 0, tx_concurrency_active 2, screen on 1, music on 0
07-13 16:25:41.253 4503 9151 D sound_trigger_hal: pcm_transfer_to_barge_in barge in 0, state 0, force idle 0
07-13 16:25:41.253 4503 9151 D sound_trigger_hal: pcm_transfer_to_barge_in exit barge in 1, state 0, force idle 0
07-13 16:25:41.253 4503 9151 D sound_trigger_hal: sound_trigger_hw_call_back rx_concurrency_active 1, tx_concurrency_active 2, screen on 1, music on 1
07-13 16:25:41.253 4503 9151 D audio_hw_utils: audio_extn_utils_send_app_type_cfg: usecase->out_snd_device speaker
07-13 16:25:41.253 4503 9151 D msm8974_platform: platform_split_snd_device: snd_device(2) num devices(0) new_snd_devices(0)
07-13 16:25:41.254 4503 9151 D audio_hw_utils: audio_extn_btsco_get_sample_rate:Not a BT SCO device, need not update sampling rate
07-13 16:25:41.254 4503 9151 I audio_hw_utils: send_app_type_cfg_for_device: change app type from 69936 to 69940
07-13 16:25:41.254 4503 9151 I audio_hw_utils: send_app_type_cfg_for_device PLAYBACK app_type 69940, acdb_dev_id 10011, sample_rate 48000, snd_device_be_idx 43
07-13 16:25:41.256 4503 9151 D msm8974_platform: platform_split_snd_device: snd_device(2) num devices(1) new_snd_devices(0)
07-13 16:25:41.256 4503 9151 D audio_hw_utils: audio_extn_btsco_get_sample_rate:Not a BT SCO device, need not update sampling rate
07-13 16:25:41.256 4503 9151 D ACDB-LOADER: ACDB -> send_audio_cal, acdb_id = 10011, path = 0, app id = 0x11134, sample rate = 48000
07-13 16:25:41.256 4503 9151 D ACDB-LOADER: ACDB -> send_asm_topology
07-13 16:25:41.256 4503 9151 D ACDB-LOADER: ACDB -> ACDB_CMD_GET_AUDPROC_STREAM_TOPOLOGY_ID
07-13 16:25:41.256 4503 9151 D ACDB-LOADER: ACDB -> send_adm_topology
07-13 16:25:41.256 4503 9151 D ACDB-LOADER: ACDB -> ACDB_CMD_GET_AUDPROC_COMMON_TOPOLOGY_ID
07-13 16:25:41.256 4503 9151 D ACDB-LOADER: ACDB -> send_audtable
07-13 16:25:41.256 4503 9151 D ACDB-LOADER: ACDB -> ACDB_CMD_GET_AUDPROC_INSTANCE_COMMON_TABLE_SIZE
07-13 16:25:41.256 4503 9151 D ACDB-LOADER: ACDB -> ACDB_CMD_GET_AUDPROC_INSTANCE_COMMON_TABLE
07-13 16:25:41.256 4503 9151 D ACDB-LOADER: ACDB -> AUDIO_SET_AUDPROC_CAL cal_type[11] acdb_id[10011] app_type[69940]
07-13 16:25:41.256 4503 9151 D ACDB-LOADER: ACDB -> send_audvoltable
07-13 16:25:41.256 4503 9151 D ACDB-LOADER: ACDB -> ACDB_CMD_GET_AUDPROC_INSTANCE_GAIN_DEP_STEP_TABLE_SIZE
07-13 16:25:41.256 4503 9151 D : Failed to fetch the lookup information of the device 0000271B
07-13 16:25:41.256 4503 9151 D ACDB-LOADER: Error: ACDB_CMD_GET_AUDPROC_INSTANCE_GAIN_DEP_STEP_TABLE_SIZE Returned = -19
07-13 16:25:41.256 4503 9151 D ACDB-LOADER: ACDB -> ACDB_CMD_GET_AUDPROC_INSTANCE_GAIN_DEP_STEP_TABLE, vol index 0
07-13 16:25:41.256 4503 9151 D : Failed to fetch the lookup information of the device 0000271B
07-13 16:25:41.256 4503 9151 D ACDB-LOADER: Error: ACDB AudProc vol returned = -19
07-13 16:25:41.256 4503 9151 D ACDB-LOADER: ACDB -> AUDIO_SET_VOL_CAL cal type = 12
07-13 16:25:41.257 4503 9151 D ACDB-LOADER: ACDB -> ACDB_CMD_GET_AUDPROC_INSTANCE_STREAM_TABLE_SIZE
07-13 16:25:41.257 4503 9151 D ACDB-LOADER: ACDB -> send_audstrmtable
07-13 16:25:41.257 4503 9151 D ACDB-LOADER: ACDB -> ACDB_CMD_GET_AUDPROC_INSTANCE_STREAM_TABLE
07-13 16:25:41.257 4503 9151 D ACDB-LOADER: ACDB -> audstrm_cal->cal_type.cal_data.cal_size = 20
07-13 16:25:41.257 4503 9151 D ACDB-LOADER: ACDB -> send_afe_topology
07-13 16:25:41.257 4503 9151 D ACDB-LOADER: ACDB -> ACDB_CMD_GET_AFE_TOPOLOGY_ID
07-13 16:25:41.257 4503 9151 D ACDB-LOADER: ACDB -> GET_AFE_TOPOLOGY_ID for adcd_id 10011, Topology Id 1000b910
07-13 16:25:41.257 4503 9151 D ACDB-LOADER: ACDB -> send_afe_cal
07-13 16:25:41.257 4503 9151 D ACDB-LOADER: ACDB -> ACDB_CMD_GET_AFE_INSTANCE_COMMON_TABLE_SIZE
07-13 16:25:41.257 4503 9151 D ACDB-LOADER: ACDB -> ACDB_CMD_GET_AFE_INSTANCE_COMMON_TABLE
07-13 16:25:41.257 4503 9151 D ACDB-LOADER: ACDB -> AUDIO_SET_AFE_CAL cal_type[16] acdb_id[10011]
07-13 16:25:41.257 4503 9151 D ACDB-LOADER: ACDB -> send_hw_delay : acdb_id = 10011 path = 0
07-13 16:25:41.257 4503 9151 D ACDB-LOADER: ACDB -> ACDB_AVSYNC_INFO: ACDB_CMD_GET_DEVICE_PROPERTY
07-13 16:25:41.257 4503 9151 D msm8974_platform: platform_split_snd_device: snd_device(2) num devices(0) new_snd_devices(0)
07-13 16:25:41.257 4503 9151 I msm8974_platform: platform_get_custom_mtmx_params: no matching param with id 0 ip_ch 2 op_ch 2 uc_id 0 snd_dev 2
07-13 16:25:41.257 4503 9151 D audio_hw_primary: enable_audio_route: apply mixer and update path: deep-buffer-playback speaker
07-13 16:25:41.257 4503 9151 D audio_route: Apply path: deep-buffer-playback speaker
07-13 16:25:41.322 4503 9151 D send_data_to_xlog: send_misound_data_to_xlog: enter: usecase(0)
07-13 16:25:41.322 4503 9151 D ultrasound_extn: ultrasound_select_devices_post: enter: engine_suspended: 0
07-13 16:25:41.322 4503 9151 D ultrasound_extn: dump_usecase_list: start ======================================
07-13 16:25:41.322 4503 9151 D ultrasound_extn: dump_usecase_list: enter sensor_activated:1 hw_port_enabled:1 suspended:0
07-13 16:25:41.322 4503 9151 D ultrasound_extn: dump_usecase_list: select_devices_post usecase[#0]:(68, ultrasound-proximity-input) in_dev:(246, ultrasound-input) out_dv:(0, )
07-13 16:25:41.322 4503 9151 D ultrasound_extn: dump_usecase_list: select_devices_post usecase[#1]:(67, ultrasound-proximity-output) in_dev:(0, ) out_dv:(24, voice-handset)
07-13 16:25:41.322 4503 9151 D ultrasound_extn: dump_usecase_list: select_devices_post usecase[#2]:(0, deep-buffer-playback) in_dev:(0, ) out_dv:(2, speaker)
07-13 16:25:41.324 4503 9151 D ultrasound_extn: dump_usecase_list: RX_CDC_DMA_RX_0 SampleRate KHZ_96
07-13 16:25:41.326 4503 9151 D ultrasound_extn: dump_usecase_list: RX_CDC_DMA_RX_0 Format S16_LE
07-13 16:25:41.327 4503 9151 D ultrasound_extn: dump_usecase_list: RX_CDC_DMA_RX_0 Channels One
07-13 16:25:41.328 4503 9151 D ultrasound_extn: dump_usecase_list: RX_CDC_DMA_RX_1 SampleRate KHZ_96
07-13 16:25:41.330 4503 9151 D ultrasound_extn: dump_usecase_list: RX_CDC_DMA_RX_1 Format S16_LE
07-13 16:25:41.331 4503 9151 D ultrasound_extn: dump_usecase_list: RX_CDC_DMA_RX_1 Channels One
07-13 16:25:41.331 4503 9151 D ultrasound_extn: dump_usecase_list: end ======================================
07-13 16:25:41.331 4503 9151 D audio_hw_primary: select_devices: done
07-13 16:25:41.331 4503 9151 E audio_hw_primary: pcm_open_prepare_helper: cannot open device '/dev/snd/pcmC0D0p': Device or resource busy
07-13 16:25:41.331 4503 9151 D audio_hw_primary: disable_audio_route: reset and update mixer path: deep-buffer-playback speaker
07-13 16:25:41.348 10333 10776 W CameraSource: Waiting on an available memory base timed out. Dropping a recording frame.
07-13 16:25:41.417 4503 9151 E soundtrigger: audio_extn_sound_trigger_update_stream_status: invalid input device 0x0, for event 2
07-13 16:25:41.418 4503 9151 D soundtrigger: audio_extn_sound_trigger_update_stream_status: uc_info->id 0 of type 0 for Event 2, with Raise=1
07-13 16:25:41.418 4503 9151 D sound_trigger_hal: sound_trigger_hw_call_back event 2 rx_concurrency_active 1, tx_concurrency_active 2, screen on 1, music on 1
07-13 16:25:41.418 4503 9151 D sound_trigger_hal: pcm_transfer_to_barge_in barge in 1, state 0, force idle 0
07-13 16:25:41.418 4503 9151 D sound_trigger_hal: pcm_transfer_to_barge_in exit barge in 0, state 0, force idle 0
07-13 16:25:41.418 4503 9151 D sound_trigger_hal: sound_trigger_hw_call_back rx_concurrency_active 0, tx_concurrency_active 2, screen on 1, music on 0
07-13 16:25:41.418 4503 9151 D msm8974_platform: platform_split_snd_device: snd_device(2) num devices(0) new_snd_devices(0)
07-13 16:25:41.418 4503 9151 I msm8974_platform: platform_get_custom_mtmx_params: no matching param with id 0 ip_ch 2 op_ch 2 uc_id 0 snd_dev 2
07-13 16:25:41.418 4503 9151 D hardware_info: hw_info_append_hw_type : device_name = speaker
07-13 16:25:41.418 4503 9151 D audio_hw_primary: disable_snd_device: snd_device(2: speaker)
07-13 16:25:41.418 4503 9151 D msm8974_platform: platform_split_snd_device: snd_device(2) num devices(0) new_snd_devices(0)
07-13 16:25:41.418 4503 9151 D hardware_info: hw_info_append_hw_type : device_name = vi-feedback
07-13 16:25:41.418 4503 9151 E audio_hw_primary: disable_snd_device: device ref cnt is already 0
07-13 16:25:41.418 4503 9151 I soundtrigger: audio_extn_sound_trigger_update_device_status: device 0x2 of type 0 for Event 0, with Raise=0
07-13 16:25:41.468 4503 9151 D audio_hw_primary: out_standby: enter: stream (0xe834d000) usecase(0: deep-buffer-playback)
07-13 16:25:41.468 4503 9151 D audio_hw_primary: out_standby: exit
07-13 16:25:41.510 4503 9151 D audio_hw_primary: start_output_stream: enter: stream(0xe834d000)usecase(0: deep-buffer-playback) devices(0x2) is_haptic_usecase(0)
07-13 16:25:41.510 4503 9151 D audio_hw_primary: select_devices for use case (deep-buffer-playback)
07-13 16:25:41.511 4503 9151 D audio_hw_primary: select_devices: out_snd_device(2: speaker) in_snd_device(0: )
07-13 16:25:41.511 4503 9151 D ultrasound_extn: ultrasound_select_devices_pre ultrasound_enabled:1 usecase(deep-buffer-playback), devices:2 in_snd_device(0, ), out_snd_device(2, speaker)
07-13 16:25:41.511 4503 9151 D ultrasound_extn: ultrasound_select_devices_pre usecase(deep-buffer-playback), chg-to: in_snd_device(0, ), out_snd_device(0, )
07-13 16:25:41.511 4503 9151 D ultrasound_extn: dump_usecase_list: start ======================================
07-13 16:25:41.511 4503 9151 D ultrasound_extn: dump_usecase_list: enter sensor_activated:1 hw_port_enabled:1 suspended:0
07-13 16:25:41.511 4503 9151 D ultrasound_extn: dump_usecase_list: select_devices_pre usecase[#0]:(68, ultrasound-proximity-input) in_dev:(246, ultrasound-input) out_dv:(0, )
07-13 16:25:41.511 4503 9151 D ultrasound_extn: dump_usecase_list: select_devices_pre usecase[#1]:(67, ultrasound-proximity-output) in_dev:(0, ) out_dv:(24, voice-handset)
07-13 16:25:41.511 4503 9151 D ultrasound_extn: dump_usecase_list: select_devices_pre usecase[#2]:(0, deep-buffer-playback) in_dev:(0, ) out_dv:(0, )
07-13 16:25:41.511 4503 9151 D ultrasound_extn: dump_usecase_list: end ======================================
07-13 16:25:41.511 4503 9151 I msm8974_platform: platform_check_and_set_codec_backend_cfg:becf: afe: bitwidth 16, samplerate 48000 channels 2, backend_idx 4 usecase = 0 device (speaker)
07-13 16:25:41.511 4503 9151 D msm8974_platform: platform_split_snd_device: snd_device(2) num devices(1) new_snd_devices(0)
07-13 16:25:41.511 4503 9151 I msm8974_platform: platform_check_and_set_codec_backend_cfg: new_snd_devices[0] is 2
07-13 16:25:41.511 4503 9151 I msm8974_platform: platform_check_codec_backend_cfg:becf: afe: bitwidth 16, samplerate 48000 channels 2, backend_idx 4 usecase = 0 device (speaker)
07-13 16:25:41.511 4503 9151 D msm8974_platform: platform_check_codec_backend_cfg:becf: afe: playback on codec device not supporting native playback set default Sample Rate(48k)
07-13 16:25:41.511 4503 9151 D ultrasound_extn: ultrasound_check_and_set_codec_backend_cfg check use case (deep-buffer-playback), snd_device(2, speaker)
07-13 16:25:41.511 4503 9151 D ultrasound_extn: ultrasound_check_and_set_codec_backend_cfg do not change BE setting for speaker
07-13 16:25:41.511 4503 9151 I msm8974_platform: platform_check_codec_backend_cfg:becf: afe: Codec selected backend: 4 updated bit width: 24 and sample rate: 48000
07-13 16:25:41.511 4503 9151 D audio_hw_primary: check_usecases_codec_backend:becf: force routing 0
07-13 16:25:41.511 4503 9151 E msm8974_platform: platform_check_backends_match: Invalid snd_device =
07-13 16:25:41.511 4503 9151 D audio_hw_primary: check_usecases_codec_backend:becf: (94) check_usecases curr device: speaker, usecase device: backends match 0
07-13 16:25:41.511 4503 9151 D audio_hw_primary: @@: usecase[0xe9aa1180]=ultrasound-proximity-input, devices=0x0, uc_info[0xe8376500]=deep-buffer-playback
07-13 16:25:41.511 4503 9151 D audio_hw_primary: check_usecases_codec_backend:becf: (94) check_usecases curr device: speaker, usecase device:voice-handset backends match 0
07-13 16:25:41.511 4503 9151 D audio_hw_primary: @@: usecase[0xe9aa11d0]=ultrasound-proximity-output, devices=0x2, uc_info[0xe8376500]=deep-buffer-playback
07-13 16:25:41.511 4503 9151 D audio_hw_primary: @@: uc_derive_snd_device=24, snd_device=2
07-13 16:25:41.511 4503 9151 E msm8974_platform: platform_check_backends_match: Invalid snd_device =
07-13 16:25:41.511 4503 9151 D audio_hw_primary: check_usecases_codec_backend:becf: (94) check_usecases curr device: speaker, usecase device: backends match 0
07-13 16:25:41.511 4503 9151 D audio_hw_primary: @@: usecase[0xe8376500]=deep-buffer-playback, devices=0x2, uc_info[0xe8376500]=deep-buffer-playback
07-13 16:25:41.511 4503 9151 D audio_hw_primary: check_usecases_codec_backend:becf: check_usecases num.of Usecases to switch 0
07-13 16:25:41.511 4503 9151 D hardware_info: hw_info_append_hw_type : device_name = speaker
07-13 16:25:41.511 4503 9151 D msm8974_platform: platform_split_snd_device: snd_device(2) num devices(0) new_snd_devices(0)
07-13 16:25:41.511 4503 9151 D audio_hw_primary: enable_snd_device: snd_device(2: speaker)[SND_DEVICE_OUT_SPEAKER]
07-13 16:25:41.511 4503 9151 I soundtrigger: audio_extn_sound_trigger_update_device_status: device 0x2 of type 0 for Event 1, with Raise=0
07-13 16:25:41.512 4503 9151 D audio_route: Apply path: speaker
07-13 16:25:41.512 4503 9151 D hardware_info: hw_info_append_hw_type : device_name = vi-feedback
07-13 16:25:41.512 4503 9151 D msm8974_platform: platform_split_snd_device: snd_device(196) num devices(0) new_snd_devices(0)
07-13 16:25:41.512 4503 9151 D audio_hw_primary: enable_snd_device: snd_device(196: vi-feedback)[SND_DEVICE_IN_CAPTURE_VI_FEEDBACK]
07-13 16:25:41.512 4503 9151 I soundtrigger: audio_extn_sound_trigger_update_device_status: device 0xc4 of type 1 for Event 1, with Raise=0
07-13 16:25:41.513 4503 9151 D audio_route: Apply path: vi-feedback
07-13 16:25:41.513 4503 9151 D audio_hw_utils: audio_extn_utils_send_app_type_cfg: usecase->in_snd_device vi-feedback
07-13 16:25:41.513 4503 9151 E voice : voice_is_in_call_rec_stream: input stream is NULL
07-13 16:25:41.513 4503 9151 D msm8974_platform: platform_split_snd_device: snd_device(196) num devices(0) new_snd_devices(0)
07-13 16:25:41.513 4503 9151 E audio_hw_utils: send_app_type_cfg_for_device: Could not get ctl for mixer cmd - Audio Stream Capture 38 App Type Cfg
07-13 16:25:41.513 4503 9151 D msm8974_platform: platform_split_snd_device: snd_device(196) num devices(1) new_snd_devices(0)
07-13 16:25:41.513 4503 9151 D ACDB-LOADER: ACDB -> send_audio_cal, acdb_id = 102, path = 1, app id = 0x11132, sample rate = 48000
07-13 16:25:41.513 4503 9151 D ACDB-LOADER: ACDB -> send_asm_topology
07-13 16:25:41.513 4503 9151 D ACDB-LOADER: ACDB -> ACDB_CMD_GET_AUDPROC_STREAM_TOPOLOGY_ID
07-13 16:25:41.513 4503 9151 D ACDB-LOADER: ACDB -> send_adm_topology
07-13 16:25:41.513 4503 9151 D ACDB-LOADER: ACDB -> ACDB_CMD_GET_AUDPROC_COMMON_TOPOLOGY_ID
07-13 16:25:41.514 4503 9151 D ACDB-LOADER: ACDB -> send_audtable
07-13 16:25:41.514 4503 9151 D ACDB-LOADER: ACDB -> ACDB_CMD_GET_AUDPROC_INSTANCE_COMMON_TABLE_SIZE
07-13 16:25:41.514 4503 9151 D ACDB-LOADER: ACDB -> ACDB_CMD_GET_AUDPROC_INSTANCE_COMMON_TABLE
07-13 16:25:41.514 4503 9151 D ACDB-LOADER: ACDB -> AUDIO_SET_AUDPROC_CAL cal_type[11] acdb_id[102] app_type[69938]
07-13 16:25:41.514 4503 9151 D ACDB-LOADER: ACDB -> ACDB_CMD_GET_AUDPROC_INSTANCE_STREAM_TABLE_SIZE
07-13 16:25:41.514 4503 9151 D ACDB-LOADER: ACDB -> send_audstrmtable
07-13 16:25:41.514 4503 9151 D ACDB-LOADER: ACDB -> ACDB_CMD_GET_AUDPROC_INSTANCE_STREAM_TABLE
07-13 16:25:41.514 4503 9151 D ACDB-LOADER: ACDB -> audstrm_cal->cal_type.cal_data.cal_size = 20
07-13 16:25:41.514 4503 9151 D ACDB-LOADER: ACDB -> send_afe_topology
07-13 16:25:41.514 4503 9151 D ACDB-LOADER: ACDB -> ACDB_CMD_GET_AFE_TOPOLOGY_ID
07-13 16:25:41.514 4503 9151 D ACDB-LOADER: ACDB -> GET_AFE_TOPOLOGY_ID for adcd_id 102, Topology Id 1000b909
07-13 16:25:41.514 4503 9151 D ACDB-LOADER: ACDB -> send_afe_cal
07-13 16:25:41.514 4503 9151 D ACDB-LOADER: ACDB -> ACDB_CMD_GET_AFE_INSTANCE_COMMON_TABLE_SIZE
07-13 16:25:41.514 4503 9151 D ACDB-LOADER: ACDB -> ACDB_CMD_GET_AFE_INSTANCE_COMMON_TABLE
07-13 16:25:41.514 4503 9151 D ACDB-LOADER: ACDB -> AUDIO_SET_AFE_CAL cal_type[17] acdb_id[102]
07-13 16:25:41.514 4503 9151 D ACDB-LOADER: ACDB -> send_hw_delay : acdb_id = 102 path = 1
07-13 16:25:41.514 4503 9151 D ACDB-LOADER: ACDB -> ACDB_AVSYNC_INFO: ACDB_CMD_GET_DEVICE_PROPERTY
07-13 16:25:41.514 4503 9151 D audio_hw_primary: enable_audio_route: apply mixer and update path: spkr-vi-record
07-13 16:25:41.514 4503 9151 D audio_route: Apply path: spkr-vi-record
07-13 16:25:41.516 4503 9151 E audio_hw_tfa98xx_feedback: pcm_dev_tx_id = 38
07-13 16:25:41.516 4503 9151 E audio_hw_tfa98xx_feedback: audio_extn_tfa98xx_start_feedback: cannot open device '/dev/snd/pcmC0D38c': Device or resource busy
07-13 16:25:41.516 4503 9151 D hardware_info: hw_info_append_hw_type : device_name = vi-feedback
07-13 16:25:41.516 4503 9151 D audio_hw_primary: disable_snd_device: snd_device(196: vi-feedback)
07-13 16:25:41.516 4503 9151 D msm8974_platform: platform_split_snd_device: snd_device(196) num devices(0) new_snd_devices(0)
07-13 16:25:41.516 4503 9151 I soundtrigger: audio_extn_sound_trigger_update_device_status: device 0xc4 of type 1 for Event 0, with Raise=0
07-13 16:25:41.516 4503 9151 D audio_hw_primary: disable_audio_route: reset and update mixer path: spkr-vi-record
07-13 16:25:41.517 4503 9151 I audio_hw_utils: audio_extn_utils_update_stream_output_app_type_cfg Allowing 24 and above bits playback on speaker ONLY at default sampling rate
07-13 16:25:41.517 4503 9151 D audio_hw_primary: audio_is_true_native_stream_active:napb: (0) (ultrasound-proximity-output)id (67) sr 96000 bw (16) device voice-handset
07-13 16:25:41.517 4503 9151 D audio_hw_primary: audio_is_true_native_stream_active:napb: (1) (deep-buffer-playback)id (0) sr 48000 bw (16) device speaker
07-13 16:25:41.517 4503 9151 E soundtrigger: audio_extn_sound_trigger_update_stream_status: invalid input device 0x0, for event 3
07-13 16:25:41.517 4503 9151 D soundtrigger: audio_extn_sound_trigger_update_stream_status: uc_info->id 0 of type 0 for Event 3, with Raise=1
07-13 16:25:41.517 4503 9151 D sound_trigger_hal: sound_trigger_hw_call_back event 3 rx_concurrency_active 0, tx_concurrency_active 2, screen on 1, music on 0
07-13 16:25:41.517 4503 9151 D sound_trigger_hal: pcm_transfer_to_barge_in barge in 0, state 0, force idle 0
07-13 16:25:41.517 4503 9151 D sound_trigger_hal: pcm_transfer_to_barge_in exit barge in 1, state 0, force idle 0
07-13 16:25:41.517 4503 9151 D sound_trigger_hal: sound_trigger_hw_call_back rx_concurrency_active 1, tx_concurrency_active 2, screen on 1, music on 1
07-13 16:25:41.517 4503 9151 D audio_hw_utils: audio_extn_utils_send_app_type_cfg: usecase->out_snd_device speaker
07-13 16:25:41.517 4503 9151 D msm8974_platform: platform_split_snd_device: snd_device(2) num devices(0) new_snd_devices(0)
07-13 16:25:41.517 4503 9151 D audio_hw_utils: audio_extn_btsco_get_sample_rate:Not a BT SCO device, need not update sampling rate
07-13 16:25:41.517 4503 9151 I audio_hw_utils: send_app_type_cfg_for_device: change app type from 69936 to 69940
07-13 16:25:41.517 4503 9151 I audio_hw_utils: send_app_type_cfg_for_device PLAYBACK app_type 69940, acdb_dev_id 10011, sample_rate 48000, snd_device_be_idx 43
07-13 16:25:41.518 4503 9151 D msm8974_platform: platform_split_snd_device: snd_device(2) num devices(1) new_snd_devices(0)
07-13 16:25:41.518 4503 9151 D audio_hw_utils: audio_extn_btsco_get_sample_rate:Not a BT SCO device, need not update sampling rate
07-13 16:25:41.518 4503 9151 D ACDB-LOADER: ACDB -> send_audio_cal, acdb_id = 10011, path = 0, app id = 0x11134, sample rate = 48000
07-13 16:25:41.518 4503 9151 D ACDB-LOADER: ACDB -> send_asm_topology
07-13 16:25:41.518 4503 9151 D ACDB-LOADER: ACDB -> ACDB_CMD_GET_AUDPROC_STREAM_TOPOLOGY_ID
07-13 16:25:41.518 4503 9151 D ACDB-LOADER: ACDB -> send_adm_topology
07-13 16:25:41.518 4503 9151 D ACDB-LOADER: ACDB -> ACDB_CMD_GET_AUDPROC_COMMON_TOPOLOGY_ID
07-13 16:25:41.518 4503 9151 D ACDB-LOADER: ACDB -> send_audtable
07-13 16:25:41.518 4503 9151 D ACDB-LOADER: ACDB -> ACDB_CMD_GET_AUDPROC_INSTANCE_COMMON_TABLE_SIZE
07-13 16:25:41.518 4503 9151 D ACDB-LOADER: ACDB -> ACDB_CMD_GET_AUDPROC_INSTANCE_COMMON_TABLE
07-13 16:25:41.518 4503 9151 D ACDB-LOADER: ACDB -> AUDIO_SET_AUDPROC_CAL cal_type[11] acdb_id[10011] app_type[69940]
07-13 16:25:41.518 4503 9151 D ACDB-LOADER: ACDB -> send_audvoltable
07-13 16:25:41.518 4503 9151 D ACDB-LOADER: ACDB -> ACDB_CMD_GET_AUDPROC_INSTANCE_GAIN_DEP_STEP_TABLE_SIZE
07-13 16:25:41.518 4503 9151 D : Failed to fetch the lookup information of the device 0000271B
07-13 16:25:41.518 4503 9151 D ACDB-LOADER: Error: ACDB_CMD_GET_AUDPROC_INSTANCE_GAIN_DEP_STEP_TABLE_SIZE Returned = -19
07-13 16:25:41.518 4503 9151 D ACDB-LOADER: ACDB -> ACDB_CMD_GET_AUDPROC_INSTANCE_GAIN_DEP_STEP_TABLE, vol index 0
07-13 16:25:41.518 4503 9151 D : Failed to fetch the lookup information of the device 0000271B
07-13 16:25:41.518 4503 9151 D ACDB-LOADER: Error: ACDB AudProc vol returned = -19
07-13 16:25:41.518 4503 9151 D ACDB-LOADER: ACDB -> AUDIO_SET_VOL_CAL cal type = 12
07-13 16:25:41.518 4503 9151 D ACDB-LOADER: ACDB -> ACDB_CMD_GET_AUDPROC_INSTANCE_STREAM_TABLE_SIZE
07-13 16:25:41.519 4503 9151 D ACDB-LOADER: ACDB -> send_audstrmtable
07-13 16:25:41.519 4503 9151 D ACDB-LOADER: ACDB -> ACDB_CMD_GET_AUDPROC_INSTANCE_STREAM_TABLE
07-13 16:25:41.519 4503 9151 D ACDB-LOADER: ACDB -> audstrm_cal->cal_type.cal_data.cal_size = 20
07-13 16:25:41.519 4503 9151 D ACDB-LOADER: ACDB -> send_afe_topology
07-13 16:25:41.519 4503 9151 D ACDB-LOADER: ACDB -> ACDB_CMD_GET_AFE_TOPOLOGY_ID
07-13 16:25:41.519 4503 9151 D ACDB-LOADER: ACDB -> GET_AFE_TOPOLOGY_ID for adcd_id 10011, Topology Id 1000b910
07-13 16:25:41.519 4503 9151 D ACDB-LOADER: ACDB -> send_afe_cal
07-13 16:25:41.519 4503 9151 D ACDB-LOADER: ACDB -> ACDB_CMD_GET_AFE_INSTANCE_COMMON_TABLE_SIZE
07-13 16:25:41.519 4503 9151 D ACDB-LOADER: ACDB -> ACDB_CMD_GET_AFE_INSTANCE_COMMON_TABLE
07-13 16:25:41.519 4503 9151 D ACDB-LOADER: ACDB -> AUDIO_SET_AFE_CAL cal_type[16] acdb_id[10011]
07-13 16:25:41.519 4503 9151 D ACDB-LOADER: ACDB -> send_hw_delay : acdb_id = 10011 path = 0
07-13 16:25:41.519 4503 9151 D ACDB-LOADER: ACDB -> ACDB_AVSYNC_INFO: ACDB_CMD_GET_DEVICE_PROPERTY
07-13 16:25:41.519 4503 9151 D msm8974_platform: platform_split_snd_device: snd_device(2) num devices(0) new_snd_devices(0)
07-13 16:25:41.519 4503 9151 I msm8974_platform: platform_get_custom_mtmx_params: no matching param with id 0 ip_ch 2 op_ch 2 uc_id 0 snd_dev 2
07-13 16:25:41.519 4503 9151 D audio_hw_primary: enable_audio_route: apply mixer and update path: deep-buffer-playback speaker
07-13 16:25:41.519 4503 9151 D audio_route: Apply path: deep-buffer-playback speaker
07-13 16:25:41.548 10333 10776 W CameraSource: Waiting on an available memory base timed out. Dropping a recording frame.
07-13 16:25:41.554 7094 7195 D audio_hw_primary: out_standby: enter: stream (0x3b59ea40) usecase(0: deep-buffer-playback)
07-13 16:25:41.571 4503 9151 D send_data_to_xlog: send_misound_data_to_xlog: enter: usecase(0)
07-13 16:25:41.571 4503 9151 D ultrasound_extn: ultrasound_select_devices_post: enter: engine_suspended: 0
07-13 16:25:41.571 4503 9151 D ultrasound_extn: dump_usecase_list: start ======================================
07-13 16:25:41.571 4503 9151 D ultrasound_extn: dump_usecase_list: enter sensor_activated:1 hw_port_enabled:1 suspended:0
07-13 16:25:41.571 4503 9151 D ultrasound_extn: dump_usecase_list: select_devices_post usecase[#0]:(68, ultrasound-proximity-input) in_dev:(246, ultrasound-input) out_dv:(0, )
07-13 16:25:41.571 4503 9151 D ultrasound_extn: dump_usecase_list: select_devices_post usecase[#1]:(67, ultrasound-proximity-output) in_dev:(0, ) out_dv:(24, voice-handset)
07-13 16:25:41.571 4503 9151 D ultrasound_extn: dump_usecase_list: select_devices_post usecase[#2]:(0, deep-buffer-playback) in_dev:(0, ) out_dv:(2, speaker)
07-13 16:25:41.573 4503 9151 D ultrasound_extn: dump_usecase_list: RX_CDC_DMA_RX_0 SampleRate KHZ_96
07-13 16:25:41.575 4503 9151 D ultrasound_extn: dump_usecase_list: RX_CDC_DMA_RX_0 Format S16_LE
07-13 16:25:41.576 4503 9151 D ultrasound_extn: dump_usecase_list: RX_CDC_DMA_RX_0 Channels One
07-13 16:25:41.577 4503 9151 D ultrasound_extn: dump_usecase_list: RX_CDC_DMA_RX_1 SampleRate KHZ_96
07-13 16:25:41.577 4503 9151 D ultrasound_extn: dump_usecase_list: RX_CDC_DMA_RX_1 Format S16_LE
07-13 16:25:41.578 4503 9151 D ultrasound_extn: dump_usecase_list: RX_CDC_DMA_RX_1 Channels One
07-13 16:25:41.578 4503 9151 D ultrasound_extn: dump_usecase_list: end ======================================
07-13 16:25:41.578 4503 9151 D audio_hw_primary: select_devices: done
07-13 16:25:41.685 7094 7195 D audio_hw_primary: disable_audio_route: reset and update mixer path: deep-buffer-playback speaker
07-13 16:25:41.690 7094 7195 D msm8974_platform: platform_split_snd_device: snd_device(2) num devices(0) new_snd_devices(0)
07-13 16:25:41.690 7094 7195 I msm8974_platform: platform_get_custom_mtmx_params: no matching param with id 0 ip_ch 2 op_ch 2 uc_id 0 snd_dev 2
07-13 16:25:41.690 7094 7195 D hardware_info: hw_info_append_hw_type : device_name = speaker
07-13 16:25:41.690 7094 7195 D audio_hw_primary: disable_snd_device: snd_device(2: speaker)
07-13 16:25:41.690 7094 7195 D msm8974_platform: platform_split_snd_device: snd_device(2) num devices(0) new_snd_devices(0)
07-13 16:25:41.697 7094 7195 D hardware_info: hw_info_append_hw_type : device_name = vi-feedback
07-13 16:25:41.697 4503 9151 E audio_hw_primary: pcm_open_prepare_helper: pcm_prepare returned -1
07-13 16:25:41.697 7094 7195 D audio_hw_primary: disable_snd_device: snd_device(196: vi-feedback)
07-13 16:25:41.697 7094 7195 D msm8974_platform: platform_split_snd_device: snd_device(196) num devices(0) new_snd_devices(0)
07-13 16:25:41.698 7094 7195 D audio_hw_primary: disable_audio_route: reset and update mixer path: spkr-vi-record
07-13 16:25:41.700 7094 7195 D audio_hw_primary: out_standby: exit
07-13 16:25:41.701 4503 9151 D audio_hw_primary: disable_audio_route: reset and update mixer path: deep-buffer-playback speaker
07-13 16:25:41.701 4503 9151 E soundtrigger: audio_extn_sound_trigger_update_stream_status: invalid input device 0x0, for event 2
07-13 16:25:41.701 4503 9151 D soundtrigger: audio_extn_sound_trigger_update_stream_status: uc_info->id 0 of type 0 for Event 2, with Raise=1
07-13 16:25:41.701 4503 9151 D sound_trigger_hal: sound_trigger_hw_call_back event 2 rx_concurrency_active 1, tx_concurrency_active 2, screen on 1, music on 1
07-13 16:25:41.701 4503 9151 D sound_trigger_hal: pcm_transfer_to_barge_in barge in 1, state 0, force idle 0
07-13 16:25:41.701 4503 9151 D sound_trigger_hal: pcm_transfer_to_barge_in exit barge in 0, state 0, force idle 0
07-13 16:25:41.701 4503 9151 D sound_trigger_hal: sound_trigger_hw_call_back rx_concurrency_active 0, tx_concurrency_active 2, screen on 1, music on 0
07-13 16:25:41.701 4503 9151 D msm8974_platform: platform_split_snd_device: snd_device(2) num devices(0) new_snd_devices(0)
07-13 16:25:41.701 4503 9151 I msm8974_platform: platform_get_custom_mtmx_params: no matching param with id 0 ip_ch 2 op_ch 2 uc_id 0 snd_dev 2
07-13 16:25:41.701 4503 9151 D hardware_info: hw_info_append_hw_type : device_name = speaker
07-13 16:25:41.701 4503 9151 D audio_hw_primary: disable_snd_device: snd_device(2: speaker)
07-13 16:25:41.701 4503 9151 D msm8974_platform: platform_split_snd_device: snd_device(2) num devices(0) new_snd_devices(0)
07-13 16:25:41.701 4503 9151 D hardware_info: hw_info_append_hw_type : device_name = vi-feedback
07-13 16:25:41.701 4503 9151 E audio_hw_primary: disable_snd_device: device ref cnt is already 0
07-13 16:25:41.701 4503 9151 I soundtrigger: audio_extn_sound_trigger_update_device_status: device 0x2 of type 0 for Event 0, with Raise=0
07-13 16:25:41.749 10333 10776 W CameraSource: Waiting on an available memory base timed out. Dropping a recording frame.
07-13 16:25:41.751 4503 9151 D audio_hw_primary: out_standby: enter: stream (0xe834d000) usecase(0: deep-buffer-playback)
07-13 16:25:41.751 4503 9151 D audio_hw_primary: out_standby: exit
07-13 16:25:41.792 4503 9151 D audio_hw_primary: start_output_stream: enter: stream(0xe834d000)usecase(0: deep-buffer-playback) devices(0x2) is_haptic_usecase(0)
07-13 16:25:41.794 4503 9151 D audio_hw_primary: select_devices for use case (deep-buffer-playback)
07-13 16:25:41.794 4503 9151 D audio_hw_primary: select_devices: out_snd_device(2: speaker) in_snd_device(0: )
07-13 16:25:41.794 4503 9151 D ultrasound_extn: ultrasound_select_devices_pre ultrasound_enabled:1 usecase(deep-buffer-playback), devices:2 in_snd_device(0, ), out_snd_device(2, speaker)
07-13 16:25:41.794 4503 9151 D ultrasound_extn: ultrasound_select_devices_pre usecase(deep-buffer-playback), chg-to: in_snd_device(0, ), out_snd_device(0, )
07-13 16:25:41.794 4503 9151 D ultrasound_extn: dump_usecase_list: start ======================================
07-13 16:25:41.794 4503 9151 D ultrasound_extn: dump_usecase_list: enter sensor_activated:1 hw_port_enabled:1 suspended:0
07-13 16:25:41.794 4503 9151 D ultrasound_extn: dump_usecase_list: select_devices_pre usecase[#0]:(68, ultrasound-proximity-input) in_dev:(246, ultrasound-input) out_dv:(0, )
07-13 16:25:41.794 4503 9151 D ultrasound_extn: dump_usecase_list: select_devices_pre usecase[#1]:(67, ultrasound-proximity-output) in_dev:(0, ) out_dv:(24, voice-handset)
07-13 16:25:41.794 4503 9151 D ultrasound_extn: dump_usecase_list: select_devices_pre usecase[#2]:(0, deep-buffer-playback) in_dev:(0, ) out_dv:(0, )
07-13 16:25:41.794 4503 9151 D ultrasound_extn: dump_usecase_list: end ======================================
07-13 16:25:41.794 4503 9151 I msm8974_platform: platform_check_and_set_codec_backend_cfg:becf: afe: bitwidth 16, samplerate 48000 channels 2, backend_idx 4 usecase = 0 device (speaker)
07-13 16:25:41.794 4503 9151 D msm8974_platform: platform_split_snd_device: snd_device(2) num devices(1) new_snd_devices(0)
07-13 16:25:41.794 4503 9151 I msm8974_platform: platform_check_and_set_codec_backend_cfg: new_snd_devices[0] is 2
07-13 16:25:41.794 4503 9151 I msm8974_platform: platform_check_codec_backend_cfg:becf: afe: bitwidth 16, samplerate 48000 channels 2, backend_idx 4 usecase = 0 device (speaker)
07-13 16:25:41.794 4503 9151 D msm8974_platform: platform_check_codec_backend_cfg:becf: afe: playback on codec device not supporting native playback set default Sample Rate(48k)
07-13 16:25:41.794 4503 9151 D ultrasound_extn: ultrasound_check_and_set_codec_backend_cfg check use case (deep-buffer-playback), snd_device(2, speaker)
07-13 16:25:41.794 4503 9151 D ultrasound_extn: ultrasound_check_and_set_codec_backend_cfg do not change BE setting for speaker
07-13 16:25:41.794 4503 9151 I msm8974_platform: platform_check_codec_backend_cfg:becf: afe: Codec selected backend: 4 updated bit width: 24 and sample rate: 48000
07-13 16:25:41.794 4503 9151 D audio_hw_primary: check_usecases_codec_backend:becf: force routing 0
07-13 16:25:41.794 4503 9151 E msm8974_platform: platform_check_backends_match: Invalid snd_device =
07-13 16:25:41.794 4503 9151 D audio_hw_primary: check_usecases_codec_backend:becf: (94) check_usecases curr device: speaker, usecase device: backends match 0
07-13 16:25:41.794 4503 9151 D audio_hw_primary: @@: usecase[0xe9aa1180]=ultrasound-proximity-input, devices=0x0, uc_info[0xe8376500]=deep-buffer-playback
07-13 16:25:41.794 4503 9151 D audio_hw_primary: check_usecases_codec_backend:becf: (94) check_usecases curr device: speaker, usecase device:voice-handset backends match 0
07-13 16:25:41.794 4503 9151 D audio_hw_primary: @@: usecase[0xe9aa11d0]=ultrasound-proximity-output, devices=0x2, uc_info[0xe8376500]=deep-buffer-playback
07-13 16:25:41.794 4503 9151 D audio_hw_primary: @@: uc_derive_snd_device=24, snd_device=2
07-13 16:25:41.794 4503 9151 E msm8974_platform: platform_check_backends_match: Invalid snd_device =
07-13 16:25:41.794 4503 9151 D audio_hw_primary: check_usecases_codec_backend:becf: (94) check_usecases curr device: speaker, usecase device: backends match 0
07-13 16:25:41.794 4503 9151 D audio_hw_primary: @@: usecase[0xe8376500]=deep-buffer-playback, devices=0x2, uc_info[0xe8376500]=deep-buffer-playback
07-13 16:25:41.794 4503 9151 D audio_hw_primary: check_usecases_codec_backend:becf: check_usecases num.of Usecases to switch 0
07-13 16:25:41.794 4503 9151 D hardware_info: hw_info_append_hw_type : device_name = speaker
07-13 16:25:41.794 4503 9151 D msm8974_platform: platform_split_snd_device: snd_device(2) num devices(0) new_snd_devices(0)
07-13 16:25:41.794 4503 9151 D audio_hw_primary: enable_snd_device: snd_device(2: speaker)[SND_DEVICE_OUT_SPEAKER]
07-13 16:25:41.794 4503 9151 I soundtrigger: audio_extn_sound_trigger_update_device_status: device 0x2 of type 0 for Event 1, with Raise=0
07-13 16:25:41.795 4503 9151 D audio_route: Apply path: speaker
07-13 16:25:41.795 4503 9151 D hardware_info: hw_info_append_hw_type : device_name = vi-feedback
07-13 16:25:41.795 4503 9151 D msm8974_platform: platform_split_snd_device: snd_device(196) num devices(0) new_snd_devices(0)
07-13 16:25:41.795 4503 9151 D audio_hw_primary: enable_snd_device: snd_device(196: vi-feedback)[SND_DEVICE_IN_CAPTURE_VI_FEEDBACK]
07-13 16:25:41.795 4503 9151 I soundtrigger: audio_extn_sound_trigger_update_device_status: device 0xc4 of type 1 for Event 1, with Raise=0
07-13 16:25:41.795 4503 9151 D audio_route: Apply path: vi-feedback
07-13 16:25:41.796 4503 9151 D audio_hw_utils: audio_extn_utils_send_app_type_cfg: usecase->in_snd_device vi-feedback
07-13 16:25:41.796 4503 9151 E voice : voice_is_in_call_rec_stream: input stream is NULL
07-13 16:25:41.796 4503 9151 D msm8974_platform: platform_split_snd_device: snd_device(196) num devices(0) new_snd_devices(0)
07-13 16:25:41.796 4503 9151 E audio_hw_utils: send_app_type_cfg_for_device: Could not get ctl for mixer cmd - Audio Stream Capture 38 App Type Cfg
07-13 16:25:41.796 4503 9151 D msm8974_platform: platform_split_snd_device: snd_device(196) num devices(1) new_snd_devices(0)
07-13 16:25:41.796 4503 9151 D ACDB-LOADER: ACDB -> send_audio_cal, acdb_id = 102, path = 1, app id = 0x11132, sample rate = 48000
07-13 16:25:41.796 4503 9151 D ACDB-LOADER: ACDB -> send_asm_topology
07-13 16:25:41.796 4503 9151 D ACDB-LOADER: ACDB -> ACDB_CMD_GET_AUDPROC_STREAM_TOPOLOGY_ID
07-13 16:25:41.796 4503 9151 D ACDB-LOADER: ACDB -> send_adm_topology
07-13 16:25:41.796 4503 9151 D ACDB-LOADER: ACDB -> ACDB_CMD_GET_AUDPROC_COMMON_TOPOLOGY_ID
07-13 16:25:41.796 4503 9151 D ACDB-LOADER: ACDB -> send_audtable
07-13 16:25:41.796 4503 9151 D ACDB-LOADER: ACDB -> ACDB_CMD_GET_AUDPROC_INSTANCE_COMMON_TABLE_SIZE
07-13 16:25:41.796 4503 9151 D ACDB-LOADER: ACDB -> ACDB_CMD_GET_AUDPROC_INSTANCE_COMMON_TABLE
07-13 16:25:41.796 4503 9151 D ACDB-LOADER: ACDB -> AUDIO_SET_AUDPROC_CAL cal_type[11] acdb_id[102] app_type[69938]
07-13 16:25:41.796 4503 9151 D ACDB-LOADER: ACDB -> ACDB_CMD_GET_AUDPROC_INSTANCE_STREAM_TABLE_SIZE
07-13 16:25:41.796 4503 9151 D ACDB-LOADER: ACDB -> send_audstrmtable
07-13 16:25:41.796 4503 9151 D ACDB-LOADER: ACDB -> ACDB_CMD_GET_AUDPROC_INSTANCE_STREAM_TABLE
07-13 16:25:41.796 4503 9151 D ACDB-LOADER: ACDB -> audstrm_cal->cal_type.cal_data.cal_size = 20
07-13 16:25:41.796 4503 9151 D ACDB-LOADER: ACDB -> send_afe_topology
07-13 16:25:41.796 4503 9151 D ACDB-LOADER: ACDB -> ACDB_CMD_GET_AFE_TOPOLOGY_ID
07-13 16:25:41.796 4503 9151 D ACDB-LOADER: ACDB -> GET_AFE_TOPOLOGY_ID for adcd_id 102, Topology Id 1000b909
07-13 16:25:41.796 4503 9151 D ACDB-LOADER: ACDB -> send_afe_cal
07-13 16:25:41.796 4503 9151 D ACDB-LOADER: ACDB -> ACDB_CMD_GET_AFE_INSTANCE_COMMON_TABLE_SIZE
07-13 16:25:41.796 4503 9151 D ACDB-LOADER: ACDB -> ACDB_CMD_GET_AFE_INSTANCE_COMMON_TABLE
07-13 16:25:41.796 4503 9151 D ACDB-LOADER: ACDB -> AUDIO_SET_AFE_CAL cal_type[17] acdb_id[102]
07-13 16:25:41.796 4503 9151 D ACDB-LOADER: ACDB -> send_hw_delay : acdb_id = 102 path = 1
07-13 16:25:41.796 4503 9151 D ACDB-LOADER: ACDB -> ACDB_AVSYNC_INFO: ACDB_CMD_GET_DEVICE_PROPERTY
07-13 16:25:41.797 4503 9151 D audio_hw_primary: enable_audio_route: apply mixer and update path: spkr-vi-record
07-13 16:25:41.797 4503 9151 D audio_route: Apply path: spkr-vi-record
07-13 16:25:41.799 4503 9151 E audio_hw_tfa98xx_feedback: pcm_dev_tx_id = 38
07-13 16:25:41.809 4503 9151 I audio_hw_utils: audio_extn_utils_update_stream_output_app_type_cfg Allowing 24 and above bits playback on speaker ONLY at default sampling rate
07-13 16:25:41.809 4503 9151 D audio_hw_primary: audio_is_true_native_stream_active:napb: (0) (ultrasound-proximity-output)id (67) sr 96000 bw (16) device voice-handset
07-13 16:25:41.809 4503 9151 D audio_hw_primary: audio_is_true_native_stream_active:napb: (1) (deep-buffer-playback)id (0) sr 48000 bw (16) device speaker
07-13 16:25:41.809 4503 9151 E soundtrigger: audio_extn_sound_trigger_update_stream_status: invalid input device 0x0, for event 3
07-13 16:25:41.809 4503 9151 D soundtrigger: audio_extn_sound_trigger_update_stream_status: uc_info->id 0 of type 0 for Event 3, with Raise=1
07-13 16:25:41.809 4503 9151 D sound_trigger_hal: sound_trigger_hw_call_back event 3 rx_concurrency_active 0, tx_concurrency_active 2, screen on 1, music on 0
07-13 16:25:41.809 4503 9151 D sound_trigger_hal: pcm_transfer_to_barge_in barge in 0, state 0, force idle 0
07-13 16:25:41.809 4503 9151 D sound_trigger_hal: pcm_transfer_to_barge_in exit barge in 1, state 0, force idle 0
07-13 16:25:41.809 4503 9151 D sound_trigger_hal: sound_trigger_hw_call_back rx_concurrency_active 1, tx_concurrency_active 2, screen on 1, music on 1
07-13 16:25:41.809 4503 9151 D audio_hw_utils: audio_extn_utils_send_app_type_cfg: usecase->out_snd_device speaker
07-13 16:25:41.809 4503 9151 D msm8974_platform: platform_split_snd_device: snd_device(2) num devices(0) new_snd_devices(0)
07-13 16:25:41.810 4503 9151 D audio_hw_utils: audio_extn_btsco_get_sample_rate:Not a BT SCO device, need not update sampling rate
07-13 16:25:41.810 4503 9151 I audio_hw_utils: send_app_type_cfg_for_device: change app type from 69936 to 69940
07-13 16:25:41.810 4503 9151 I audio_hw_utils: send_app_type_cfg_for_device PLAYBACK app_type 69940, acdb_dev_id 10011, sample_rate 48000, snd_device_be_idx 43
07-13 16:25:41.811 4503 9151 D msm8974_platform: platform_split_snd_device: snd_device(2) num devices(1) new_snd_devices(0)
07-13 16:25:41.811 4503 9151 D audio_hw_utils: audio_extn_btsco_get_sample_rate:Not a BT SCO device, need not update sampling rate
07-13 16:25:41.811 4503 9151 D ACDB-LOADER: ACDB -> send_audio_cal, acdb_id = 10011, path = 0, app id = 0x11134, sample rate = 48000
07-13 16:25:41.811 4503 9151 D ACDB-LOADER: ACDB -> send_asm_topology
07-13 16:25:41.811 4503 9151 D ACDB-LOADER: ACDB -> ACDB_CMD_GET_AUDPROC_STREAM_TOPOLOGY_ID
07-13 16:25:41.811 4503 9151 D ACDB-LOADER: ACDB -> send_adm_topology
07-13 16:25:41.811 4503 9151 D ACDB-LOADER: ACDB -> ACDB_CMD_GET_AUDPROC_COMMON_TOPOLOGY_ID
07-13 16:25:41.811 4503 9151 D ACDB-LOADER: ACDB -> send_audtable
07-13 16:25:41.811 4503 9151 D ACDB-LOADER: ACDB -> ACDB_CMD_GET_AUDPROC_INSTANCE_COMMON_TABLE_SIZE
07-13 16:25:41.811 4503 9151 D ACDB-LOADER: ACDB -> ACDB_CMD_GET_AUDPROC_INSTANCE_COMMON_TABLE
07-13 16:25:41.811 4503 9151 D ACDB-LOADER: ACDB -> AUDIO_SET_AUDPROC_CAL cal_type[11] acdb_id[10011] app_type[69940]
07-13 16:25:41.811 4503 9151 D ACDB-LOADER: ACDB -> send_audvoltable
07-13 16:25:41.812 4503 9151 D ACDB-LOADER: ACDB -> ACDB_CMD_GET_AUDPROC_INSTANCE_GAIN_DEP_STEP_TABLE_SIZE
07-13 16:25:41.812 4503 9151 D : Failed to fetch the lookup information of the device 0000271B
07-13 16:25:41.812 4503 9151 D ACDB-LOADER: Error: ACDB_CMD_GET_AUDPROC_INSTANCE_GAIN_DEP_STEP_TABLE_SIZE Returned = -19
07-13 16:25:41.812 4503 9151 D ACDB-LOADER: ACDB -> ACDB_CMD_GET_AUDPROC_INSTANCE_GAIN_DEP_STEP_TABLE, vol index 0
07-13 16:25:41.812 4503 9151 D : Failed to fetch the lookup information of the device 0000271B
07-13 16:25:41.812 4503 9151 D ACDB-LOADER: Error: ACDB AudProc vol returned = -19
07-13 16:25:41.812 4503 9151 D ACDB-LOADER: ACDB -> AUDIO_SET_VOL_CAL cal type = 12
07-13 16:25:41.812 4503 9151 D ACDB-LOADER: ACDB -> ACDB_CMD_GET_AUDPROC_INSTANCE_STREAM_TABLE_SIZE
07-13 16:25:41.812 4503 9151 D ACDB-LOADER: ACDB -> send_audstrmtable
07-13 16:25:41.812 4503 9151 D ACDB-LOADER: ACDB -> ACDB_CMD_GET_AUDPROC_INSTANCE_STREAM_TABLE
07-13 16:25:41.812 4503 9151 D ACDB-LOADER: ACDB -> audstrm_cal->cal_type.cal_data.cal_size = 20
07-13 16:25:41.812 4503 9151 D ACDB-LOADER: ACDB -> send_afe_topology
07-13 16:25:41.812 4503 9151 D ACDB-LOADER: ACDB -> ACDB_CMD_GET_AFE_TOPOLOGY_ID
07-13 16:25:41.812 4503 9151 D ACDB-LOADER: ACDB -> GET_AFE_TOPOLOGY_ID for adcd_id 10011, Topology Id 1000b910
07-13 16:25:41.812 4503 9151 D ACDB-LOADER: ACDB -> send_afe_cal
07-13 16:25:41.812 4503 9151 D ACDB-LOADER: ACDB -> ACDB_CMD_GET_AFE_INSTANCE_COMMON_TABLE_SIZE
07-13 16:25:41.812 4503 9151 D ACDB-LOADER: ACDB -> ACDB_CMD_GET_AFE_INSTANCE_COMMON_TABLE
07-13 16:25:41.812 4503 9151 D ACDB-LOADER: ACDB -> AUDIO_SET_AFE_CAL cal_type[16] acdb_id[10011]
07-13 16:25:41.812 4503 9151 D ACDB-LOADER: ACDB -> send_hw_delay : acdb_id = 10011 path = 0
07-13 16:25:41.812 4503 9151 D ACDB-LOADER: ACDB -> ACDB_AVSYNC_INFO: ACDB_CMD_GET_DEVICE_PROPERTY
07-13 16:25:41.812 4503 9151 D msm8974_platform: platform_split_snd_device: snd_device(2) num devices(0) new_snd_devices(0)
07-13 16:25:41.812 4503 9151 I msm8974_platform: platform_get_custom_mtmx_params: no matching param with id 0 ip_ch 2 op_ch 2 uc_id 0 snd_dev 2
07-13 16:25:41.812 4503 9151 D audio_hw_primary: enable_audio_route: apply mixer and update path: deep-buffer-playback speaker
07-13 16:25:41.812 4503 9151 D audio_route: Apply path: deep-buffer-playback speaker
07-13 16:25:41.815 4503 9151 D send_data_to_xlog: send_misound_data_to_xlog: enter: usecase(0)
07-13 16:25:41.815 4503 9151 D ultrasound_extn: ultrasound_select_devices_post: enter: engine_suspended: 0
07-13 16:25:41.815 4503 9151 D ultrasound_extn: dump_usecase_list: start ======================================
07-13 16:25:41.815 4503 9151 D ultrasound_extn: dump_usecase_list: enter sensor_activated:1 hw_port_enabled:1 suspended:0
07-13 16:25:41.815 4503 9151 D ultrasound_extn: dump_usecase_list: select_devices_post usecase[#0]:(68, ultrasound-proximity-input) in_dev:(246, ultrasound-input) out_dv:(0, )
07-13 16:25:41.815 4503 9151 D ultrasound_extn: dump_usecase_list: select_devices_post usecase[#1]:(67, ultrasound-proximity-output) in_dev:(0, ) out_dv:(24, voice-handset)
07-13 16:25:41.815 4503 9151 D ultrasound_extn: dump_usecase_list: select_devices_post usecase[#2]:(0, deep-buffer-playback) in_dev:(0, ) out_dv:(2, speaker)
07-13 16:25:41.815 4503 9151 D ultrasound_extn: dump_usecase_list: select_devices_post usecase[#3]:(50, spkr-vi-record) in_dev:(196, vi-feedback) out_dv:(0, )
07-13 16:25:41.816 4503 9151 D ultrasound_extn: dump_usecase_list: RX_CDC_DMA_RX_0 SampleRate KHZ_96
07-13 16:25:41.817 4503 9151 D ultrasound_extn: dump_usecase_list: RX_CDC_DMA_RX_0 Format S16_LE
07-13 16:25:41.817 4503 9151 D ultrasound_extn: dump_usecase_list: RX_CDC_DMA_RX_0 Channels One
07-13 16:25:41.818 4503 9151 D ultrasound_extn: dump_usecase_list: RX_CDC_DMA_RX_1 SampleRate KHZ_96
07-13 16:25:41.819 4503 9151 D ultrasound_extn: dump_usecase_list: RX_CDC_DMA_RX_1 Format S16_LE
07-13 16:25:41.820 4503 9151 D ultrasound_extn: dump_usecase_list: RX_CDC_DMA_RX_1 Channels One
07-13 16:25:41.820 4503 9151 D ultrasound_extn: dump_usecase_list: end ======================================
07-13 16:25:41.820 4503 9151 D audio_hw_primary: select_devices: done
07-13 16:25:41.872 4503 9151 D msm8974_platform: platform_set_channel_map mixer_ctl_name:Playback Channel Map0
07-13 16:25:41.873 4503 9151 D msm8974_platform: platform_set_channel_map: set mapping(1 2 0 0 0 0 0 0) for channel:2
07-13 16:25:41.875 4503 9151 D audio_hw_primary: check_and_set_karaok_parameters: is karaok rx device 0, is karaok tx device 0
07-13 16:25:41.875 4503 9151 D audio_hw_primary: start_output_stream: exit
07-13 16:25:41.875 4503 9151 D audio_hw_primary: check_and_set_karaok_parameters: is karaok rx device 0, is karaok tx device 0
07-13 16:25:41.875 4503 9151 D msm8974_platform: platform_split_snd_device: snd_device(2) num devices(0) new_snd_devices(0)
07-13 16:25:41.875 4503 9151 I msm8974_platform: platform_get_custom_mtmx_params: no matching param with id 0 ip_ch 2 op_ch 2 uc_id 0 snd_dev 2
07-13 16:25:41.949 10333 10776 W CameraSource: Waiting on an available memory base timed out. Dropping a recording frame.
07-13 16:25:42.015 4621 7035 W AudioFlinger: no wake lock to update, system not ready yet
07-13 16:25:42.016 4503 4503 E volume_listener: check_and_set_gain_dep_cal: not able to send calibration, NULL function pointer
07-13 16:25:42.018 4621 6440 W AudioFlinger: moveEffectChain_l() effect chain for session 0 not on source thread 0x72dab92d80
07-13 16:25:42.019 4503 4663 E volume_listener: check_and_set_gain_dep_cal: not able to send calibration, NULL function pointer
07-13 16:25:42.150 10333 10776 W CameraSource: Waiting on an available memory base timed out. Dropping a recording frame.
07-13 16:25:42.350 10333 10776 W CameraSource: Waiting on an available memory base timed out. Dropping a recording frame.
