07-13 16:25:48.166 4814 7279 D libsensor-B2SNotifier: Backlight2SlpiNotifier brightness = 472
07-13 16:25:48.181 4814 7279 D libsensor-B2SNotifier: Backlight2SlpiNotifier brightness = 471
07-13 16:25:48.198 4814 7279 D libsensor-B2SNotifier: Backlight2SlpiNotifier brightness = 470
07-13 16:25:48.327 4814 7279 D libsensor-B2SNotifier: Backlight2SlpiNotifier brightness = 471
07-13 16:25:48.352 4814 7279 D libsensor-B2SNotifier: Backlight2SlpiNotifier brightness = 473
07-13 16:25:48.364 4814 7279 D libsensor-B2SNotifier: Backlight2SlpiNotifier brightness = 473
07-13 16:25:48.374 4814 7279 D libsensor-B2SNotifier: Backlight2SlpiNotifier brightness = 474
07-13 16:25:48.391 4814 7279 D libsensor-B2SNotifier: Backlight2SlpiNotifier brightness = 475
07-13 16:25:48.408 4814 7279 D libsensor-B2SNotifier: Backlight2SlpiNotifier brightness = 476
07-13 16:25:48.426 4814 7279 D libsensor-B2SNotifier: Backlight2SlpiNotifier brightness = 477
07-13 16:25:48.441 4814 7279 D libsensor-B2SNotifier: Backlight2SlpiNotifier brightness = 478
07-13 16:25:48.459 4814 7279 D libsensor-B2SNotifier: Backlight2SlpiNotifier brightness = 479
07-13 16:25:48.478 4814 7279 D libsensor-B2SNotifier: Backlight2SlpiNotifier brightness = 481
07-13 16:25:48.492 4814 7279 D libsensor-B2SNotifier: Backlight2SlpiNotifier brightness = 482
07-13 16:25:48.509 4814 7279 D libsensor-B2SNotifier: Backlight2SlpiNotifier brightness = 483
07-13 16:25:48.525 4814 7279 D libsensor-B2SNotifier: Backlight2SlpiNotifier brightness = 484
07-13 16:25:48.543 4814 7279 D libsensor-B2SNotifier: Backlight2SlpiNotifier brightness = 485
07-13 16:25:48.559 4814 7279 D libsensor-B2SNotifier: Backlight2SlpiNotifier brightness = 486
07-13 16:25:48.576 4814 7279 D libsensor-B2SNotifier: Backlight2SlpiNotifier brightness = 487
07-13 16:25:48.595 4814 7279 D libsensor-B2SNotifier: Backlight2SlpiNotifier brightness = 488
07-13 16:25:48.610 4814 7279 D libsensor-B2SNotifier: Backlight2SlpiNotifier brightness = 489
07-13 16:25:48.627 4814 7279 D libsensor-B2SNotifier: Backlight2SlpiNotifier brightness = 490
07-13 16:25:48.645 4814 7279 D libsensor-B2SNotifier: Backlight2SlpiNotifier brightness = 491
07-13 16:25:48.661 4814 7279 D libsensor-B2SNotifier: Backlight2SlpiNotifier brightness = 492
07-13 16:25:48.678 4814 7279 D libsensor-B2SNotifier: Backlight2SlpiNotifier brightness = 493
07-13 16:25:48.695 4814 7279 D libsensor-B2SNotifier: Backlight2SlpiNotifier brightness = 494
07-13 16:25:48.710 4814 7279 D libsensor-B2SNotifier: Backlight2SlpiNotifier brightness = 495
07-13 16:25:48.727 4814 7279 D libsensor-B2SNotifier: Backlight2SlpiNotifier brightness = 496
07-13 16:25:48.745 4814 7279 D libsensor-B2SNotifier: Backlight2SlpiNotifier brightness = 497
07-13 16:25:48.764 4814 7279 D libsensor-B2SNotifier: Backlight2SlpiNotifier brightness = 498
07-13 16:25:48.783 4814 7279 D libsensor-B2SNotifier: Backlight2SlpiNotifier brightness = 499
07-13 16:25:48.798 4814 7279 D libsensor-B2SNotifier: Backlight2SlpiNotifier brightness = 500
07-13 16:25:48.815 4814 7279 D libsensor-B2SNotifier: Backlight2SlpiNotifier brightness = 501
07-13 16:25:48.829 4814 7279 D libsensor-B2SNotifier: Backlight2SlpiNotifier brightness = 502
07-13 16:25:48.849 4814 7279 D libsensor-B2SNotifier: Backlight2SlpiNotifier brightness = 504
07-13 16:25:48.866 4814 7279 D libsensor-B2SNotifier: Backlight2SlpiNotifier brightness = 505
07-13 16:25:48.883 4814 7279 D libsensor-B2SNotifier: Backlight2SlpiNotifier brightness = 506
07-13 16:25:48.902 4814 7279 D libsensor-B2SNotifier: Backlight2SlpiNotifier brightness = 507
07-13 16:25:48.916 4814 7279 D libsensor-B2SNotifier: Backlight2SlpiNotifier brightness = 508
07-13 16:25:48.933 4814 7279 D libsensor-B2SNotifier: Backlight2SlpiNotifier brightness = 509
07-13 16:25:48.949 4814 7279 D libsensor-B2SNotifier: Backlight2SlpiNotifier brightness = 510
07-13 16:25:48.967 4814 7279 D libsensor-B2SNotifier: Backlight2SlpiNotifier brightness = 511
07-13 16:25:48.984 4814 7279 D libsensor-B2SNotifier: Backlight2SlpiNotifier brightness = 512
07-13 16:25:49.000 4814 7279 D libsensor-B2SNotifier: Backlight2SlpiNotifier brightness = 513
07-13 16:25:49.018 4814 7279 D libsensor-B2SNotifier: Backlight2SlpiNotifier brightness = 514
07-13 16:25:49.036 4814 7279 D libsensor-B2SNotifier: Backlight2SlpiNotifier brightness = 515
07-13 16:25:49.049 4814 7279 D libsensor-B2SNotifier: Backlight2SlpiNotifier brightness = 516
07-13 16:25:49.066 4814 7279 D libsensor-B2SNotifier: Backlight2SlpiNotifier brightness = 517
07-13 16:25:49.087 4814 7279 D libsensor-B2SNotifier: Backlight2SlpiNotifier brightness = 518
07-13 16:25:49.101 4814 7279 D libsensor-B2SNotifier: Backlight2SlpiNotifier brightness = 519
07-13 16:25:49.117 4814 7279 D libsensor-B2SNotifier: Backlight2SlpiNotifier brightness = 520
07-13 16:25:49.138 4814 7279 D libsensor-B2SNotifier: Backlight2SlpiNotifier brightness = 521
07-13 16:25:49.152 4814 7279 D libsensor-B2SNotifier: Backlight2SlpiNotifier brightness = 522
07-13 16:25:49.168 4814 7279 D libsensor-B2SNotifier: Backlight2SlpiNotifier brightness = 524
07-13 16:25:49.202 4814 7279 D libsensor-B2SNotifier: Backlight2SlpiNotifier brightness = 526
07-13 16:25:49.220 4814 7279 D libsensor-B2SNotifier: Backlight2SlpiNotifier brightness = 527
07-13 16:25:49.238 4814 7279 D libsensor-B2SNotifier: Backlight2SlpiNotifier brightness = 528
07-13 16:25:49.253 4814 7279 D libsensor-B2SNotifier: Backlight2SlpiNotifier brightness = 529
07-13 16:25:49.269 4814 7279 D libsensor-B2SNotifier: Backlight2SlpiNotifier brightness = 530
07-13 16:25:49.285 4814 7279 D libsensor-B2SNotifier: Backlight2SlpiNotifier brightness = 531
07-13 16:25:49.304 4814 7279 D libsensor-B2SNotifier: Backlight2SlpiNotifier brightness = 532
07-13 16:25:51.685 4814 7279 D libsensor-B2SNotifier: Backlight2SlpiNotifier brightness = 533
07-13 16:25:51.707 4814 7279 D libsensor-B2SNotifier: Backlight2SlpiNotifier brightness = 534
07-13 16:25:51.725 4814 7279 D libsensor-B2SNotifier: Backlight2SlpiNotifier brightness = 535
07-13 16:25:51.732 4814 7279 D libsensor-B2SNotifier: Backlight2SlpiNotifier brightness = 536
07-13 16:25:51.747 4814 7279 D libsensor-B2SNotifier: Backlight2SlpiNotifier brightness = 537
07-13 16:25:51.765 4814 7279 D libsensor-B2SNotifier: Backlight2SlpiNotifier brightness = 538
07-13 16:25:51.781 4814 7279 D libsensor-B2SNotifier: Backlight2SlpiNotifier brightness = 539
07-13 16:25:51.799 4814 7279 D libsensor-B2SNotifier: Backlight2SlpiNotifier brightness = 540
07-13 16:25:51.817 4814 7279 D libsensor-B2SNotifier: Backlight2SlpiNotifier brightness = 541
07-13 16:25:51.832 4814 7279 D libsensor-B2SNotifier: Backlight2SlpiNotifier brightness = 542
07-13 16:25:51.849 4814 7279 D libsensor-B2SNotifier: Backlight2SlpiNotifier brightness = 543
07-13 16:25:51.868 4814 7279 D libsensor-B2SNotifier: Backlight2SlpiNotifier brightness = 545
07-13 16:25:51.887 4814 7279 D libsensor-B2SNotifier: Backlight2SlpiNotifier brightness = 546
07-13 16:25:51.899 4814 7279 D libsensor-B2SNotifier: Backlight2SlpiNotifier brightness = 547
07-13 16:25:51.917 4814 7279 D libsensor-B2SNotifier: Backlight2SlpiNotifier brightness = 548
07-13 16:25:51.934 4814 7279 D libsensor-B2SNotifier: Backlight2SlpiNotifier brightness = 549
07-13 16:25:51.954 4814 7279 D libsensor-B2SNotifier: Backlight2SlpiNotifier brightness = 550
07-13 16:25:51.971 4814 7279 D libsensor-B2SNotifier: Backlight2SlpiNotifier brightness = 551
07-13 16:25:51.987 4814 7279 D libsensor-B2SNotifier: Backlight2SlpiNotifier brightness = 552
07-13 16:25:52.004 4814 7279 D libsensor-B2SNotifier: Backlight2SlpiNotifier brightness = 553
07-13 16:25:52.021 4814 7279 D libsensor-B2SNotifier: Backlight2SlpiNotifier brightness = 554
07-13 16:25:52.037 4814 7279 D libsensor-B2SNotifier: Backlight2SlpiNotifier brightness = 555
07-13 16:25:52.054 4814 7279 D libsensor-B2SNotifier: Backlight2SlpiNotifier brightness = 556
07-13 16:25:52.071 4814 7279 D libsensor-B2SNotifier: Backlight2SlpiNotifier brightness = 557
07-13 16:25:52.087 4814 7279 D libsensor-B2SNotifier: Backlight2SlpiNotifier brightness = 558
07-13 16:25:52.106 4814 7279 D libsensor-B2SNotifier: Backlight2SlpiNotifier brightness = 559
07-13 16:25:52.122 4814 7279 D libsensor-B2SNotifier: Backlight2SlpiNotifier brightness = 560
07-13 16:25:52.139 4814 7279 D libsensor-B2SNotifier: Backlight2SlpiNotifier brightness = 561
07-13 16:25:52.157 4814 7279 D libsensor-B2SNotifier: Backlight2SlpiNotifier brightness = 562
07-13 16:25:52.160 4845 4845 I CNSS : cnss_open_log_file: directory /data/vendor/wlan_logs/ created
07-13 16:25:52.172 4814 7279 D libsensor-B2SNotifier: Backlight2SlpiNotifier brightness = 563
07-13 16:25:52.188 4814 7279 D libsensor-B2SNotifier: Backlight2SlpiNotifier brightness = 564
07-13 16:25:52.206 4814 7279 D libsensor-B2SNotifier: Backlight2SlpiNotifier brightness = 565
07-13 16:25:52.223 4814 7279 D libsensor-B2SNotifier: Backlight2SlpiNotifier brightness = 566
07-13 16:25:52.240 4814 7279 D libsensor-B2SNotifier: Backlight2SlpiNotifier brightness = 567
07-13 16:25:52.258 4814 7279 D libsensor-B2SNotifier: Backlight2SlpiNotifier brightness = 568
07-13 16:25:52.275 4814 7279 D libsensor-B2SNotifier: Backlight2SlpiNotifier brightness = 569
07-13 16:25:52.291 4814 7279 D libsensor-B2SNotifier: Backlight2SlpiNotifier brightness = 570
07-13 16:25:52.308 4814 7279 D libsensor-B2SNotifier: Backlight2SlpiNotifier brightness = 571
07-13 16:25:52.326 4814 7279 D libsensor-B2SNotifier: Backlight2SlpiNotifier brightness = 573
07-13 16:25:52.344 4814 7279 D libsensor-B2SNotifier: Backlight2SlpiNotifier brightness = 574
07-13 16:25:52.358 4814 7279 D libsensor-B2SNotifier: Backlight2SlpiNotifier brightness = 575
07-13 16:25:52.377 4814 7279 D libsensor-B2SNotifier: Backlight2SlpiNotifier brightness = 576
07-13 16:25:52.395 4814 7279 D libsensor-B2SNotifier: Backlight2SlpiNotifier brightness = 577
07-13 16:25:52.411 4814 7279 D libsensor-B2SNotifier: Backlight2SlpiNotifier brightness = 578
07-13 16:25:52.428 4814 7279 D libsensor-B2SNotifier: Backlight2SlpiNotifier brightness = 579
07-13 16:25:52.444 4814 7279 D libsensor-B2SNotifier: Backlight2SlpiNotifier brightness = 580
07-13 16:25:52.461 4814 7279 D libsensor-B2SNotifier: Backlight2SlpiNotifier brightness = 581
07-13 16:25:52.478 4814 7279 D libsensor-B2SNotifier: Backlight2SlpiNotifier brightness = 582
07-13 16:25:52.495 4814 7279 D libsensor-B2SNotifier: Backlight2SlpiNotifier brightness = 583
07-13 16:25:52.511 4814 7279 D libsensor-B2SNotifier: Backlight2SlpiNotifier brightness = 584
07-13 16:25:52.529 4814 7279 D libsensor-B2SNotifier: Backlight2SlpiNotifier brightness = 585
07-13 16:25:52.546 4814 7279 D libsensor-B2SNotifier: Backlight2SlpiNotifier brightness = 586
07-13 16:25:52.562 4814 7279 D libsensor-B2SNotifier: Backlight2SlpiNotifier brightness = 587
07-13 16:25:52.579 4814 7279 D libsensor-B2SNotifier: Backlight2SlpiNotifier brightness = 588
07-13 16:25:52.597 4814 7279 D libsensor-B2SNotifier: Backlight2SlpiNotifier brightness = 589
07-13 16:25:52.613 4814 7279 D libsensor-B2SNotifier: Backlight2SlpiNotifier brightness = 590
07-13 16:25:52.630 4814 7279 D libsensor-B2SNotifier: Backlight2SlpiNotifier brightness = 591
07-13 16:25:52.649 4814 7279 D libsensor-B2SNotifier: Backlight2SlpiNotifier brightness = 592
07-13 16:25:52.665 4814 7279 D libsensor-B2SNotifier: Backlight2SlpiNotifier brightness = 593
07-13 16:25:54.470 4818 7989 I LOWI-8.6.0.59: [LOWI-Scan] lowi_close_record:Scan done in 156432ms, 11 APs in scan results
07-13 16:25:54.472 4818 4859 I LOWI-8.6.0.59: [LOWIUtils] responseToOutPostcard - TO: FreeWifiScanObserver, FROM: LOWI-SERVER, RESP: LOWI_ASYNC_DISCOVERY_SCAN_RESULTS
07-13 16:25:54.485 4515 4752 I LocSvc_api_v02: ---> locClientSendReq line 2325 QMI_LOC_INJECT_WIFI_AP_DATA_REQ_V02
07-13 16:25:54.486 4515 6382 I LocSvc_ApiV02: <--- globalRespCb line 196 QMI_LOC_INJECT_WIFI_AP_DATA_REQ_V02
07-13 16:26:14.541 4818 7989 I LOWI-8.6.0.59: [LOWI-Scan] lowi_close_record:Scan done in 176503ms, 10 APs in scan results
07-13 16:26:14.543 4818 4859 I LOWI-8.6.0.59: [LOWIUtils] responseToOutPostcard - TO: FreeWifiScanObserver, FROM: LOWI-SERVER, RESP: LOWI_ASYNC_DISCOVERY_SCAN_RESULTS
07-13 16:26:14.550 4515 4752 I LocSvc_api_v02: ---> locClientSendReq line 2325 QMI_LOC_INJECT_WIFI_AP_DATA_REQ_V02
07-13 16:26:14.551 4515 6382 I LocSvc_ApiV02: <--- globalRespCb line 196 QMI_LOC_INJECT_WIFI_AP_DATA_REQ_V02
07-13 16:26:35.227 4790 4790 I cnss-daemon: nl80211 response handler invoked
07-13 16:26:35.228 4790 4790 I cnss-daemon: nl80211_response_handler: cmd 103, vendorID 4980, subcmd 10 received
07-13 16:26:41.286 4790 4790 I cnss-daemon: nl80211 response handler invoked
07-13 16:26:41.286 4790 4790 I cnss-daemon: nl80211_response_handler: cmd 103, vendorID 4980, subcmd 10 received
07-13 16:26:47.033 4814 7279 D libsensor-B2SNotifier: Backlight2SlpiNotifier brightness = 562
07-13 16:26:47.057 4814 7279 D libsensor-B2SNotifier: Backlight2SlpiNotifier brightness = 379
07-13 16:26:47.076 4814 7279 D libsensor-B2SNotifier: Backlight2SlpiNotifier brightness = 244
07-13 16:26:47.089 4814 7279 D libsensor-B2SNotifier: Backlight2SlpiNotifier brightness = 158
07-13 16:26:47.103 4814 7279 D libsensor-B2SNotifier: Backlight2SlpiNotifier brightness = 79
07-13 16:26:47.112 4814 7279 D libsensor-B2SNotifier: Backlight2SlpiNotifier brightness = 48
07-13 16:26:47.121 4814 7279 D libsensor-B2SNotifier: Backlight2SlpiNotifier brightness = 42
07-13 16:26:47.132 4814 7279 D libsensor-B2SNotifier: Backlight2SlpiNotifier brightness = 42
07-13 16:26:50.136 4523 4634 I sensors-hal: activate:147, android.sensor.light/37 en=0
07-13 16:26:50.140 4814 7279 D libsensor-B2SNotifier: Backlight2SlpiNotifier brightness = 40
07-13 16:26:50.141 4523 4634 I sensors-hal: activate:158, android.sensor.light/37 en=0 completed
07-13 16:26:50.182 4814 7279 D libsensor-B2SNotifier: Backlight2SlpiNotifier brightness = 20
07-13 16:26:50.205 4814 7279 D libsensor-B2SNotifier: Backlight2SlpiNotifier brightness = 10
07-13 16:26:50.228 4814 7279 D libsensor-B2SNotifier: Backlight2SlpiNotifier brightness = 0
07-13 16:26:50.241 4523 4634 I sensors-hal: activate:147, android.sensor.accelerometer/52 en=0
07-13 16:26:50.245 4529 10499 D NxpTml : PN54X - Write requested.....
07-13 16:26:50.245 4529 10499 D NxpTml : PN54X - Invoking I2C Write.....
07-13 16:26:50.247 4529 10499 E NxpTml : _i2c_write() errno : 5
07-13 16:26:50.247 4529 10499 E NxpTml : PN54X - Error in I2C Write.....
07-13 16:26:50.247 4529 10499 D NxpTml : PN54X - Posting Fresh Write message.....
07-13 16:26:50.247 4529 10501 E NxpHal : write error status = 0x1ff
07-13 16:26:50.247 4529 10499 D NxpTml : PN54X - Tml Writer Thread Running................
07-13 16:26:50.248 4529 4529 E NxpHal : write_unlocked failed - PN54X Maybe in Standby Mode - Retry
07-13 16:26:50.251 4814 7279 D libsensor-B2SNotifier: Backlight2SlpiNotifier brightness = 0
07-13 16:26:50.254 4523 4634 I sensors-hal: activate:158, android.sensor.accelerometer/52 en=0 completed
07-13 16:26:50.255 4516 7652 I SDM : DisplayBase::SetDisplayState: Set state = 0, display 28-0, teardown = 0
07-13 16:26:50.255 4516 7652 E SDM : DRMCrtc::Perform: CRTC 110: Set mode 1080x2340x60x179431
07-13 16:26:50.260 4529 10499 D NxpTml : PN54X - Write requested.....
07-13 16:26:50.260 4529 10499 D NxpTml : PN54X - Invoking I2C Write.....
07-13 16:26:50.262 4529 10499 D NxpNciX : len = 8 > 20020501A0070100
07-13 16:26:50.262 4529 10499 D NxpTml : PN54X - I2C Write successful.....
07-13 16:26:50.262 4529 10499 D NxpTml : PN54X - Posting Fresh Write message.....
07-13 16:26:50.262 4529 10499 D NxpTml : PN54X - Tml Writer Thread Running................
07-13 16:26:50.262 4529 10501 D NxpHal : write successful status = 0x0
07-13 16:26:50.262 4529 4529 D NxpHal : Response timer started
07-13 16:26:50.262 4529 4529 D NxpHal : Waiting after ext cmd sent
07-13 16:26:50.295 7154 7170 E SDM : HWCSession::ForceMaxFrameRate: ForceMaxFrameRate failed: max_frame_rate is 0!
07-13 16:26:50.326 4529 10498 D NxpTml : PN54X - I2C Read successful.....len = 5
07-13 16:26:50.326 4529 10498 D NxpNciR : len = 5 > 4002020000
07-13 16:26:50.327 4529 10498 D NxpTml : PN54X - Posting read message.....
07-13 16:26:50.327 4529 10501 D NxpHal : read successful status = 0x0
07-13 16:26:50.327 4529 10501 D NxpHal : phNxpNciHal_print_res_status: response status =STATUS_OK
07-13 16:26:50.327 4529 4529 D NxpHal : Response timer stopped
07-13 16:26:50.327 4529 10498 D NxpTml : PN54X - Read requested.....
07-13 16:26:50.327 4529 4529 D NxpHal : Checking response
07-13 16:26:50.327 4529 10498 D NxpTml : PN54X - Invoking I2C Read.....
07-13 16:26:50.327 4529 10499 D NxpTml : PN54X - Write requested.....
07-13 16:26:50.328 4529 10499 D NxpTml : PN54X - Invoking I2C Write.....
07-13 16:26:50.329 4529 10499 D NxpNciX : len = 4 > 20000100
07-13 16:26:50.329 4529 10499 D NxpTml : PN54X - I2C Write successful.....
07-13 16:26:50.329 4529 10499 D NxpTml : PN54X - Posting Fresh Write message.....
07-13 16:26:50.329 4529 10499 D NxpTml : PN54X - Tml Writer Thread Running................
07-13 16:26:50.329 4529 10498 D NxpTml : PN54X - I2C Read successful.....len = 4
07-13 16:26:50.329 4529 10498 D NxpTml : Delay Read if write thread is busy
07-13 16:26:50.329 4529 10501 D NxpHal : write successful status = 0x0
07-13 16:26:50.329 4529 4529 D NxpHal : Response timer started
07-13 16:26:50.330 4529 4529 D NxpHal : Waiting after ext cmd sent
07-13 16:26:50.331 4529 10498 D NxpNciR : len = 4 > 40000100
07-13 16:26:50.331 4529 10498 D NxpTml : PN54X - Posting read message.....
07-13 16:26:50.332 4529 10501 D NxpHal : read successful status = 0x0
07-13 16:26:50.332 4529 10501 D NxpHal : CORE_RESET_RSP NCI2.0
07-13 16:26:50.332 4529 4529 D NxpHal : Response timer stopped
07-13 16:26:50.332 4529 10498 D NxpTml : PN54X - Read requested.....
07-13 16:26:50.332 4529 4529 D NxpHal : Response timer started
07-13 16:26:50.332 4529 10498 D NxpTml : PN54X - Invoking I2C Read.....
07-13 16:26:50.333 4529 10498 D NxpTml : PN54X - I2C Read successful.....len = 13
07-13 16:26:50.333 4529 10498 D NxpNciR : len = 13 > 60000A020020040500A4011018
07-13 16:26:50.333 4529 10498 D NxpTml : PN54X - Posting read message.....
07-13 16:26:50.333 4529 10501 D NxpHal : read successful status = 0x0
07-13 16:26:50.334 4529 10501 D NxpHal : CORE_RESET_NTF NCI2.0 reason CORE_RESET_CMD received !
07-13 16:26:50.334 4529 10501 D NxpHal : NxpNci> FW Version: 1.10.18
07-13 16:26:50.334 4529 10501 E NxpHal : Ignoring read , HAL close triggered
07-13 16:26:50.334 4529 4529 D NxpHal : Response timer stopped
07-13 16:26:50.334 4529 4529 D NxpHal : Checking response
07-13 16:26:50.335 4529 10501 D NxpHal : Terminating phNxpNciHal client thread...
07-13 16:26:50.335 4529 10498 D NxpTml : PN54X - read request NOT enabled
07-13 16:26:50.336 4529 10501 D NxpHal : NxpNciHal thread stopped
07-13 16:26:50.337 4529 10499 D NxpTml : PN54X - Write request NOT enabled
07-13 16:26:50.348 4529 4529 D NxpTml : bThreadDone == 0
07-13 16:26:50.362 4529 4529 D NxpHal : phNxpNciHal_close - phOsalNfc_DeInit completed
07-13 16:26:50.363 4529 4529 D NxpHal : Failed to deallocate (list empty)
07-13 16:26:50.363 4529 4529 D NxpHal : Node dump:
07-13 16:26:50.363 4529 4529 D NxpHal : Failed to deallocate (list empty)
07-13 16:26:50.363 4529 4529 D NxpHal : Node dump:
07-13 16:26:50.363 4529 4529 D NxpHal : phNxpNciHal_release_info mGetCfg_info
07-13 16:26:50.440 4516 7652 W SDM : ResourceImpl::Perform: Invalid command 4
07-13 16:26:50.443 4516 11391 I libsensor-C2SNotifier: Sensor: notify type: 1, value: 0
07-13 16:26:50.443 4814 4814 I libsensor_ssccalapi: send_sensor_selftest_msg for sensor: ambient_light
07-13 16:26:50.454 4565 4704 D DisplayFeatureHal: HandleDisplayState enter state 0, last state 1
07-13 16:26:50.454 4565 4704 D DisplayFeatureHal: onSuspend enter
07-13 16:26:50.454 4565 4704 D DisplayFeatureHal: Query DisplayPostproc service
07-13 16:26:50.458 4516 7625 I Dpps : AddNewDppsClient():431 New DPPS client accepted, client fd = 22, poll idx 2
07-13 16:26:50.458 4516 7625 I Dpps : HandleDppsClientEvent():921 Incoming message on client fd 22: 'ad:off'
07-13 16:26:50.458 4516 7625 E Dpps : HandleDppsClientEvent():987 AdContext Post failed ret -95
07-13 16:26:50.458 4516 7625 E Dpps : RunPollIteration():372 Poll iteration failed with ret -95
07-13 16:26:50.458 4516 7625 E Dpps : Run():181 Poll iteration failed, ret -95
07-13 16:26:50.459 4516 7625 I Dpps : HandleDppsClientEvent():903 Client connection 22 has closed
07-13 16:26:50.459 4516 7625 I Dpps : RemoveServerClient():297 closed fd 22 poll_idx 2
07-13 16:26:50.459 4565 4704 D DisplayFeatureHal: isStartSensorControl ret 0
07-13 16:26:50.459 4565 4704 D DisplayFeatureHal: HandleSunlightScreen enter modeId 0
07-13 16:26:50.459 4565 4704 D DisplayFeatureHal: HandleSunlightScreen exit ret -1
07-13 16:26:50.459 4565 4704 D DisplayFeatureHal: HandleDisplayState exit
07-13 16:26:54.486 4818 7989 I LOWI-8.6.0.59: [LOWI-Scan] lowi_close_record:Scan done in 216444ms, 7 APs in scan results
07-13 16:26:54.492 4818 4859 I LOWI-8.6.0.59: [LOWIUtils] responseToOutPostcard - TO: FreeWifiScanObserver, FROM: LOWI-SERVER, RESP: LOWI_ASYNC_DISCOVERY_SCAN_RESULTS
07-13 16:26:54.497 4515 4752 I LocSvc_api_v02: ---> locClientSendReq line 2325 QMI_LOC_INJECT_WIFI_AP_DATA_REQ_V02
07-13 16:26:54.498 4515 6382 I LocSvc_ApiV02: <--- globalRespCb line 196 QMI_LOC_INJECT_WIFI_AP_DATA_REQ_V02
07-13 16:26:55.642 4842 4898 I chatty : uid=0(root) thermal-engine expire 167 lines
07-13 16:26:56.713 7154 7170 E SDM : HWCSession::ForceMaxFrameRate: ForceMaxFrameRate failed: max_frame_rate is 0!
07-13 16:26:57.433 7154 7170 E SDM : HWCSession::ForceMaxFrameRate: ForceMaxFrameRate failed: max_frame_rate is 0!
07-13 16:26:58.338 7154 7170 E SDM : HWCSession::ForceMaxFrameRate: ForceMaxFrameRate failed: max_frame_rate is 0!
07-13 16:26:58.711 4842 4898 E ThermalEngine: read error 0. buf:[libudev þíÊþ( ( Æ Nªeò ACTION=change DEVPATH=/devices/virtual/thermal/thermal_zone76 SUBSYSTEM=thermal NAME=quiet_therm TEMP=30706 TRIP=0 EVENT=0 SEQNUM=8475 USEC_INITIALIZED=13891361 androidboot.bootdevice=1d84000.ufshc ]
07-13 16:26:58.760 4842 4898 E ThermalEngine: read error 0. buf:[libudev þíÊþ( ( à Nªeò ACTION=change DEVPATH=/devices/virtual/thermal/thermal_zone73 SUBSYSTEM=thermal NAME=xo_therm TEMP=32894 TRIP=0 EVENT=0 SEQNUM=8479 USEC_INITIALIZED=13888704 androidboot.bootdevice=1d84000.ufshc ]
07-13 16:26:58.783 4842 4898 E ThermalEngine: read error 0. buf:[libudev þíÊþ( ( Ê Nªeò ACTION=change DEVPATH=/devices/virtual/thermal/thermal_zone75 SUBSYSTEM=thermal NAME=emmc_ufs_therm TEMP=-40000 TRIP=0 EVENT=0 SEQNUM=8481 USEC_INITIALIZED=13888317 androidboot.bootdevice=1d84000.ufshc ]
07-13 16:26:58.783 4842 4898 E ThermalEngine: read error 0. buf:[libudev þíÊþ( ( Ä Nªeò ACTION=change DEVPATH=/devices/virtual/thermal/thermal_zone74 SUBSYSTEM=thermal NAME=pa_therm1 TEMP=32643 TRIP=0 EVENT=0 SEQNUM=8480 USEC_INITIALIZED=13886061 androidboot.bootdevice=1d84000.ufshc ]
07-13 16:26:58.787 4842 4898 E ThermalEngine: read error 0. buf:[libudev þíÊþ( ( Æ Nªeò ACTION=change DEVPATH=/devices/virtual/thermal/thermal_zone76 SUBSYSTEM=thermal NAME=quiet_therm TEMP=30706 TRIP=0 EVENT=0 SEQNUM=8482 USEC_INITIALIZED=13891361 androidboot.bootdevice=1d84000.ufshc ]
07-13 16:26:58.787 4842 4898 E ThermalEngine: read error 0. buf:[libudev þíÊþ( ( Å Nªeò ACTION=change DEVPATH=/devices/virtual/thermal/thermal_zone77 SUBSYSTEM=thermal NAME=conn_therm TEMP=32246 TRIP=0 EVENT=0 SEQNUM=8483 USEC_INITIALIZED=13893535 androidboot.bootdevice=1d84000.ufshc ]
07-13 16:26:58.789 4842 4898 E ThermalEngine: read error 0. buf:[libudev þíÊþ( ( Í Nªeò ACTION=change DEVPATH=/devices/virtual/thermal/thermal_zone78 SUBSYSTEM=thermal NAME=camera-ftherm-adc TEMP=-40000 TRIP=0 EVENT=0 SEQNUM=8484 USEC_INITIALIZED=13891951 androidboot.bootdevice=1d84000.ufshc ]
07-13 16:26:58.790 4842 4898 E ThermalEngine: read error 0. buf:[libudev þíÊþ( ( É Nªeò ACTION=change DEVPATH=/devices/virtual/thermal/thermal_zone79 SUBSYSTEM=thermal NAME=nvm-therm-adc TEMP=-40000 TRIP=0 EVENT=0 SEQNUM=8485 USEC_INITIALIZED=13893513 androidboot.bootdevice=1d84000.ufshc ]
07-13 16:26:58.796 4842 4898 E ThermalEngine: read error 0. buf:[libudev þíÊþ( ( Ä Nªeò ACTION=change DEVPATH=/devices/virtual/thermal/thermal_zone74 SUBSYSTEM=thermal NAME=pa_therm1 TEMP=32650 TRIP=0 EVENT=0 SEQNUM=8487 USEC_INITIALIZED=13886061 androidboot.bootdevice=1d84000.ufshc ]
07-13 16:26:58.799 4842 4898 E ThermalEngine: read error 0. buf:[libudev þíÊþ( ( Å Nªeò ACTION=change DEVPATH=/devices/virtual/thermal/thermal_zone77 SUBSYSTEM=thermal NAME=conn_therm TEMP=32249 TRIP=0 EVENT=0 SEQNUM=8490 USEC_INITIALIZED=13893535 androidboot.bootdevice=1d84000.ufshc ]
07-13 16:26:58.799 4842 4898 E ThermalEngine: read error 0. buf:[libudev þíÊþ( ( à Nªeò ACTION=change DEVPATH=/devices/virtual/thermal/thermal_zone73 SUBSYSTEM=thermal NAME=xo_therm TEMP=32882 TRIP=0 EVENT=0 SEQNUM=8486 USEC_INITIALIZED=13888704 androidboot.bootdevice=1d84000.ufshc ]
07-13 16:26:58.800 4842 4898 E ThermalEngine: read error 0. buf:[libudev þíÊþ( ( É Nªeò ACTION=change DEVPATH=/devices/virtual/thermal/thermal_zone79 SUBSYSTEM=thermal NAME=nvm-therm-adc TEMP=-40000 TRIP=0 EVENT=0 SEQNUM=8492 USEC_INITIALIZED=13893513 androidboot.bootdevice=1d84000.ufshc ]
07-13 16:26:58.800 4842 4898 E ThermalEngine: read error 0. buf:[libudev þíÊþ( ( Æ Nªeò ACTION=change DEVPATH=/devices/virtual/thermal/thermal_zone76 SUBSYSTEM=thermal NAME=quiet_therm TEMP=30706 TRIP=0 EVENT=0 SEQNUM=8489 USEC_INITIALIZED=13891361 androidboot.bootdevice=1d84000.ufshc ]
07-13 16:26:58.801 4842 4898 E ThermalEngine: read error 0. buf:[libudev þíÊþ( ( Ê Nªeò ACTION=change DEVPATH=/devices/virtual/thermal/thermal_zone75 SUBSYSTEM=thermal NAME=emmc_ufs_therm TEMP=-40000 TRIP=0 EVENT=0 SEQNUM=8488 USEC_INITIALIZED=13888317 androidboot.bootdevice=1d84000.ufshc ]
07-13 16:26:58.801 4842 4898 E ThermalEngine: read error 0. buf:[libudev þíÊþ( ( Í Nªeò ACTION=change DEVPATH=/devices/virtual/thermal/thermal_zone78 SUBSYSTEM=thermal NAME=camera-ftherm-adc TEMP=-40000 TRIP=0 EVENT=0 SEQNUM=8491 USEC_INITIALIZED=13891951 androidboot.bootdevice=1d84000.ufshc ]
07-13 16:26:58.906 4842 4898 E ThermalEngine: read error 0. buf:[libudev þíÊþ( ( Ä Nªeò ACTION=change DEVPATH=/devices/virtual/thermal/thermal_zone74 SUBSYSTEM=thermal NAME=pa_therm1 TEMP=32656 TRIP=0 EVENT=0 SEQNUM=8494 USEC_INITIALIZED=13886061 androidboot.bootdevice=1d84000.ufshc ]
07-13 16:26:58.908 4842 4898 E ThermalEngine: read error 0. buf:[libudev þíÊþ( ( Ê Nªeò ACTION=change DEVPATH=/devices/virtual/thermal/thermal_zone75 SUBSYSTEM=thermal NAME=emmc_ufs_therm TEMP=-40000 TRIP=0 EVENT=0 SEQNUM=8495 USEC_INITIALIZED=13888317 androidboot.bootdevice=1d84000.ufshc ]
07-13 16:26:58.912 4842 4898 E ThermalEngine: read error 0. buf:[libudev þíÊþ( ( Æ Nªeò ACTION=change DEVPATH=/devices/virtual/thermal/thermal_zone76 SUBSYSTEM=thermal NAME=quiet_therm TEMP=30703 TRIP=0 EVENT=0 SEQNUM=8496 USEC_INITIALIZED=13891361 androidboot.bootdevice=1d84000.ufshc ]
07-13 16:26:58.912 4842 4898 E ThermalEngine: read error 0. buf:[libudev þíÊþ( ( à Nªeò ACTION=change DEVPATH=/devices/virtual/thermal/thermal_zone73 SUBSYSTEM=thermal NAME=xo_therm TEMP=32901 TRIP=0 EVENT=0 SEQNUM=8493 USEC_INITIALIZED=13888704 androidboot.bootdevice=1d84000.ufshc ]
07-13 16:26:58.915 4842 4898 E ThermalEngine: read error 0. buf:[libudev þíÊþ( ( Å Nªeò ACTION=change DEVPATH=/devices/virtual/thermal/thermal_zone77 SUBSYSTEM=thermal NAME=conn_therm TEMP=32249 TRIP=0 EVENT=0 SEQNUM=8497 USEC_INITIALIZED=13893535 androidboot.bootdevice=1d84000.ufshc ]
07-13 16:26:58.917 4842 4898 E ThermalEngine: read error 0. buf:[libudev þíÊþ( ( É Nªeò ACTION=change DEVPATH=/devices/virtual/thermal/thermal_zone79 SUBSYSTEM=thermal NAME=nvm-therm-adc TEMP=-40000 TRIP=0 EVENT=0 SEQNUM=8499 USEC_INITIALIZED=13893513 androidboot.bootdevice=1d84000.ufshc ]
07-13 16:26:58.917 4842 4898 E ThermalEngine: read error 0. buf:[libudev þíÊþ( ( Í Nªeò ACTION=change DEVPATH=/devices/virtual/thermal/thermal_zone78 SUBSYSTEM=thermal NAME=camera-ftherm-adc TEMP=-40000 TRIP=0 EVENT=0 SEQNUM=8498 USEC_INITIALIZED=13891951 androidboot.bootdevice=1d84000.ufshc ]
07-13 16:26:59.020 4842 4898 E ThermalEngine: read error 0. buf:[libudev þíÊþ( ( à Nªeò ACTION=change DEVPATH=/devices/virtual/thermal/thermal_zone73 SUBSYSTEM=thermal NAME=xo_therm TEMP=32904 TRIP=0 EVENT=0 SEQNUM=8500 USEC_INITIALIZED=13888704 androidboot.bootdevice=1d84000.ufshc ]
07-13 16:26:59.021 4842 4898 E ThermalEngine: read error 0. buf:[libudev þíÊþ( ( Ä Nªeò ACTION=change DEVPATH=/devices/virtual/thermal/thermal_zone74 SUBSYSTEM=thermal NAME=pa_therm1 TEMP=32653 TRIP=0 EVENT=0 SEQNUM=8501 USEC_INITIALIZED=13886061 androidboot.bootdevice=1d84000.ufshc ]
07-13 16:26:59.023 4842 4898 E ThermalEngine: read error 0. buf:[libudev þíÊþ( ( É Nªeò ACTION=change DEVPATH=/devices/virtual/thermal/thermal_zone79 SUBSYSTEM=thermal NAME=nvm-therm-adc TEMP=-40000 TRIP=0 EVENT=0 SEQNUM=8506 USEC_INITIALIZED=13893513 androidboot.bootdevice=1d84000.ufshc ]
07-13 16:26:59.025 4842 4898 E ThermalEngine: read error 0. buf:[libudev þíÊþ( ( Ê Nªeò ACTION=change DEVPATH=/devices/virtual/thermal/thermal_zone75 SUBSYSTEM=thermal NAME=emmc_ufs_therm TEMP=-40000 TRIP=0 EVENT=0 SEQNUM=8502 USEC_INITIALIZED=13888317 androidboot.bootdevice=1d84000.ufshc ]
07-13 16:26:59.030 4842 4898 E ThermalEngine: read error 0. buf:[libudev þíÊþ( ( Æ Nªeò ACTION=change DEVPATH=/devices/virtual/thermal/thermal_zone76 SUBSYSTEM=thermal NAME=quiet_therm TEMP=30697 TRIP=0 EVENT=0 SEQNUM=8503 USEC_INITIALIZED=13891361 androidboot.bootdevice=1d84000.ufshc ]
07-13 16:26:59.030 4842 4898 E ThermalEngine: read error 0. buf:[libudev þíÊþ( ( Í Nªeò ACTION=change DEVPATH=/devices/virtual/thermal/thermal_zone78 SUBSYSTEM=thermal NAME=camera-ftherm-adc TEMP=-40000 TRIP=0 EVENT=0 SEQNUM=8505 USEC_INITIALIZED=13891951 androidboot.bootdevice=1d84000.ufshc ]
07-13 16:26:59.036 4842 4898 E ThermalEngine: read error 0. buf:[libudev þíÊþ( ( Å Nªeò ACTION=change DEVPATH=/devices/virtual/thermal/thermal_zone77 SUBSYSTEM=thermal NAME=conn_therm TEMP=32246 TRIP=0 EVENT=0 SEQNUM=8504 USEC_INITIALIZED=13893535 androidboot.bootdevice=1d84000.ufshc ]
07-13 16:26:59.117 4842 4898 E ThermalEngine: read error 0. buf:[libudev þíÊþ( ( Ä Nªeò ACTION=change DEVPATH=/devices/virtual/thermal/thermal_zone74 SUBSYSTEM=thermal NAME=pa_therm1 TEMP=32637 TRIP=0 EVENT=0 SEQNUM=8508 USEC_INITIALIZED=13886061 androidboot.bootdevice=1d84000.ufshc ]
07-13 16:26:59.118 4842 4898 E ThermalEngine: read error 0. buf:[libudev þíÊþ( ( à Nªeò ACTION=change DEVPATH=/devices/virtual/thermal/thermal_zone73 SUBSYSTEM=thermal NAME=xo_therm TEMP=32910 TRIP=0 EVENT=0 SEQNUM=8507 USEC_INITIALIZED=13888704 androidboot.bootdevice=1d84000.ufshc ]
07-13 16:26:59.121 4842 4898 E ThermalEngine: read error 0. buf:[libudev þíÊþ( ( Æ Nªeò ACTION=change DEVPATH=/devices/virtual/thermal/thermal_zone76 SUBSYSTEM=thermal NAME=quiet_therm TEMP=30706 TRIP=0 EVENT=0 SEQNUM=8510 USEC_INITIALIZED=13891361 androidboot.bootdevice=1d84000.ufshc ]
07-13 16:26:59.126 4842 4898 E ThermalEngine: read error 0. buf:[libudev þíÊþ( ( Å Nªeò ACTION=change DEVPATH=/devices/virtual/thermal/thermal_zone77 SUBSYSTEM=thermal NAME=conn_therm TEMP=32249 TRIP=0 EVENT=0 SEQNUM=8511 USEC_INITIALIZED=13893535 androidboot.bootdevice=1d84000.ufshc ]
07-13 16:26:59.155 4842 4898 E ThermalEngine: read error 0. buf:[libudev þíÊþ( ( Í Nªeò ACTION=change DEVPATH=/devices/virtual/thermal/thermal_zone78 SUBSYSTEM=thermal NAME=camera-ftherm-adc TEMP=-40000 TRIP=0 EVENT=0 SEQNUM=8512 USEC_INITIALIZED=13891951 androidboot.bootdevice=1d84000.ufshc ]
07-13 16:26:59.157 4842 4898 E ThermalEngine: read error 0. buf:[libudev þíÊþ( ( Ê Nªeò ACTION=change DEVPATH=/devices/virtual/thermal/thermal_zone75 SUBSYSTEM=thermal NAME=emmc_ufs_therm TEMP=-40000 TRIP=0 EVENT=0 SEQNUM=8509 USEC_INITIALIZED=13888317 androidboot.bootdevice=1d84000.ufshc ]
07-13 16:26:59.157 4842 4898 E ThermalEngine: read error 0. buf:[libudev þíÊþ( ( É Nªeò ACTION=change DEVPATH=/devices/virtual/thermal/thermal_zone79 SUBSYSTEM=thermal NAME=nvm-therm-adc TEMP=-40000 TRIP=0 EVENT=0 SEQNUM=8513 USEC_INITIALIZED=13893513 androidboot.bootdevice=1d84000.ufshc ]
07-13 16:26:59.172 4842 4898 E ThermalEngine: read error 0. buf:[libudev þíÊþ( ( Ä Nªeò ACTION=change DEVPATH=/devices/virtual/thermal/thermal_zone74 SUBSYSTEM=thermal NAME=pa_therm1 TEMP=32643 TRIP=0 EVENT=0 SEQNUM=8515 USEC_INITIALIZED=13886061 androidboot.bootdevice=1d84000.ufshc ]
07-13 16:26:59.172 4842 4898 E ThermalEngine: read error 0. buf:[libudev þíÊþ( ( Å Nªeò ACTION=change DEVPATH=/devices/virtual/thermal/thermal_zone77 SUBSYSTEM=thermal NAME=conn_therm TEMP=32249 TRIP=0 EVENT=0 SEQNUM=8518 USEC_INITIALIZED=13893535 androidboot.bootdevice=1d84000.ufshc ]
07-13 16:26:59.172 4842 4898 E ThermalEngine: read error 0. buf:[libudev þíÊþ( ( à Nªeò ACTION=change DEVPATH=/devices/virtual/thermal/thermal_zone73 SUBSYSTEM=thermal NAME=xo_therm TEMP=32910 TRIP=0 EVENT=0 SEQNUM=8514 USEC_INITIALIZED=13888704 androidboot.bootdevice=1d84000.ufshc ]
07-13 16:26:59.172 4842 4898 E ThermalEngine: read error 0. buf:[libudev þíÊþ( ( Ê Nªeò ACTION=change DEVPATH=/devices/virtual/thermal/thermal_zone75 SUBSYSTEM=thermal NAME=emmc_ufs_therm TEMP=-40000 TRIP=0 EVENT=0 SEQNUM=8516 USEC_INITIALIZED=13888317 androidboot.bootdevice=1d84000.ufshc ]
07-13 16:26:59.172 4842 4898 E ThermalEngine: read error 0. buf:[libudev þíÊþ( ( Æ Nªeò ACTION=change DEVPATH=/devices/virtual/thermal/thermal_zone76 SUBSYSTEM=thermal NAME=quiet_therm TEMP=30700 TRIP=0 EVENT=0 SEQNUM=8517 USEC_INITIALIZED=13891361 androidboot.bootdevice=1d84000.ufshc ]
07-13 16:26:59.174 4842 4898 E ThermalEngine: read error 0. buf:[libudev þíÊþ( ( Í Nªeò ACTION=change DEVPATH=/devices/virtual/thermal/thermal_zone78 SUBSYSTEM=thermal NAME=camera-ftherm-adc TEMP=-40000 TRIP=0 EVENT=0 SEQNUM=8519 USEC_INITIALIZED=13891951 androidboot.bootdevice=1d84000.ufshc ]
07-13 16:26:59.176 4842 4898 E ThermalEngine: read error 0. buf:[libudev þíÊþ( ( É Nªeò ACTION=change DEVPATH=/devices/virtual/thermal/thermal_zone79 SUBSYSTEM=thermal NAME=nvm-therm-adc TEMP=-40000 TRIP=0 EVENT=0 SEQNUM=8520 USEC_INITIALIZED=13893513 androidboot.bootdevice=1d84000.ufshc ]
07-13 16:26:59.815 7154 7170 E SDM : HWCSession::ForceMaxFrameRate: ForceMaxFrameRate failed: max_frame_rate is 0!
07-13 16:26:59.857 4842 4898 E ThermalEngine: read error 0. buf:[libudev þíÊþ( ( Ä Nªeò ACTION=change DEVPATH=/devices/virtual/thermal/thermal_zone74 SUBSYSTEM=thermal NAME=pa_therm1 TEMP=32653 TRIP=0 EVENT=0 SEQNUM=8529 USEC_INITIALIZED=13886061 androidboot.bootdevice=1d84000.ufshc ]
07-13 16:26:59.867 4842 4898 E ThermalEngine: read error 0. buf:[libudev þíÊþ( ( à Nªeò ACTION=change DEVPATH=/devices/virtual/thermal/thermal_zone73 SUBSYSTEM=thermal NAME=xo_therm TEMP=32980 TRIP=0 EVENT=0 SEQNUM=8528 USEC_INITIALIZED=13888704 androidboot.bootdevice=1d84000.ufshc ]
07-13 16:26:59.874 4842 4898 E ThermalEngine: read error 0. buf:[libudev þíÊþ( ( É Nªeò ACTION=change DEVPATH=/devices/virtual/thermal/thermal_zone79 SUBSYSTEM=thermal NAME=nvm-therm-adc TEMP=-40000 TRIP=0 EVENT=0 SEQNUM=8535 USEC_INITIALIZED=13893513 androidboot.bootdevice=1d84000.ufshc ]
07-13 16:26:59.874 4842 4898 E ThermalEngine: read error 0. buf:[libudev þíÊþ( ( Æ Nªeò ACTION=change DEVPATH=/devices/virtual/thermal/thermal_zone76 SUBSYSTEM=thermal NAME=quiet_therm TEMP=30700 TRIP=0 EVENT=0 SEQNUM=8532 USEC_INITIALIZED=13891361 androidboot.bootdevice=1d84000.ufshc ]
07-13 16:26:59.874 4842 4898 E ThermalEngine: read error 0. buf:[libudev þíÊþ( ( Í Nªeò ACTION=change DEVPATH=/devices/virtual/thermal/thermal_zone78 SUBSYSTEM=thermal NAME=camera-ftherm-adc TEMP=-40000 TRIP=0 EVENT=0 SEQNUM=8534 USEC_INITIALIZED=13891951 androidboot.bootdevice=1d84000.ufshc ]
07-13 16:26:59.876 4842 4898 E ThermalEngine: read error 0. buf:[libudev þíÊþ( ( Ê Nªeò ACTION=change DEVPATH=/devices/virtual/thermal/thermal_zone75 SUBSYSTEM=thermal NAME=emmc_ufs_therm TEMP=-40000 TRIP=0 EVENT=0 SEQNUM=8530 USEC_INITIALIZED=13888317 androidboot.bootdevice=1d84000.ufshc ]
07-13 16:26:59.884 4842 4898 E ThermalEngine: read error 0. buf:[libudev þíÊþ( ( Å Nªeò ACTION=change DEVPATH=/devices/virtual/thermal/thermal_zone77 SUBSYSTEM=thermal NAME=conn_therm TEMP=32236 TRIP=0 EVENT=0 SEQNUM=8533 USEC_INITIALIZED=13893535 androidboot.bootdevice=1d84000.ufshc ]
07-13 16:26:59.960 4842 4898 E ThermalEngine: read error 0. buf:[libudev þíÊþ( ( à Nªeò ACTION=change DEVPATH=/devices/virtual/thermal/thermal_zone73 SUBSYSTEM=thermal NAME=xo_therm TEMP=32990 TRIP=0 EVENT=0 SEQNUM=8537 USEC_INITIALIZED=13888704 androidboot.bootdevice=1d84000.ufshc ]
07-13 16:26:59.962 4842 4898 E ThermalEngine: read error 0. buf:[libudev þíÊþ( ( Æ Nªeò ACTION=change DEVPATH=/devices/virtual/thermal/thermal_zone76 SUBSYSTEM=thermal NAME=quiet_therm TEMP=30706 TRIP=0 EVENT=0 SEQNUM=8540 USEC_INITIALIZED=13891361 androidboot.bootdevice=1d84000.ufshc ]
07-13 16:26:59.964 4842 4898 E ThermalEngine: read error 0. buf:[libudev þíÊþ( ( É Nªeò ACTION=change DEVPATH=/devices/virtual/thermal/thermal_zone79 SUBSYSTEM=thermal NAME=nvm-therm-adc TEMP=-40000 TRIP=0 EVENT=0 SEQNUM=8543 USEC_INITIALIZED=13893513 androidboot.bootdevice=1d84000.ufshc ]
07-13 16:26:59.964 4842 4898 E ThermalEngine: read error 0. buf:[libudev þíÊþ( ( Ä Nªeò ACTION=change DEVPATH=/devices/virtual/thermal/thermal_zone74 SUBSYSTEM=thermal NAME=pa_therm1 TEMP=32659 TRIP=0 EVENT=0 SEQNUM=8538 USEC_INITIALIZED=13886061 androidboot.bootdevice=1d84000.ufshc ]
07-13 16:26:59.965 4842 4898 E ThermalEngine: read error 0. buf:[libudev þíÊþ( ( Å Nªeò ACTION=change DEVPATH=/devices/virtual/thermal/thermal_zone77 SUBSYSTEM=thermal NAME=conn_therm TEMP=32236 TRIP=0 EVENT=0 SEQNUM=8541 USEC_INITIALIZED=13893535 androidboot.bootdevice=1d84000.ufshc ]
07-13 16:26:59.966 4842 4898 E ThermalEngine: read error 0. buf:[libudev þíÊþ( ( Ê Nªeò ACTION=change DEVPATH=/devices/virtual/thermal/thermal_zone75 SUBSYSTEM=thermal NAME=emmc_ufs_therm TEMP=-40000 TRIP=0 EVENT=0 SEQNUM=8539 USEC_INITIALIZED=13888317 androidboot.bootdevice=1d84000.ufshc ]
07-13 16:26:59.967 4842 4898 E ThermalEngine: read error 0. buf:[libudev þíÊþ( ( Í Nªeò ACTION=change DEVPATH=/devices/virtual/thermal/thermal_zone78 SUBSYSTEM=thermal NAME=camera-ftherm-adc TEMP=-40000 TRIP=0 EVENT=0 SEQNUM=8542 USEC_INITIALIZED=13891951 androidboot.bootdevice=1d84000.ufshc ]
07-13 16:27:00.011 4842 4898 E ThermalEngine: read error 0. buf:[libudev þíÊþ( ( à Nªeò ACTION=change DEVPATH=/devices/virtual/thermal/thermal_zone73 SUBSYSTEM=thermal NAME=xo_therm TEMP=32999 TRIP=0 EVENT=0 SEQNUM=8544 USEC_INITIALIZED=13888704 androidboot.bootdevice=1d84000.ufshc ]
07-13 16:27:00.016 4842 4898 E ThermalEngine: read error 0. buf:[libudev þíÊþ( ( É Nªeò ACTION=change DEVPATH=/devices/virtual/thermal/thermal_zone79 SUBSYSTEM=thermal NAME=nvm-therm-adc TEMP=-40000 TRIP=0 EVENT=0 SEQNUM=8550 USEC_INITIALIZED=13893513 androidboot.bootdevice=1d84000.ufshc ]
07-13 16:27:00.016 4842 4898 E ThermalEngine: read error 0. buf:[libudev þíÊþ( ( Ä Nªeò ACTION=change DEVPATH=/devices/virtual/thermal/thermal_zone74 SUBSYSTEM=thermal NAME=pa_therm1 TEMP=32659 TRIP=0 EVENT=0 SEQNUM=8545 USEC_INITIALIZED=13886061 androidboot.bootdevice=1d84000.ufshc ]
07-13 16:27:00.018 4842 4898 E ThermalEngine: read error 0. buf:[libudev þíÊþ( ( Æ Nªeò ACTION=change DEVPATH=/devices/virtual/thermal/thermal_zone76 SUBSYSTEM=thermal NAME=quiet_therm TEMP=30706 TRIP=0 EVENT=0 SEQNUM=8547 USEC_INITIALIZED=13891361 androidboot.bootdevice=1d84000.ufshc ]
07-13 16:27:00.021 4842 4898 E ThermalEngine: read error 0. buf:[libudev þíÊþ( ( Ê Nªeò ACTION=change DEVPATH=/devices/virtual/thermal/thermal_zone75 SUBSYSTEM=thermal NAME=emmc_ufs_therm TEMP=-40000 TRIP=0 EVENT=0 SEQNUM=8546 USEC_INITIALIZED=13888317 androidboot.bootdevice=1d84000.ufshc ]
07-13 16:27:00.022 4842 4898 E ThermalEngine: read error 0. buf:[libudev þíÊþ( ( Å Nªeò ACTION=change DEVPATH=/devices/virtual/thermal/thermal_zone77 SUBSYSTEM=thermal NAME=conn_therm TEMP=32242 TRIP=0 EVENT=0 SEQNUM=8548 USEC_INITIALIZED=13893535 androidboot.bootdevice=1d84000.ufshc ]
07-13 16:27:00.022 4842 4898 E ThermalEngine: read error 0. buf:[libudev þíÊþ( ( Í Nªeò ACTION=change DEVPATH=/devices/virtual/thermal/thermal_zone78 SUBSYSTEM=thermal NAME=camera-ftherm-adc TEMP=-40000 TRIP=0 EVENT=0 SEQNUM=8549 USEC_INITIALIZED=13891951 androidboot.bootdevice=1d84000.ufshc ]
07-13 16:27:00.066 4842 4898 E ThermalEngine: read error 0. buf:[libudev þíÊþ( ( à Nªeò ACTION=change DEVPATH=/devices/virtual/thermal/thermal_zone73 SUBSYSTEM=thermal NAME=xo_therm TEMP=33009 TRIP=0 EVENT=0 SEQNUM=8551 USEC_INITIALIZED=13888704 androidboot.bootdevice=1d84000.ufshc ]
07-13 16:27:00.068 4842 4898 E ThermalEngine: read error 0. buf:[libudev þíÊþ( ( Ä Nªeò ACTION=change DEVPATH=/devices/virtual/thermal/thermal_zone74 SUBSYSTEM=thermal NAME=pa_therm1 TEMP=32669 TRIP=0 EVENT=0 SEQNUM=8552 USEC_INITIALIZED=13886061 androidboot.bootdevice=1d84000.ufshc ]
07-13 16:27:00.073 4842 4898 E ThermalEngine: read error 0. buf:[libudev þíÊþ( ( Ê Nªeò ACTION=change DEVPATH=/devices/virtual/thermal/thermal_zone75 SUBSYSTEM=thermal NAME=emmc_ufs_therm TEMP=-40000 TRIP=0 EVENT=0 SEQNUM=8553 USEC_INITIALIZED=13888317 androidboot.bootdevice=1d84000.ufshc ]
07-13 16:27:00.075 4842 4898 E ThermalEngine: read error 0. buf:[libudev þíÊþ( ( Å Nªeò ACTION=change DEVPATH=/devices/virtual/thermal/thermal_zone77 SUBSYSTEM=thermal NAME=conn_therm TEMP=32233 TRIP=0 EVENT=0 SEQNUM=8555 USEC_INITIALIZED=13893535 androidboot.bootdevice=1d84000.ufshc ]
07-13 16:27:00.078 4842 4898 E ThermalEngine: read error 0. buf:[libudev þíÊþ( ( Æ Nªeò ACTION=change DEVPATH=/devices/virtual/thermal/thermal_zone76 SUBSYSTEM=thermal NAME=quiet_therm TEMP=30706 TRIP=0 EVENT=0 SEQNUM=8554 USEC_INITIALIZED=13891361 androidboot.bootdevice=1d84000.ufshc ]
07-13 16:27:00.081 4842 4898 E ThermalEngine: read error 0. buf:[libudev þíÊþ( ( Í Nªeò ACTION=change DEVPATH=/devices/virtual/thermal/thermal_zone78 SUBSYSTEM=thermal NAME=camera-ftherm-adc TEMP=-40000 TRIP=0 EVENT=0 SEQNUM=8556 USEC_INITIALIZED=13891951 androidboot.bootdevice=1d84000.ufshc ]
07-13 16:27:00.082 4842 4898 E ThermalEngine: read error 0. buf:[libudev þíÊþ( ( É Nªeò ACTION=change DEVPATH=/devices/virtual/thermal/thermal_zone79 SUBSYSTEM=thermal NAME=nvm-therm-adc TEMP=-40000 TRIP=0 EVENT=0 SEQNUM=8557 USEC_INITIALIZED=13893513 androidboot.bootdevice=1d84000.ufshc ]
07-13 16:27:00.139 4842 4898 E ThermalEngine: read error 0. buf:[libudev þíÊþ( ( Æ Nªeò ACTION=change DEVPATH=/devices/virtual/thermal/thermal_zone76 SUBSYSTEM=thermal NAME=quiet_therm TEMP=30694 TRIP=0 EVENT=0 SEQNUM=8561 USEC_INITIALIZED=13891361 androidboot.bootdevice=1d84000.ufshc ]
07-13 16:27:00.140 4842 4898 E ThermalEngine: read error 0. buf:[libudev þíÊþ( ( Ä Nªeò ACTION=change DEVPATH=/devices/virtual/thermal/thermal_zone74 SUBSYSTEM=thermal NAME=pa_therm1 TEMP=32646 TRIP=0 EVENT=0 SEQNUM=8559 USEC_INITIALIZED=13886061 androidboot.bootdevice=1d84000.ufshc ]
07-13 16:27:00.142 4842 4898 E ThermalEngine: read error 0. buf:[libudev þíÊþ( ( à Nªeò ACTION=change DEVPATH=/devices/virtual/thermal/thermal_zone73 SUBSYSTEM=thermal NAME=xo_therm TEMP=32996 TRIP=0 EVENT=0 SEQNUM=8558 USEC_INITIALIZED=13888704 androidboot.bootdevice=1d84000.ufshc ]
07-13 16:27:00.148 4842 4898 E ThermalEngine: read error 0. buf:[libudev þíÊþ( ( Å Nªeò ACTION=change DEVPATH=/devices/virtual/thermal/thermal_zone77 SUBSYSTEM=thermal NAME=conn_therm TEMP=32236 TRIP=0 EVENT=0 SEQNUM=8562 USEC_INITIALIZED=13893535 androidboot.bootdevice=1d84000.ufshc ]
07-13 16:27:00.151 4842 4898 E ThermalEngine: read error 0. buf:[libudev þíÊþ( ( Ê Nªeò ACTION=change DEVPATH=/devices/virtual/thermal/thermal_zone75 SUBSYSTEM=thermal NAME=emmc_ufs_therm TEMP=-40000 TRIP=0 EVENT=0 SEQNUM=8560 USEC_INITIALIZED=13888317 androidboot.bootdevice=1d84000.ufshc ]
07-13 16:27:00.154 4842 4898 E ThermalEngine: read error 0. buf:[libudev þíÊþ( ( Í Nªeò ACTION=change DEVPATH=/devices/virtual/thermal/thermal_zone78 SUBSYSTEM=thermal NAME=camera-ftherm-adc TEMP=-40000 TRIP=0 EVENT=0 SEQNUM=8563 USEC_INITIALIZED=13891951 androidboot.bootdevice=1d84000.ufshc ]
07-13 16:27:00.155 4842 4898 E ThermalEngine: read error 0. buf:[libudev þíÊþ( ( É Nªeò ACTION=change DEVPATH=/devices/virtual/thermal/thermal_zone79 SUBSYSTEM=thermal NAME=nvm-therm-adc TEMP=-40000 TRIP=0 EVENT=0 SEQNUM=8564 USEC_INITIALIZED=13893513 androidboot.bootdevice=1d84000.ufshc ]
07-13 16:27:00.826 7154 7170 E SDM : HWCSession::ForceMaxFrameRate: ForceMaxFrameRate failed: max_frame_rate is 0!
07-13 16:27:00.887 4842 4898 E ThermalEngine: read error 0. buf:[libudev þíÊþ( ( à Nªeò ACTION=change DEVPATH=/devices/virtual/thermal/thermal_zone73 SUBSYSTEM=thermal NAME=xo_therm TEMP=33047 TRIP=0 EVENT=0 SEQNUM=8572 USEC_INITIALIZED=13888704 androidboot.bootdevice=1d84000.ufshc ]
07-13 16:27:00.893 4842 4898 E ThermalEngine: read error 0. buf:[libudev þíÊþ( ( Æ Nªeò ACTION=change DEVPATH=/devices/virtual/thermal/thermal_zone76 SUBSYSTEM=thermal NAME=quiet_therm TEMP=30697 TRIP=0 EVENT=0 SEQNUM=8575 USEC_INITIALIZED=13891361 androidboot.bootdevice=1d84000.ufshc ]
07-13 16:27:00.893 4842 4898 E ThermalEngine: read error 0. buf:[libudev þíÊþ( ( Ä Nªeò ACTION=change DEVPATH=/devices/virtual/thermal/thermal_zone74 SUBSYSTEM=thermal NAME=pa_therm1 TEMP=32662 TRIP=0 EVENT=0 SEQNUM=8573 USEC_INITIALIZED=13886061 androidboot.bootdevice=1d84000.ufshc ]
07-13 16:27:00.896 4842 4898 E ThermalEngine: read error 0. buf:[libudev þíÊþ( ( Ê Nªeò ACTION=change DEVPATH=/devices/virtual/thermal/thermal_zone75 SUBSYSTEM=thermal NAME=emmc_ufs_therm TEMP=-40000 TRIP=0 EVENT=0 SEQNUM=8574 USEC_INITIALIZED=13888317 androidboot.bootdevice=1d84000.ufshc ]
07-13 16:27:00.896 4842 4898 E ThermalEngine: read error 0. buf:[libudev þíÊþ( ( Å Nªeò ACTION=change DEVPATH=/devices/virtual/thermal/thermal_zone77 SUBSYSTEM=thermal NAME=conn_therm TEMP=32220 TRIP=0 EVENT=0 SEQNUM=8577 USEC_INITIALIZED=13893535 androidboot.bootdevice=1d84000.ufshc ]
07-13 16:27:00.898 4842 4898 E ThermalEngine: read error 0. buf:[libudev þíÊþ( ( É Nªeò ACTION=change DEVPATH=/devices/virtual/thermal/thermal_zone79 SUBSYSTEM=thermal NAME=nvm-therm-adc TEMP=-40000 TRIP=0 EVENT=0 SEQNUM=8579 USEC_INITIALIZED=13893513 androidboot.bootdevice=1d84000.ufshc ]
07-13 16:27:00.899 4842 4898 E ThermalEngine: read error 0. buf:[libudev þíÊþ( ( Í Nªeò ACTION=change DEVPATH=/devices/virtual/thermal/thermal_zone78 SUBSYSTEM=thermal NAME=camera-ftherm-adc TEMP=-40000 TRIP=0 EVENT=0 SEQNUM=8578 USEC_INITIALIZED=13891951 androidboot.bootdevice=1d84000.ufshc ]
07-13 16:27:00.996 4842 4898 E ThermalEngine: read error 0. buf:[libudev þíÊþ( ( à Nªeò ACTION=change DEVPATH=/devices/virtual/thermal/thermal_zone73 SUBSYSTEM=thermal NAME=xo_therm TEMP=33066 TRIP=0 EVENT=0 SEQNUM=8581 USEC_INITIALIZED=13888704 androidboot.bootdevice=1d84000.ufshc ]
07-13 16:27:01.000 4842 4898 E ThermalEngine: read error 0. buf:[libudev þíÊþ( ( Ä Nªeò ACTION=change DEVPATH=/devices/virtual/thermal/thermal_zone74 SUBSYSTEM=thermal NAME=pa_therm1 TEMP=32665 TRIP=0 EVENT=0 SEQNUM=8582 USEC_INITIALIZED=13886061 androidboot.bootdevice=1d84000.ufshc ]
07-13 16:27:01.002 4842 4898 E ThermalEngine: read error 0. buf:[libudev þíÊþ( ( Ê Nªeò ACTION=change DEVPATH=/devices/virtual/thermal/thermal_zone75 SUBSYSTEM=thermal NAME=emmc_ufs_therm TEMP=-40000 TRIP=0 EVENT=0 SEQNUM=8583 USEC_INITIALIZED=13888317 androidboot.bootdevice=1d84000.ufshc ]
07-13 16:27:01.007 4842 4898 E ThermalEngine: read error 0. buf:[libudev þíÊþ( ( Æ Nªeò ACTION=change DEVPATH=/devices/virtual/thermal/thermal_zone76 SUBSYSTEM=thermal NAME=quiet_therm TEMP=30706 TRIP=0 EVENT=0 SEQNUM=8584 USEC_INITIALIZED=13891361 androidboot.bootdevice=1d84000.ufshc ]
07-13 16:27:01.010 4842 4898 E ThermalEngine: read error 0. buf:[libudev þíÊþ( ( É Nªeò ACTION=change DEVPATH=/devices/virtual/thermal/thermal_zone79 SUBSYSTEM=thermal NAME=nvm-therm-adc TEMP=-40000 TRIP=0 EVENT=0 SEQNUM=8587 USEC_INITIALIZED=13893513 androidboot.bootdevice=1d84000.ufshc ]
07-13 16:27:01.010 4842 4898 E ThermalEngine: read error 0. buf:[libudev þíÊþ( ( Å Nªeò ACTION=change DEVPATH=/devices/virtual/thermal/thermal_zone77 SUBSYSTEM=thermal NAME=conn_therm TEMP=32227 TRIP=0 EVENT=0 SEQNUM=8585 USEC_INITIALIZED=13893535 androidboot.bootdevice=1d84000.ufshc ]
07-13 16:27:01.010 4842 4898 E ThermalEngine: read error 0. buf:[libudev þíÊþ( ( Í Nªeò ACTION=change DEVPATH=/devices/virtual/thermal/thermal_zone78 SUBSYSTEM=thermal NAME=camera-ftherm-adc TEMP=-40000 TRIP=0 EVENT=0 SEQNUM=8586 USEC_INITIALIZED=13891951 androidboot.bootdevice=1d84000.ufshc ]
07-13 16:27:01.161 7154 7170 E SDM : HWCSession::ForceMaxFrameRate: ForceMaxFrameRate failed: max_frame_rate is 0!
07-13 16:27:01.186 4842 4898 E ThermalEngine: read error 0. buf:[libudev þíÊþ( ( à Nªeò ACTION=change DEVPATH=/devices/virtual/thermal/thermal_zone73 SUBSYSTEM=thermal NAME=xo_therm TEMP=33079 TRIP=0 EVENT=0 SEQNUM=8589 USEC_INITIALIZED=13888704 androidboot.bootdevice=1d84000.ufshc ]
07-13 16:27:01.200 4842 4898 E ThermalEngine: read error 0. buf:[libudev þíÊþ( ( É Nªeò ACTION=change DEVPATH=/devices/virtual/thermal/thermal_zone79 SUBSYSTEM=thermal NAME=nvm-therm-adc TEMP=-40000 TRIP=0 EVENT=0 SEQNUM=8595 USEC_INITIALIZED=13893513 androidboot.bootdevice=1d84000.ufshc ]
07-13 16:27:01.204 4842 4898 E ThermalEngine: read error 0. buf:[libudev þíÊþ( ( Å Nªeò ACTION=change DEVPATH=/devices/virtual/thermal/thermal_zone77 SUBSYSTEM=thermal NAME=conn_therm TEMP=32207 TRIP=0 EVENT=0 SEQNUM=8593 USEC_INITIALIZED=13893535 androidboot.bootdevice=1d84000.ufshc ]
07-13 16:27:01.204 4842 4898 E ThermalEngine: read error 0. buf:[libudev þíÊþ( ( Ê Nªeò ACTION=change DEVPATH=/devices/virtual/thermal/thermal_zone75 SUBSYSTEM=thermal NAME=emmc_ufs_therm TEMP=-40000 TRIP=0 EVENT=0 SEQNUM=8591 USEC_INITIALIZED=13888317 androidboot.bootdevice=1d84000.ufshc ]
