07-13 16:25:42.551 10333 10776 W CameraSource: Waiting on an available memory base timed out. Dropping a recording frame.
07-13 16:25:42.751 10333 10776 W CameraSource: Waiting on an available memory base timed out. Dropping a recording frame.
07-13 16:25:42.952 10333 10776 W CameraSource: Waiting on an available memory base timed out. Dropping a recording frame.
07-13 16:25:43.152 10333 10776 W CameraSource: Waiting on an available memory base timed out. Dropping a recording frame.
07-13 16:25:43.273 4508 6405 I chatty : uid=1047(cameraserver) provider@2.4-se expire 486 lines
07-13 16:25:43.278 4508 6401 I chatty : uid=1047(cameraserver) provider@2.4-se expire 463 lines
07-13 16:25:43.278 4508 6404 I chatty : uid=1047(cameraserver) provider@2.4-se expire 498 lines
07-13 16:25:43.285 4508 4717 I chatty : uid=1047(cameraserver) provider@2.4-se expire 318 lines
07-13 16:25:43.353 10333 10776 W CameraSource: Waiting on an available memory base timed out. Dropping a recording frame.
07-13 16:25:43.356 4508 6406 I chatty : uid=1047(cameraserver) provider@2.4-se expire 419 lines
07-13 16:25:43.361 4508 6402 I chatty : uid=1047(cameraserver) provider@2.4-se expire 588 lines
07-13 16:25:43.365 4508 6403 I chatty : uid=1047(cameraserver) provider@2.4-se expire 438 lines
07-13 16:25:43.553 10333 10776 W CameraSource: Waiting on an available memory base timed out. Dropping a recording frame.
07-13 16:25:43.714 10333 10775 W CameraSource: Timed out waiting for incoming camera video frames: 121210719 us
07-13 16:25:43.754 10333 10776 W CameraSource: Waiting on an available memory base timed out. Dropping a recording frame.
07-13 16:25:43.955 10333 10776 W CameraSource: Waiting on an available memory base timed out. Dropping a recording frame.
07-13 16:25:44.155 10333 10776 W CameraSource: Waiting on an available memory base timed out. Dropping a recording frame.
07-13 16:25:44.355 10333 10776 W CameraSource: Waiting on an available memory base timed out. Dropping a recording frame.
07-13 16:25:44.556 10333 10776 W CameraSource: Waiting on an available memory base timed out. Dropping a recording frame.
07-13 16:25:44.756 10333 10776 W CameraSource: Waiting on an available memory base timed out. Dropping a recording frame.
07-13 16:25:44.914 4503 4503 D audio_hw_primary: out_standby: enter: stream (0xe834d000) usecase(0: deep-buffer-playback)
07-13 16:25:44.957 10333 10776 W CameraSource: Waiting on an available memory base timed out. Dropping a recording frame.
07-13 16:25:45.037 4818 7989 I LOWI-8.6.0.59: [LOWI-Scan] lowi_close_record:Scan done in 146999ms, 10 APs in scan results
07-13 16:25:45.038 4818 4859 I LOWI-8.6.0.59: [LOWIUtils] responseToOutPostcard - TO: FreeWifiScanObserver, FROM: LOWI-SERVER, RESP: LOWI_ASYNC_DISCOVERY_SCAN_RESULTS
07-13 16:25:45.046 4515 4752 I LocSvc_api_v02: ---> locClientSendReq line 2325 QMI_LOC_INJECT_WIFI_AP_DATA_REQ_V02
07-13 16:25:45.048 4515 6382 I LocSvc_ApiV02: <--- globalRespCb line 196 QMI_LOC_INJECT_WIFI_AP_DATA_REQ_V02
07-13 16:25:45.058 4503 4503 D audio_hw_primary: disable_audio_route: reset and update mixer path: deep-buffer-playback speaker
07-13 16:25:45.062 4503 4503 E soundtrigger: audio_extn_sound_trigger_update_stream_status: invalid input device 0x0, for event 2
07-13 16:25:45.062 4503 4503 D soundtrigger: audio_extn_sound_trigger_update_stream_status: uc_info->id 0 of type 0 for Event 2, with Raise=1
07-13 16:25:45.062 4503 4503 D sound_trigger_hal: sound_trigger_hw_call_back event 2 rx_concurrency_active 1, tx_concurrency_active 2, screen on 1, music on 1
07-13 16:25:45.062 4503 4503 D sound_trigger_hal: pcm_transfer_to_barge_in barge in 1, state 0, force idle 0
07-13 16:25:45.062 4503 4503 D sound_trigger_hal: pcm_transfer_to_barge_in exit barge in 0, state 0, force idle 0
07-13 16:25:45.062 4503 4503 D sound_trigger_hal: sound_trigger_hw_call_back rx_concurrency_active 0, tx_concurrency_active 2, screen on 1, music on 0
07-13 16:25:45.062 4503 4503 D msm8974_platform: platform_split_snd_device: snd_device(2) num devices(0) new_snd_devices(0)
07-13 16:25:45.062 4503 4503 I msm8974_platform: platform_get_custom_mtmx_params: no matching param with id 0 ip_ch 2 op_ch 2 uc_id 0 snd_dev 2
07-13 16:25:45.063 4503 4503 D hardware_info: hw_info_append_hw_type : device_name = speaker
07-13 16:25:45.063 4503 4503 D audio_hw_primary: disable_snd_device: snd_device(2: speaker)
07-13 16:25:45.063 4503 4503 D msm8974_platform: platform_split_snd_device: snd_device(2) num devices(0) new_snd_devices(0)
07-13 16:25:45.072 4503 4503 D hardware_info: hw_info_append_hw_type : device_name = vi-feedback
07-13 16:25:45.072 4503 4503 D audio_hw_primary: disable_snd_device: snd_device(196: vi-feedback)
07-13 16:25:45.072 4503 4503 D msm8974_platform: platform_split_snd_device: snd_device(196) num devices(0) new_snd_devices(0)
07-13 16:25:45.072 4503 4503 I soundtrigger: audio_extn_sound_trigger_update_device_status: device 0xc4 of type 1 for Event 0, with Raise=0
07-13 16:25:45.072 4503 4503 D audio_hw_primary: disable_audio_route: reset and update mixer path: spkr-vi-record
07-13 16:25:45.076 4503 4503 I soundtrigger: audio_extn_sound_trigger_update_device_status: device 0x2 of type 0 for Event 0, with Raise=0
07-13 16:25:45.076 4503 4503 D audio_hw_primary: out_standby: exit
07-13 16:25:45.157 10333 10776 W CameraSource: Waiting on an available memory base timed out. Dropping a recording frame.
07-13 16:25:45.358 10333 10776 W CameraSource: Waiting on an available memory base timed out. Dropping a recording frame.
07-13 16:25:45.558 10333 10776 W CameraSource: Waiting on an available memory base timed out. Dropping a recording frame.
07-13 16:25:45.759 10333 10776 W CameraSource: Waiting on an available memory base timed out. Dropping a recording frame.
07-13 16:25:45.960 10333 10776 W CameraSource: Waiting on an available memory base timed out. Dropping a recording frame.
07-13 16:25:46.161 10333 10776 W CameraSource: Waiting on an available memory base timed out. Dropping a recording frame.
07-13 16:25:46.361 10333 10776 W CameraSource: Waiting on an available memory base timed out. Dropping a recording frame.
07-13 16:25:46.562 10333 10776 W CameraSource: Waiting on an available memory base timed out. Dropping a recording frame.
07-13 16:25:46.715 10333 10775 W CameraSource: Timed out waiting for incoming camera video frames: 124242223 us
07-13 16:25:46.763 10333 10776 W CameraSource: Waiting on an available memory base timed out. Dropping a recording frame.
07-13 16:25:46.853 7154 7170 E SDM : HWCSession::ForceMaxFrameRate: ForceMaxFrameRate failed: max_frame_rate is 0!
07-13 16:25:46.883 4508 4717 I chatty : uid=1047(cameraserver) provider@2.4-se expire 7 lines
07-13 16:25:46.892 4508 10793 I chatty : uid=1047(cameraserver) provider@2.4-se expire 2 lines
07-13 16:25:46.895 4508 6402 I chatty : uid=1047(cameraserver) provider@2.4-se expire 1 line
07-13 16:25:46.895 4508 6401 I chatty : uid=1047(cameraserver) provider@2.4-se expire 2 lines
07-13 16:25:46.896 4508 6406 I chatty : uid=1047(cameraserver) provider@2.4-se expire 6 lines
07-13 16:25:46.898 4508 6401 I chatty : uid=1047(cameraserver) provider@2.4-se expire 1 line
07-13 16:25:46.899 4508 6402 I chatty : uid=1047(cameraserver) provider@2.4-se expire 1 line
07-13 16:25:46.902 4508 6406 I chatty : uid=1047(cameraserver) provider@2.4-se expire 40 lines
07-13 16:25:46.912 4508 6403 I chatty : uid=1047(cameraserver) provider@2.4-se expire 3 lines
07-13 16:25:46.912 4508 6404 I chatty : uid=1047(cameraserver) provider@2.4-se expire 2 lines
07-13 16:25:46.912 4508 6403 I CamX : [ INFO][CORE ] camxpipeline.cpp:3671 NotifyNodeRequestIdDone() All nodes in pipeline ZSLPreviewRawYUV complete with requestId: 47.
07-13 16:25:46.912 4508 6404 D CHIUSECASE: [FULL ] chxfeaturezsl.cpp:1517 GetResultFrameInfo() FeatureZSL AppFrameNum: 46 <--> 46
07-13 16:25:46.912 4508 6404 I CHIUSECASE: [INFO ] chxfeaturezsl.cpp:814 ProcessResult() Realtime frame 46. Metadata: 0x0 NumBuffers: 1 Timestamp: 187842830079 Sent: 1
07-13 16:25:46.912 4508 6404 D CHIUSECASE: [FULL ] chxadvancedcamerausecase.cpp:4771 ProcessAndReturnFinishedResults() Frame 46: metadataAvailable: 0, metadataReturn: 0, bufferReturn 1, inBufferReturn 0
07-13 16:25:46.912 4508 6403 I CamX : [ INFO][CORE ] camxpipeline.cpp:2327 SinkPortFenceSignaled() ZSLPreviewRawYUV_0 Reporting stream done for stream=2, sequenceId=46, Buffer type=0 handle=0x74f16269b8
07-13 16:25:46.912 4508 6404 D CHIUSECASE: [FULL ] chxusecase.cpp:2639 CheckIfAnyPartialMetaDataHasBeenSent() CheckIfAnyPartialMetaDataHasBeenSent for resultFrameIndexChi=46 Sent=1
07-13 16:25:46.912 4508 6404 D CHIUSECASE: [FULL ] chxadvancedcamerausecase.cpp:4865 ProcessAndReturnFinishedResults() Frame 46: Returning buffer result for 1 output buffers for app frame 46
07-13 16:25:46.912 4508 6403 I CamX : [ INFO][CORE ] camxsession.cpp:3482 InjectResult() Inject result added request 46 output buffer in result holder:Stream 0x74f13f01c8 Fmt: 34 W: 1920 H: 1080
07-13 16:25:46.912 4508 6404 D CHIUSECASE: [FULL ] chxadvancedcamerausecase.cpp:4872 ProcessAndReturnFinishedResults() Stream 0x750c302b08, W: 1920, H: 1080
07-13 16:25:46.912 4508 6404 I CHIUSECASE: [INFO ] chxusecase.cpp:1776 ReturnFrameworkResult() chiOriginalOverrideFrameNum: 46 frame_number: 96 resultFrameIndexF: 46 FW: 46, Buffer Count: 2 RESULT: 0x0
07-13 16:25:46.912 4508 6404 D CHIUSECASE: [FULL ] chxusecase.cpp:1803 ReturnFrameworkResult() m_numberOfPendingOutputBuffers = 1
07-13 16:25:46.912 4508 6404 D CHIUSECASE: [FULL ] chxusecase.cpp:1809 ReturnFrameworkResult() pResult->num_output_buffers 1 pending buffers 1
07-13 16:25:46.912 4508 6404 D CHIUSECASE: [FULL ] chxusecase.cpp:1822 ReturnFrameworkResult() pStreamBuffer 0x750c27b000, i 0, j 0 buffer 0x74f20a10d8
07-13 16:25:46.912 4508 6404 I CamX : [ INFO][HAL ] camxhaldevice.cpp:254 ProcessCaptureResult() Returning framework result Frame: 96, Metadata: 0x0, Stream 0x750c302b08, Fmt: 34 Width: 1920 Height: 1080
07-13 16:25:46.912 4508 6404 I CamX : [ INFO][HAL ] camxhal3.cpp:1289 process_capture_result() frame_number 96
07-13 16:25:46.912 4508 6404 I CamX : [ INFO][HAL ] camxhal3.cpp:1290 process_capture_result() num_output_buffers 1
07-13 16:25:46.912 4508 6404 I CamX : [ INFO][HAL ] camxhal3.cpp:1291 process_capture_result() output_buffers 0x74f1ed8580
07-13 16:25:46.912 4508 6404 I CamX : [ INFO][HAL ] camxhal3.cpp:1296 process_capture_result() output_buffers[0] : 0x74f1ed8580 - info
07-13 16:25:46.912 4508 6404 I CamX : [ INFO][HAL ] camxhal3.cpp:1297 process_capture_result() buffer : 0x74f20a10d8
07-13 16:25:46.912 4508 6404 I CamX : [ INFO][HAL ] camxhal3.cpp:1298 process_capture_result() status : 00000000
07-13 16:25:46.912 4508 6404 I CamX : [ INFO][HAL ] camxhal3.cpp:1299 process_capture_result() stream : 0x750c302b08
07-13 16:25:46.912 4508 6404 I CamX : [ INFO][HAL ] camxhal3.cpp:1308 process_capture_result() input_buffer 0x0
07-13 16:25:46.912 4508 6404 I CamX : [ INFO][HAL ] camxhal3.cpp:1315 process_capture_result() partial_result 0
07-13 16:25:46.913 4508 6404 I CamX : [ INFO][HAL ] camxhal3.cpp:1316 process_capture_result() result 0x0,cb=0x74f16a6808
07-13 16:25:46.913 4508 6404 I CamX : [ INFO][HAL ] camxhal3.cpp:1318 process_capture_result() num_physcam_metadata 0
07-13 16:25:46.914 4508 6404 I CamX : [ INFO][CORE ] camxsession.cpp:3719 AdvanceMinExpectedResult() Session 0x74fbf73540: Can't advance because of buffer[2] for sequence Id: 46
07-13 16:25:46.914 4508 6404 I CamX : [ INFO][CORE ] camxsession.cpp:3837 AdvanceMinExpectedResult() Session 0x74fbf73540: Results processed, current queue state: minResultIdExpected = 47, maxResultIdExpected= 47, minSequenceIdExpected: 46, maxSequenceIdExpected: 46, and numResultsPending: 1
07-13 16:25:46.914 4508 6404 I CamX : [ INFO][CORE ] camxsession.cpp:2626 ProcessResults() Processing Result - SequenceId 46 Framenumber 46 - earlyMetadata 0 metadataReady 0 bufferReady 1 isCancelled 0
07-13 16:25:46.915 4508 6404 D CHIUSECASE: [FULL ] chxadvancedcamerausecase.cpp:8757 FindFeatureToProcessResult() ProcessResult SessionId 1 frameNum 46 feature type: 1
07-13 16:25:46.915 4508 6404 D CHIUSECASE: [FULL ] chxfeaturezsl.cpp:1517 GetResultFrameInfo() FeatureZSL AppFrameNum: 46 <--> 46
07-13 16:25:46.915 4508 6404 I CHIUSECASE: [INFO ] chxfeaturezsl.cpp:814 ProcessResult() Realtime frame 46. Metadata: 0x0 NumBuffers: 1 Timestamp: 187842830079 Sent: 1
07-13 16:25:46.915 4508 6404 D CHIUSECASE: [FULL ] chxadvancedcamerausecase.cpp:4771 ProcessAndReturnFinishedResults() Frame 46: metadataAvailable: 0, metadataReturn: 0, bufferReturn 1, inBufferReturn 0
07-13 16:25:46.915 4508 6404 D CHIUSECASE: [FULL ] chxusecase.cpp:2639 CheckIfAnyPartialMetaDataHasBeenSent() CheckIfAnyPartialMetaDataHasBeenSent for resultFrameIndexChi=46 Sent=1
07-13 16:25:46.915 4508 6404 D CHIUSECASE: [FULL ] chxadvancedcamerausecase.cpp:4865 ProcessAndReturnFinishedResults() Frame 46: Returning buffer result for 1 output buffers for app frame 46
07-13 16:25:46.915 4508 6404 D CHIUSECASE: [FULL ] chxadvancedcamerausecase.cpp:4872 ProcessAndReturnFinishedResults() Stream 0x74f13f01c8, W: 1920, H: 1080
07-13 16:25:46.915 4508 6404 I CHIUSECASE: [INFO ] chxusecase.cpp:1776 ReturnFrameworkResult() chiOriginalOverrideFrameNum: 46 frame_number: 96 resultFrameIndexF: 46 FW: 46, Buffer Count: 1 RESULT: 0x0
07-13 16:25:46.915 4508 6404 D CHIUSECASE: [FULL ] chxusecase.cpp:1803 ReturnFrameworkResult() m_numberOfPendingOutputBuffers = 0
07-13 16:25:46.915 4508 6404 D CHIUSECASE: [FULL ] chxusecase.cpp:1809 ReturnFrameworkResult() pResult->num_output_buffers 1 pending buffers 0
07-13 16:25:46.915 4508 6404 D CHIUSECASE: [FULL ] chxusecase.cpp:1822 ReturnFrameworkResult() pStreamBuffer 0x750c27b020, i 0, j 1 buffer 0x74f16269b8
07-13 16:25:46.915 4508 6404 I CamX : [ INFO][HAL ] camxhaldevice.cpp:254 ProcessCaptureResult() Returning framework result Frame: 96, Metadata: 0x0, Stream 0x74f13f01c8, Fmt: 34 Width: 1920 Height: 1080
07-13 16:25:46.915 4508 6404 I CamX : [ INFO][HAL ] camxhal3.cpp:1289 process_capture_result() frame_number 96
07-13 16:25:46.915 4508 6404 I CamX : [ INFO][HAL ] camxhal3.cpp:1290 process_capture_result() num_output_buffers 1
07-13 16:25:46.915 4508 6404 I CamX : [ INFO][HAL ] camxhal3.cpp:1291 process_capture_result() output_buffers 0x74f1ed8580
07-13 16:25:46.915 4508 6404 I CamX : [ INFO][HAL ] camxhal3.cpp:1296 process_capture_result() output_buffers[0] : 0x74f1ed8580 - info
07-13 16:25:46.915 4508 6404 I CamX : [ INFO][HAL ] camxhal3.cpp:1297 process_capture_result() buffer : 0x74f16269b8
07-13 16:25:46.915 4508 6404 I CamX : [ INFO][HAL ] camxhal3.cpp:1298 process_capture_result() status : 00000000
07-13 16:25:46.915 4508 6404 I CamX : [ INFO][HAL ] camxhal3.cpp:1299 process_capture_result() stream : 0x74f13f01c8
07-13 16:25:46.915 4508 6404 I CamX : [ INFO][HAL ] camxhal3.cpp:1308 process_capture_result() input_buffer 0x0
07-13 16:25:46.915 4508 6404 I CamX : [ INFO][HAL ] camxhal3.cpp:1315 process_capture_result() partial_result 0
07-13 16:25:46.915 4508 6404 I CamX : [ INFO][HAL ] camxhal3.cpp:1316 process_capture_result() result 0x0,cb=0x74f16a6808
07-13 16:25:46.915 4508 6404 I CamX : [ INFO][HAL ] camxhal3.cpp:1318 process_capture_result() num_physcam_metadata 0
07-13 16:25:46.916 4508 4717 I CamX : [ INFO][CORE ] camxpipeline.cpp:2820 CSLMessageHandler() frameMessage:requestID=0, linkhdl:0xd4010b, frameCount=199, timestamp=191049727916, monoTimestamp=191049727916
07-13 16:25:46.916 4508 6404 D CHIUSECASE: [FULL ] chxadvancedcamerausecase.cpp:4949 ProcessAndReturnFinishedResults() Advanced next result frame to 47
07-13 16:25:46.916 4508 6404 I CamX : [ INFO][CORE ] camxsession.cpp:3773 AdvanceMinExpectedResult() Session 0x74fbf73540: Results processed for sequenceId: 46
07-13 16:25:46.916 4508 6404 I CamX : [ INFO][CORE ] camxsession.cpp:5603 NotifyProcessingDone() Session 0x74fbf73540 is done processing Waking up flush thread
07-13 16:25:46.916 4508 6404 I CamX : [ INFO][CORE ] camxsession.cpp:3845 AdvanceMinExpectedResult() Session 0x74fbf73540: All results processed, current queue state is empty.
07-13 16:25:46.916 4508 6404 I CamX : [ INFO][HAL ] camxsession.cpp:5222 ProcessMetabufferPendingQueue() Pending Queue pipeline ZSLPreviewRawYUV_0 request 47 old = 44 last 47 delay 3
07-13 16:25:46.916 4508 6404 D CHIUSECASE: [FULL ] chxadvancedcamerausecase.cpp:8857 GetFeatureFromRequestMapping() Look for feature with current index 43 sessionId 1 requestId 43 pFeature 0x74fb9cb3c0 type 1
07-13 16:25:46.916 4508 6404 D CHIUSECASE: [FULL ] chxadvancedcamerausecase.cpp:8857 GetFeatureFromRequestMapping() Look for feature with current index 43 sessionId 1 requestId 43 pFeature 0x74fb9cb3c0 type 1
07-13 16:25:46.916 4508 6404 D CHIUSECASE: [FULL ] chxfeaturezsl.cpp:1092 ProcessMessage() FeatureZSL MetaBuffer Done frameNum 43 i/p metadata 0x74ef6d4c20 o/p metadata 0x74ef6d2060
07-13 16:25:46.921 4508 10793 E CamX : [ERROR][NCS ] camxncsintfqsee.cpp:2320 FillSensorData() multi object detected! ignore index = 1.000000, distance 1285.000000
07-13 16:25:46.922 4508 10793 E CamX : [ERROR][NCS ] camxncsintfqsee.cpp:1985 SensorCallback() Unable to set fill data for sensor 6
07-13 16:25:46.949 4508 4717 I CamX : [ INFO][CORE ] camxpipeline.cpp:2820 CSLMessageHandler() frameMessage:requestID=0, linkhdl:0xd4010b, frameCount=200, timestamp=191083040937, monoTimestamp=191083040937
07-13 16:25:46.950 4508 10793 E CamX : [ERROR][NCS ] camxncsintfqsee.cpp:2320 FillSensorData() multi object detected! ignore index = 1.000000, distance 1247.000000
07-13 16:25:46.951 4508 10793 E CamX : [ERROR][NCS ] camxncsintfqsee.cpp:1985 SensorCallback() Unable to set fill data for sensor 6
07-13 16:25:46.978 5291 5291 E OMXNodeInstance: !!! Observer died. Quickly, do something, ... anything...
07-13 16:25:46.978 4881 6593 E Camera2Client: notifyError: Error condition 0 reported by HAL, requestId -1
07-13 16:25:46.978 4881 10708 E Camera3-OutputStream: getBufferLockedCommon: Stream 2: Can't dequeue next output buffer: Broken pipe (-32)
07-13 16:25:46.979 4881 10708 W Camera2Client: notifyError: Received recoverable error 3 from HAL - ignoring, requestId 20000002
07-13 16:25:46.979 4508 6433 E CamX : [ERROR][HAL ] camxhaldevice.cpp:1400 DumpFrameworkRequests() +----------------------------------------------+
07-13 16:25:46.979 4508 6433 I CHIUSECASE: [INFO ] chxperf.cpp:761 AcquirePerfLock() Acquire perflock type: 1
07-13 16:25:46.979 4538 4538 I chatty : uid=0(root) perf@2.0-servic expire 8 lines
07-13 16:25:46.979 5291 9152 E OMXNodeInstance: !!! Observer died. Quickly, do something, ... anything...
07-13 16:25:46.980 4508 6433 I CHIUSECASE: [INFO ] chxperf.cpp:1024 AcquirePerfLock() Perflock handle: 47, updated refCount: 16
07-13 16:25:46.980 4508 6433 I CHIUSECASE: [INFO ] chxusecase.cpp:2275 Flush() [UsecaseZSL] Flush start
07-13 16:25:46.980 4508 6433 I CHIUSECASE: [INFO ] chxusecase.cpp:2169 FlushAllSessions() Flushing Sessions serially
07-13 16:25:46.980 4508 6433 I CHIUSECASE: [INFO ] chxusecase.cpp:2169 FlushAllSessions() Flushing Sessions serially
07-13 16:25:46.980 4508 6433 D CHIUSECASE: [FULL ] chxextensionmodule.cpp:3735 Flush() [E] Flushing Session Handle: 0x74fbfe3480
07-13 16:25:46.980 4508 6433 I CamX : [ INFO][CORE ] camxsession.cpp:282 Flush() Flush is done for session 0x74fbfe3480
07-13 16:25:46.980 4508 6433 D CHIUSECASE: [FULL ] chxextensionmodule.cpp:3735 Flush() [E] Flushing Session Handle: 0x74fbf73540
07-13 16:25:46.980 4508 6433 I CamX : [ INFO][CORE ] camxpipeline.cpp:3735 LogPendingNodes() Session 0x74fbf73540 - Pipeline ZSLPreviewRawYUV_0 Pending Nodes
07-13 16:25:46.980 4508 6433 I CamX : +------------------------------------------------------------------+
07-13 16:25:46.980 4508 6433 I CamX : | Requests Range - lastInOrderCompletedRequestId: 47 currentRequest: 47
07-13 16:25:46.981 4508 6433 I CamX : [ INFO][CORE ] camxnode.cpp:8168 ClearDependencies() Clearing dependencies for Node: ZSLPreviewRawYUV_Sensor0 with lastCompletedRequestId 47 and m_tRequestId 1
07-13 16:25:46.981 4508 6433 I CamX : [ INFO][CORE ] camxnode.cpp:8168 ClearDependencies() Clearing dependencies for Node: ZSLPreviewRawYUV_Stats0 with lastCompletedRequestId 47 and m_tRequestId 1
07-13 16:25:46.981 4508 6433 I CamX : [ INFO][CORE ] camxnode.cpp:8191 ClearDependencies() Clearing inputPort - portIndex 922767717 portId 45 bufferDelta 3 parentNode ZSLPreviewRawYUV_Stats0 parentRequestId: 0
07-13 16:25:46.981 4508 6433 I CamX : [ INFO][CORE ] camxnode.cpp:8191 ClearDependencies() Clearing inputPort - portIndex 922767717 portId 46 bufferDelta 3 parentNode ZSLPreviewRawYUV_Stats0 parentRequestId: 0
07-13 16:25:46.981 4508 6433 I CamX : [ INFO][CORE ] camxnode.cpp:8191 ClearDependencies() Clearing inputPort - portIndex 922767717 portId 47 bufferDelta 3 parentNode ZSLPreviewRawYUV_Stats0 parentRequestId: 0
07-13 16:25:46.981 4508 6433 I CamX : [ INFO][CORE ] camxnode.cpp:8191 ClearDependencies() Clearing inputPort - portIndex 922767717 portId 45 bufferDelta 3 parentNode ZSLPreviewRawYUV_Stats0 parentRequestId: 2
07-13 16:25:46.981 4508 6433 I CamX : [ INFO][CORE ] camxnode.cpp:8191 ClearDependencies() Clearing inputPort - portIndex 922767717 portId 46 bufferDelta 3 parentNode ZSLPreviewRawYUV_Stats0 parentRequestId: 2
07-13 16:25:46.981 4508 6433 I CamX : [ INFO][CORE ] camxnode.cpp:8191 ClearDependencies() Clearing inputPort - portIndex 922767717 portId 47 bufferDelta 3 parentNode ZSLPreviewRawYUV_Stats0 parentRequestId: 2
07-13 16:25:46.981 4508 6433 I CamX : [ INFO][CORE ] camxnode.cpp:8191 ClearDependencies() Clearing inputPort - portIndex 922767717 portId 45 bufferDelta 3 parentNode ZSLPreviewRawYUV_Stats0 parentRequestId: 7
07-13 16:25:46.981 4508 6433 I CamX : [ INFO][CORE ] camxnode.cpp:8191 ClearDependencies() Clearing inputPort - portIndex 922767717 portId 46 bufferDelta 3 parentNode ZSLPreviewRawYUV_Stats0 parentRequestId: 7
07-13 16:25:46.981 4508 6433 I CamX : [ INFO][CORE ] camxnode.cpp:8191 ClearDependencies() Clearing inputPort - portIndex 922767717 portId 47 bufferDelta 3 parentNode ZSLPreviewRawYUV_Stats0 parentRequestId: 7
07-13 16:25:46.981 4508 6433 I CamX : [ INFO][CORE ] camxnode.cpp:8168 ClearDependencies() Clearing dependencies for Node: ZSLPreviewRawYUV_AWB0 with lastCompletedRequestId 47 and m_tRequestId 1
07-13 16:25:46.981 4508 6433 I CamX : [ INFO][CORE ] camxnode.cpp:8191 ClearDependencies() Clearing inputPort - portIndex 922767717 portId 45 bufferDelta 3 parentNode ZSLPreviewRawYUV_AWB0 parentRequestId: 1
07-13 16:25:46.981 4508 6433 I CamX : [ INFO][CORE ] camxnode.cpp:8191 ClearDependencies() Clearing inputPort - portIndex 922767717 portId 46 bufferDelta 3 parentNode ZSLPreviewRawYUV_AWB0 parentRequestId: 1
07-13 16:25:46.981 4508 6433 I CamX : [ INFO][CORE ] camxnode.cpp:8191 ClearDependencies() Clearing inputPort - portIndex 922767717 portId 47 bufferDelta 3 parentNode ZSLPreviewRawYUV_AWB0 parentRequestId: 1
07-13 16:25:46.981 4508 6433 I CamX : [ INFO][CORE ] camxnode.cpp:8168 ClearDependencies() Clearing dependencies for Node: ZSLPreviewRawYUV_FDExtManager0 with lastCompletedRequestId 47 and m_tRequestId 1
07-13 16:25:46.981 4508 6433 I CamX : [ INFO][CORE ] camxnode.cpp:8168 ClearDependencies() Clearing dependencies for Node: ZSLPreviewRawYUV_AutoFocus0 with lastCompletedRequestId 47 and m_tRequestId 1
07-13 16:25:46.981 4508 6433 I CamX : [ INFO][CORE ] camxnode.cpp:8191 ClearDependencies() Clearing inputPort - portIndex 922767717 portId 45 bufferDelta 3 parentNode ZSLPreviewRawYUV_AutoFocus0 parentRequestId: 12
07-13 16:25:46.981 4508 6433 I CamX : [ INFO][CORE ] camxnode.cpp:8191 ClearDependencies() Clearing inputPort - portIndex 922767717 portId 46 bufferDelta 3 parentNode ZSLPreviewRawYUV_AutoFocus0 parentRequestId: 12
07-13 16:25:46.981 4508 6433 I CamX : [ INFO][CORE ] camxnode.cpp:8191 ClearDependencies() Clearing inputPort - portIndex 922767717 portId 47 bufferDelta 3 parentNode ZSLPreviewRawYUV_AutoFocus0 parentRequestId: 12
07-13 16:25:46.981 4508 6433 I CamX : [ INFO][CORE ] camxnode.cpp:8191 ClearDependencies() Clearing inputPort - portIndex 922767717 portId 45 bufferDelta 3 parentNode ZSLPreviewRawYUV_AutoFocus0 parentRequestId: 10
07-13 16:25:46.981 4508 6433 I CamX : [ INFO][CORE ] camxnode.cpp:8191 ClearDependencies() Clearing inputPort - portIndex 922767717 portId 46 bufferDelta 3 parentNode ZSLPreviewRawYUV_AutoFocus0 parentRequestId: 10
07-13 16:25:46.981 4508 6433 I CamX : [ INFO][CORE ] camxnode.cpp:8191 ClearDependencies() Clearing inputPort - portIndex 922767717 portId 47 bufferDelta 3 parentNode ZSLPreviewRawYUV_AutoFocus0 parentRequestId: 10
07-13 16:25:46.981 4508 6433 I CamX : [ INFO][CORE ] camxnode.cpp:8191 ClearDependencies() Clearing inputPort - portIndex 922767717 portId 45 bufferDelta 3 parentNode ZSLPreviewRawYUV_AutoFocus0 parentRequestId: 4
07-13 16:25:46.981 4508 6433 I CamX : [ INFO][CORE ] camxnode.cpp:8191 ClearDependencies() Clearing inputPort - portIndex 922767717 portId 46 bufferDelta 3 parentNode ZSLPreviewRawYUV_AutoFocus0 parentRequestId: 4
07-13 16:25:46.981 4508 6433 I CamX : [ INFO][CORE ] camxnode.cpp:8191 ClearDependencies() Clearing inputPort - portIndex 922767717 portId 47 bufferDelta 3 parentNode ZSLPreviewRawYUV_AutoFocus0 parentRequestId: 4
07-13 16:25:46.981 4508 6433 I CamX : [ INFO][CORE ] camxnode.cpp:8191 ClearDependencies() Clearing inputPort - portIndex 922767717 portId 45 bufferDelta 3 parentNode ZSLPreviewRawYUV_AutoFocus0 parentRequestId: 8
07-13 16:25:46.981 4508 6433 I CamX : [ INFO][CORE ] camxnode.cpp:8191 ClearDependencies() Clearing inputPort - portIndex 922767717 portId 46 bufferDelta 3 parentNode ZSLPreviewRawYUV_AutoFocus0 parentRequestId: 8
07-13 16:25:46.981 4508 6433 I CamX : [ INFO][CORE ] camxnode.cpp:8191 ClearDependencies() Clearing inputPort - portIndex 922767717 portId 47 bufferDelta 3 parentNode ZSLPreviewRawYUV_AutoFocus0 parentRequestId: 8
07-13 16:25:46.981 4508 6433 I CamX : [ INFO][CORE ] camxnode.cpp:8168 ClearDependencies() Clearing dependencies for Node: ZSLPreviewRawYUV_IFE0 with lastCompletedRequestId 47 and m_tRequestId 1
07-13 16:25:46.981 4508 6433 I CamX : [ INFO][CORE ] camxnode.cpp:8168 ClearDependencies() Clearing dependencies for Node: ZSLPreviewRawYUV_IPE1 with lastCompletedRequestId 47 and m_tRequestId 1
07-13 16:25:46.981 4508 6433 I CamX : [ INFO][CORE ] camxnode.cpp:8168 ClearDependencies() Clearing dependencies for Node: ZSLPreviewRawYUV_LRME0 with lastCompletedRequestId 47 and m_tRequestId 1
07-13 16:25:46.981 4508 6433 I CamX : [ INFO][CORE ] camxnode.cpp:8191 ClearDependencies() Clearing inputPort - portIndex 922767717 portId 47 bufferDelta 1 parentNode ZSLPreviewRawYUV_LRME0 parentRequestId: 7
07-13 16:25:46.981 4508 6433 I CamX : [ INFO][CORE ] camxnode.cpp:8191 ClearDependencies() Clearing inputPort - portIndex 922767717 portId 47 bufferDelta 1 parentNode ZSLPreviewRawYUV_LRME0 parentRequestId: 8
07-13 16:25:46.981 4508 6433 I CamX : [ INFO][CORE ] camxnode.cpp:8168 ClearDependencies() Clearing dependencies for Node: ZSLPreviewRawYUV_RANSAC0 with lastCompletedRequestId 47 and m_tRequestId 1
07-13 16:25:46.981 4508 6433 I CamX : [ INFO][CORE ] camxnode.cpp:8168 ClearDependencies() Clearing dependencies for Node: ZSLPreviewRawYUV_StatsParse0 with lastCompletedRequestId 47 and m_tRequestId 1
07-13 16:25:46.981 4508 6433 I CamX : [ INFO][CORE ] camxnode.cpp:8191 ClearDependencies() Clearing inputPort - portIndex 922767717 portId 45 bufferDelta 3 parentNode ZSLPreviewRawYUV_StatsParse0 parentRequestId: 0
07-13 16:25:46.982 4508 6433 I CamX : [ INFO][CORE ] camxnode.cpp:8191 ClearDependencies() Clearing inputPort - portIndex 922767717 portId 46 bufferDelta 3 parentNode ZSLPreviewRawYUV_StatsParse0 parentRequestId: 0
07-13 16:25:46.982 4508 6433 I CamX : [ INFO][CORE ] camxnode.cpp:8191 ClearDependencies() Clearing inputPort - portIndex 922767717 portId 47 bufferDelta 3 parentNode ZSLPreviewRawYUV_StatsParse0 parentRequestId: 0
07-13 16:25:46.982 4508 6433 I CamX : [ INFO][CORE ] camxnode.cpp:8191 ClearDependencies() Clearing inputPort - portIndex 922767717 portId 45 bufferDelta 3 parentNode ZSLPreviewRawYUV_StatsParse0 parentRequestId: 9
07-13 16:25:46.982 4508 6433 I CamX : [ INFO][CORE ] camxnode.cpp:8191 ClearDependencies() Clearing inputPort - portIndex 922767717 portId 46 bufferDelta 3 parentNode ZSLPreviewRawYUV_StatsParse0 parentRequestId: 9
07-13 16:25:46.982 4508 6433 I CamX : [ INFO][CORE ] camxnode.cpp:8191 ClearDependencies() Clearing inputPort - portIndex 922767717 portId 47 bufferDelta 3 parentNode ZSLPreviewRawYUV_StatsParse0 parentRequestId: 9
07-13 16:25:46.982 4508 6433 I CamX : [ INFO][CORE ] camxnode.cpp:8191 ClearDependencies() Clearing inputPort - portIndex 922767717 portId 45 bufferDelta 3 parentNode ZSLPreviewRawYUV_StatsParse0 parentRequestId: 1
07-13 16:25:46.982 4508 6433 I CamX : [ INFO][CORE ] camxnode.cpp:8191 ClearDependencies() Clearing inputPort - portIndex 922767717 portId 46 bufferDelta 3 parentNode ZSLPreviewRawYUV_StatsParse0 parentRequestId: 1
07-13 16:25:46.982 4508 6433 I CamX : [ INFO][CORE ] camxnode.cpp:8191 ClearDependencies() Clearing inputPort - portIndex 922767717 portId 47 bufferDelta 3 parentNode ZSLPreviewRawYUV_StatsParse0 parentRequestId: 1
07-13 16:25:46.982 4508 6433 I CamX : [ INFO][CORE ] camxnode.cpp:8191 ClearDependencies() Clearing inputPort - portIndex 922767717 portId 45 bufferDelta 3 parentNode ZSLPreviewRawYUV_StatsParse0 parentRequestId: 2
07-13 16:25:46.982 4508 6433 I CamX : [ INFO][CORE ] camxnode.cpp:8191 ClearDependencies() Clearing inputPort - portIndex 922767717 portId 46 bufferDelta 3 parentNode ZSLPreviewRawYUV_StatsParse0 parentRequestId: 2
07-13 16:25:46.982 4508 6433 I CamX : [ INFO][CORE ] camxnode.cpp:8191 ClearDependencies() Clearing inputPort - portIndex 922767717 portId 47 bufferDelta 3 parentNode ZSLPreviewRawYUV_StatsParse0 parentRequestId: 2
07-13 16:25:46.982 4508 6433 I CamX : [ INFO][CORE ] camxnode.cpp:8191 ClearDependencies() Clearing inputPort - portIndex 922767717 portId 45 bufferDelta 3 parentNode ZSLPreviewRawYUV_StatsParse0 parentRequestId: 3
07-13 16:25:46.982 4508 6433 I CamX : [ INFO][CORE ] camxnode.cpp:8191 ClearDependencies() Clearing inputPort - portIndex 922767717 portId 46 bufferDelta 3 parentNode ZSLPreviewRawYUV_StatsParse0 parentRequestId: 3
07-13 16:25:46.982 4508 6433 I CamX : [ INFO][CORE ] camxnode.cpp:8191 ClearDependencies() Clearing inputPort - portIndex 922767717 portId 47 bufferDelta 3 parentNode ZSLPreviewRawYUV_StatsParse0 parentRequestId: 3
07-13 16:25:46.982 4508 6433 I CamX : [ INFO][CORE ] camxnode.cpp:8191 ClearDependencies() Clearing inputPort - portIndex 922767717 portId 45 bufferDelta 3 parentNode ZSLPreviewRawYUV_StatsParse0 parentRequestId: 7
07-13 16:25:46.982 4508 6433 I CamX : [ INFO][CORE ] camxnode.cpp:8191 ClearDependencies() Clearing inputPort - portIndex 922767717 portId 46 bufferDelta 3 parentNode ZSLPreviewRawYUV_StatsParse0 parentRequestId: 7
07-13 16:25:46.982 4508 6433 I CamX : [ INFO][CORE ] camxnode.cpp:8191 ClearDependencies() Clearing inputPort - portIndex 922767717 portId 47 bufferDelta 3 parentNode ZSLPreviewRawYUV_StatsParse0 parentRequestId: 7
07-13 16:25:46.982 4508 10793 E CamX : [ERROR][NCS ] camxncsintfqsee.cpp:2320 FillSensorData() multi object detected! ignore index = 1.000000, distance 1275.000000
07-13 16:25:46.982 4508 10793 E CamX : [ERROR][NCS ] camxncsintfqsee.cpp:1985 SensorCallback() Unable to set fill data for sensor 6
07-13 16:25:46.983 4508 6433 I CamX : [ INFO][CORE ] camxsession.cpp:282 Flush() Flush is done for session 0x74fbf73540
07-13 16:25:46.983 4508 6433 I CHIUSECASE: [INFO ] chxadvancedcamerausecase.cpp:5419 ExecuteFlush() AdvancedCameraUsecase FLUSH started FEATURE TYPE: 1
07-13 16:25:46.983 4508 6433 I CHIUSECASE: [INFO ] chxusecase.cpp:2281 Flush() ExecuteFlush - END
07-13 16:25:46.983 4508 6433 I CHIUSECASE: [VERBOSE] chxusecase.cpp:3236 DeleteAllPendingResults() Pending result CHI frame: 0, Framework Frame: 0, Num Buffers: 2, IsInErrorState: 0
07-13 16:25:46.983 4508 6433 I CHIUSECASE: [VERBOSE] chxusecase.cpp:3236 DeleteAllPendingResults() Pending result CHI frame: 1, Framework Frame: 1, Num Buffers: 2, IsInErrorState: 0
07-13 16:25:46.983 4508 6433 I CHIUSECASE: [VERBOSE] chxusecase.cpp:3236 DeleteAllPendingResults() Pending result CHI frame: 2, Framework Frame: 2, Num Buffers: 2, IsInErrorState: 0
07-13 16:25:46.983 4508 6433 I CHIUSECASE: [VERBOSE] chxusecase.cpp:3236 DeleteAllPendingResults() Pending result CHI frame: 3, Framework Frame: 3, Num Buffers: 2, IsInErrorState: 0
07-13 16:25:46.983 4508 6433 I CHIUSECASE: [VERBOSE] chxusecase.cpp:3236 DeleteAllPendingResults() Pending result CHI frame: 4, Framework Frame: 4, Num Buffers: 2, IsInErrorState: 0
07-13 16:25:46.983 4508 6433 I CHIUSECASE: [VERBOSE] chxusecase.cpp:3236 DeleteAllPendingResults() Pending result CHI frame: 5, Framework Frame: 5, Num Buffers: 2, IsInErrorState: 0
07-13 16:25:46.983 4508 6433 I CHIUSECASE: [VERBOSE] chxusecase.cpp:3236 DeleteAllPendingResults() Pending result CHI frame: 6, Framework Frame: 6, Num Buffers: 2, IsInErrorState: 0
07-13 16:25:46.983 4508 6433 I CHIUSECASE: [VERBOSE] chxusecase.cpp:3236 DeleteAllPendingResults() Pending result CHI frame: 7, Framework Frame: 7, Num Buffers: 2, IsInErrorState: 0
07-13 16:25:46.983 4508 6433 I CHIUSECASE: [VERBOSE] chxusecase.cpp:3236 DeleteAllPendingResults() Pending result CHI frame: 8, Framework Frame: 8, Num Buffers: 2, IsInErrorState: 0
07-13 16:25:46.983 4508 6433 I CHIUSECASE: [VERBOSE] chxusecase.cpp:3236 DeleteAllPendingResults() Pending result CHI frame: 9, Framework Frame: 9, Num Buffers: 2, IsInErrorState: 0
07-13 16:25:46.983 4508 6433 I CHIUSECASE: [VERBOSE] chxusecase.cpp:3236 DeleteAllPendingResults() Pending result CHI frame: 10, Framework Frame: 10, Num Buffers: 2, IsInErrorState: 0
07-13 16:25:46.983 4508 6433 I CHIUSECASE: [VERBOSE] chxusecase.cpp:3236 DeleteAllPendingResults() Pending result CHI frame: 11, Framework Frame: 11, Num Buffers: 2, IsInErrorState: 0
07-13 16:25:46.983 4508 6433 I CHIUSECASE: [VERBOSE] chxusecase.cpp:3236 DeleteAllPendingResults() Pending result CHI frame: 12, Framework Frame: 12, Num Buffers: 2, IsInErrorState: 0
07-13 16:25:46.983 4508 6433 I CHIUSECASE: [VERBOSE] chxusecase.cpp:3236 DeleteAllPendingResults() Pending result CHI frame: 13, Framework Frame: 13, Num Buffers: 2, IsInErrorState: 0
07-13 16:25:46.983 4508 6433 I CHIUSECASE: [VERBOSE] chxusecase.cpp:3236 DeleteAllPendingResults() Pending result CHI frame: 14, Framework Frame: 14, Num Buffers: 2, IsInErrorState: 0
07-13 16:25:46.983 4508 6433 I CHIUSECASE: [VERBOSE] chxusecase.cpp:3236 DeleteAllPendingResults() Pending result CHI frame: 15, Framework Frame: 15, Num Buffers: 2, IsInErrorState: 0
07-13 16:25:46.983 4508 6433 I CHIUSECASE: [VERBOSE] chxusecase.cpp:3236 DeleteAllPendingResults() Pending result CHI frame: 16, Framework Frame: 16, Num Buffers: 2, IsInErrorState: 0
07-13 16:25:46.983 4508 6433 I CHIUSECASE: [VERBOSE] chxusecase.cpp:3236 DeleteAllPendingResults() Pending result CHI frame: 17, Framework Frame: 17, Num Buffers: 2, IsInErrorState: 0
07-13 16:25:46.983 4508 6433 I CHIUSECASE: [VERBOSE] chxusecase.cpp:3236 DeleteAllPendingResults() Pending result CHI frame: 18, Framework Frame: 18, Num Buffers: 2, IsInErrorState: 0
07-13 16:25:46.983 4508 6433 I CHIUSECASE: [VERBOSE] chxusecase.cpp:3236 DeleteAllPendingResults() Pending result CHI frame: 19, Framework Frame: 19, Num Buffers: 2, IsInErrorState: 0
07-13 16:25:46.983 4508 6433 I CHIUSECASE: [VERBOSE] chxusecase.cpp:3236 DeleteAllPendingResults() Pending result CHI frame: 20, Framework Frame: 20, Num Buffers: 2, IsInErrorState: 0
07-13 16:25:46.983 4508 6433 I CHIUSECASE: [VERBOSE] chxusecase.cpp:3236 DeleteAllPendingResults() Pending result CHI frame: 21, Framework Frame: 21, Num Buffers: 2, IsInErrorState: 0
07-13 16:25:46.983 4508 6433 I CHIUSECASE: [VERBOSE] chxusecase.cpp:3236 DeleteAllPendingResults() Pending result CHI frame: 22, Framework Frame: 22, Num Buffers: 2, IsInErrorState: 0
07-13 16:25:46.983 4508 6433 I CHIUSECASE: [VERBOSE] chxusecase.cpp:3236 DeleteAllPendingResults() Pending result CHI frame: 23, Framework Frame: 23, Num Buffers: 2, IsInErrorState: 0
07-13 16:25:46.983 4508 6433 I CHIUSECASE: [VERBOSE] chxusecase.cpp:3236 DeleteAllPendingResults() Pending result CHI frame: 24, Framework Frame: 24, Num Buffers: 2, IsInErrorState: 0
07-13 16:25:46.983 4508 6433 I CHIUSECASE: [VERBOSE] chxusecase.cpp:3236 DeleteAllPendingResults() Pending result CHI frame: 25, Framework Frame: 25, Num Buffers: 2, IsInErrorState: 0
07-13 16:25:46.983 4508 6433 I CHIUSECASE: [VERBOSE] chxusecase.cpp:3236 DeleteAllPendingResults() Pending result CHI frame: 26, Framework Frame: 26, Num Buffers: 2, IsInErrorState: 0
07-13 16:25:46.983 4508 6433 I CHIUSECASE: [VERBOSE] chxusecase.cpp:3236 DeleteAllPendingResults() Pending result CHI frame: 27, Framework Frame: 27, Num Buffers: 2, IsInErrorState: 0
07-13 16:25:46.983 4508 6433 I CHIUSECASE: [VERBOSE] chxusecase.cpp:3236 DeleteAllPendingResults() Pending result CHI frame: 28, Framework Frame: 28, Num Buffers: 2, IsInErrorState: 0
07-13 16:25:46.983 4508 6433 I CHIUSECASE: [VERBOSE] chxusecase.cpp:3236 DeleteAllPendingResults() Pending result CHI frame: 29, Framework Frame: 29, Num Buffers: 2, IsInErrorState: 0
07-13 16:25:46.983 4508 6433 I CHIUSECASE: [VERBOSE] chxusecase.cpp:3236 DeleteAllPendingResults() Pending result CHI frame: 30, Framework Frame: 30, Num Buffers: 2, IsInErrorState: 0
07-13 16:25:46.983 4508 6433 I CHIUSECASE: [VERBOSE] chxusecase.cpp:3236 DeleteAllPendingResults() Pending result CHI frame: 31, Framework Frame: 31, Num Buffers: 2, IsInErrorState: 0
07-13 16:25:46.983 4508 6433 I CHIUSECASE: [VERBOSE] chxusecase.cpp:3236 DeleteAllPendingResults() Pending result CHI frame: 32, Framework Frame: 32, Num Buffers: 2, IsInErrorState: 0
07-13 16:25:46.983 4508 6433 I CHIUSECASE: [VERBOSE] chxusecase.cpp:3236 DeleteAllPendingResults() Pending result CHI frame: 33, Framework Frame: 33, Num Buffers: 2, IsInErrorState: 0
07-13 16:25:46.983 4508 6433 I CHIUSECASE: [VERBOSE] chxusecase.cpp:3236 DeleteAllPendingResults() Pending result CHI frame: 34, Framework Frame: 34, Num Buffers: 2, IsInErrorState: 0
07-13 16:25:46.983 4508 6433 I CHIUSECASE: [VERBOSE] chxusecase.cpp:3236 DeleteAllPendingResults() Pending result CHI frame: 35, Framework Frame: 35, Num Buffers: 2, IsInErrorState: 0
07-13 16:25:46.984 4508 6433 I CHIUSECASE: [VERBOSE] chxusecase.cpp:3236 DeleteAllPendingResults() Pending result CHI frame: 36, Framework Frame: 36, Num Buffers: 2, IsInErrorState: 0
07-13 16:25:46.984 4508 6433 I CHIUSECASE: [VERBOSE] chxusecase.cpp:3236 DeleteAllPendingResults() Pending result CHI frame: 37, Framework Frame: 37, Num Buffers: 2, IsInErrorState: 0
07-13 16:25:46.984 4508 6433 I CHIUSECASE: [VERBOSE] chxusecase.cpp:3236 DeleteAllPendingResults() Pending result CHI frame: 38, Framework Frame: 38, Num Buffers: 2, IsInErrorState: 0
07-13 16:25:46.984 4508 6433 I CHIUSECASE: [VERBOSE] chxusecase.cpp:3236 DeleteAllPendingResults() Pending result CHI frame: 39, Framework Frame: 39, Num Buffers: 2, IsInErrorState: 0
07-13 16:25:46.984 4508 6433 I CHIUSECASE: [VERBOSE] chxusecase.cpp:3236 DeleteAllPendingResults() Pending result CHI frame: 40, Framework Frame: 40, Num Buffers: 2, IsInErrorState: 0
07-13 16:25:46.984 4508 6433 I CHIUSECASE: [VERBOSE] chxusecase.cpp:3236 DeleteAllPendingResults() Pending result CHI frame: 41, Framework Frame: 41, Num Buffers: 2, IsInErrorState: 0
07-13 16:25:46.984 4508 6433 I CHIUSECASE: [VERBOSE] chxusecase.cpp:3236 DeleteAllPendingResults() Pending result CHI frame: 42, Framework Frame: 42, Num Buffers: 2, IsInErrorState: 0
07-13 16:25:46.984 4508 6433 I CHIUSECASE: [VERBOSE] chxusecase.cpp:3236 DeleteAllPendingResults() Pending result CHI frame: 43, Framework Frame: 43, Num Buffers: 2, IsInErrorState: 0
07-13 16:25:46.984 4508 6433 I CHIUSECASE: [VERBOSE] chxusecase.cpp:3236 DeleteAllPendingResults() Pending result CHI frame: 44, Framework Frame: 44, Num Buffers: 2, IsInErrorState: 0
07-13 16:25:46.984 4508 6433 I CHIUSECASE: [VERBOSE] chxusecase.cpp:3236 DeleteAllPendingResults() Pending result CHI frame: 45, Framework Frame: 45, Num Buffers: 2, IsInErrorState: 0
07-13 16:25:46.984 4508 6433 I CHIUSECASE: [VERBOSE] chxusecase.cpp:3236 DeleteAllPendingResults() Pending result CHI frame: 46, Framework Frame: 46, Num Buffers: 2, IsInErrorState: 0
07-13 16:25:46.984 4508 6433 I CHIUSECASE: [VERBOSE] chxusecase.cpp:3236 DeleteAllPendingResults() Pending result CHI frame: 0, Framework Frame: 0, Num Buffers: 0, IsInErrorState: 1
07-13 16:25:46.985 4508 4717 I CamX : [ INFO][CORE ] camxpipeline.cpp:2820 CSLMessageHandler() frameMessage:requestID=0, linkhdl:0xd4010b, frameCount=201, timestamp=191116353958, monoTimestamp=191116353958
07-13 16:25:46.985 4508 6433 I CHIUSECASE: [VERBOSE] chxusecase.cpp:3236 DeleteAllPendingResults() Pending result CHI frame: 0, Framework Frame: 0, Num Buffers: 0, IsInErrorState: 1
07-13 16:25:47.011 4508 10793 E CamX : [ERROR][NCS ] camxncsintfqsee.cpp:2320 FillSensorData() multi object detected! ignore index = 1.000000, distance 1340.000000
07-13 16:25:47.011 4508 10793 E CamX : [ERROR][NCS ] camxncsintfqsee.cpp:1985 SensorCallback() Unable to set fill data for sensor 6
07-13 16:25:47.016 4508 4717 I CamX : [ INFO][CORE ] camxpipeline.cpp:2820 CSLMessageHandler() frameMessage:requestID=0, linkhdl:0xd4010b, frameCount=202, timestamp=191149666979, monoTimestamp=191149666979
07-13 16:25:47.025 7094 7209 D audio_hw_primary: in_standby: enter: stream (0x7c9c004280) usecase(20: audio-record)
07-13 16:25:47.029 4881 6593 W Camera3-OutputStream: disconnectLocked: While disconnecting stream 2 from native window, the native window died from under us
07-13 16:25:47.029 4881 6593 I CameraLatencyHistogram: Stream 2 dequeueBuffer latency histogram (48) samples:
07-13 16:25:47.029 4881 6593 I CameraLatencyHistogram: 5 10 15 20 25 30 35 40 45 inf (max ms)
07-13 16:25:47.029 4881 6593 I CameraLatencyHistogram: 31.25 4.17 0.00 0.00 0.00 0.00 0.00 0.00 0.00 64.58 (%)
07-13 16:25:47.040 4508 10793 E CamX : [ERROR][NCS ] camxncsintfqsee.cpp:2320 FillSensorData() multi object detected! ignore index = 1.000000, distance 1280.000000
07-13 16:25:47.040 4508 10793 E CamX : [ERROR][NCS ] camxncsintfqsee.cpp:1985 SensorCallback() Unable to set fill data for sensor 6
07-13 16:25:47.040 7094 7209 D audio_hw_primary: disable_audio_route: reset and update mixer path: audio-record
07-13 16:25:47.042 7094 7209 D hardware_info: hw_info_append_hw_type : device_name = speaker-stereo-dmic-ef
07-13 16:25:47.042 7094 7209 D audio_hw_primary: disable_snd_device: snd_device(195: speaker-stereo-dmic-ef)
07-13 16:25:47.042 7094 7209 D msm8974_platform: platform_split_snd_device: snd_device(195) num devices(0) new_snd_devices(0)
07-13 16:25:47.049 4508 4717 I CamX : [ INFO][CORE ] camxpipeline.cpp:2820 CSLMessageHandler() frameMessage:requestID=0, linkhdl:0xd4010b, frameCount=203, timestamp=191182979947, monoTimestamp=191182979947
07-13 16:25:47.051 4881 6593 W Camera3-OutputStream: disconnectLocked: While disconnecting stream 0 from native window, the native window died from under us
07-13 16:25:47.051 4881 6593 I CameraLatencyHistogram: Stream 0 dequeueBuffer latency histogram (98) samples:
07-13 16:25:47.051 4881 6593 I CameraLatencyHistogram: 5 10 15 20 25 30 35 40 45 inf (max ms)
07-13 16:25:47.051 4881 6593 I CameraLatencyHistogram: 98.98 0.00 0.00 0.00 1.02 0.00 0.00 0.00 0.00 0.00 (%)
07-13 16:25:47.052 4881 6593 I Camera3-Device: disconnectImpl: E
07-13 16:25:47.052 4881 6593 I CameraLatencyHistogram: ProcessCaptureRequest latency histogram (97) samples:
07-13 16:25:47.052 4881 6593 I CameraLatencyHistogram: 40 80 120 160 200 240 280 320 360 inf (max ms)
07-13 16:25:47.052 4881 6593 I CameraLatencyHistogram: 91.75 6.19 0.00 1.03 1.03 0.00 0.00 0.00 0.00 0.00 (%)
07-13 16:25:47.052 4508 6433 I CamX : [ INFO][HAL ] camxhal3.cpp:782 close() close(): 0x750db9a810
07-13 16:25:47.052 4508 6433 I CHIUSECASE: [INFO ] chxextensionmodule.cpp:4264 SetCpuAffinityRange() camera set affinity to CPU0~7
07-13 16:25:47.052 4508 6433 I CHIUSECASE: [INFO ] chxextensionmodule.cpp:4270 SetCpuAffinityRange() before set affinity cpu[0][1]
07-13 16:25:47.052 4508 6433 I CHIUSECASE: [INFO ] chxextensionmodule.cpp:4270 SetCpuAffinityRange() before set affinity cpu[1][1]
07-13 16:25:47.052 4508 6433 I CHIUSECASE: [INFO ] chxextensionmodule.cpp:4270 SetCpuAffinityRange() before set affinity cpu[2][1]
07-13 16:25:47.052 4508 6433 I CHIUSECASE: [INFO ] chxextensionmodule.cpp:4270 SetCpuAffinityRange() before set affinity cpu[3][1]
07-13 16:25:47.052 4508 6433 I CHIUSECASE: [INFO ] chxextensionmodule.cpp:4270 SetCpuAffinityRange() before set affinity cpu[4][1]
07-13 16:25:47.052 4508 6433 I CHIUSECASE: [INFO ] chxextensionmodule.cpp:4270 SetCpuAffinityRange() before set affinity cpu[5][1]
07-13 16:25:47.052 4508 6433 I CHIUSECASE: [INFO ] chxextensionmodule.cpp:4270 SetCpuAffinityRange() before set affinity cpu[6][1]
07-13 16:25:47.052 4508 6433 I CHIUSECASE: [INFO ] chxextensionmodule.cpp:4270 SetCpuAffinityRange() before set affinity cpu[7][1]
07-13 16:25:47.052 4508 6433 I CHIUSECASE: [INFO ] chxextensionmodule.cpp:4274 SetCpuAffinityRange() is need to set affinity 0
07-13 16:25:47.052 4508 6433 I CHIUSECASE: [INFO ] chxperf.cpp:782 ReleasePerfLock() Release perflock type: 0
07-13 16:25:47.052 4508 6433 I CHIUSECASE: [INFO ] chxperf.cpp:1073 ReleasePerfLock() Perflock already released or not acquired
07-13 16:25:47.052 4508 6433 I CHIUSECASE: [INFO ] chxperf.cpp:782 ReleasePerfLock() Release perflock type: 8
07-13 16:25:47.052 4508 6433 I CHIUSECASE: [INFO ] chxperf.cpp:1073 ReleasePerfLock() Perflock already released or not acquired
07-13 16:25:47.052 4508 6433 I CHIUSECASE: [INFO ] chxperf.cpp:782 ReleasePerfLock() Release perflock type: 9
07-13 16:25:47.052 4508 6433 I CHIUSECASE: [INFO ] chxperf.cpp:1073 ReleasePerfLock() Perflock already released or not acquired
07-13 16:25:47.052 4508 6433 I CHIUSECASE: [INFO ] chxperf.cpp:782 ReleasePerfLock() Release perflock type: 10
07-13 16:25:47.052 4508 6433 I CHIUSECASE: [INFO ] chxperf.cpp:1073 ReleasePerfLock() Perflock already released or not acquired
07-13 16:25:47.052 4508 6433 I CHIUSECASE: [INFO ] chxperf.cpp:782 ReleasePerfLock() Release perflock type: 11
07-13 16:25:47.052 4508 6433 I CHIUSECASE: [INFO ] chxperf.cpp:1073 ReleasePerfLock() Perflock already released or not acquired
07-13 16:25:47.052 4508 6433 I CHIUSECASE: [INFO ] chxperf.cpp:782 ReleasePerfLock() Release perflock type: 12
07-13 16:25:47.052 4508 6433 I CHIUSECASE: [INFO ] chxperf.cpp:1073 ReleasePerfLock() Perflock already released or not acquired
07-13 16:25:47.052 4508 6433 I CHIUSECASE: [INFO ] chxperf.cpp:782 ReleasePerfLock() Release perflock type: 13
07-13 16:25:47.052 4508 6433 I CHIUSECASE: [INFO ] chxperf.cpp:782 ReleasePerfLock() Release perflock type: 14
07-13 16:25:47.052 4508 6433 I CHIUSECASE: [INFO ] chxperf.cpp:1073 ReleasePerfLock() Perflock already released or not acquired
07-13 16:25:47.052 4508 6433 I CHIUSECASE: [INFO ] chxperf.cpp:782 ReleasePerfLock() Release perflock type: 15
07-13 16:25:47.053 4508 6433 I CHIUSECASE: [INFO ] chxperf.cpp:1073 ReleasePerfLock() Perflock already released or not acquired
07-13 16:25:47.053 4508 6433 I CHIUSECASE: [INFO ] chxperf.cpp:782 ReleasePerfLock() Release perflock type: 16
07-13 16:25:47.053 4508 6433 I CHIUSECASE: [INFO ] chxperf.cpp:1073 ReleasePerfLock() Perflock already released or not acquired
07-13 16:25:47.053 4508 6433 I CHIUSECASE: [INFO ] chxperf.cpp:782 ReleasePerfLock() Release perflock type: 17
07-13 16:25:47.053 4508 6433 I CHIUSECASE: [INFO ] chxperf.cpp:1073 ReleasePerfLock() Perflock already released or not acquired
07-13 16:25:47.053 4508 6433 I CHIUSECASE: [INFO ] chxperf.cpp:782 ReleasePerfLock() Release perflock type: 18
07-13 16:25:47.053 4508 6433 I CHIUSECASE: [INFO ] chxperf.cpp:1073 ReleasePerfLock() Perflock already released or not acquired
07-13 16:25:47.053 4508 6433 I CHIUSECASE: [INFO ] chxperf.cpp:761 AcquirePerfLock() Acquire perflock type: 1
07-13 16:25:47.053 4508 6433 I CHIUSECASE: [INFO ] chxperf.cpp:1024 AcquirePerfLock() Perflock handle: 47, updated refCount: 17
07-13 16:25:47.053 4508 6433 I CHIUSECASE: [INFO ] chxextensionmodule.cpp:1030 ExtendClose() Close Logical cameraId: 0 numPhysicalCameras: 0, phyCam[0]:1, CameraOpen Mask = 0x0 CameraClose Mask 0x1
07-13 16:25:47.053 4508 6433 I CHIUSECASE: [INFO ] chxextensionmodule.cpp:3521 FreeLastKnownRequestSetting() Freeing last known request setting logicalCameraId: 0
07-13 16:25:47.053 4508 6433 E CHIUSECASE: [ERROR ] chxextensionmodule.cpp:2026 ModifySettings() Skip Modify Setting pExtend->numTokens=8 Val=1
07-13 16:25:47.053 4508 6433 D CHIUSECASE: [FULL ] chxextensionmodule.cpp:2033 ModifySettings() Modify Setting pExtend->numTokens=32 Val=40000
07-13 16:25:47.053 4508 6433 D CHIUSECASE: [FULL ] chxextensionmodule.cpp:2040 ModifySettings() Modify Setting pExtend->numTokens=33 Val=1
07-13 16:25:47.053 4508 6433 D CHIUSECASE: [FULL ] chxextensionmodule.cpp:2047 ModifySettings() Modify Setting pExtend->numTokens=34 Val=0
07-13 16:25:47.053 4508 6433 I CamX : [ INFO][HAL ] camxhal3.cpp:813 close() Close: overrideCameraClose is 1 , overrideCameraOpen is 0
07-13 16:25:47.053 4508 6433 E CamX : [ERROR][HAL ] camxhaldevice.cpp:1400 DumpFrameworkRequests() +----------------------------------------------+
07-13 16:25:47.053 4508 6433 I CHIUSECASE: [INFO ] chxextensionmodule.cpp:2775 TeardownOverrideUsecase() [E]
07-13 16:25:47.053 4508 6433 D CHIUSECASE: [FULL ] chxadvancedcamerausecase.cpp:5439 Destroy() AdvancedCameraUsecase Pause FEATURE TYPE=1
07-13 16:25:47.053 4508 6433 E CHIUSECASE: [CONFIG ] chxfeaturezsl.cpp:54 Pause() FeatureZSL::Pause(), isForced 0 E.
