07-13 16:25:47.053 4508 6433 I CHIUSECASE: [INFO ] chxfeaturezsl.cpp:64 Pause() Terminating offline thread in featureZSL
07-13 16:25:47.053 4508 10780 I CHIUSECASE: [INFO ] chxfeaturezsl.cpp:1482 RequestThreadProcessing() RequestThreadProcessing Exited
07-13 16:25:47.054 4508 6433 I CHIUSECASE: [INFO ] chxfeaturezsl.cpp:66 Pause() Terminated offline thread
07-13 16:25:47.054 4508 6433 E CHIUSECASE: [CONFIG ] chxfeaturezsl.cpp:69 Pause() FeatureZSL::Pause(), isForced 0 X.
07-13 16:25:47.054 4508 6433 I CamX : [ INFO][CORE ] camxsession.cpp:304 Destroy() Destroying session 0x74fbfe3480
07-13 16:25:47.054 4508 6433 I CamX : [ INFO][CORE ] camxsession.cpp:282 Flush() Flush is done for session 0x74fbfe3480
07-13 16:25:47.055 4508 6433 I CamX : [ INFO][CORE ] camxsession.cpp:512 Destroy() ZSLSnapshotJpeg: CSLClose(0x810201)
07-13 16:25:47.055 4508 6433 E CamX : [ERROR][CSL ] camxcslhw.cpp:297 CSLCloseHW() Dump any orphaned and acquired devices after close CSLHandle=8454657
07-13 16:25:47.056 4508 6433 E : ~MiNodeBase: [Eeee] CurrentNodeType=0
07-13 16:25:47.056 4508 6433 E : ~MiNodeBase: [Eeee] CurrentNodeType=0
07-13 16:25:47.056 4508 6433 I CHIDEPURPLE: DepurpleNodeDestroy():260 DepurpleNodeDestroy:260
07-13 16:25:47.056 4508 6433 I CHIDEPURPLE: ~ChiDepurpleNode():855 ~ChiDepurpleNode:855
07-13 16:25:47.056 4508 6433 E : ~MiNodeBase: [Eeee] CurrentNodeType=0
07-13 16:25:47.059 7094 7209 D audio_hw_primary: adev_close_input_stream: enter:stream_handle(0x7c9c004280)
07-13 16:25:47.059 7094 7209 E soundtrigger: audio_extn_sound_trigger_check_ec_ref_enable: st_dev NULL
07-13 16:25:47.059 7094 7209 E soundtrigger: audio_extn_sound_trigger_update_ec_ref_status: st_dev NULL
07-13 16:25:47.059 7094 7209 D audio_hw_primary: in_standby: enter: stream (0x7c9c004280) usecase(20: audio-record)
07-13 16:25:47.059 7094 7094 D audio_hw_primary: adev_open_input_stream is_karaoke_fastcapture=0
07-13 16:25:47.060 7094 7094 D audio_hw_primary: adev_open_input_stream: enter: sample_rate(48000) channel_mask(0xc) devices(0x80000004) stream_handle(0x3b7ac900) io_handle(5) source(1) format 1
07-13 16:25:47.060 7094 7094 D audio_hw_primary: in_standby: enter: stream (0x3b7ac900) usecase(20: audio-record)
07-13 16:25:47.060 7094 7094 D audio_hw_primary: in_set_parameters: enter: kvpairs=routing=-2147483644;input_source=1
07-13 16:25:47.060 7094 7209 D audio_hw_primary: start_input_stream: enter: stream(0x3b7ac900)usecase(20: audio-record)
07-13 16:25:47.060 7094 7209 D audio_hw_primary: select_devices for use case (audio-record)
07-13 16:25:47.060 7094 7209 D audio_hw_primary: select_devices: changing use case audio-record input device from(195: speaker-stereo-dmic-ef, acdb 35) to (194: handset-stereo-dmic-ef, acdb 34)
07-13 16:25:47.060 7094 7209 D audio_hw_primary: select_devices: out_snd_device(0: ) in_snd_device(194: handset-stereo-dmic-ef)
07-13 16:25:47.060 7094 7209 D ultrasound_extn: ultrasound_select_devices_pre ultrasound_enabled:0 usecase(audio-record), devices:-2147483644 in_snd_device(194, handset-stereo-dmic-ef), out_snd_device(0, )
07-13 16:25:47.060 7094 7209 D ultrasound_extn: dump_usecase_list: start ======================================
07-13 16:25:47.060 7094 7209 D ultrasound_extn: dump_usecase_list: enter sensor_activated:0 hw_port_enabled:0 suspended:0
07-13 16:25:47.060 7094 7209 D ultrasound_extn: dump_usecase_list: select_devices_pre usecase[#0]:(20, audio-record) in_dev:(0, ) out_dv:(0, )
07-13 16:25:47.060 7094 7209 D ultrasound_extn: dump_usecase_list: end ======================================
07-13 16:25:47.060 7094 7209 I msm8974_platform: platform_check_and_set_capture_codec_backend_cfg:txbecf: afe: bitwidth 16, samplerate 48000, channel 2 format 1, backend_idx 8 usecase = 20 device (handset-stereo-dmic-ef)
07-13 16:25:47.060 7094 7209 I msm8974_platform: platform_check_capture_codec_backend_cfg:txbecf: afe: Codec selected backend: 8 current bit width: 16 and sample rate: 48000, channels 2 format 1
07-13 16:25:47.060 7094 7209 I msm8974_platform: platform_check_capture_codec_backend_cfg:txbecf: afe: current backend bit_width 16 sample_rate 48000 channels 1, format 0
07-13 16:25:47.060 7094 7209 I msm8974_platform: platform_check_capture_codec_backend_cfg:txbecf: afe: Codec backend needs to be updated. new bit width: 16 new sample rate: 48000 new channel: 1 new format: 1
07-13 16:25:47.060 7094 7209 I msm8974_platform: platform_set_codec_backend_cfg:becf: afe: bitwidth 16, samplerate 48000 channels 1 format 1, backend_idx 8 device (handset-stereo-dmic-ef)
07-13 16:25:47.060 7094 7209 D audio_hw_primary: check_usecases_capture_codec_backend:becf: force routing 0
07-13 16:25:47.060 7094 7209 D hardware_info: hw_info_append_hw_type : device_name = handset-stereo-dmic-ef
07-13 16:25:47.060 7094 7209 D msm8974_platform: platform_split_snd_device: snd_device(194) num devices(0) new_snd_devices(6)
07-13 16:25:47.060 7094 7209 D audio_hw_primary: enable_snd_device: snd_device(194: handset-stereo-dmic-ef)[SND_DEVICE_IN_HANDSET_DMIC_STEREO]
07-13 16:25:47.060 7094 7209 D audio_route: Apply path: handset-stereo-dmic-ef
07-13 16:25:47.062 4508 6433 E : ~MiNodeBase: [Eeee] CurrentNodeType=0
07-13 16:25:47.062 4508 6433 E : ~MiNodeBase: [Eeee] CurrentNodeType=0
07-13 16:25:47.062 4508 6433 E CHIWATERMARK: WaterMarkNodeDestroy():222 WaterMarkNodeDestroy
07-13 16:25:47.062 4508 6433 E CHIWATERMARK: ~ChiWaterMarkNode():992 WaterMarkNode ~ChiWaterMarkNode
07-13 16:25:47.062 4508 6433 E : ~MiNodeBase: [Eeee] CurrentNodeType=0
07-13 16:25:47.063 4508 6433 I CamX : [ INFO][CORE ] camxsession.cpp:304 Destroy() Destroying session 0x74fbf73540
07-13 16:25:47.063 4508 6433 I CamX : [ INFO][CORE ] camxpipeline.cpp:3735 LogPendingNodes() Session 0x74fbf73540 - Pipeline ZSLPreviewRawYUV_0 Pending Nodes
07-13 16:25:47.063 4508 6433 I CamX : +------------------------------------------------------------------+
07-13 16:25:47.063 4508 6433 I CamX : | Requests Range - lastInOrderCompletedRequestId: 47 currentRequest: 47
07-13 16:25:47.063 4508 6433 I CamX : [ INFO][CORE ] camxnode.cpp:8168 ClearDependencies() Clearing dependencies for Node: ZSLPreviewRawYUV_Sensor0 with lastCompletedRequestId 47 and m_tRequestId 1
07-13 16:25:47.063 4508 6433 I CamX : [ INFO][CORE ] camxnode.cpp:8168 ClearDependencies() Clearing dependencies for Node: ZSLPreviewRawYUV_Stats0 with lastCompletedRequestId 47 and m_tRequestId 1
07-13 16:25:47.063 4508 6433 I CamX : [ INFO][CORE ] camxnode.cpp:8191 ClearDependencies() Clearing inputPort - portIndex 922767717 portId 45 bufferDelta 3 parentNode ZSLPreviewRawYUV_Stats0 parentRequestId: 0
07-13 16:25:47.063 4508 6433 I CamX : [ INFO][CORE ] camxnode.cpp:8191 ClearDependencies() Clearing inputPort - portIndex 922767717 portId 46 bufferDelta 3 parentNode ZSLPreviewRawYUV_Stats0 parentRequestId: 0
07-13 16:25:47.063 4508 6433 I CamX : [ INFO][CORE ] camxnode.cpp:8191 ClearDependencies() Clearing inputPort - portIndex 922767717 portId 47 bufferDelta 3 parentNode ZSLPreviewRawYUV_Stats0 parentRequestId: 0
07-13 16:25:47.063 4508 6433 I CamX : [ INFO][CORE ] camxnode.cpp:8191 ClearDependencies() Clearing inputPort - portIndex 922767717 portId 45 bufferDelta 3 parentNode ZSLPreviewRawYUV_Stats0 parentRequestId: 2
07-13 16:25:47.063 4508 6433 I CamX : [ INFO][CORE ] camxnode.cpp:8191 ClearDependencies() Clearing inputPort - portIndex 922767717 portId 46 bufferDelta 3 parentNode ZSLPreviewRawYUV_Stats0 parentRequestId: 2
07-13 16:25:47.063 4508 6433 I CamX : [ INFO][CORE ] camxnode.cpp:8191 ClearDependencies() Clearing inputPort - portIndex 922767717 portId 47 bufferDelta 3 parentNode ZSLPreviewRawYUV_Stats0 parentRequestId: 2
07-13 16:25:47.063 4508 6433 I CamX : [ INFO][CORE ] camxnode.cpp:8191 ClearDependencies() Clearing inputPort - portIndex 922767717 portId 45 bufferDelta 3 parentNode ZSLPreviewRawYUV_Stats0 parentRequestId: 7
07-13 16:25:47.063 4508 6433 I CamX : [ INFO][CORE ] camxnode.cpp:8191 ClearDependencies() Clearing inputPort - portIndex 922767717 portId 46 bufferDelta 3 parentNode ZSLPreviewRawYUV_Stats0 parentRequestId: 7
07-13 16:25:47.063 4508 6433 I CamX : [ INFO][CORE ] camxnode.cpp:8191 ClearDependencies() Clearing inputPort - portIndex 922767717 portId 47 bufferDelta 3 parentNode ZSLPreviewRawYUV_Stats0 parentRequestId: 7
07-13 16:25:47.064 4508 6433 I CamX : [ INFO][CORE ] camxnode.cpp:8168 ClearDependencies() Clearing dependencies for Node: ZSLPreviewRawYUV_AWB0 with lastCompletedRequestId 47 and m_tRequestId 1
07-13 16:25:47.064 4508 6433 I CamX : [ INFO][CORE ] camxnode.cpp:8191 ClearDependencies() Clearing inputPort - portIndex 922767717 portId 45 bufferDelta 3 parentNode ZSLPreviewRawYUV_AWB0 parentRequestId: 1
07-13 16:25:47.064 4508 6433 I CamX : [ INFO][CORE ] camxnode.cpp:8191 ClearDependencies() Clearing inputPort - portIndex 922767717 portId 46 bufferDelta 3 parentNode ZSLPreviewRawYUV_AWB0 parentRequestId: 1
07-13 16:25:47.064 4508 6433 I CamX : [ INFO][CORE ] camxnode.cpp:8191 ClearDependencies() Clearing inputPort - portIndex 922767717 portId 47 bufferDelta 3 parentNode ZSLPreviewRawYUV_AWB0 parentRequestId: 1
07-13 16:25:47.064 4508 6433 I CamX : [ INFO][CORE ] camxnode.cpp:8168 ClearDependencies() Clearing dependencies for Node: ZSLPreviewRawYUV_FDExtManager0 with lastCompletedRequestId 47 and m_tRequestId 1
07-13 16:25:47.064 4508 6433 I CamX : [ INFO][CORE ] camxnode.cpp:8168 ClearDependencies() Clearing dependencies for Node: ZSLPreviewRawYUV_AutoFocus0 with lastCompletedRequestId 47 and m_tRequestId 1
07-13 16:25:47.064 4508 6433 I CamX : [ INFO][CORE ] camxnode.cpp:8191 ClearDependencies() Clearing inputPort - portIndex 922767717 portId 45 bufferDelta 3 parentNode ZSLPreviewRawYUV_AutoFocus0 parentRequestId: 12
07-13 16:25:47.064 4508 6433 I CamX : [ INFO][CORE ] camxnode.cpp:8191 ClearDependencies() Clearing inputPort - portIndex 922767717 portId 46 bufferDelta 3 parentNode ZSLPreviewRawYUV_AutoFocus0 parentRequestId: 12
07-13 16:25:47.064 4508 6433 I CamX : [ INFO][CORE ] camxnode.cpp:8191 ClearDependencies() Clearing inputPort - portIndex 922767717 portId 47 bufferDelta 3 parentNode ZSLPreviewRawYUV_AutoFocus0 parentRequestId: 12
07-13 16:25:47.064 4508 6433 I CamX : [ INFO][CORE ] camxnode.cpp:8191 ClearDependencies() Clearing inputPort - portIndex 922767717 portId 45 bufferDelta 3 parentNode ZSLPreviewRawYUV_AutoFocus0 parentRequestId: 10
07-13 16:25:47.064 4508 6433 I CamX : [ INFO][CORE ] camxnode.cpp:8191 ClearDependencies() Clearing inputPort - portIndex 922767717 portId 46 bufferDelta 3 parentNode ZSLPreviewRawYUV_AutoFocus0 parentRequestId: 10
07-13 16:25:47.064 4508 6433 I CamX : [ INFO][CORE ] camxnode.cpp:8191 ClearDependencies() Clearing inputPort - portIndex 922767717 portId 47 bufferDelta 3 parentNode ZSLPreviewRawYUV_AutoFocus0 parentRequestId: 10
07-13 16:25:47.064 4508 6433 I CamX : [ INFO][CORE ] camxnode.cpp:8191 ClearDependencies() Clearing inputPort - portIndex 922767717 portId 45 bufferDelta 3 parentNode ZSLPreviewRawYUV_AutoFocus0 parentRequestId: 4
07-13 16:25:47.064 4508 6433 I CamX : [ INFO][CORE ] camxnode.cpp:8191 ClearDependencies() Clearing inputPort - portIndex 922767717 portId 46 bufferDelta 3 parentNode ZSLPreviewRawYUV_AutoFocus0 parentRequestId: 4
07-13 16:25:47.064 4508 6433 I CamX : [ INFO][CORE ] camxnode.cpp:8191 ClearDependencies() Clearing inputPort - portIndex 922767717 portId 47 bufferDelta 3 parentNode ZSLPreviewRawYUV_AutoFocus0 parentRequestId: 4
07-13 16:25:47.064 4508 6433 I CamX : [ INFO][CORE ] camxnode.cpp:8191 ClearDependencies() Clearing inputPort - portIndex 922767717 portId 45 bufferDelta 3 parentNode ZSLPreviewRawYUV_AutoFocus0 parentRequestId: 8
07-13 16:25:47.064 4508 6433 I CamX : [ INFO][CORE ] camxnode.cpp:8191 ClearDependencies() Clearing inputPort - portIndex 922767717 portId 46 bufferDelta 3 parentNode ZSLPreviewRawYUV_AutoFocus0 parentRequestId: 8
07-13 16:25:47.064 4508 6433 I CamX : [ INFO][CORE ] camxnode.cpp:8191 ClearDependencies() Clearing inputPort - portIndex 922767717 portId 47 bufferDelta 3 parentNode ZSLPreviewRawYUV_AutoFocus0 parentRequestId: 8
07-13 16:25:47.064 4508 6433 I CamX : [ INFO][CORE ] camxnode.cpp:8168 ClearDependencies() Clearing dependencies for Node: ZSLPreviewRawYUV_IFE0 with lastCompletedRequestId 47 and m_tRequestId 1
07-13 16:25:47.064 4508 6433 I CamX : [ INFO][CORE ] camxnode.cpp:8168 ClearDependencies() Clearing dependencies for Node: ZSLPreviewRawYUV_IPE1 with lastCompletedRequestId 47 and m_tRequestId 1
07-13 16:25:47.064 4508 6433 I CamX : [ INFO][CORE ] camxnode.cpp:8168 ClearDependencies() Clearing dependencies for Node: ZSLPreviewRawYUV_LRME0 with lastCompletedRequestId 47 and m_tRequestId 1
07-13 16:25:47.064 4508 6433 I CamX : [ INFO][CORE ] camxnode.cpp:8191 ClearDependencies() Clearing inputPort - portIndex 922767717 portId 47 bufferDelta 1 parentNode ZSLPreviewRawYUV_LRME0 parentRequestId: 7
07-13 16:25:47.064 4508 6433 I CamX : [ INFO][CORE ] camxnode.cpp:8191 ClearDependencies() Clearing inputPort - portIndex 922767717 portId 47 bufferDelta 1 parentNode ZSLPreviewRawYUV_LRME0 parentRequestId: 8
07-13 16:25:47.064 4508 6433 I CamX : [ INFO][CORE ] camxnode.cpp:8168 ClearDependencies() Clearing dependencies for Node: ZSLPreviewRawYUV_RANSAC0 with lastCompletedRequestId 47 and m_tRequestId 1
07-13 16:25:47.064 4508 6433 I CamX : [ INFO][CORE ] camxnode.cpp:8168 ClearDependencies() Clearing dependencies for Node: ZSLPreviewRawYUV_StatsParse0 with lastCompletedRequestId 47 and m_tRequestId 1
07-13 16:25:47.064 4508 6433 I CamX : [ INFO][CORE ] camxnode.cpp:8191 ClearDependencies() Clearing inputPort - portIndex 922767717 portId 45 bufferDelta 3 parentNode ZSLPreviewRawYUV_StatsParse0 parentRequestId: 0
07-13 16:25:47.064 4508 6433 I CamX : [ INFO][CORE ] camxnode.cpp:8191 ClearDependencies() Clearing inputPort - portIndex 922767717 portId 46 bufferDelta 3 parentNode ZSLPreviewRawYUV_StatsParse0 parentRequestId: 0
07-13 16:25:47.064 4508 6433 I CamX : [ INFO][CORE ] camxnode.cpp:8191 ClearDependencies() Clearing inputPort - portIndex 922767717 portId 47 bufferDelta 3 parentNode ZSLPreviewRawYUV_StatsParse0 parentRequestId: 0
07-13 16:25:47.064 4508 6433 I CamX : [ INFO][CORE ] camxnode.cpp:8191 ClearDependencies() Clearing inputPort - portIndex 922767717 portId 45 bufferDelta 3 parentNode ZSLPreviewRawYUV_StatsParse0 parentRequestId: 9
07-13 16:25:47.064 4508 6433 I CamX : [ INFO][CORE ] camxnode.cpp:8191 ClearDependencies() Clearing inputPort - portIndex 922767717 portId 46 bufferDelta 3 parentNode ZSLPreviewRawYUV_StatsParse0 parentRequestId: 9
07-13 16:25:47.064 4508 6433 I CamX : [ INFO][CORE ] camxnode.cpp:8191 ClearDependencies() Clearing inputPort - portIndex 922767717 portId 47 bufferDelta 3 parentNode ZSLPreviewRawYUV_StatsParse0 parentRequestId: 9
07-13 16:25:47.064 4508 6433 I CamX : [ INFO][CORE ] camxnode.cpp:8191 ClearDependencies() Clearing inputPort - portIndex 922767717 portId 45 bufferDelta 3 parentNode ZSLPreviewRawYUV_StatsParse0 parentRequestId: 1
07-13 16:25:47.064 4508 6433 I CamX : [ INFO][CORE ] camxnode.cpp:8191 ClearDependencies() Clearing inputPort - portIndex 922767717 portId 46 bufferDelta 3 parentNode ZSLPreviewRawYUV_StatsParse0 parentRequestId: 1
07-13 16:25:47.064 4508 6433 I CamX : [ INFO][CORE ] camxnode.cpp:8191 ClearDependencies() Clearing inputPort - portIndex 922767717 portId 47 bufferDelta 3 parentNode ZSLPreviewRawYUV_StatsParse0 parentRequestId: 1
07-13 16:25:47.064 4508 6433 I CamX : [ INFO][CORE ] camxnode.cpp:8191 ClearDependencies() Clearing inputPort - portIndex 922767717 portId 45 bufferDelta 3 parentNode ZSLPreviewRawYUV_StatsParse0 parentRequestId: 2
07-13 16:25:47.064 4508 6433 I CamX : [ INFO][CORE ] camxnode.cpp:8191 ClearDependencies() Clearing inputPort - portIndex 922767717 portId 46 bufferDelta 3 parentNode ZSLPreviewRawYUV_StatsParse0 parentRequestId: 2
07-13 16:25:47.064 4508 6433 I CamX : [ INFO][CORE ] camxnode.cpp:8191 ClearDependencies() Clearing inputPort - portIndex 922767717 portId 47 bufferDelta 3 parentNode ZSLPreviewRawYUV_StatsParse0 parentRequestId: 2
07-13 16:25:47.064 4508 6433 I CamX : [ INFO][CORE ] camxnode.cpp:8191 ClearDependencies() Clearing inputPort - portIndex 922767717 portId 45 bufferDelta 3 parentNode ZSLPreviewRawYUV_StatsParse0 parentRequestId: 3
07-13 16:25:47.064 4508 6433 I CamX : [ INFO][CORE ] camxnode.cpp:8191 ClearDependencies() Clearing inputPort - portIndex 922767717 portId 46 bufferDelta 3 parentNode ZSLPreviewRawYUV_StatsParse0 parentRequestId: 3
07-13 16:25:47.064 4508 6433 I CamX : [ INFO][CORE ] camxnode.cpp:8191 ClearDependencies() Clearing inputPort - portIndex 922767717 portId 47 bufferDelta 3 parentNode ZSLPreviewRawYUV_StatsParse0 parentRequestId: 3
07-13 16:25:47.064 4508 6433 I CamX : [ INFO][CORE ] camxnode.cpp:8191 ClearDependencies() Clearing inputPort - portIndex 922767717 portId 45 bufferDelta 3 parentNode ZSLPreviewRawYUV_StatsParse0 parentRequestId: 7
07-13 16:25:47.064 4508 6433 I CamX : [ INFO][CORE ] camxnode.cpp:8191 ClearDependencies() Clearing inputPort - portIndex 922767717 portId 46 bufferDelta 3 parentNode ZSLPreviewRawYUV_StatsParse0 parentRequestId: 7
07-13 16:25:47.064 4508 6433 I CamX : [ INFO][CORE ] camxnode.cpp:8191 ClearDependencies() Clearing inputPort - portIndex 922767717 portId 47 bufferDelta 3 parentNode ZSLPreviewRawYUV_StatsParse0 parentRequestId: 7
07-13 16:25:47.064 4508 6433 E CamX : [ERROR][Assert ] camxmetadatapool.cpp:1043 GetMetabuffer(): NULL != m_pMetaBuffer
07-13 16:25:47.064 4508 6433 I CamX : [ INFO][CORE ] camxsession.cpp:282 Flush() Flush is done for session 0x74fbf73540
07-13 16:25:47.069 4508 10793 E CamX : [ERROR][NCS ] camxncsintfqsee.cpp:2320 FillSensorData() multi object detected! ignore index = 1.000000, distance 1337.000000
07-13 16:25:47.069 4508 10793 E CamX : [ERROR][NCS ] camxncsintfqsee.cpp:1985 SensorCallback() Unable to set fill data for sensor 6
07-13 16:25:47.078 7094 7209 D audio_hw_utils: audio_extn_utils_send_app_type_cfg: usecase->in_snd_device handset-stereo-dmic-ef
07-13 16:25:47.078 7094 7209 D msm8974_platform: platform_split_snd_device: snd_device(194) num devices(0) new_snd_devices(0)
07-13 16:25:47.078 7094 7209 D audio_hw_utils: audio_extn_btsco_get_sample_rate:Not a BT SCO device, need not update sampling rate
07-13 16:25:47.078 7094 7209 I audio_hw_utils: send_app_type_cfg_for_device CAPTURE app_type 69938, acdb_dev_id 34, sample_rate 48000, snd_device_be_idx 3
07-13 16:25:47.078 7094 7209 D msm8974_platform: platform_split_snd_device: snd_device(194) num devices(1) new_snd_devices(0)
07-13 16:25:47.078 7094 7209 D audio_hw_utils: audio_extn_btsco_get_sample_rate:Not a BT SCO device, need not update sampling rate
07-13 16:25:47.078 7094 7209 E ACDB-LOADER: ACDB -> Not correctly initialized!
07-13 16:25:47.078 7094 7209 D audio_hw_primary: enable_audio_route: apply mixer and update path: audio-record
07-13 16:25:47.078 7094 7209 D audio_route: Apply path: audio-record
07-13 16:25:47.079 7094 7209 E send_data_to_xlog: send_misound_data_to_xlog: Invalid sound device 0
07-13 16:25:47.079 7094 7209 D ultrasound_extn: ultrasound_select_devices_post: enter: engine_suspended: 0
07-13 16:25:47.079 7094 7209 D ultrasound_extn: dump_usecase_list: start ======================================
07-13 16:25:47.079 7094 7209 D ultrasound_extn: dump_usecase_list: enter sensor_activated:0 hw_port_enabled:0 suspended:0
07-13 16:25:47.079 7094 7209 D ultrasound_extn: dump_usecase_list: select_devices_post usecase[#0]:(20, audio-record) in_dev:(194, handset-stereo-dmic-ef) out_dv:(0, )
07-13 16:25:47.080 7094 7209 D ultrasound_extn: dump_usecase_list: RX_CDC_DMA_RX_0 SampleRate KHZ_96
07-13 16:25:47.080 7094 7209 D ultrasound_extn: dump_usecase_list: RX_CDC_DMA_RX_0 Format S16_LE
07-13 16:25:47.081 7094 7209 D ultrasound_extn: dump_usecase_list: RX_CDC_DMA_RX_0 Channels One
07-13 16:25:47.082 7094 7209 D ultrasound_extn: dump_usecase_list: RX_CDC_DMA_RX_1 SampleRate KHZ_96
07-13 16:25:47.082 7094 7209 D ultrasound_extn: dump_usecase_list: RX_CDC_DMA_RX_1 Format S16_LE
07-13 16:25:47.082 7094 7209 D ultrasound_extn: dump_usecase_list: RX_CDC_DMA_RX_1 Channels One
07-13 16:25:47.082 7094 7209 D ultrasound_extn: dump_usecase_list: end ======================================
07-13 16:25:47.082 7094 7209 D audio_hw_primary: select_devices: done
07-13 16:25:47.092 5291 10773 E OMX-VENC: venc_dev: async_venc_message_thread interrupted to be exited
07-13 16:25:47.093 5291 9152 I OMX-VENC: Component Deinit
07-13 16:25:47.102 4508 10793 E CamX : [ERROR][NCS ] camxncsintfqsee.cpp:2320 FillSensorData() multi object detected! ignore index = 1.000000, distance 1336.000000
07-13 16:25:47.102 4508 10793 E CamX : [ERROR][NCS ] camxncsintfqsee.cpp:1985 SensorCallback() Unable to set fill data for sensor 6
07-13 16:25:47.103 7094 7209 D audio_hw_primary: check_and_set_karaok_parameters: is karaok rx device 0, is karaok tx device 0
07-13 16:25:47.104 7094 7209 D audio_hw_primary: check_and_set_karaok_parameters: is karaok rx device 0, is karaok tx device 0
07-13 16:25:47.104 7094 7209 D audio_hw_primary: start_input_stream: exit
07-13 16:25:47.117 4508 6433 I CamX : [ INFO][CORE ] camxpipeline.h:1791 SetPipelineStatus() ZSLPreviewRawYUV_0 status is now PipelineStatus::STREAM_OFF
07-13 16:25:47.117 4508 6433 I CamX : [ INFO][CORE ] camxpipeline.h:1791 SetPipelineStatus() ZSLPreviewRawYUV_0 status is now PipelineStatus::RESOURCES_RELEASED
07-13 16:25:47.118 4508 6433 I CamX : [ INFO][CORE ] camxsession.cpp:512 Destroy() ZSLPreviewRawYUV: CSLClose(0x170200)
07-13 16:25:47.121 4508 6433 I CamX : [ INFO][CORE ] camxpipeline.cpp:1786 DestroyNodes() PipelineNmae: ZSLPreviewRawYUV, Post Job Node Sensor thread:start Destroy
07-13 16:25:47.121 4508 6405 I CamX : [ INFO][CORE ] camxsensornode.cpp:6098 SensorThreadJobCallback() Destory Sensor Node:pipeline ZSLPreviewRawYUV camera ID 0
07-13 16:25:47.123 4508 6433 E CamX : [ERROR][STATS ] camxcawbstatsprocessor.cpp:987 ~CAWBStatsProcessor() cameraId = 0, gain r/g/b = (2.020853 1.000000 1.601703), cct = 5834.000000, curDecisionTC(0.504387,0.601741)
07-13 16:25:47.131 4508 10793 E CamX : [ERROR][NCS ] camxncsintfqsee.cpp:2320 FillSensorData() multi object detected! ignore index = 1.000000, distance 1263.000000
07-13 16:25:47.131 4508 10793 E CamX : [ERROR][NCS ] camxncsintfqsee.cpp:1985 SensorCallback() Unable to set fill data for sensor 6
07-13 16:25:47.162 7094 7094 D audio_hw_primary: out_set_parameters: enter: usecase(1: low-latency-playback) kvpairs: routing=2;
07-13 16:25:47.162 7094 7094 D audio_hw_extn: audio_extn_fm_set_parameters: Enter
07-13 16:25:47.162 7094 7094 E soundtrigger: audio_extn_sound_trigger_set_parameters: str_params NULL
07-13 16:25:47.163 7094 7094 D audio_hw_hfp: hfp_set_parameters: enter
07-13 16:25:47.163 7094 7094 D audio_hw_primary: out_set_parameters: enter: usecase(0: deep-buffer-playback) kvpairs: routing=2;
07-13 16:25:47.163 7094 7094 D audio_hw_primary: check_and_set_karaok_parameters: is karaok rx device 0, is karaok tx device 0
07-13 16:25:47.185 4508 6433 I CamX : [ INFO][CORE ] camxpipeline.cpp:1805 DestroyNodes() Destroy Sensor Other Resources
07-13 16:25:47.186 4508 6433 I CamX : [ INFO][CORE ] camxpipeline.cpp:85 ~Pipeline() ZSLPreviewRawYUV_0: CSLClose(0x170200)
07-13 16:25:47.186 4508 6433 E CamX : [ERROR][CSL ] camxcslhw.cpp:297 CSLCloseHW() Dump any orphaned and acquired devices after close CSLHandle=1507840
07-13 16:25:47.186 4508 6433 I CHIUSECASE: [INFO ] chxfeaturezsl.cpp:112 Destroy() FeatureZSL::Destroy() isForced 0
07-13 16:25:47.186 4508 6433 I CHIUSECASE: [INFO ] chxmetadata.cpp:962 ~AndroidMetadataHolder() Destroy FWO 0x750c192560 entry_cap 2 data_cap 16
07-13 16:25:47.186 4508 6433 I CHIUSECASE: [INFO ] chxmetadata.cpp:962 ~AndroidMetadataHolder() Destroy FWO 0x750c192500 entry_cap 2 data_cap 16
07-13 16:25:47.186 4508 6433 I CHIUSECASE: [INFO ] chxmetadata.cpp:962 ~AndroidMetadataHolder() Destroy FWO 0x750c1924a0 entry_cap 2 data_cap 16
07-13 16:25:47.186 4508 6433 I CHIUSECASE: [INFO ] chxmetadata.cpp:962 ~AndroidMetadataHolder() Destroy FWO 0x750c192440 entry_cap 2 data_cap 16
07-13 16:25:47.186 4508 6433 I CHIUSECASE: [INFO ] chxmetadata.cpp:962 ~AndroidMetadataHolder() Destroy FWO 0x750c1923e0 entry_cap 2 data_cap 16
07-13 16:25:47.186 4508 6433 I CHIUSECASE: [INFO ] chxmetadata.cpp:962 ~AndroidMetadataHolder() Destroy FWO 0x750c192320 entry_cap 2 data_cap 16
07-13 16:25:47.186 4508 6433 I CHIUSECASE: [INFO ] chxmetadata.cpp:962 ~AndroidMetadataHolder() Destroy FWO 0x750c1922c0 entry_cap 2 data_cap 16
07-13 16:25:47.186 4508 6433 I CHIUSECASE: [INFO ] chxmetadata.cpp:962 ~AndroidMetadataHolder() Destroy FWO 0x750c1930a0 entry_cap 2 data_cap 16
07-13 16:25:47.186 4508 6433 I CHIUSECASE: [INFO ] chxmetadata.cpp:962 ~AndroidMetadataHolder() Destroy FWO 0x74fb869dc0 entry_cap 256 data_cap 262144
07-13 16:25:47.186 4508 6433 I CHIUSECASE: [INFO ] chxmetadata.cpp:962 ~AndroidMetadataHolder() Destroy FWO 0x74fb818e80 entry_cap 256 data_cap 262144
07-13 16:25:47.186 4508 6433 I CHIUSECASE: [INFO ] chxmetadata.cpp:962 ~AndroidMetadataHolder() Destroy FWO 0x74fb7c7d40 entry_cap 256 data_cap 262144
07-13 16:25:47.186 4508 6433 I CHIUSECASE: [INFO ] chxmetadata.cpp:962 ~AndroidMetadataHolder() Destroy FWO 0x74fb776f00 entry_cap 256 data_cap 262144
07-13 16:25:47.186 4508 6433 I CHIUSECASE: [INFO ] chxmetadata.cpp:962 ~AndroidMetadataHolder() Destroy FWO 0x74fb7257c0 entry_cap 256 data_cap 262144
07-13 16:25:47.186 4508 6433 I CHIUSECASE: [INFO ] chxmetadata.cpp:962 ~AndroidMetadataHolder() Destroy FWO 0x74fb6d49c0 entry_cap 256 data_cap 262144
07-13 16:25:47.186 4508 6433 I CHIUSECASE: [INFO ] chxmetadata.cpp:962 ~AndroidMetadataHolder() Destroy FWO 0x74fb683c40 entry_cap 256 data_cap 262144
07-13 16:25:47.186 4508 6433 I CHIUSECASE: [INFO ] chxmetadata.cpp:962 ~AndroidMetadataHolder() Destroy FWO 0x74fb632080 entry_cap 256 data_cap 262144
07-13 16:25:47.186 4508 6433 I CHIUSECASE: [VERBOSE] chxmetadata.cpp:856 ReleaseBuffers() [CMB_DEBUG] Release buffers for client 0x750c0d1178 type 0 size 0
07-13 16:25:47.186 4508 6433 I CHIUSECASE: [VERBOSE] chxmetadata.cpp:856 ReleaseBuffers() [CMB_DEBUG] Release buffers for client 0x750c0d0fe8 type 0 size 0
07-13 16:25:47.186 4508 6433 I CHIUSECASE: [VERBOSE] chxmetadata.cpp:856 ReleaseBuffers() [CMB_DEBUG] Release buffers for client 0x750c0d0e58 type 0 size 0
07-13 16:25:47.186 4508 6433 I CHIUSECASE: [VERBOSE] chxmetadata.cpp:856 ReleaseBuffers() [CMB_DEBUG] Release buffers for client 0x750c0d0cc8 type 0 size 0
07-13 16:25:47.186 4508 6433 I CHIUSECASE: [VERBOSE] chxmetadata.cpp:856 ReleaseBuffers() [CMB_DEBUG] Release buffers for client 0x750c0d0b38 type 0 size 0
07-13 16:25:47.186 4508 6433 I CHIUSECASE: [VERBOSE] chxmetadata.cpp:856 ReleaseBuffers() [CMB_DEBUG] Release buffers for client 0x750c0d09a8 type 0 size 0
07-13 16:25:47.186 4508 6433 I CHIUSECASE: [VERBOSE] chxmetadata.cpp:856 ReleaseBuffers() [CMB_DEBUG] Release buffers for client 0x750c0d0818 type 0 size 0
07-13 16:25:47.186 4508 6433 I CHIUSECASE: [VERBOSE] chxmetadata.cpp:856 ReleaseBuffers() [CMB_DEBUG] Release buffers for client 0x750c0d0688 type 0 size 0
07-13 16:25:47.186 4508 6433 I CHIUSECASE: [VERBOSE] chxmetadata.cpp:856 ReleaseBuffers() [CMB_DEBUG] Release buffers for client 0x750c0d04f8 type 0 size 0
07-13 16:25:47.186 4508 6433 I CHIUSECASE: [VERBOSE] chxmetadata.cpp:856 ReleaseBuffers() [CMB_DEBUG] Release buffers for client 0x750c0d0368 type 0 size 0
07-13 16:25:47.186 4508 6433 I CHIUSECASE: [VERBOSE] chxmetadata.cpp:856 ReleaseBuffers() [CMB_DEBUG] Release buffers for client 0x750c0d01d8 type 0 size 0
07-13 16:25:47.186 4508 6433 I CHIUSECASE: [VERBOSE] chxmetadata.cpp:856 ReleaseBuffers() [CMB_DEBUG] Release buffers for client 0x750c0d0048 type 0 size 0
07-13 16:25:47.186 4508 6433 I CHIUSECASE: [VERBOSE] chxmetadata.cpp:856 ReleaseBuffers() [CMB_DEBUG] Release buffers for client 0x750c0cfeb8 type 0 size 0
07-13 16:25:47.186 4508 6433 I CHIUSECASE: [VERBOSE] chxmetadata.cpp:856 ReleaseBuffers() [CMB_DEBUG] Release buffers for client 0x750c0cfd28 type 0 size 0
07-13 16:25:47.186 4508 6433 I CHIUSECASE: [VERBOSE] chxmetadata.cpp:856 ReleaseBuffers() [CMB_DEBUG] Release buffers for client 0x750c0cfb98 type 0 size 0
07-13 16:25:47.186 4508 6433 I CHIUSECASE: [VERBOSE] chxmetadata.cpp:856 ReleaseBuffers() [CMB_DEBUG] Release buffers for client 0x750c0cfa08 type 0 size 0
07-13 16:25:47.186 4508 6433 I CHIUSECASE: [VERBOSE] chxmetadata.cpp:856 ReleaseBuffers() [CMB_DEBUG] Release buffers for client 0x750c0cf878 type 0 size 0
07-13 16:25:47.186 4508 6433 I CHIUSECASE: [VERBOSE] chxmetadata.cpp:856 ReleaseBuffers() [CMB_DEBUG] Release buffers for client 0x750c0cf6e8 type 0 size 0
07-13 16:25:47.186 4508 6433 I CHIUSECASE: [VERBOSE] chxmetadata.cpp:856 ReleaseBuffers() [CMB_DEBUG] Release buffers for client 0x750c0cf558 type 0 size 0
07-13 16:25:47.186 4508 6433 I CHIUSECASE: [VERBOSE] chxmetadata.cpp:856 ReleaseBuffers() [CMB_DEBUG] Release buffers for client 0x750c0cf3c8 type 0 size 0
07-13 16:25:47.186 4508 6433 I CHIUSECASE: [VERBOSE] chxmetadata.cpp:856 ReleaseBuffers() [CMB_DEBUG] Release buffers for client 0x750c0cf238 type 0 size 0
07-13 16:25:47.186 4508 6433 I CHIUSECASE: [VERBOSE] chxmetadata.cpp:856 ReleaseBuffers() [CMB_DEBUG] Release buffers for client 0x750c0cf0a8 type 0 size 0
07-13 16:25:47.186 4508 6433 I CHIUSECASE: [VERBOSE] chxmetadata.cpp:856 ReleaseBuffers() [CMB_DEBUG] Release buffers for client 0x750c0cef18 type 0 size 0
07-13 16:25:47.186 4508 6433 I CHIUSECASE: [VERBOSE] chxmetadata.cpp:856 ReleaseBuffers() [CMB_DEBUG] Release buffers for client 0x750c0ced88 type 0 size 0
07-13 16:25:47.186 4508 6433 I CHIUSECASE: [VERBOSE] chxmetadata.cpp:856 ReleaseBuffers() [CMB_DEBUG] Release buffers for client 0x750c0cebf8 type 0 size 0
07-13 16:25:47.186 4508 6433 I CHIUSECASE: [VERBOSE] chxmetadata.cpp:856 ReleaseBuffers() [CMB_DEBUG] Release buffers for client 0x750c0cea68 type 0 size 0
07-13 16:25:47.186 4508 6433 I CHIUSECASE: [VERBOSE] chxmetadata.cpp:856 ReleaseBuffers() [CMB_DEBUG] Release buffers for client 0x750c0ce8d8 type 0 size 0
07-13 16:25:47.186 4508 6433 I CHIUSECASE: [VERBOSE] chxmetadata.cpp:856 ReleaseBuffers() [CMB_DEBUG] Release buffers for client 0x750c0ce748 type 0 size 0
07-13 16:25:47.186 4508 6433 I CHIUSECASE: [VERBOSE] chxmetadata.cpp:856 ReleaseBuffers() [CMB_DEBUG] Release buffers for client 0x750c0ce5b8 type 0 size 0
07-13 16:25:47.186 4508 6433 I CHIUSECASE: [VERBOSE] chxmetadata.cpp:856 ReleaseBuffers() [CMB_DEBUG] Release buffers for client 0x750c0ce428 type 0 size 0
07-13 16:25:47.186 4508 6433 I CHIUSECASE: [VERBOSE] chxmetadata.cpp:856 ReleaseBuffers() [CMB_DEBUG] Release buffers for client 0x750c0ce298 type 0 size 0
07-13 16:25:47.186 4508 6433 I CHIUSECASE: [VERBOSE] chxmetadata.cpp:856 ReleaseBuffers() [CMB_DEBUG] Release buffers for client 0x750c0ce108 type 0 size 0
07-13 16:25:47.186 4508 6433 I CHIUSECASE: [VERBOSE] chxmetadata.cpp:856 ReleaseBuffers() [CMB_DEBUG] Release buffers for client 0x750c0cdf78 type 0 size 0
07-13 16:25:47.186 4508 6433 I CHIUSECASE: [VERBOSE] chxmetadata.cpp:856 ReleaseBuffers() [CMB_DEBUG] Release buffers for client 0x750c0cdde8 type 0 size 0
07-13 16:25:47.186 4508 6433 I CHIUSECASE: [VERBOSE] chxmetadata.cpp:856 ReleaseBuffers() [CMB_DEBUG] Release buffers for client 0x750c0cdc58 type 0 size 0
07-13 16:25:47.186 4508 6433 I CHIUSECASE: [VERBOSE] chxmetadata.cpp:856 ReleaseBuffers() [CMB_DEBUG] Release buffers for client 0x750c0cdac8 type 0 size 0
07-13 16:25:47.186 4508 6433 I CHIUSECASE: [VERBOSE] chxmetadata.cpp:856 ReleaseBuffers() [CMB_DEBUG] Release buffers for client 0x750c0cd938 type 0 size 0
07-13 16:25:47.186 4508 6433 I CHIUSECASE: [VERBOSE] chxmetadata.cpp:856 ReleaseBuffers() [CMB_DEBUG] Release buffers for client 0x750c0cd7a8 type 0 size 0
07-13 16:25:47.186 4508 6433 I CHIUSECASE: [VERBOSE] chxmetadata.cpp:856 ReleaseBuffers() [CMB_DEBUG] Release buffers for client 0x750c0cd618 type 0 size 0
07-13 16:25:47.186 4508 6433 I CHIUSECASE: [VERBOSE] chxmetadata.cpp:856 ReleaseBuffers() [CMB_DEBUG] Release buffers for client 0x750c0cd488 type 0 size 0
07-13 16:25:47.186 4508 6433 I CHIUSECASE: [VERBOSE] chxmetadata.cpp:856 ReleaseBuffers() [CMB_DEBUG] Release buffers for client 0x750c0cd2f8 type 0 size 0
07-13 16:25:47.186 4508 6433 I CHIUSECASE: [VERBOSE] chxmetadata.cpp:856 ReleaseBuffers() [CMB_DEBUG] Release buffers for client 0x750c0cd168 type 0 size 0
07-13 16:25:47.186 4508 6433 I CHIUSECASE: [VERBOSE] chxmetadata.cpp:856 ReleaseBuffers() [CMB_DEBUG] Release buffers for client 0x750c0ccfd8 type 0 size 0
07-13 16:25:47.186 4508 6433 I CHIUSECASE: [VERBOSE] chxmetadata.cpp:856 ReleaseBuffers() [CMB_DEBUG] Release buffers for client 0x750c0cce48 type 0 size 0
07-13 16:25:47.186 4508 6433 I CHIUSECASE: [VERBOSE] chxmetadata.cpp:856 ReleaseBuffers() [CMB_DEBUG] Release buffers for client 0x750c0cccb8 type 0 size 0
07-13 16:25:47.187 4508 6433 I CHIUSECASE: [VERBOSE] chxmetadata.cpp:856 ReleaseBuffers() [CMB_DEBUG] Release buffers for client 0x750c0ccb28 type 0 size 0
07-13 16:25:47.187 4508 6433 I CHIUSECASE: [VERBOSE] chxmetadata.cpp:856 ReleaseBuffers() [CMB_DEBUG] Release buffers for client 0x750c0cc998 type 0 size 0
07-13 16:25:47.187 4508 6433 I CHIUSECASE: [VERBOSE] chxmetadata.cpp:856 ReleaseBuffers() [CMB_DEBUG] Release buffers for client 0x750c0cc808 type 0 size 0
07-13 16:25:47.187 4508 6433 I CHIUSECASE: [VERBOSE] chxmetadata.cpp:856 ReleaseBuffers() [CMB_DEBUG] Release buffers for client 0x750c0cc678 type 0 size 0
07-13 16:25:47.187 4508 6433 I CHIUSECASE: [VERBOSE] chxmetadata.cpp:856 ReleaseBuffers() [CMB_DEBUG] Release buffers for client 0x750c0cc4e8 type 0 size 0
07-13 16:25:47.187 4508 6433 I CHIUSECASE: [VERBOSE] chxmetadata.cpp:856 ReleaseBuffers() [CMB_DEBUG] Release buffers for client 0x750c0cc358 type 0 size 0
07-13 16:25:47.187 4508 6433 I CHIUSECASE: [VERBOSE] chxmetadata.cpp:856 ReleaseBuffers() [CMB_DEBUG] Release buffers for client 0x750c0cc1c8 type 0 size 0
07-13 16:25:47.187 4508 6433 I CHIUSECASE: [VERBOSE] chxmetadata.cpp:856 ReleaseBuffers() [CMB_DEBUG] Release buffers for client 0x750c0cc038 type 0 size 0
07-13 16:25:47.187 4508 6433 I CHIUSECASE: [VERBOSE] chxmetadata.cpp:856 ReleaseBuffers() [CMB_DEBUG] Release buffers for client 0x750c0cbea8 type 0 size 0
07-13 16:25:47.187 4508 6433 I CHIUSECASE: [VERBOSE] chxmetadata.cpp:856 ReleaseBuffers() [CMB_DEBUG] Release buffers for client 0x750c0cbd18 type 0 size 0
07-13 16:25:47.187 4508 6433 I CHIUSECASE: [VERBOSE] chxmetadata.cpp:856 ReleaseBuffers() [CMB_DEBUG] Release buffers for client 0x750c0cbb88 type 0 size 0
07-13 16:25:47.187 4508 6433 I CHIUSECASE: [VERBOSE] chxmetadata.cpp:856 ReleaseBuffers() [CMB_DEBUG] Release buffers for client 0x750c0cb9f8 type 0 size 0
07-13 16:25:47.187 4508 6433 I CHIUSECASE: [VERBOSE] chxmetadata.cpp:856 ReleaseBuffers() [CMB_DEBUG] Release buffers for client 0x750c0cb868 type 0 size 0
07-13 16:25:47.187 4508 6433 I CHIUSECASE: [VERBOSE] chxmetadata.cpp:856 ReleaseBuffers() [CMB_DEBUG] Release buffers for client 0x750c0cb6d8 type 0 size 0
07-13 16:25:47.187 4508 6433 I CHIUSECASE: [VERBOSE] chxmetadata.cpp:856 ReleaseBuffers() [CMB_DEBUG] Release buffers for client 0x750c0cb548 type 0 size 0
07-13 16:25:47.187 4508 6433 I CHIUSECASE: [VERBOSE] chxmetadata.cpp:856 ReleaseBuffers() [CMB_DEBUG] Release buffers for client 0x750c0cb3b8 type 2 size 29
07-13 16:25:47.188 4508 6433 I CHIUSECASE: [VERBOSE] chxmetadata.cpp:856 ReleaseBuffers() [CMB_DEBUG] Release buffers for client 0x750c0cb228 type 3 size 6
07-13 16:25:47.188 4508 6433 I CHIUSECASE: [VERBOSE] chxmetadata.cpp:856 ReleaseBuffers() [CMB_DEBUG] Release buffers for client 0x750c0cb098 type 0 size 16
07-13 16:25:47.188 4508 6433 I CHIUSECASE: [VERBOSE] chxmetadata.cpp:856 ReleaseBuffers() [CMB_DEBUG] Release buffers for client 0x750c0caf08 type 1 size 29
07-13 16:25:47.189 4508 6433 I CHIUSECASE: [INFO ] chxextensionmodule.cpp:2794 TeardownOverrideUsecase() [X]
07-13 16:25:47.189 4508 6433 D CHIUSECASE: [FULL ] chxextensionmodule.cpp:2722 TeardownOverrideSession() Free up stream config memory
07-13 16:25:47.189 4508 6433 I CHIUSECASE: [INFO ] chxperf.cpp:782 ReleasePerfLock() Release perflock type: 13
07-13 16:25:47.189 4508 6433 I CHIUSECASE: [INFO ] chxperf.cpp:1073 ReleasePerfLock() Perflock already released or not acquired
07-13 16:25:47.189 4508 6433 I CHIUSECASE: [INFO ] chxperf.cpp:782 ReleasePerfLock() Release perflock type: 8
07-13 16:25:47.189 4508 6433 I CHIUSECASE: [INFO ] chxperf.cpp:1073 ReleasePerfLock() Perflock already released or not acquired
07-13 16:25:47.189 4508 6433 I CHIUSECASE: [INFO ] chxperf.cpp:782 ReleasePerfLock() Release perflock type: 0
07-13 16:25:47.189 4508 6433 I CHIUSECASE: [INFO ] chxperf.cpp:1073 ReleasePerfLock() Perflock already released or not acquired
07-13 16:25:47.189 4508 6433 I CHIUSECASE: [INFO ] chxperf.cpp:782 ReleasePerfLock() Release perflock type: 9
07-13 16:25:47.189 4508 6433 I CHIUSECASE: [INFO ] chxperf.cpp:1073 ReleasePerfLock() Perflock already released or not acquired
07-13 16:25:47.189 4508 6433 I CHIUSECASE: [INFO ] chxperf.cpp:782 ReleasePerfLock() Release perflock type: 10
07-13 16:25:47.189 4508 6433 I CHIUSECASE: [INFO ] chxperf.cpp:1073 ReleasePerfLock() Perflock already released or not acquired
07-13 16:25:47.189 4508 6433 I CHIUSECASE: [INFO ] chxperf.cpp:782 ReleasePerfLock() Release perflock type: 11
07-13 16:25:47.189 4508 6433 I CHIUSECASE: [INFO ] chxperf.cpp:1073 ReleasePerfLock() Perflock already released or not acquired
07-13 16:25:47.189 4508 6433 I CHIUSECASE: [INFO ] chxperf.cpp:782 ReleasePerfLock() Release perflock type: 12
07-13 16:25:47.189 4508 6433 I CHIUSECASE: [INFO ] chxperf.cpp:1073 ReleasePerfLock() Perflock already released or not acquired
07-13 16:25:47.189 4508 6433 I CHIUSECASE: [INFO ] chxperf.cpp:782 ReleasePerfLock() Release perflock type: 13
07-13 16:25:47.189 4508 6433 I CHIUSECASE: [INFO ] chxperf.cpp:1073 ReleasePerfLock() Perflock already released or not acquired
07-13 16:25:47.189 4508 6433 I CHIUSECASE: [INFO ] chxperf.cpp:782 ReleasePerfLock() Release perflock type: 14
07-13 16:25:47.189 4508 6433 I CHIUSECASE: [INFO ] chxperf.cpp:1073 ReleasePerfLock() Perflock already released or not acquired
07-13 16:25:47.189 4508 6433 I CHIUSECASE: [INFO ] chxperf.cpp:782 ReleasePerfLock() Release perflock type: 15
07-13 16:25:47.189 4508 6433 I CHIUSECASE: [INFO ] chxperf.cpp:1073 ReleasePerfLock() Perflock already released or not acquired
07-13 16:25:47.189 4508 6433 I CHIUSECASE: [INFO ] chxperf.cpp:782 ReleasePerfLock() Release perflock type: 16
07-13 16:25:47.189 4508 6433 I CHIUSECASE: [INFO ] chxperf.cpp:1073 ReleasePerfLock() Perflock already released or not acquired
07-13 16:25:47.189 4508 6433 I CHIUSECASE: [INFO ] chxperf.cpp:782 ReleasePerfLock() Release perflock type: 17
07-13 16:25:47.189 4508 6433 I CHIUSECASE: [INFO ] chxperf.cpp:1073 ReleasePerfLock() Perflock already released or not acquired
07-13 16:25:47.189 4508 6433 I CHIUSECASE: [INFO ] chxperf.cpp:782 ReleasePerfLock() Release perflock type: 18
07-13 16:25:47.189 4508 6433 I CHIUSECASE: [INFO ] chxperf.cpp:1073 ReleasePerfLock() Perflock already released or not acquired
07-13 16:25:47.189 4508 6433 I CHIUSECASE: [INFO ] chxextensionmodule.cpp:1213 GetCameraIdIndex() AppId => LogicalId:0 => 0
07-13 16:25:47.189 4508 6433 D CHIUSECASE: [DEBUG ] chxxiaomiextensionmodule.cpp:414 RemapCameraId() RemapCameraId: frameworkCameraId 0, mode 1, logicalCameraId 0
07-13 16:25:47.189 4508 6433 I CamX : [ INFO][HAL ] camxhal3module.cpp:405 SetTorchModeInternal() Torch notify state is (inReleaseMode = 1, dropCallbacks = 0)
07-13 16:25:47.189 4881 6593 I CameraProviderManager: Camera device device@3.5/legacy/0 torch status is now AVAILABLE_OFF
07-13 16:25:47.189 4881 6593 I CameraService: onTorchStatusChangedLocked: Torch status changed for cameraId=0, newStatus=1
07-13 16:25:47.190 4508 6433 I CamX : [ INFO][HAL ] camxhal3module.cpp:405 SetTorchModeInternal() Torch notify state is (inReleaseMode = 1, dropCallbacks = 0)
07-13 16:25:47.190 4881 6593 I CameraProviderManager: Camera device device@3.5/legacy/1 torch status is now AVAILABLE_OFF
07-13 16:25:47.190 4881 6593 I CameraService: onTorchStatusChangedLocked: Torch status changed for cameraId=1, newStatus=1
07-13 16:25:47.190 4881 6593 E CameraService: onTorchStatusChangedLocked: cannot get torch status of camera 1: No such file or directory (-2)
07-13 16:25:47.190 4508 6433 I CamX : [ INFO][HAL ] camxhal3module.cpp:405 SetTorchModeInternal() Torch notify state is (inReleaseMode = 1, dropCallbacks = 0)
07-13 16:25:47.190 4508 6433 I CamX : [ INFO][HAL ] camxhal3module.cpp:405 SetTorchModeInternal() Torch notify state is (inReleaseMode = 1, dropCallbacks = 0)
07-13 16:25:47.190 4508 6433 I CHIUSECASE: [INFO ] chxextensionmodule.cpp:1213 GetCameraIdIndex() AppId => LogicalId:0 => 0
07-13 16:25:47.190 4508 6433 I CHIUSECASE: [INFO ] chxextensionmodule.cpp:1213 GetCameraIdIndex() AppId => LogicalId:0 => 0
07-13 16:25:47.190 4508 6433 I CHIUSECASE: [INFO ] chxextensionmodule.cpp:1213 GetCameraIdIndex() AppId => LogicalId:100 => -1
07-13 16:25:47.190 4508 6433 D CHIUSECASE: [DEBUG ] chxxiaomiextensionmodule.cpp:414 RemapCameraId() RemapCameraId: frameworkCameraId 100, mode 0, logicalCameraId 12
07-13 16:25:47.190 4508 6433 I CHIUSECASE: [INFO ] chxextensionmodule.cpp:1213 GetCameraIdIndex() AppId => LogicalId:101 => -1
07-13 16:25:47.190 4508 6433 D CHIUSECASE: [DEBUG ] chxxiaomiextensionmodule.cpp:414 RemapCameraId() RemapCameraId: frameworkCameraId 101, mode 0, logicalCameraId 13
07-13 16:25:47.190 4508 6433 I CHIUSECASE: [INFO ] chxextensionmodule.cpp:1213 GetCameraIdIndex() AppId => LogicalId:102 => -1
07-13 16:25:47.190 4508 6433 D CHIUSECASE: [DEBUG ] chxxiaomiextensionmodule.cpp:414 RemapCameraId() RemapCameraId: frameworkCameraId 102, mode 0, logicalCameraId 14
07-13 16:25:47.190 4508 6433 E CamX : [ERROR][SENSOR ] camxsensornode.cpp:265 ReleaseOneSubDevice() CameraID=0 Subdevice=0 refCount already 0!
07-13 16:25:47.190 4508 6433 E CamX : [ERROR][SENSOR ] camxsensornode.cpp:265 ReleaseOneSubDevice() CameraID=0 Subdevice=1 refCount already 0!
07-13 16:25:47.190 4508 6433 E CamX : [ERROR][SENSOR ] camxsensornode.cpp:265 ReleaseOneSubDevice() CameraID=0 Subdevice=2 refCount already 0!
07-13 16:25:47.190 4508 6433 E CamX : [ERROR][SENSOR ] camxsensornode.cpp:265 ReleaseOneSubDevice() CameraID=0 Subdevice=3 refCount already 0!
07-13 16:25:47.190 4508 6433 E CamX : [ERROR][SENSOR ] camxsensornode.cpp:265 ReleaseOneSubDevice() CameraID=0 Subdevice=4 refCount already 0!
07-13 16:25:47.190 4508 6433 E CamX : [ERROR][SENSOR ] camxsensornode.cpp:265 ReleaseOneSubDevice() CameraID=0 Subdevice=5 refCount already 0!
07-13 16:25:47.192 4881 6593 I Camera3-Device: disconnectImpl: X
07-13 16:25:47.192 3559 3559 I hwservicemanager: getTransport: Cannot find entry vendor.lineage.camera.motor@1.0::ICameraMotor/default in either framework or device manifest.
07-13 16:25:47.193 4881 6593 I CameraService: disconnect: Disconnected client for camera 0 for PID 10333
07-13 16:25:47.193 4881 6593 I Camera2Client: Camera 0: Closed
07-13 16:25:47.194 4881 6593 I Camera3-Device: disconnectImpl: E
07-13 16:25:47.194 4881 6593 I Camera2ClientBase: Closed Camera 0. Client was: droidmedia (PID 10333, UID 100000)
07-13 16:25:47.194 4881 6593 I Camera3-Device: disconnectImpl: E
07-13 16:25:47.195 4881 6593 E CameraService: binderDied: Java client's binder died, removing it from the list of active clients
07-13 16:25:47.207 4814 7279 D libsensor-B2SNotifier: Backlight2SlpiNotifier brightness = 531
07-13 16:25:47.223 4814 7279 D libsensor-B2SNotifier: Backlight2SlpiNotifier brightness = 530
07-13 16:25:47.240 4814 7279 D libsensor-B2SNotifier: Backlight2SlpiNotifier brightness = 529
07-13 16:25:47.256 4814 7279 D libsensor-B2SNotifier: Backlight2SlpiNotifier brightness = 528
07-13 16:25:47.273 4814 7279 D libsensor-B2SNotifier: Backlight2SlpiNotifier brightness = 527
07-13 16:25:47.289 4814 7279 D libsensor-B2SNotifier: Backlight2SlpiNotifier brightness = 526
07-13 16:25:47.305 4814 7279 D libsensor-B2SNotifier: Backlight2SlpiNotifier brightness = 525
07-13 16:25:47.322 4814 7279 D libsensor-B2SNotifier: Backlight2SlpiNotifier brightness = 524
07-13 16:25:47.339 4814 7279 D libsensor-B2SNotifier: Backlight2SlpiNotifier brightness = 523
07-13 16:25:47.356 4814 7279 D libsensor-B2SNotifier: Backlight2SlpiNotifier brightness = 522
07-13 16:25:47.377 4814 7279 D libsensor-B2SNotifier: Backlight2SlpiNotifier brightness = 521
07-13 16:25:47.395 4814 7279 D libsensor-B2SNotifier: Backlight2SlpiNotifier brightness = 520
07-13 16:25:47.410 4814 7279 D libsensor-B2SNotifier: Backlight2SlpiNotifier brightness = 519
07-13 16:25:47.427 4814 7279 D libsensor-B2SNotifier: Backlight2SlpiNotifier brightness = 518
07-13 16:25:47.443 4814 7279 D libsensor-B2SNotifier: Backlight2SlpiNotifier brightness = 517
07-13 16:25:47.460 4814 7279 D libsensor-B2SNotifier: Backlight2SlpiNotifier brightness = 515
07-13 16:25:47.477 4814 7279 D libsensor-B2SNotifier: Backlight2SlpiNotifier brightness = 514
07-13 16:25:47.495 4814 7279 D libsensor-B2SNotifier: Backlight2SlpiNotifier brightness = 513
07-13 16:25:47.510 4814 7279 D libsensor-B2SNotifier: Backlight2SlpiNotifier brightness = 512
07-13 16:25:47.527 4814 7279 D libsensor-B2SNotifier: Backlight2SlpiNotifier brightness = 511
07-13 16:25:47.544 4814 7279 D libsensor-B2SNotifier: Backlight2SlpiNotifier brightness = 510
07-13 16:25:47.562 4814 7279 D libsensor-B2SNotifier: Backlight2SlpiNotifier brightness = 509
07-13 16:25:47.577 4814 7279 D libsensor-B2SNotifier: Backlight2SlpiNotifier brightness = 508
07-13 16:25:47.594 4814 7279 D libsensor-B2SNotifier: Backlight2SlpiNotifier brightness = 507
07-13 16:25:47.611 4814 7279 D libsensor-B2SNotifier: Backlight2SlpiNotifier brightness = 506
07-13 16:25:47.628 4814 7279 D libsensor-B2SNotifier: Backlight2SlpiNotifier brightness = 505
07-13 16:25:47.644 4814 7279 D libsensor-B2SNotifier: Backlight2SlpiNotifier brightness = 504
07-13 16:25:47.661 4814 7279 D libsensor-B2SNotifier: Backlight2SlpiNotifier brightness = 503
07-13 16:25:47.678 4814 7279 D libsensor-B2SNotifier: Backlight2SlpiNotifier brightness = 502
07-13 16:25:47.695 4814 7279 D libsensor-B2SNotifier: Backlight2SlpiNotifier brightness = 501
07-13 16:25:47.711 4814 7279 D libsensor-B2SNotifier: Backlight2SlpiNotifier brightness = 500
07-13 16:25:47.729 4814 7279 D libsensor-B2SNotifier: Backlight2SlpiNotifier brightness = 499
07-13 16:25:47.745 4814 7279 D libsensor-B2SNotifier: Backlight2SlpiNotifier brightness = 498
07-13 16:25:47.761 4814 7279 D libsensor-B2SNotifier: Backlight2SlpiNotifier brightness = 497
07-13 16:25:47.779 4814 7279 D libsensor-B2SNotifier: Backlight2SlpiNotifier brightness = 496
07-13 16:25:47.796 4814 7279 D libsensor-B2SNotifier: Backlight2SlpiNotifier brightness = 495
07-13 16:25:47.811 4814 7279 D libsensor-B2SNotifier: Backlight2SlpiNotifier brightness = 494
07-13 16:25:47.828 4814 7279 D libsensor-B2SNotifier: Backlight2SlpiNotifier brightness = 493
07-13 16:25:47.845 4814 7279 D libsensor-B2SNotifier: Backlight2SlpiNotifier brightness = 492
07-13 16:25:47.861 4814 7279 D libsensor-B2SNotifier: Backlight2SlpiNotifier brightness = 491
07-13 16:25:47.878 4814 7279 D libsensor-B2SNotifier: Backlight2SlpiNotifier brightness = 490
07-13 16:25:47.895 4814 7279 D libsensor-B2SNotifier: Backlight2SlpiNotifier brightness = 489
07-13 16:25:47.911 4814 7279 D libsensor-B2SNotifier: Backlight2SlpiNotifier brightness = 487
07-13 16:25:47.928 4814 7279 D libsensor-B2SNotifier: Backlight2SlpiNotifier brightness = 486
07-13 16:25:47.944 4814 7279 D libsensor-B2SNotifier: Backlight2SlpiNotifier brightness = 485
07-13 16:25:47.961 4814 7279 D libsensor-B2SNotifier: Backlight2SlpiNotifier brightness = 484
07-13 16:25:47.979 4814 7279 D libsensor-B2SNotifier: Backlight2SlpiNotifier brightness = 483
07-13 16:25:47.996 4814 7279 D libsensor-B2SNotifier: Backlight2SlpiNotifier brightness = 482
07-13 16:25:48.011 4814 7279 D libsensor-B2SNotifier: Backlight2SlpiNotifier brightness = 481
07-13 16:25:48.031 4814 7279 D libsensor-B2SNotifier: Backlight2SlpiNotifier brightness = 480
07-13 16:25:48.045 4814 7279 D libsensor-B2SNotifier: Backlight2SlpiNotifier brightness = 479
07-13 16:25:48.062 7094 7209 D audio_hw_primary: in_standby: enter: stream (0x3b7ac900) usecase(20: audio-record)
07-13 16:25:48.063 4814 7279 D libsensor-B2SNotifier: Backlight2SlpiNotifier brightness = 478
07-13 16:25:48.076 7094 7209 D audio_hw_primary: disable_audio_route: reset and update mixer path: audio-record
07-13 16:25:48.078 7094 7209 D hardware_info: hw_info_append_hw_type : device_name = handset-stereo-dmic-ef
07-13 16:25:48.078 7094 7209 D audio_hw_primary: disable_snd_device: snd_device(194: handset-stereo-dmic-ef)
07-13 16:25:48.078 7094 7209 D msm8974_platform: platform_split_snd_device: snd_device(194) num devices(0) new_snd_devices(0)
07-13 16:25:48.079 4814 7279 D libsensor-B2SNotifier: Backlight2SlpiNotifier brightness = 477
07-13 16:25:48.099 4814 7279 D libsensor-B2SNotifier: Backlight2SlpiNotifier brightness = 476
07-13 16:25:48.115 4814 7279 D libsensor-B2SNotifier: Backlight2SlpiNotifier brightness = 475
07-13 16:25:48.121 7094 7209 D audio_hw_primary: adev_close_input_stream: enter:stream_handle(0x3b7ac900)
07-13 16:25:48.121 7094 7209 E soundtrigger: audio_extn_sound_trigger_check_ec_ref_enable: st_dev NULL
07-13 16:25:48.121 7094 7209 E soundtrigger: audio_extn_sound_trigger_update_ec_ref_status: st_dev NULL
07-13 16:25:48.121 7094 7209 D audio_hw_primary: in_standby: enter: stream (0x3b7ac900) usecase(20: audio-record)
07-13 16:25:48.129 4814 7279 D libsensor-B2SNotifier: Backlight2SlpiNotifier brightness = 474
07-13 16:25:48.149 4814 7279 D libsensor-B2SNotifier: Backlight2SlpiNotifier brightness = 473
