07-11 13:53:53.132 4749 4749 D NxpHal : phNxpNciHal_release_info mGetCfg_info
07-11 13:53:53.628 6722 6810 E SDM : HWCSession::ForceMaxFrameRate: ForceMaxFrameRate failed: max_frame_rate is 0!
07-11 13:53:54.622 5020 8522 I LOWI-8.6.0.59: [LOWI-Scan] lowi_close_record:Scan done in 1385580ms, 13 APs in scan results
07-11 13:53:54.633 5020 5050 I LOWI-8.6.0.59: [LOWIUtils] responseToOutPostcard - TO: FreeWifiScanObserver, FROM: LOWI-SERVER, RESP: LOWI_ASYNC_DISCOVERY_SCAN_RESULTS
07-11 13:53:54.637 4734 4921 I LocSvc_api_v02: ---> locClientSendReq line 2325 QMI_LOC_INJECT_WIFI_AP_DATA_REQ_V02
07-11 13:53:54.638 4734 6818 I LocSvc_ApiV02: <--- globalRespCb line 196 QMI_LOC_INJECT_WIFI_AP_DATA_REQ_V02
07-11 13:53:54.680 4995 4995 I cnss-daemon: nl80211 response handler invoked
07-11 13:53:54.681 4995 4995 I cnss-daemon: nl80211_response_handler: cmd 103, vendorID 4980, subcmd 165 received
07-11 13:53:54.700 5020 8522 I LOWI-8.6.0.59: [LOWI-Scan] get_intf_mode: WLAN interface type 2, err 0
07-11 13:53:54.994 5013 7207 D libsensor-B2SNotifier: Backlight2SlpiNotifier brightness = 83
07-11 13:53:55.040 5013 7207 D libsensor-B2SNotifier: Backlight2SlpiNotifier brightness = 82
07-11 13:53:55.088 5013 7207 D libsensor-B2SNotifier: Backlight2SlpiNotifier brightness = 81
07-11 13:53:55.136 5013 7207 D libsensor-B2SNotifier: Backlight2SlpiNotifier brightness = 80
07-11 13:53:55.184 5013 7207 D libsensor-B2SNotifier: Backlight2SlpiNotifier brightness = 79
07-11 13:53:55.231 5013 7207 D libsensor-B2SNotifier: Backlight2SlpiNotifier brightness = 78
07-11 13:53:55.279 5013 7207 D libsensor-B2SNotifier: Backlight2SlpiNotifier brightness = 77
07-11 13:53:55.327 5013 7207 D libsensor-B2SNotifier: Backlight2SlpiNotifier brightness = 76
07-11 13:53:55.374 5013 7207 D libsensor-B2SNotifier: Backlight2SlpiNotifier brightness = 75
07-11 13:53:55.421 5013 7207 D libsensor-B2SNotifier: Backlight2SlpiNotifier brightness = 74
07-11 13:53:55.470 5013 7207 D libsensor-B2SNotifier: Backlight2SlpiNotifier brightness = 73
07-11 13:53:55.516 5013 7207 D libsensor-B2SNotifier: Backlight2SlpiNotifier brightness = 72
07-11 13:53:55.564 5013 7207 D libsensor-B2SNotifier: Backlight2SlpiNotifier brightness = 71
07-11 13:53:55.612 5013 7207 D libsensor-B2SNotifier: Backlight2SlpiNotifier brightness = 70
07-11 13:53:55.660 5013 7207 D libsensor-B2SNotifier: Backlight2SlpiNotifier brightness = 69
07-11 13:53:55.716 5013 7207 D libsensor-B2SNotifier: Backlight2SlpiNotifier brightness = 70
07-11 13:53:55.733 5013 7207 D libsensor-B2SNotifier: Backlight2SlpiNotifier brightness = 71
07-11 13:53:55.750 5013 7207 D libsensor-B2SNotifier: Backlight2SlpiNotifier brightness = 72
07-11 13:53:55.767 5013 7207 D libsensor-B2SNotifier: Backlight2SlpiNotifier brightness = 73
07-11 13:53:55.784 5013 7207 D libsensor-B2SNotifier: Backlight2SlpiNotifier brightness = 74
07-11 13:53:55.801 5013 7207 D libsensor-B2SNotifier: Backlight2SlpiNotifier brightness = 75
07-11 13:53:55.816 5013 7207 D libsensor-B2SNotifier: Backlight2SlpiNotifier brightness = 76
07-11 13:53:55.834 5013 7207 D libsensor-B2SNotifier: Backlight2SlpiNotifier brightness = 77
07-11 13:53:55.850 5013 7207 D libsensor-B2SNotifier: Backlight2SlpiNotifier brightness = 78
07-11 13:53:55.868 5013 7207 D libsensor-B2SNotifier: Backlight2SlpiNotifier brightness = 79
07-11 13:53:55.884 5013 7207 D libsensor-B2SNotifier: Backlight2SlpiNotifier brightness = 80
07-11 13:53:55.901 5013 7207 D libsensor-B2SNotifier: Backlight2SlpiNotifier brightness = 81
07-11 13:53:55.919 5013 7207 D libsensor-B2SNotifier: Backlight2SlpiNotifier brightness = 82
07-11 13:53:55.941 5013 7207 D libsensor-B2SNotifier: Backlight2SlpiNotifier brightness = 83
07-11 13:53:55.957 5013 7207 D libsensor-B2SNotifier: Backlight2SlpiNotifier brightness = 84
07-11 13:53:57.468 5013 7207 D libsensor-B2SNotifier: Backlight2SlpiNotifier brightness = 83
07-11 13:53:57.515 5013 7207 D libsensor-B2SNotifier: Backlight2SlpiNotifier brightness = 82
07-11 13:53:57.563 5013 7207 D libsensor-B2SNotifier: Backlight2SlpiNotifier brightness = 81
07-11 13:53:57.611 5013 7207 D libsensor-B2SNotifier: Backlight2SlpiNotifier brightness = 80
07-11 13:53:57.660 5013 7207 D libsensor-B2SNotifier: Backlight2SlpiNotifier brightness = 79
07-11 13:53:57.707 5013 7207 D libsensor-B2SNotifier: Backlight2SlpiNotifier brightness = 78
07-11 13:53:57.755 5013 7207 D libsensor-B2SNotifier: Backlight2SlpiNotifier brightness = 77
07-11 13:53:57.806 5013 7207 D libsensor-B2SNotifier: Backlight2SlpiNotifier brightness = 76
07-11 13:53:57.850 5013 7207 D libsensor-B2SNotifier: Backlight2SlpiNotifier brightness = 75
07-11 13:53:57.900 5013 7207 D libsensor-B2SNotifier: Backlight2SlpiNotifier brightness = 74
07-11 13:53:57.946 5013 7207 D libsensor-B2SNotifier: Backlight2SlpiNotifier brightness = 73
07-11 13:53:57.994 5013 7207 D libsensor-B2SNotifier: Backlight2SlpiNotifier brightness = 72
07-11 13:53:58.043 5013 7207 D libsensor-B2SNotifier: Backlight2SlpiNotifier brightness = 71
07-11 13:53:58.092 5013 7207 D libsensor-B2SNotifier: Backlight2SlpiNotifier brightness = 70
07-11 13:53:58.139 5013 7207 D libsensor-B2SNotifier: Backlight2SlpiNotifier brightness = 69
07-11 13:53:58.186 5013 7207 D libsensor-B2SNotifier: Backlight2SlpiNotifier brightness = 68
07-11 13:53:58.235 5013 7207 D libsensor-B2SNotifier: Backlight2SlpiNotifier brightness = 67
07-11 13:53:58.284 5013 7207 D libsensor-B2SNotifier: Backlight2SlpiNotifier brightness = 66
07-11 13:53:58.334 5013 7207 D libsensor-B2SNotifier: Backlight2SlpiNotifier brightness = 65
07-11 13:53:58.378 5013 7207 D libsensor-B2SNotifier: Backlight2SlpiNotifier brightness = 64
07-11 13:53:58.431 5013 7207 D libsensor-B2SNotifier: Backlight2SlpiNotifier brightness = 63
07-11 13:53:58.511 5013 7207 D libsensor-B2SNotifier: Backlight2SlpiNotifier brightness = 56
07-11 13:53:58.529 5013 7207 D libsensor-B2SNotifier: Backlight2SlpiNotifier brightness = 43
07-11 13:53:58.543 5013 7207 D libsensor-B2SNotifier: Backlight2SlpiNotifier brightness = 37
07-11 13:53:58.557 5013 7207 D libsensor-B2SNotifier: Backlight2SlpiNotifier brightness = 28
07-11 13:53:58.566 5013 7207 D libsensor-B2SNotifier: Backlight2SlpiNotifier brightness = 22
07-11 13:53:58.573 5013 7207 D libsensor-B2SNotifier: Backlight2SlpiNotifier brightness = 16
07-11 13:53:58.582 5013 7207 D libsensor-B2SNotifier: Backlight2SlpiNotifier brightness = 10
07-11 13:53:58.592 5013 7207 D libsensor-B2SNotifier: Backlight2SlpiNotifier brightness = 4
07-11 13:53:58.603 5013 7207 D libsensor-B2SNotifier: Backlight2SlpiNotifier brightness = 0
07-11 13:53:58.612 5013 7207 D libsensor-B2SNotifier: Backlight2SlpiNotifier brightness = 0
07-11 13:53:58.621 4735 4882 I SDM : DisplayBase::SetDisplayState: Set state = 0, display 28-0, teardown = 0
07-11 13:53:58.621 4735 4882 E SDM : DRMCrtc::Perform: CRTC 110: Set mode 1080x2340x60x179431
07-11 13:53:58.659 6722 6810 E SDM : HWCSession::ForceMaxFrameRate: ForceMaxFrameRate failed: max_frame_rate is 0!
07-11 13:53:58.802 4735 4882 W SDM : ResourceImpl::Perform: Invalid command 4
07-11 13:53:58.803 4778 4888 D DisplayFeatureHal: HandleDisplayState enter state 0, last state 1
07-11 13:53:58.803 4778 4888 D DisplayFeatureHal: onSuspend enter
07-11 13:53:58.803 4778 4888 D DisplayFeatureHal: Query DisplayPostproc service
07-11 13:53:58.804 4735 13570 I libsensor-C2SNotifier: Sensor: notify type: 1, value: 0
07-11 13:53:58.804 5013 5013 I libsensor_ssccalapi: send_sensor_selftest_msg for sensor: ambient_light
07-11 13:53:58.812 4735 7618 I Dpps : AddNewDppsClient():431 New DPPS client accepted, client fd = 22, poll idx 2
07-11 13:53:58.813 4735 7618 I Dpps : HandleDppsClientEvent():921 Incoming message on client fd 22: 'ad:off'
07-11 13:53:58.813 4735 7618 E Dpps : HandleDppsClientEvent():987 AdContext Post failed ret -95
07-11 13:53:58.813 4735 7618 E Dpps : RunPollIteration():372 Poll iteration failed with ret -95
07-11 13:53:58.813 4735 7618 E Dpps : Run():181 Poll iteration failed, ret -95
07-11 13:53:58.813 4735 7618 I Dpps : HandleDppsClientEvent():903 Client connection 22 has closed
07-11 13:53:58.813 4735 7618 I Dpps : RemoveServerClient():297 closed fd 22 poll_idx 2
07-11 13:53:58.813 4778 4888 D DisplayFeatureHal: isStartSensorControl ret 0
07-11 13:53:58.813 4778 4888 D DisplayFeatureHal: HandleSunlightScreen enter modeId 0
07-11 13:53:58.813 4778 4888 D DisplayFeatureHal: HandleSunlightScreen exit ret -1
07-11 13:53:58.814 4778 4888 D DisplayFeatureHal: HandleDisplayState exit
07-11 13:53:59.775 4725 5825 I vendor.qti.bluetooth@1.0-ibs_handler: ProcessIbsCmd: Received IBS_WAKE_IND: 0xFD
07-11 13:53:59.776 4725 5825 D vendor.qti.bluetooth@1.0-ibs_handler: SerialClockVote: vote for UART CLK ON
07-11 13:53:59.778 4725 5825 D vendor.qti.bluetooth@1.0-wake_lock: Acquire wakelock is acquired
07-11 13:53:59.778 4725 5825 I vendor.qti.bluetooth@1.0-ibs_handler: ProcessIbsCmd: Writing IBS_WAKE_ACK
07-11 13:53:59.819 4725 5825 I vendor.qti.bluetooth@1.0-ibs_handler: ProcessIbsCmd: Received IBS_SLEEP_IND: 0xFE
07-11 13:53:59.819 4725 5825 D vendor.qti.bluetooth@1.0-ibs_handler: SerialClockVote: vote for UART CLK OFF
07-11 13:53:59.970 4725 5009 D vendor.qti.bluetooth@1.0-wake_lock: Release wakelock is released
07-11 13:54:03.820 4743 4797 I sensors-hal: activate:147, android.sensor.light/37 en=0
07-11 13:54:03.823 4743 4797 I sensors-hal: activate:158, android.sensor.light/37 en=0 completed
07-11 13:54:04.798 5020 8522 I LOWI-8.6.0.59: [LOWI-Scan] lowi_close_record:Scan done in 1395756ms, 11 APs in scan results
07-11 13:54:04.801 5020 5050 I LOWI-8.6.0.59: [LOWIUtils] responseToOutPostcard - TO: FreeWifiScanObserver, FROM: LOWI-SERVER, RESP: LOWI_ASYNC_DISCOVERY_SCAN_RESULTS
07-11 13:54:04.812 4734 4921 I LocSvc_api_v02: ---> locClientSendReq line 2325 QMI_LOC_INJECT_WIFI_AP_DATA_REQ_V02
07-11 13:54:04.813 4734 6818 I LocSvc_ApiV02: <--- globalRespCb line 196 QMI_LOC_INJECT_WIFI_AP_DATA_REQ_V02
07-11 13:54:09.080 5059 5326 I chatty : uid=0(root) thermal-engine expire 14 lines
07-11 13:54:40.497 6722 6810 E SDM : HWCSession::ForceMaxFrameRate: ForceMaxFrameRate failed: max_frame_rate is 0!
07-11 13:54:44.671 5020 8522 I LOWI-8.6.0.59: [LOWI-Scan] lowi_close_record:Scan done in 1435629ms, 8 APs in scan results
07-11 13:54:44.673 5020 5050 I LOWI-8.6.0.59: [LOWIUtils] responseToOutPostcard - TO: FreeWifiScanObserver, FROM: LOWI-SERVER, RESP: LOWI_ASYNC_DISCOVERY_SCAN_RESULTS
07-11 13:54:44.679 4734 4921 I LocSvc_api_v02: ---> locClientSendReq line 2325 QMI_LOC_INJECT_WIFI_AP_DATA_REQ_V02
07-11 13:54:44.681 4734 6818 I LocSvc_ApiV02: <--- globalRespCb line 196 QMI_LOC_INJECT_WIFI_AP_DATA_REQ_V02
07-11 13:54:45.645 5059 5326 I chatty : uid=0(root) thermal-engine expire 420 lines
07-11 13:54:51.357 6722 6810 E SDM : HWCSession::ForceMaxFrameRate: ForceMaxFrameRate failed: max_frame_rate is 0!
07-11 13:54:51.427 5020 8522 I LOWI-8.6.0.59: [LOWI-Scan] lowi_close_record:Scan done in 1442385ms, 8 APs in scan results
07-11 13:54:51.431 5020 5050 I LOWI-8.6.0.59: [LOWIUtils] responseToOutPostcard - TO: FreeWifiScanObserver, FROM: LOWI-SERVER, RESP: LOWI_ASYNC_DISCOVERY_SCAN_RESULTS
07-11 13:54:51.439 4734 4921 I LocSvc_api_v02: ---> locClientSendReq line 2325 QMI_LOC_INJECT_WIFI_AP_DATA_REQ_V02
07-11 13:54:51.440 4734 6818 I LocSvc_ApiV02: <--- globalRespCb line 196 QMI_LOC_INJECT_WIFI_AP_DATA_REQ_V02
07-11 13:54:51.503 4995 4995 I cnss-daemon: nl80211 response handler invoked
07-11 13:54:51.503 4995 4995 I cnss-daemon: nl80211_response_handler: cmd 103, vendorID 4980, subcmd 165 received
07-11 13:54:51.517 5020 8522 I LOWI-8.6.0.59: [LOWI-Scan] get_intf_mode: WLAN interface type 2, err 0
07-11 13:54:59.029 6722 6810 E SDM : HWCSession::ForceMaxFrameRate: ForceMaxFrameRate failed: max_frame_rate is 0!
07-11 13:54:59.076 5059 5326 I chatty : uid=0(root) thermal-engine expire 14 lines
07-11 13:55:00.029 4725 5825 I vendor.qti.bluetooth@1.0-ibs_handler: ProcessIbsCmd: Received IBS_WAKE_IND: 0xFD
07-11 13:55:00.029 4725 5825 D vendor.qti.bluetooth@1.0-ibs_handler: SerialClockVote: vote for UART CLK ON
07-11 13:55:00.031 4725 5825 D vendor.qti.bluetooth@1.0-wake_lock: Acquire wakelock is acquired
07-11 13:55:00.031 4725 5825 I vendor.qti.bluetooth@1.0-ibs_handler: ProcessIbsCmd: Writing IBS_WAKE_ACK
07-11 13:55:00.036 4725 4725 I vendor.qti.bluetooth@1.0-ibs_handler: DeviceWakeUp: Writing IBS_WAKE_IND
07-11 13:55:00.037 4725 5825 I vendor.qti.bluetooth@1.0-ibs_handler: ProcessIbsCmd: Received IBS_WAKE_ACK: 0xFC
07-11 13:55:00.096 4725 5825 I vendor.qti.bluetooth@1.0-ibs_handler: ProcessIbsCmd: Received IBS_SLEEP_IND: 0xFE
07-11 13:55:01.038 4725 5833 I vendor.qti.bluetooth@1.0-ibs_handler: DeviceSleep: TX Awake, Sending SLEEP_IND
07-11 13:55:01.038 4725 5833 D vendor.qti.bluetooth@1.0-ibs_handler: SerialClockVote: vote for UART CLK OFF
07-11 13:55:01.199 4725 5009 D vendor.qti.bluetooth@1.0-wake_lock: Release wakelock is released
07-11 13:55:10.480 6722 6810 E SDM : HWCSession::ForceMaxFrameRate: ForceMaxFrameRate failed: max_frame_rate is 0!
07-11 13:55:13.843 5020 8522 I LOWI-8.6.0.59: [LOWI-Scan] lowi_close_record:Scan done in 1464802ms, 8 APs in scan results
07-11 13:55:13.844 5020 5050 I LOWI-8.6.0.59: [LOWIUtils] responseToOutPostcard - TO: FreeWifiScanObserver, FROM: LOWI-SERVER, RESP: LOWI_ASYNC_DISCOVERY_SCAN_RESULTS
07-11 13:55:13.846 4734 4921 I LocSvc_api_v02: ---> locClientSendReq line 2325 QMI_LOC_INJECT_WIFI_AP_DATA_REQ_V02
07-11 13:55:13.847 4734 6818 I LocSvc_ApiV02: <--- globalRespCb line 196 QMI_LOC_INJECT_WIFI_AP_DATA_REQ_V02
07-11 13:55:19.485 5020 5050 I LOWI-8.6.0.59: [LOWIUtils] responseToOutPostcard - TO: FreeWifiScanObserver, FROM: LOWI-SERVER, RESP: LOWI_ASYNC_DISCOVERY_SCAN_RESULTS
07-11 13:55:19.493 6722 6810 E SDM : HWCSession::ForceMaxFrameRate: ForceMaxFrameRate failed: max_frame_rate is 0!
07-11 13:55:19.496 4734 4921 I LocSvc_api_v02: ---> locClientSendReq line 2325 QMI_LOC_INJECT_WIFI_AP_DATA_REQ_V02
07-11 13:55:19.497 4734 6818 I LocSvc_ApiV02: <--- globalRespCb line 196 QMI_LOC_INJECT_WIFI_AP_DATA_REQ_V02
07-11 13:55:19.553 5059 5326 I chatty : uid=0(root) thermal-engine expire 14 lines
07-11 13:55:27.519 6722 6810 E SDM : HWCSession::ForceMaxFrameRate: ForceMaxFrameRate failed: max_frame_rate is 0!
07-11 13:55:32.318 6722 6810 E SDM : HWCSession::ForceMaxFrameRate: ForceMaxFrameRate failed: max_frame_rate is 0!
07-11 13:55:32.375 5059 5326 I chatty : uid=0(root) thermal-engine expire 21 lines
07-11 13:55:39.987 6722 6810 E SDM : HWCSession::ForceMaxFrameRate: ForceMaxFrameRate failed: max_frame_rate is 0!
07-11 13:55:50.219 6722 6810 E SDM : HWCSession::ForceMaxFrameRate: ForceMaxFrameRate failed: max_frame_rate is 0!
07-11 13:55:50.223 5020 5050 I LOWI-8.6.0.59: [LOWIUtils] responseToOutPostcard - TO: FreeWifiScanObserver, FROM: LOWI-SERVER, RESP: LOWI_ASYNC_DISCOVERY_SCAN_RESULTS
07-11 13:55:50.239 4734 4921 I LocSvc_api_v02: ---> locClientSendReq line 2325 QMI_LOC_INJECT_WIFI_AP_DATA_REQ_V02
07-11 13:55:50.244 4734 6818 I LocSvc_ApiV02: <--- globalRespCb line 196 QMI_LOC_INJECT_WIFI_AP_DATA_REQ_V02
07-11 13:55:50.287 5059 5326 I chatty : uid=0(root) thermal-engine expire 28 lines
07-11 13:55:52.789 6722 6810 E SDM : HWCSession::ForceMaxFrameRate: ForceMaxFrameRate failed: max_frame_rate is 0!
07-11 13:55:59.538 4725 5825 I vendor.qti.bluetooth@1.0-ibs_handler: ProcessIbsCmd: Received IBS_WAKE_IND: 0xFD
07-11 13:55:59.538 4725 5825 D vendor.qti.bluetooth@1.0-ibs_handler: SerialClockVote: vote for UART CLK ON
07-11 13:55:59.546 6722 6810 E SDM : HWCSession::ForceMaxFrameRate: ForceMaxFrameRate failed: max_frame_rate is 0!
07-11 13:55:59.551 4725 5825 D vendor.qti.bluetooth@1.0-wake_lock: Acquire wakelock is acquired
07-11 13:55:59.552 4725 5825 I vendor.qti.bluetooth@1.0-ibs_handler: ProcessIbsCmd: Writing IBS_WAKE_ACK
07-11 13:55:59.593 4725 5825 I vendor.qti.bluetooth@1.0-ibs_handler: ProcessIbsCmd: Received IBS_SLEEP_IND: 0xFE
07-11 13:55:59.593 4725 5825 D vendor.qti.bluetooth@1.0-ibs_handler: SerialClockVote: vote for UART CLK OFF
07-11 13:55:59.744 4725 5009 D vendor.qti.bluetooth@1.0-wake_lock: Release wakelock is released
07-11 13:56:03.027 6722 6810 E SDM : HWCSession::ForceMaxFrameRate: ForceMaxFrameRate failed: max_frame_rate is 0!
07-11 13:56:03.072 5059 5326 I chatty : uid=0(root) thermal-engine expire 14 lines
07-11 13:56:10.485 6722 6810 E SDM : HWCSession::ForceMaxFrameRate: ForceMaxFrameRate failed: max_frame_rate is 0!
07-11 13:56:11.088 5091 5291 I chatty : uid=0(root) /system/vendor/bin/mi_thermald expire 1 line
07-11 13:56:13.790 5020 8522 I LOWI-8.6.0.59: [LOWI-Scan] lowi_close_record:Scan done in 1524749ms, 8 APs in scan results
07-11 13:56:13.794 5020 5050 I LOWI-8.6.0.59: [LOWIUtils] responseToOutPostcard - TO: FreeWifiScanObserver, FROM: LOWI-SERVER, RESP: LOWI_ASYNC_DISCOVERY_SCAN_RESULTS
07-11 13:56:13.814 4734 4921 I LocSvc_api_v02: ---> locClientSendReq line 2325 QMI_LOC_INJECT_WIFI_AP_DATA_REQ_V02
07-11 13:56:13.816 4734 6818 I LocSvc_ApiV02: <--- globalRespCb line 196 QMI_LOC_INJECT_WIFI_AP_DATA_REQ_V02
07-11 13:56:20.950 6722 6810 E SDM : HWCSession::ForceMaxFrameRate: ForceMaxFrameRate failed: max_frame_rate is 0!
07-11 13:56:21.008 5059 5326 I chatty : uid=0(root) thermal-engine expire 14 lines
07-11 13:56:40.483 6722 6810 E SDM : HWCSession::ForceMaxFrameRate: ForceMaxFrameRate failed: max_frame_rate is 0!
07-11 13:56:47.834 6722 6810 E SDM : HWCSession::ForceMaxFrameRate: ForceMaxFrameRate failed: max_frame_rate is 0!
07-11 13:56:47.891 5059 5326 I chatty : uid=0(root) thermal-engine expire 28 lines
07-11 13:56:50.500 6722 6810 E SDM : HWCSession::ForceMaxFrameRate: ForceMaxFrameRate failed: max_frame_rate is 0!
07-11 13:56:51.666 6722 6810 E SDM : HWCSession::ForceMaxFrameRate: ForceMaxFrameRate failed: max_frame_rate is 0!
07-11 13:56:54.229 6722 6810 E SDM : HWCSession::ForceMaxFrameRate: ForceMaxFrameRate failed: max_frame_rate is 0!
07-11 13:56:59.402 4725 5825 I vendor.qti.bluetooth@1.0-ibs_handler: ProcessIbsCmd: Received IBS_WAKE_IND: 0xFD
07-11 13:56:59.402 4725 5825 D vendor.qti.bluetooth@1.0-ibs_handler: SerialClockVote: vote for UART CLK ON
07-11 13:56:59.402 4725 5825 D vendor.qti.bluetooth@1.0-wake_lock: Acquire wakelock is acquired
07-11 13:56:59.402 4725 5825 I vendor.qti.bluetooth@1.0-ibs_handler: ProcessIbsCmd: Writing IBS_WAKE_ACK
07-11 13:56:59.411 6722 6810 E SDM : HWCSession::ForceMaxFrameRate: ForceMaxFrameRate failed: max_frame_rate is 0!
07-11 13:56:59.446 4725 5825 I vendor.qti.bluetooth@1.0-ibs_handler: ProcessIbsCmd: Received IBS_SLEEP_IND: 0xFE
07-11 13:56:59.446 4725 5825 D vendor.qti.bluetooth@1.0-ibs_handler: SerialClockVote: vote for UART CLK OFF
07-11 13:56:59.452 5059 5326 I chatty : uid=0(root) thermal-engine expire 14 lines
07-11 13:56:59.597 4725 5009 D vendor.qti.bluetooth@1.0-wake_lock: Release wakelock is released
07-11 13:57:00.002 4725 5825 I vendor.qti.bluetooth@1.0-ibs_handler: ProcessIbsCmd: Received IBS_WAKE_IND: 0xFD
07-11 13:57:00.003 4725 5825 D vendor.qti.bluetooth@1.0-ibs_handler: SerialClockVote: vote for UART CLK ON
07-11 13:57:00.006 4725 5825 D vendor.qti.bluetooth@1.0-wake_lock: Acquire wakelock is acquired
07-11 13:57:00.006 4725 5825 I vendor.qti.bluetooth@1.0-ibs_handler: ProcessIbsCmd: Writing IBS_WAKE_ACK
07-11 13:57:00.011 4725 4725 I vendor.qti.bluetooth@1.0-ibs_handler: DeviceWakeUp: Writing IBS_WAKE_IND
07-11 13:57:00.016 4725 5825 I vendor.qti.bluetooth@1.0-ibs_handler: ProcessIbsCmd: Received IBS_WAKE_ACK: 0xFC
07-11 13:57:00.068 4725 5825 I vendor.qti.bluetooth@1.0-ibs_handler: ProcessIbsCmd: Received IBS_SLEEP_IND: 0xFE
07-11 13:57:01.017 4725 5833 I vendor.qti.bluetooth@1.0-ibs_handler: DeviceSleep: TX Awake, Sending SLEEP_IND
07-11 13:57:01.018 4725 5833 D vendor.qti.bluetooth@1.0-ibs_handler: SerialClockVote: vote for UART CLK OFF
07-11 13:57:01.181 4725 5009 D vendor.qti.bluetooth@1.0-wake_lock: Release wakelock is released
07-11 13:57:07.034 6722 6810 E SDM : HWCSession::ForceMaxFrameRate: ForceMaxFrameRate failed: max_frame_rate is 0!
07-11 13:57:10.479 6722 6810 E SDM : HWCSession::ForceMaxFrameRate: ForceMaxFrameRate failed: max_frame_rate is 0!
07-11 13:57:10.520 5059 5326 I chatty : uid=0(root) thermal-engine expire 14 lines
07-11 13:57:11.178 5081 5081 I CNSS : cnss_open_log_file: directory /data/vendor/wlan_logs/ created
07-11 13:57:13.633 5020 8522 I LOWI-8.6.0.59: [LOWI-Scan] lowi_close_record:Scan done in 1584591ms, 6 APs in scan results
07-11 13:57:13.637 5020 5050 I LOWI-8.6.0.59: [LOWIUtils] responseToOutPostcard - TO: FreeWifiScanObserver, FROM: LOWI-SERVER, RESP: LOWI_ASYNC_DISCOVERY_SCAN_RESULTS
07-11 13:57:13.645 4734 4921 I LocSvc_api_v02: ---> locClientSendReq line 2325 QMI_LOC_INJECT_WIFI_AP_DATA_REQ_V02
07-11 13:57:13.647 4734 6818 I LocSvc_ApiV02: <--- globalRespCb line 196 QMI_LOC_INJECT_WIFI_AP_DATA_REQ_V02
07-11 13:57:19.843 6722 6810 E SDM : HWCSession::ForceMaxFrameRate: ForceMaxFrameRate failed: max_frame_rate is 0!
07-11 13:57:22.610 6722 6810 E SDM : HWCSession::ForceMaxFrameRate: ForceMaxFrameRate failed: max_frame_rate is 0!
07-11 13:57:22.658 5059 5326 I chatty : uid=0(root) thermal-engine expire 147 lines
07-11 13:57:27.016 6722 6810 E SDM : HWCSession::ForceMaxFrameRate: ForceMaxFrameRate failed: max_frame_rate is 0!
07-11 13:57:28.557 6722 6810 E SDM : HWCSession::ForceMaxFrameRate: ForceMaxFrameRate failed: max_frame_rate is 0!
07-11 13:57:29.047 6722 6810 E SDM : HWCSession::ForceMaxFrameRate: ForceMaxFrameRate failed: max_frame_rate is 0!
07-11 13:57:29.559 6722 6810 E SDM : HWCSession::ForceMaxFrameRate: ForceMaxFrameRate failed: max_frame_rate is 0!
07-11 13:57:30.022 6722 6810 E SDM : HWCSession::ForceMaxFrameRate: ForceMaxFrameRate failed: max_frame_rate is 0!
07-11 13:57:30.366 6722 6810 E SDM : HWCSession::ForceMaxFrameRate: ForceMaxFrameRate failed: max_frame_rate is 0!
07-11 13:57:40.492 6722 6810 E SDM : HWCSession::ForceMaxFrameRate: ForceMaxFrameRate failed: max_frame_rate is 0!
07-11 13:57:40.539 5059 5326 I chatty : uid=0(root) thermal-engine expire 14 lines
07-11 13:57:49.292 6722 6810 E SDM : HWCSession::ForceMaxFrameRate: ForceMaxFrameRate failed: max_frame_rate is 0!
07-11 13:57:55.422 6722 6810 E SDM : HWCSession::ForceMaxFrameRate: ForceMaxFrameRate failed: max_frame_rate is 0!
07-11 13:57:55.463 5059 5326 I chatty : uid=0(root) thermal-engine expire 14 lines
07-11 13:57:59.297 4725 5825 I vendor.qti.bluetooth@1.0-ibs_handler: ProcessIbsCmd: Received IBS_WAKE_IND: 0xFD
07-11 13:57:59.298 4725 5825 D vendor.qti.bluetooth@1.0-ibs_handler: SerialClockVote: vote for UART CLK ON
07-11 13:57:59.307 6722 6810 E SDM : HWCSession::ForceMaxFrameRate: ForceMaxFrameRate failed: max_frame_rate is 0!
07-11 13:57:59.313 4725 5825 D vendor.qti.bluetooth@1.0-wake_lock: Acquire wakelock is acquired
07-11 13:57:59.313 4725 5825 I vendor.qti.bluetooth@1.0-ibs_handler: ProcessIbsCmd: Writing IBS_WAKE_ACK
07-11 13:57:59.354 4725 5825 I vendor.qti.bluetooth@1.0-ibs_handler: ProcessIbsCmd: Received IBS_SLEEP_IND: 0xFE
07-11 13:57:59.354 4725 5825 D vendor.qti.bluetooth@1.0-ibs_handler: SerialClockVote: vote for UART CLK OFF
07-11 13:57:59.504 4725 5009 D vendor.qti.bluetooth@1.0-wake_lock: Release wakelock is released
07-11 13:58:05.586 6722 6810 E SDM : HWCSession::ForceMaxFrameRate: ForceMaxFrameRate failed: max_frame_rate is 0!
07-11 13:58:05.636 5059 5326 I chatty : uid=0(root) thermal-engine expire 21 lines
07-11 13:58:08.474 6722 6810 E SDM : HWCSession::ForceMaxFrameRate: ForceMaxFrameRate failed: max_frame_rate is 0!
07-11 13:58:16.137 6722 6810 E SDM : HWCSession::ForceMaxFrameRate: ForceMaxFrameRate failed: max_frame_rate is 0!
07-11 13:58:16.199 5059 5326 I chatty : uid=0(root) thermal-engine expire 14 lines
07-11 13:58:25.110 6722 6810 E SDM : HWCSession::ForceMaxFrameRate: ForceMaxFrameRate failed: max_frame_rate is 0!
07-11 13:58:28.538 6722 6810 E SDM : HWCSession::ForceMaxFrameRate: ForceMaxFrameRate failed: max_frame_rate is 0!
07-11 13:58:28.584 5059 5326 I chatty : uid=0(root) thermal-engine expire 28 lines
07-11 13:58:31.120 6722 6810 E SDM : HWCSession::ForceMaxFrameRate: ForceMaxFrameRate failed: max_frame_rate is 0!
07-11 13:58:33.339 6722 6810 E SDM : HWCSession::ForceMaxFrameRate: ForceMaxFrameRate failed: max_frame_rate is 0!
07-11 13:58:35.349 6722 6810 E SDM : HWCSession::ForceMaxFrameRate: ForceMaxFrameRate failed: max_frame_rate is 0!
07-11 13:58:39.187 6722 6810 E SDM : HWCSession::ForceMaxFrameRate: ForceMaxFrameRate failed: max_frame_rate is 0!
07-11 13:58:39.236 5059 5326 I chatty : uid=0(root) thermal-engine expire 14 lines
07-11 13:58:51.706 6722 6810 E SDM : HWCSession::ForceMaxFrameRate: ForceMaxFrameRate failed: max_frame_rate is 0!
07-11 13:58:51.800 5059 5326 I chatty : uid=0(root) thermal-engine expire 427 lines
07-11 13:58:54.065 6722 6810 E SDM : HWCSession::ForceMaxFrameRate: ForceMaxFrameRate failed: max_frame_rate is 0!
07-11 13:58:56.413 6722 6810 E SDM : HWCSession::ForceMaxFrameRate: ForceMaxFrameRate failed: max_frame_rate is 0!
07-11 13:58:57.159 6722 6810 E SDM : HWCSession::ForceMaxFrameRate: ForceMaxFrameRate failed: max_frame_rate is 0!
07-11 13:58:58.008 6722 6810 E SDM : HWCSession::ForceMaxFrameRate: ForceMaxFrameRate failed: max_frame_rate is 0!
07-11 13:58:58.813 6722 6810 E SDM : HWCSession::ForceMaxFrameRate: ForceMaxFrameRate failed: max_frame_rate is 0!
07-11 13:59:00.200 4725 5825 I vendor.qti.bluetooth@1.0-ibs_handler: ProcessIbsCmd: Received IBS_WAKE_IND: 0xFD
07-11 13:59:00.200 4725 5825 D vendor.qti.bluetooth@1.0-ibs_handler: SerialClockVote: vote for UART CLK ON
07-11 13:59:00.201 4725 5825 D vendor.qti.bluetooth@1.0-wake_lock: Acquire wakelock is acquired
07-11 13:59:00.201 4725 5825 I vendor.qti.bluetooth@1.0-ibs_handler: ProcessIbsCmd: Writing IBS_WAKE_ACK
07-11 13:59:00.211 4725 4725 I vendor.qti.bluetooth@1.0-ibs_handler: DeviceWakeUp: Writing IBS_WAKE_IND
07-11 13:59:00.212 4725 5825 I vendor.qti.bluetooth@1.0-ibs_handler: ProcessIbsCmd: Received IBS_WAKE_ACK: 0xFC
07-11 13:59:00.262 4725 5825 I vendor.qti.bluetooth@1.0-ibs_handler: ProcessIbsCmd: Received IBS_SLEEP_IND: 0xFE
07-11 13:59:00.673 4725 5825 I vendor.qti.bluetooth@1.0-ibs_handler: ProcessIbsCmd: Received IBS_WAKE_IND: 0xFD
07-11 13:59:00.673 4725 5825 I vendor.qti.bluetooth@1.0-ibs_handler: ProcessIbsCmd: Writing IBS_WAKE_ACK
07-11 13:59:00.714 4725 5825 I vendor.qti.bluetooth@1.0-ibs_handler: ProcessIbsCmd: Received IBS_SLEEP_IND: 0xFE
07-11 13:59:01.212 4725 5833 I vendor.qti.bluetooth@1.0-ibs_handler: DeviceSleep: TX Awake, Sending SLEEP_IND
07-11 13:59:01.213 4725 5833 D vendor.qti.bluetooth@1.0-ibs_handler: SerialClockVote: vote for UART CLK OFF
07-11 13:59:01.363 4725 5009 D vendor.qti.bluetooth@1.0-wake_lock: Release wakelock is released
07-11 13:59:04.519 6722 6810 E SDM : HWCSession::ForceMaxFrameRate: ForceMaxFrameRate failed: max_frame_rate is 0!
07-11 13:59:04.562 5059 5326 I chatty : uid=0(root) thermal-engine expire 70 lines
07-11 13:59:04.569 5020 8522 I LOWI-8.6.0.59: [LOWI-Scan] lowi_close_record:Scan done in 1695527ms, 5 APs in scan results
07-11 13:59:04.576 5020 5050 I LOWI-8.6.0.59: [LOWIUtils] responseToOutPostcard - TO: FreeWifiScanObserver, FROM: LOWI-SERVER, RESP: LOWI_ASYNC_DISCOVERY_SCAN_RESULTS
07-11 13:59:04.582 4734 4921 I LocSvc_api_v02: ---> locClientSendReq line 2325 QMI_LOC_INJECT_WIFI_AP_DATA_REQ_V02
07-11 13:59:04.592 4734 6818 I LocSvc_ApiV02: <--- globalRespCb line 196 QMI_LOC_INJECT_WIFI_AP_DATA_REQ_V02
07-11 13:59:05.649 4995 4995 I cnss-daemon: nl80211 response handler invoked
07-11 13:59:05.649 4995 4995 I cnss-daemon: nl80211_response_handler: cmd 103, vendorID 4980, subcmd 165 received
07-11 13:59:05.655 5020 8522 I LOWI-8.6.0.59: [LOWI-Scan] get_intf_mode: WLAN interface type 2, err 0
07-11 13:59:07.761 6722 6810 E SDM : HWCSession::ForceMaxFrameRate: ForceMaxFrameRate failed: max_frame_rate is 0!
07-11 13:59:09.146 6722 6810 E SDM : HWCSession::ForceMaxFrameRate: ForceMaxFrameRate failed: max_frame_rate is 0!
07-11 13:59:16.401 6722 6810 E SDM : HWCSession::ForceMaxFrameRate: ForceMaxFrameRate failed: max_frame_rate is 0!
07-11 13:59:16.441 5059 5326 I chatty : uid=0(root) thermal-engine expire 385 lines
07-11 13:59:18.676 6722 6810 E SDM : HWCSession::ForceMaxFrameRate: ForceMaxFrameRate failed: max_frame_rate is 0!
07-11 13:59:20.305 6722 6810 E SDM : HWCSession::ForceMaxFrameRate: ForceMaxFrameRate failed: max_frame_rate is 0!
07-11 13:59:22.707 6722 6810 E SDM : HWCSession::ForceMaxFrameRate: ForceMaxFrameRate failed: max_frame_rate is 0!
07-11 13:59:23.984 6722 6810 E SDM : HWCSession::ForceMaxFrameRate: ForceMaxFrameRate failed: max_frame_rate is 0!
07-11 13:59:26.247 6722 6810 E SDM : HWCSession::ForceMaxFrameRate: ForceMaxFrameRate failed: max_frame_rate is 0!
07-11 13:59:27.421 6722 6810 E SDM : HWCSession::ForceMaxFrameRate: ForceMaxFrameRate failed: max_frame_rate is 0!
07-11 13:59:27.472 5059 5326 I chatty : uid=0(root) thermal-engine expire 469 lines
07-11 13:59:29.781 6722 6810 E SDM : HWCSession::ForceMaxFrameRate: ForceMaxFrameRate failed: max_frame_rate is 0!
07-11 13:59:30.758 6722 6810 E SDM : HWCSession::ForceMaxFrameRate: ForceMaxFrameRate failed: max_frame_rate is 0!
07-11 13:59:31.532 6722 6810 E SDM : HWCSession::ForceMaxFrameRate: ForceMaxFrameRate failed: max_frame_rate is 0!
07-11 13:59:32.334 6722 6810 E SDM : HWCSession::ForceMaxFrameRate: ForceMaxFrameRate failed: max_frame_rate is 0!
07-11 13:59:33.873 6722 6810 E SDM : HWCSession::ForceMaxFrameRate: ForceMaxFrameRate failed: max_frame_rate is 0!
07-11 13:59:34.201 4725 5825 I vendor.qti.bluetooth@1.0-ibs_handler: ProcessIbsCmd: Received IBS_WAKE_IND: 0xFD
07-11 13:59:34.201 4725 5825 D vendor.qti.bluetooth@1.0-ibs_handler: SerialClockVote: vote for UART CLK ON
07-11 13:59:34.204 4725 5825 D vendor.qti.bluetooth@1.0-wake_lock: Acquire wakelock is acquired
07-11 13:59:34.204 4725 5825 I vendor.qti.bluetooth@1.0-ibs_handler: ProcessIbsCmd: Writing IBS_WAKE_ACK
07-11 13:59:34.245 4725 5825 I vendor.qti.bluetooth@1.0-ibs_handler: ProcessIbsCmd: Received IBS_SLEEP_IND: 0xFE
07-11 13:59:34.245 4725 5825 D vendor.qti.bluetooth@1.0-ibs_handler: SerialClockVote: vote for UART CLK OFF
07-11 13:59:34.396 4725 5009 D vendor.qti.bluetooth@1.0-wake_lock: Release wakelock is released
07-11 13:59:34.579 4725 5825 I vendor.qti.bluetooth@1.0-ibs_handler: ProcessIbsCmd: Received IBS_WAKE_IND: 0xFD
07-11 13:59:34.579 4725 5825 D vendor.qti.bluetooth@1.0-ibs_handler: SerialClockVote: vote for UART CLK ON
07-11 13:59:34.581 4725 5825 D vendor.qti.bluetooth@1.0-wake_lock: Acquire wakelock is acquired
07-11 13:59:34.581 4725 5825 I vendor.qti.bluetooth@1.0-ibs_handler: ProcessIbsCmd: Writing IBS_WAKE_ACK
07-11 13:59:34.625 4725 5825 I vendor.qti.bluetooth@1.0-ibs_handler: ProcessIbsCmd: Received IBS_SLEEP_IND: 0xFE
07-11 13:59:34.625 4725 5825 D vendor.qti.bluetooth@1.0-ibs_handler: SerialClockVote: vote for UART CLK OFF
07-11 13:59:34.776 4725 5009 D vendor.qti.bluetooth@1.0-wake_lock: Release wakelock is released
07-11 13:59:35.347 4725 5825 I vendor.qti.bluetooth@1.0-ibs_handler: ProcessIbsCmd: Received IBS_WAKE_IND: 0xFD
07-11 13:59:35.347 4725 5825 D vendor.qti.bluetooth@1.0-ibs_handler: SerialClockVote: vote for UART CLK ON
07-11 13:59:35.350 4725 5825 D vendor.qti.bluetooth@1.0-wake_lock: Acquire wakelock is acquired
07-11 13:59:35.350 4725 5825 I vendor.qti.bluetooth@1.0-ibs_handler: ProcessIbsCmd: Writing IBS_WAKE_ACK
07-11 13:59:35.392 4725 5825 I vendor.qti.bluetooth@1.0-ibs_handler: ProcessIbsCmd: Received IBS_SLEEP_IND: 0xFE
07-11 13:59:35.392 4725 5825 D vendor.qti.bluetooth@1.0-ibs_handler: SerialClockVote: vote for UART CLK OFF
07-11 13:59:35.542 4725 5009 D vendor.qti.bluetooth@1.0-wake_lock: Release wakelock is released
07-11 13:59:39.450 6722 6810 E SDM : HWCSession::ForceMaxFrameRate: ForceMaxFrameRate failed: max_frame_rate is 0!
07-11 13:59:39.507 5059 5326 I chatty : uid=0(root) thermal-engine expire 70 lines
07-11 13:59:45.947 6722 6810 E SDM : HWCSession::ForceMaxFrameRate: ForceMaxFrameRate failed: max_frame_rate is 0!
07-11 13:59:45.951 4743 4797 I sensors-hal: batch:180, android.sensor.light/37, period=0, max_latency=0
07-11 13:59:45.951 4743 4797 I sensors-hal: batch:189, android.sensor.light/37, period=0, max_latency=0 request completed
07-11 13:59:45.954 4743 4797 I sensors-hal: activate:147, android.sensor.light/37 en=1
07-11 13:59:45.955 4743 4797 I sensors-hal: get_qmi_debug_flag:230, support_qmi_debug : false
07-11 13:59:45.961 4743 4797 I sensors-hal: activate:158, android.sensor.light/37 en=1 completed
07-11 13:59:46.010 5013 7207 D libsensor-B2SNotifier: Backlight2SlpiNotifier brightness = 1
07-11 13:59:46.019 4735 4882 I SDM : DisplayBase::SetDisplayState: Set state = 1, display 28-0, teardown = 0
07-11 13:59:46.022 4743 20354 I sensors-hal: handle_indication_realtime:406, SCHED_FIFO(10) for qmi_cbk
07-11 13:59:46.048 6722 6810 E SDM : HWCSession::ForceMaxFrameRate: ForceMaxFrameRate failed: max_frame_rate is 0!
07-11 13:59:46.214 4735 4882 W SDM : ResourceImpl::Perform: Invalid command 4
07-11 13:59:46.215 4778 4888 D DisplayFeatureHal: HandleDisplayState enter state 1, last state 0
07-11 13:59:46.215 4778 4888 D DisplayFeatureHal: onResume enter, mFodScreenOn=0
07-11 13:59:46.216 4778 4888 D DisplayFeatureHal: Query DisplayPostproc service
07-11 13:59:46.217 4735 7618 I Dpps : AddNewDppsClient():431 New DPPS client accepted, client fd = 21, poll idx 2
07-11 13:59:46.217 4735 7618 I Dpps : HandleDppsClientEvent():921 Incoming message on client fd 21: 'ad:on;1'
07-11 13:59:46.217 4735 7618 E Dpps : HandleDppsClientEvent():987 AdContext Post failed ret -95
07-11 13:59:46.217 4735 7618 E Dpps : RunPollIteration():372 Poll iteration failed with ret -95
07-11 13:59:46.217 4735 7618 E Dpps : Run():181 Poll iteration failed, ret -95
07-11 13:59:46.218 4735 7618 I Dpps : HandleDppsClientEvent():903 Client connection 21 has closed
07-11 13:59:46.218 4735 7618 I Dpps : RemoveServerClient():297 closed fd 21 poll_idx 2
07-11 13:59:46.218 4778 4888 D DisplayFeatureHal: HandleDisplayState exit
07-11 13:59:46.218 4778 4888 D DisplayFeatureHal: HandleACNormal enter
07-11 13:59:46.218 4778 4888 D DisplayFeatureHal: Query DisplayPostproc service
07-11 13:59:46.219 4735 7618 I Dpps : AddNewDppsClient():431 New DPPS client accepted, client fd = 21, poll idx 2
07-11 13:59:46.219 4735 7618 I Dpps : HandleDppsClientEvent():921 Incoming message on client fd 21: 'ad:on;1'
07-11 13:59:46.219 4735 7618 E Dpps : HandleDppsClientEvent():987 AdContext Post failed ret -95
07-11 13:59:46.219 4735 7618 E Dpps : RunPollIteration():372 Poll iteration failed with ret -95
07-11 13:59:46.219 4735 7618 E Dpps : Run():181 Poll iteration failed, ret -95
07-11 13:59:46.219 4735 7618 I Dpps : HandleDppsClientEvent():903 Client connection 21 has closed
07-11 13:59:46.219 4735 7618 I Dpps : RemoveServerClient():297 closed fd 21 poll_idx 2
07-11 13:59:46.225 4735 6821 E SDM : DRMCrtc::Perform: CRTC 110: Set mode 1080x2340x60x179431
07-11 13:59:46.226 4735 20415 I libsensor-C2SNotifier: Sensor: notify type: 1, value: 1
07-11 13:59:46.226 5013 5013 I libsensor_ssccalapi: send_sensor_selftest_msg for sensor: ambient_light
07-11 13:59:46.228 4735 4882 E SDM : DRMCrtc::Perform: CRTC 110: Set mode 1080x2340x60x179431
07-11 13:59:46.235 5013 7207 D libsensor-B2SNotifier: Backlight2SlpiNotifier brightness = 23
07-11 13:59:46.245 4778 4888 D DisplayFeatureHal: pcc gabb coeff 0 1.000000
07-11 13:59:46.245 4778 4888 D DisplayFeatureHal: pcc gabb coeff 1 0.000000
07-11 13:59:46.245 4778 4888 D DisplayFeatureHal: pcc gabb coeff 2 0.000000
07-11 13:59:46.245 4778 4888 D DisplayFeatureHal: pcc gabb coeff 3 0.000000
07-11 13:59:46.245 4778 4888 D DisplayFeatureHal: pcc gabb coeff 4 1.000000
07-11 13:59:46.245 4778 4888 D DisplayFeatureHal: pcc gabb coeff 5 0.000000
07-11 13:59:46.245 4778 4888 D DisplayFeatureHal: pcc gabb coeff 6 0.000000
07-11 13:59:46.245 4778 4888 D DisplayFeatureHal: pcc gabb coeff 7 0.000000
07-11 13:59:46.245 4778 4888 D DisplayFeatureHal: pcc gabb coeff 8 1.000000
07-11 13:59:46.247 4778 4888 D DisplayFeatureHal: HandleACNormal exit ret 0
07-11 13:59:46.247 4778 4888 D DisplayFeatureHal: isStartSensorControl ret 0
07-11 13:59:46.255 5013 7207 D libsensor-B2SNotifier: Backlight2SlpiNotifier brightness = 87
07-11 13:59:46.267 5013 7207 D libsensor-B2SNotifier: Backlight2SlpiNotifier brightness = 147
07-11 13:59:46.276 5013 7207 D libsensor-B2SNotifier: Backlight2SlpiNotifier brightness = 199
07-11 13:59:46.292 5013 7207 D libsensor-B2SNotifier: Backlight2SlpiNotifier brightness = 272
07-11 13:59:46.309 5013 7207 D libsensor-B2SNotifier: Backlight2SlpiNotifier brightness = 341
07-11 13:59:46.328 5013 7207 D libsensor-B2SNotifier: Backlight2SlpiNotifier brightness = 388
07-11 13:59:46.332 4749 4749 D android.hardware.nfc@1.2-impl: Nfc::open Enter
07-11 13:59:46.332 4749 4749 E NxpHal : phNxpNciHal_open NFC HAL OPEN
07-11 13:59:46.332 4749 4749 D NxpHal : phNxpNci_MinOpen(): enter
07-11 13:59:46.332 4749 4749 D : nxp_rf_config_path=/vendor/etc/libnfc-nxp_RF.conf
07-11 13:59:46.332 4749 4749 D : Fw_Lib_Path=/system/vendor/lib/libsn100u_fw.so
07-11 13:59:46.337 4749 4749 D NxpHal : Error : opening (/system/vendor/lib64/libonebinary.so) !!
07-11 13:59:46.337 4749 4749 I : default config file exists = /vendor/etc/libnfc-nxp.conf, disables dynamic selection
07-11 13:59:46.337 4749 4749 D : readConfig; filename is /vendor/etc/libnfc-nxp.conf
07-11 13:59:46.337 4749 4749 D : readNxpRFConfig-Enter..Reading /vendor/etc/libnfc-nxp_RF.conf
07-11 13:59:46.337 4749 4749 D : readConfig; filename is /vendor/etc/libnfc-nxp_RF.conf
07-11 13:59:46.338 4749 4749 D : readNxpTransitConfig-Enter..Reading /data/vendor/nfc/libnfc-nxpTransit.conf
07-11 13:59:46.338 4749 4749 E : readConfig Cannot open config file /data/vendor/nfc/libnfc-nxpTransit.conf
07-11 13:59:46.338 4749 4749 D NxpExtns: find found NFC_DEBUG_ENABLED=(0x1)
07-11 13:59:46.338 4749 4749 D NxpHal : nfc_debug_enabled : 1
07-11 13:59:46.338 4749 4749 D NxpExtns: find found NXPLOG_NCIHAL_LOGLEVEL=(0x3)
07-11 13:59:46.338 4749 4749 D NxpExtns: find found NXPLOG_EXTNS_LOGLEVEL=(0x3)
07-11 13:59:46.338 4749 4749 D NxpExtns: find found NXPLOG_TML_LOGLEVEL=(0x3)
07-11 13:59:46.338 4749 4749 D NxpExtns: find found NXPLOG_FWDNLD_LOGLEVEL=(0x3)
07-11 13:59:46.338 4749 4749 D NxpExtns: find found NXPLOG_NCIX_LOGLEVEL=(0x3)
07-11 13:59:46.338 4749 4749 D NxpExtns: find found NXPLOG_NCIR_LOGLEVEL=(0x3)
07-11 13:59:46.338 4749 4749 D NxpNfcHal: phNxpLog_InitializeLogLevel: global =1, Fwdnld =3, extns =3, hal =3, tml =3, ncir =3, ncix =3
07-11 13:59:46.338 4749 4749 D NxpHal : Entering phNxpNciHal_init_monitor
07-11 13:59:46.338 4749 4749 D NxpHal : Returning with SUCCESS
07-11 13:59:46.338 4749 4749 D NxpExtns: find found NXP_NFC_DEV_NODE=/dev/nq-nci
07-11 13:59:46.338 4749 4749 D NxpTml : Opening port=/dev/nq-nci
07-11 13:59:46.339 6722 6810 E SDM : HWCSession::ForceMaxFrameRate: ForceMaxFrameRate failed: max_frame_rate is 0!
07-11 13:59:46.349 4749 4749 D NxpTml : phTmlNfc_i2c_reset(), VEN level 1
07-11 13:59:46.360 4749 20444 D NxpTml : PN54X - Tml Reader Thread Started................
07-11 13:59:46.360 4749 20444 D NxpTml : PN54X - Read requested.....
07-11 13:59:46.360 4749 20444 D NxpTml : PN54X - Invoking I2C Read.....
07-11 13:59:46.364 4749 20445 D NxpTml : PN54X - Tml Writer Thread Started................
07-11 13:59:46.364 4749 20447 D NxpHal : thread started
07-11 13:59:46.364 4749 20445 D NxpTml : PN54X - Tml Writer Thread Running................
07-11 13:59:46.364 4749 20445 D NxpTml : PN54X - Write requested.....
07-11 13:59:46.364 4749 20445 D NxpTml : PN54X - Invoking I2C Write.....
07-11 13:59:46.365 4749 20445 E NxpTml : _i2c_write() errno : 5
07-11 13:59:46.365 4749 20445 E NxpTml : PN54X - Error in I2C Write.....
07-11 13:59:46.365 4749 20445 D NxpTml : PN54X - Posting Fresh Write message.....
07-11 13:59:46.365 4749 20445 D NxpTml : PN54X - Tml Writer Thread Running................
07-11 13:59:46.365 4749 20447 E NxpHal : write error status = 0x1ff
07-11 13:59:46.365 4749 4749 E NxpHal : write_unlocked failed - PN54X Maybe in Standby Mode - Retry
07-11 13:59:46.375 4749 20445 D NxpTml : PN54X - Write requested.....
07-11 13:59:46.375 4749 20445 D NxpTml : PN54X - Invoking I2C Write.....
07-11 13:59:46.377 4749 20445 D NxpNciX : len = 4 > 20000100
07-11 13:59:46.377 4749 20445 D NxpTml : PN54X - I2C Write successful.....
07-11 13:59:46.377 4749 20445 D NxpTml : PN54X - Posting Fresh Write message.....
07-11 13:59:46.377 4749 20444 D NxpTml : PN54X - I2C Read successful.....len = 4
07-11 13:59:46.377 4749 20444 D NxpTml : Delay Read if write thread is busy
07-11 13:59:46.377 4749 20445 D NxpTml : PN54X - Tml Writer Thread Running................
07-11 13:59:46.377 4749 20447 D NxpHal : write successful status = 0x0
07-11 13:59:46.377 4749 4749 D NxpHal : Response timer started
07-11 13:59:46.377 4749 4749 D NxpHal : Waiting after ext cmd sent
07-11 13:59:46.379 4749 20444 D NxpNciR : len = 4 > 40000100
07-11 13:59:46.379 4749 20444 D NxpTml : PN54X - Posting read message.....
07-11 13:59:46.379 4749 20447 D NxpHal : read successful status = 0x0
07-11 13:59:46.379 4749 20447 D NxpHal : CORE_RESET_RSP NCI2.0
07-11 13:59:46.379 4749 4749 D NxpHal : Response timer stopped
07-11 13:59:46.379 4749 20444 D NxpTml : PN54X - Read requested.....
07-11 13:59:46.379 4749 4749 D NxpHal : Response timer started
07-11 13:59:46.379 4749 20444 D NxpTml : PN54X - Invoking I2C Read.....
07-11 13:59:46.380 4749 20444 D NxpTml : PN54X - I2C Read successful.....len = 13
07-11 13:59:46.380 4749 20444 D NxpNciR : len = 13 > 60000A020020040500A4011018
07-11 13:59:46.380 4749 20444 D NxpTml : PN54X - Posting read message.....
07-11 13:59:46.380 4749 20447 D NxpHal : read successful status = 0x0
07-11 13:59:46.380 4749 20447 D NxpHal : CORE_RESET_NTF NCI2.0 reason CORE_RESET_CMD received !
07-11 13:59:46.380 4749 20447 D NxpHal : processChipType Product : sn100t
07-11 13:59:46.380 4749 20447 D NxpHal : phNxpNciHal_configFeatureList ()chipType = 11
07-11 13:59:46.380 4749 20447 D NxpHal : phNxpNciHal_configFeatureList ()chipType = 11
07-11 13:59:46.380 4749 20447 D NxpHal : phNxpNciHal_configFeatureList ()FW = 16
07-11 13:59:46.380 4749 20447 D NxpHal : NxpNci> FW Version: 1.10.18
07-11 13:59:46.380 4749 20444 D NxpTml : PN54X - Read requested.....
07-11 13:59:46.380 4749 20444 D NxpTml : PN54X - Invoking I2C Read.....
07-11 13:59:46.380 4749 4749 D NxpHal : Response timer stopped
07-11 13:59:46.380 4749 4749 D NxpHal : Checking response
07-11 13:59:46.381 4749 20445 D NxpTml : PN54X - Write requested.....
07-11 13:59:46.381 4749 20445 D NxpTml : PN54X - Invoking I2C Write.....
07-11 13:59:46.382 4749 20445 D NxpNciX : len = 5 > 2001020000
07-11 13:59:46.382 4749 20445 D NxpTml : PN54X - I2C Write successful.....
07-11 13:59:46.382 4749 20445 D NxpTml : PN54X - Posting Fresh Write message.....
07-11 13:59:46.382 4749 20445 D NxpTml : PN54X - Tml Writer Thread Running................
07-11 13:59:46.382 4749 20447 D NxpHal : write successful status = 0x0
07-11 13:59:46.383 4749 4749 D NxpHal : Response timer started
07-11 13:59:46.383 4749 4749 D NxpHal : Waiting after ext cmd sent
07-11 13:59:46.383 4749 20444 D NxpTml : PN54X - I2C Read successful.....len = 33
07-11 13:59:46.383 4749 20444 D NxpNciR : len = 33 > 40011E001A3E0600010604FFFF01FF000800000100020003008000820083008400
07-11 13:59:46.383 4749 20444 D NxpTml : PN54X - Posting read message.....
07-11 13:59:46.383 4749 20447 D NxpHal : read successful status = 0x0
07-11 13:59:46.383 4749 20447 D NxpHal : CORE_INIT_RSP NCI2.0 received !
07-11 13:59:46.383 4749 4749 D NxpHal : Response timer stopped
07-11 13:59:46.383 4749 20444 D NxpTml : PN54X - Read requested.....
07-11 13:59:46.383 4749 4749 D NxpHal : Checking response
07-11 13:59:46.383 4749 20444 D NxpTml : PN54X - Invoking I2C Read.....
07-11 13:59:46.383 4749 4749 D NxpHal : phNxpNciHal_CheckFwRegFlashRequired() : enter
07-11 13:59:46.383 4749 4749 D NxpFwDnld: Allocating Mem for Dnld Context..
07-11 13:59:46.383 4749 4749 E NxpFwDnld: phDnldNfc_SetDlRspTimeout timeout value =9c4
07-11 13:59:46.383 4749 4749 D NxpExtns: find found NXP_FW_TYPE=(0x1)
07-11 13:59:46.383 4749 4749 D NxpFwDnld: firmware type from conf file: 1
07-11 13:59:46.384 4749 4749 E NxpFwDnld: free library SUCCESS !!
07-11 13:59:46.385 4749 4749 D NxpFwDnld: @@@/system/vendor/lib/libsn100u_fw.so
07-11 13:59:46.385 4749 4749 E NxpFwDnld: FW Image Length - ImageInfoLen 204518
07-11 13:59:46.385 4749 4749 E NxpFwDnld: FW Image Info Pointer - pImageInfo 0x7b235ae430
07-11 13:59:46.385 4749 4749 D NxpFwDnld: FW Major Version Num - 10
07-11 13:59:46.385 4749 4749 D NxpFwDnld: FW Minor Version Num - 18
07-11 13:59:46.385 4749 4749 D NxpFwDnld: FW Image Length - 204518
07-11 13:59:46.385 4749 4749 D NxpFwDnld: FW Image Info Pointer - 0x7b235ae430
07-11 13:59:46.385 4749 4749 D NxpHal : FW version of the libsn100u.so binary = 0x1018
07-11 13:59:46.385 4749 4749 D NxpHal : FW version found on the device = 0x11018
07-11 13:59:46.385 4749 4749 D NxpExtns: find found NXP_FLASH_CONFIG=(0x2)
07-11 13:59:46.385 4749 4749 D NxpHal : FW update not required
07-11 13:59:46.385 4749 4749 E NxpFwDnld: Freeing Mem for Dnld Context..
07-11 13:59:46.385 4749 4749 D NxpHal : phNxpNciHal_CheckFwRegFlashRequired() : exit - status = 0 wFwUpdateReq=0, wRfUpdateReq=55
07-11 13:59:46.385 4749 4749 D NxpFwDnld: Allocating Mem for Dnld Context..
07-11 13:59:46.385 4749 4749 E NxpFwDnld: phDnldNfc_SetDlRspTimeout timeout value =9c4
07-11 13:59:46.385 4749 4749 D NxpExtns: find found NXP_FW_TYPE=(0x1)
07-11 13:59:46.385 4749 4749 D NxpFwDnld: firmware type from conf file: 1
07-11 13:59:46.385 4749 4749 E NxpFwDnld: free library SUCCESS !!
07-11 13:59:46.386 4749 4749 D NxpFwDnld: @@@/system/vendor/lib/libsn100u_fw.so
07-11 13:59:46.386 4749 4749 E NxpFwDnld: FW Image Length - ImageInfoLen 204518
07-11 13:59:46.386 4749 4749 E NxpFwDnld: FW Image Info Pointer - pImageInfo 0x7b235be430
07-11 13:59:46.386 4749 4749 D NxpFwDnld: FW Major Version Num - 10
07-11 13:59:46.386 4749 4749 D NxpFwDnld: FW Minor Version Num - 18
07-11 13:59:46.386 4749 4749 D NxpFwDnld: FW Image Length - 204518
07-11 13:59:46.386 4749 4749 D NxpFwDnld: FW Image Info Pointer - 0x7b235be430
07-11 13:59:46.386 4749 4749 D NxpHal : FW version from device = 0x11018
07-11 13:59:46.386 4749 4749 D NxpHal : FW update not required
07-11 13:59:46.387 4749 4749 E NxpFwDnld: Freeing Mem for Dnld Context..
07-11 13:59:46.387 4749 4749 D NxpHal : phNxpNciHal_MinOpen(): exit
07-11 13:59:46.387 4749 4749 D android.hardware.nfc@1.2-impl: Nfc::open Exit
07-11 13:59:46.389 4749 20445 D NxpTml : PN54X - Write requested.....
07-11 13:59:46.389 4749 20445 D NxpTml : PN54X - Invoking I2C Write.....
07-11 13:59:46.390 4749 20445 D NxpNciX : len = 4 > 20000100
07-11 13:59:46.390 4749 20445 D NxpTml : PN54X - I2C Write successful.....
07-11 13:59:46.390 4749 20445 D NxpTml : PN54X - Posting Fresh Write message.....
07-11 13:59:46.390 4749 20445 D NxpTml : PN54X - Tml Writer Thread Running................
07-11 13:59:46.390 4749 20447 D NxpHal : write successful status = 0x0
07-11 13:59:46.391 4749 20444 D NxpTml : PN54X - I2C Read successful.....len = 4
07-11 13:59:46.391 4749 20444 D NxpNciR : len = 4 > 40000100
07-11 13:59:46.391 4749 20444 D NxpTml : PN54X - Posting read message.....
07-11 13:59:46.391 4749 20447 D NxpHal : read successful status = 0x0
07-11 13:59:46.391 4749 20447 D NxpHal : CORE_RESET_RSP NCI2.0
07-11 13:59:46.392 4749 20444 D NxpTml : PN54X - Read requested.....
07-11 13:59:46.392 4749 20444 D NxpTml : PN54X - Invoking I2C Read.....
07-11 13:59:46.393 4749 20444 D NxpTml : PN54X - I2C Read successful.....len = 13
07-11 13:59:46.393 4749 20444 D NxpNciR : len = 13 > 60000A020020040500A4011018
07-11 13:59:46.393 4749 20444 D NxpTml : PN54X - Posting read message.....
07-11 13:59:46.393 4749 20447 D NxpHal : read successful status = 0x0
07-11 13:59:46.393 4749 20447 D NxpHal : CORE_RESET_NTF NCI2.0 reason CORE_RESET_CMD received !
07-11 13:59:46.393 4749 20447 D NxpHal : NxpNci> FW Version: 1.10.18
07-11 13:59:46.394 4749 20445 D NxpTml : PN54X - Write requested.....
07-11 13:59:46.394 4749 20445 D NxpTml : PN54X - Invoking I2C Write.....
07-11 13:59:46.394 4749 20444 D NxpTml : PN54X - Read requested.....
07-11 13:59:46.394 4749 20444 D NxpTml : PN54X - Invoking I2C Read.....
07-11 13:59:46.395 4749 20445 D NxpNciX : len = 5 > 2001020000
07-11 13:59:46.395 4749 20445 D NxpTml : PN54X - I2C Write successful.....
07-11 13:59:46.395 4749 20445 D NxpTml : PN54X - Posting Fresh Write message.....
07-11 13:59:46.395 4749 20445 D NxpTml : PN54X - Tml Writer Thread Running................
07-11 13:59:46.395 4749 20447 D NxpHal : write successful status = 0x0
07-11 13:59:46.398 4749 20444 D NxpTml : PN54X - I2C Read successful.....len = 33
07-11 13:59:46.398 4749 20444 D NxpNciR : len = 33 > 40011E001A3E0600010604FFFF01FF000800000100020003008000820083008400
07-11 13:59:46.398 4749 20444 D NxpTml : PN54X - Posting read message.....
07-11 13:59:46.398 4749 20447 D NxpHal : read successful status = 0x0
07-11 13:59:46.398 4749 20447 D NxpHal : CORE_INIT_RSP NCI2.0 received !
07-11 13:59:46.399 4749 20444 D NxpTml : PN54X - Read requested.....
07-11 13:59:46.399 4749 20444 D NxpTml : PN54X - Invoking I2C Read.....
07-11 13:59:46.399 4749 20445 D NxpTml : PN54X - Write requested.....
07-11 13:59:46.399 4749 20445 D NxpTml : PN54X - Invoking I2C Write.....
07-11 13:59:46.401 4749 20444 D NxpTml : PN54X - I2C Read successful.....len = 5
07-11 13:59:46.401 4749 20445 D NxpNciX : len = 64 > 20023D070002F4010801001101006201302A0130611446666D010111020207FF03020003040164070103291446666D010111020207FF03020003040164070103
07-11 13:59:46.401 4749 20444 D NxpTml : Delay Read if write thread is busy
07-11 13:59:46.401 4749 20445 D NxpTml : PN54X - I2C Write successful.....
07-11 13:59:46.401 4749 20445 D NxpTml : PN54X - Posting Fresh Write message.....
