07-11 13:59:46.402 4749 20445 D NxpTml : PN54X - Tml Writer Thread Running................
07-11 13:59:46.402 4749 20447 D NxpHal : write successful status = 0x0
07-11 13:59:46.404 4749 20444 D NxpNciR : len = 5 > 4002020000
07-11 13:59:46.404 4749 20444 D NxpTml : PN54X - Posting read message.....
07-11 13:59:46.404 4749 20447 D NxpHal : read successful status = 0x0
07-11 13:59:46.404 4749 20447 D NxpHal : phNxpNciHal_print_res_status: response status =STATUS_OK
07-11 13:59:46.405 4749 20444 D NxpTml : PN54X - Read requested.....
07-11 13:59:46.405 4749 20445 D NxpTml : PN54X - Write requested.....
07-11 13:59:46.405 4749 20444 D NxpTml : PN54X - Invoking I2C Read.....
07-11 13:59:46.405 4749 20445 D NxpTml : PN54X - Invoking I2C Write.....
07-11 13:59:46.406 4749 20445 D NxpNciX : len = 6 > 200303023250
07-11 13:59:46.406 4749 20445 D NxpTml : PN54X - I2C Write successful.....
07-11 13:59:46.406 4749 20445 D NxpTml : PN54X - Posting Fresh Write message.....
07-11 13:59:46.406 4749 20445 D NxpTml : PN54X - Tml Writer Thread Running................
07-11 13:59:46.406 4749 20444 D NxpTml : PN54X - I2C Read successful.....len = 11
07-11 13:59:46.406 4749 20444 D NxpTml : Delay Read if write thread is busy
07-11 13:59:46.406 4749 20447 D NxpHal : write successful status = 0x0
07-11 13:59:46.409 4749 20444 D NxpNciR : len = 11 > 4003080002320100500100
07-11 13:59:46.409 4749 20444 D NxpTml : PN54X - Posting read message.....
07-11 13:59:46.409 4749 20447 D NxpHal : read successful status = 0x0
07-11 13:59:46.409 4749 20447 D NxpHal : phNxpNciHal_print_res_status: response status =STATUS_OK
07-11 13:59:46.409 4749 20444 D NxpTml : PN54X - Read requested.....
07-11 13:59:46.410 4749 20444 D NxpTml : PN54X - Invoking I2C Read.....
07-11 13:59:46.410 4749 20445 D NxpTml : PN54X - Write requested.....
07-11 13:59:46.410 4749 20445 D NxpTml : PN54X - Invoking I2C Write.....
07-11 13:59:46.416 4749 20445 D NxpNciX : len = 10 > 21010700010003000100
07-11 13:59:46.416 4749 20444 D NxpTml : PN54X - I2C Read successful.....len = 4
07-11 13:59:46.416 4749 20444 D NxpTml : Delay Read if write thread is busy
07-11 13:59:46.416 4749 20445 D NxpTml : PN54X - I2C Write successful.....
07-11 13:59:46.416 4749 20445 D NxpTml : PN54X - Posting Fresh Write message.....
07-11 13:59:46.416 4749 20445 D NxpTml : PN54X - Tml Writer Thread Running................
07-11 13:59:46.416 4749 20447 D NxpHal : write successful status = 0x0
07-11 13:59:46.418 4749 20444 D NxpNciR : len = 4 > 41010100
07-11 13:59:46.418 4749 20444 D NxpTml : PN54X - Posting read message.....
07-11 13:59:46.418 4749 20447 D NxpHal : read successful status = 0x0
07-11 13:59:46.419 4749 4749 D NxpExtns: find found MIFARE_READER_ENABLE=(0x1)
07-11 13:59:46.419 4749 4749 D NxpHal : Going through extns - Adding Mifare in RF Discovery
07-11 13:59:46.419 4749 4749 D NxpHal : Going through extns - Adding Mifare in RF Discovery - END
07-11 13:59:46.419 4749 20444 D NxpTml : PN54X - Read requested.....
07-11 13:59:46.419 4749 20444 D NxpTml : PN54X - Invoking I2C Read.....
07-11 13:59:46.419 4749 20445 D NxpTml : PN54X - Write requested.....
07-11 13:59:46.419 4749 20445 D NxpTml : PN54X - Invoking I2C Write.....
07-11 13:59:46.421 4749 20445 D NxpNciX : len = 19 > 21001005010101020101040102030101800180
07-11 13:59:46.421 4749 20444 D NxpTml : PN54X - I2C Read successful.....len = 4
07-11 13:59:46.421 4749 20445 D NxpTml : PN54X - I2C Write successful.....
07-11 13:59:46.421 4749 20444 D NxpTml : Delay Read if write thread is busy
07-11 13:59:46.421 4749 20445 D NxpTml : PN54X - Posting Fresh Write message.....
07-11 13:59:46.421 4749 20445 D NxpTml : PN54X - Tml Writer Thread Running................
07-11 13:59:46.421 4749 20447 D NxpHal : write successful status = 0x0
07-11 13:59:46.423 4749 20444 D NxpNciR : len = 4 > 41000100
07-11 13:59:46.423 4749 20444 D NxpTml : PN54X - Posting read message.....
07-11 13:59:46.423 4749 20447 D NxpHal : read successful status = 0x0
07-11 13:59:46.424 4749 4749 D NxpHal : > Polling Loop Started
07-11 13:59:46.424 4749 20445 D NxpTml : PN54X - Write requested.....
07-11 13:59:46.424 4749 20445 D NxpTml : PN54X - Invoking I2C Write.....
07-11 13:59:46.424 4749 20444 D NxpTml : PN54X - Read requested.....
07-11 13:59:46.425 4749 20444 D NxpTml : PN54X - Invoking I2C Read.....
07-11 13:59:46.426 4749 20445 D NxpNciX : len = 14 > 21030B0503010001010105010201
07-11 13:59:46.426 4749 20445 D NxpTml : PN54X - I2C Write successful.....
07-11 13:59:46.426 4749 20445 D NxpTml : PN54X - Posting Fresh Write message.....
07-11 13:59:46.426 4749 20444 D NxpTml : PN54X - I2C Read successful.....len = 4
07-11 13:59:46.426 4749 20444 D NxpTml : Delay Read if write thread is busy
07-11 13:59:46.426 4749 20445 D NxpTml : PN54X - Tml Writer Thread Running................
07-11 13:59:46.426 4749 20447 D NxpHal : write successful status = 0x0
07-11 13:59:46.428 4749 20444 D NxpNciR : len = 4 > 41030101
07-11 13:59:46.428 4749 20444 D NxpTml : PN54X - Posting read message.....
07-11 13:59:46.429 4749 20447 D NxpHal : read successful status = 0x0
07-11 13:59:46.429 4749 20444 D NxpTml : PN54X - Read requested.....
07-11 13:59:46.429 4749 20444 D NxpTml : PN54X - Invoking I2C Read.....
07-11 13:59:49.068 6722 6810 E SDM : HWCSession::ForceMaxFrameRate: ForceMaxFrameRate failed: max_frame_rate is 0!
07-11 13:59:49.931 5020 8522 I LOWI-8.6.0.59: [LOWI-Scan] lowi_close_record:Scan done in 1740889ms, 9 APs in scan results
07-11 13:59:49.934 5020 5050 I LOWI-8.6.0.59: [LOWIUtils] responseToOutPostcard - TO: FreeWifiScanObserver, FROM: LOWI-SERVER, RESP: LOWI_ASYNC_DISCOVERY_SCAN_RESULTS
07-11 13:59:49.943 4734 4921 I LocSvc_api_v02: ---> locClientSendReq line 2325 QMI_LOC_INJECT_WIFI_AP_DATA_REQ_V02
07-11 13:59:49.948 4734 6818 I LocSvc_ApiV02: <--- globalRespCb line 196 QMI_LOC_INJECT_WIFI_AP_DATA_REQ_V02
07-11 13:59:53.721 6722 6810 E SDM : HWCSession::ForceMaxFrameRate: ForceMaxFrameRate failed: max_frame_rate is 0!
07-11 13:59:53.804 6722 6810 E SDM : HWCSession::ForceMaxFrameRate: ForceMaxFrameRate failed: max_frame_rate is 0!
07-11 13:59:54.972 5020 8522 I LOWI-8.6.0.59: [LOWI-Scan] lowi_close_record:Scan done in 1745930ms, 13 APs in scan results
07-11 13:59:54.974 5020 5050 I LOWI-8.6.0.59: [LOWIUtils] responseToOutPostcard - TO: FreeWifiScanObserver, FROM: LOWI-SERVER, RESP: LOWI_ASYNC_DISCOVERY_SCAN_RESULTS
07-11 13:59:54.996 4734 4921 I LocSvc_api_v02: ---> locClientSendReq line 2325 QMI_LOC_INJECT_WIFI_AP_DATA_REQ_V02
07-11 13:59:54.997 4734 6818 I LocSvc_ApiV02: <--- globalRespCb line 196 QMI_LOC_INJECT_WIFI_AP_DATA_REQ_V02
07-11 13:59:56.367 6722 6810 E SDM : HWCSession::ForceMaxFrameRate: ForceMaxFrameRate failed: max_frame_rate is 0!
07-11 13:59:56.584 6722 6810 I chatty : uid=100000(u1_root) SDM_EventThread identical 38 lines
07-11 13:59:56.925 6722 6810 E SDM : HWCSession::ForceMaxFrameRate: ForceMaxFrameRate failed: max_frame_rate is 0!
07-11 13:59:57.559 5013 7207 D libsensor-B2SNotifier: Backlight2SlpiNotifier brightness = 273
07-11 13:59:57.568 5013 7207 D libsensor-B2SNotifier: Backlight2SlpiNotifier brightness = 238
07-11 13:59:57.576 5013 7207 D libsensor-B2SNotifier: Backlight2SlpiNotifier brightness = 207
07-11 13:59:57.589 5013 7207 D libsensor-B2SNotifier: Backlight2SlpiNotifier brightness = 169
07-11 13:59:57.598 5013 7207 D libsensor-B2SNotifier: Backlight2SlpiNotifier brightness = 127
07-11 13:59:57.613 5013 7207 D libsensor-B2SNotifier: Backlight2SlpiNotifier brightness = 61
07-11 13:59:57.620 5013 7207 D libsensor-B2SNotifier: Backlight2SlpiNotifier brightness = 46
07-11 13:59:57.630 5013 7207 D libsensor-B2SNotifier: Backlight2SlpiNotifier brightness = 42
07-11 13:59:57.636 4749 20445 D NxpTml : PN54X - Write requested.....
07-11 13:59:57.636 4749 20445 D NxpTml : PN54X - Invoking I2C Write.....
07-11 13:59:57.638 4749 20445 E NxpTml : _i2c_write() errno : 5
07-11 13:59:57.638 4749 20445 E NxpTml : PN54X - Error in I2C Write.....
07-11 13:59:57.638 4749 20445 D NxpTml : PN54X - Posting Fresh Write message.....
07-11 13:59:57.639 4749 20445 D NxpTml : PN54X - Tml Writer Thread Running................
07-11 13:59:57.639 4749 20447 E NxpHal : write error status = 0x1ff
07-11 13:59:57.641 4749 4749 E NxpHal : write_unlocked failed - PN54X Maybe in Standby Mode - Retry
07-11 13:59:57.654 4749 20445 D NxpTml : PN54X - Write requested.....
07-11 13:59:57.654 4749 20445 D NxpTml : PN54X - Invoking I2C Write.....
07-11 13:59:57.655 4749 20445 D NxpNciX : len = 8 > 20020501A0070100
07-11 13:59:57.655 4749 20445 D NxpTml : PN54X - I2C Write successful.....
07-11 13:59:57.655 4749 20445 D NxpTml : PN54X - Posting Fresh Write message.....
07-11 13:59:57.655 4749 20445 D NxpTml : PN54X - Tml Writer Thread Running................
07-11 13:59:57.657 4749 20447 D NxpHal : write successful status = 0x0
07-11 13:59:57.659 4749 4749 D NxpHal : Response timer started
07-11 13:59:57.659 4749 4749 D NxpHal : Waiting after ext cmd sent
07-11 13:59:57.659 5013 7207 D libsensor-B2SNotifier: Backlight2SlpiNotifier brightness = 42
07-11 13:59:57.718 4749 20444 D NxpTml : PN54X - I2C Read successful.....len = 5
07-11 13:59:57.718 4749 20444 D NxpNciR : len = 5 > 4002020000
07-11 13:59:57.718 4749 20444 D NxpTml : PN54X - Posting read message.....
07-11 13:59:57.719 4749 20447 D NxpHal : read successful status = 0x0
07-11 13:59:57.719 4749 20447 D NxpHal : phNxpNciHal_print_res_status: response status =STATUS_OK
07-11 13:59:57.719 4749 4749 D NxpHal : Response timer stopped
07-11 13:59:57.719 4749 4749 D NxpHal : Checking response
07-11 13:59:57.719 4749 20445 D NxpTml : PN54X - Write requested.....
07-11 13:59:57.719 4749 20444 D NxpTml : PN54X - Read requested.....
07-11 13:59:57.719 4749 20444 D NxpTml : PN54X - Invoking I2C Read.....
07-11 13:59:57.719 4749 20445 D NxpTml : PN54X - Invoking I2C Write.....
07-11 13:59:57.720 4749 20445 D NxpNciX : len = 4 > 20000100
07-11 13:59:57.720 4749 20445 D NxpTml : PN54X - I2C Write successful.....
07-11 13:59:57.720 4749 20445 D NxpTml : PN54X - Posting Fresh Write message.....
07-11 13:59:57.720 4749 20445 D NxpTml : PN54X - Tml Writer Thread Running................
07-11 13:59:57.721 4749 20444 D NxpTml : PN54X - I2C Read successful.....len = 4
07-11 13:59:57.721 4749 20444 D NxpTml : Delay Read if write thread is busy
07-11 13:59:57.722 4749 20447 D NxpHal : write successful status = 0x0
07-11 13:59:57.722 4749 4749 D NxpHal : Response timer started
07-11 13:59:57.722 4749 4749 D NxpHal : Waiting after ext cmd sent
07-11 13:59:57.723 4749 20444 D NxpNciR : len = 4 > 40000100
07-11 13:59:57.723 4749 20444 D NxpTml : PN54X - Posting read message.....
07-11 13:59:57.723 4749 20447 D NxpHal : read successful status = 0x0
07-11 13:59:57.723 4749 20447 D NxpHal : CORE_RESET_RSP NCI2.0
07-11 13:59:57.724 4749 4749 D NxpHal : Response timer stopped
07-11 13:59:57.724 4749 4749 D NxpHal : Response timer started
07-11 13:59:57.724 4749 20444 D NxpTml : PN54X - Read requested.....
07-11 13:59:57.724 4749 20444 D NxpTml : PN54X - Invoking I2C Read.....
07-11 13:59:57.724 4749 20444 D NxpTml : PN54X - I2C Read successful.....len = 13
07-11 13:59:57.725 4749 20444 D NxpNciR : len = 13 > 60000A020020040500A4011018
07-11 13:59:57.725 4749 20444 D NxpTml : PN54X - Posting read message.....
07-11 13:59:57.725 4749 20447 D NxpHal : read successful status = 0x0
07-11 13:59:57.725 4749 20447 D NxpHal : CORE_RESET_NTF NCI2.0 reason CORE_RESET_CMD received !
07-11 13:59:57.725 4749 20447 D NxpHal : NxpNci> FW Version: 1.10.18
07-11 13:59:57.725 4749 20447 E NxpHal : Ignoring read , HAL close triggered
07-11 13:59:57.725 4749 4749 D NxpHal : Response timer stopped
07-11 13:59:57.725 4749 4749 D NxpHal : Checking response
07-11 13:59:57.726 4749 20447 D NxpHal : Terminating phNxpNciHal client thread...
07-11 13:59:57.726 4749 20447 D NxpHal : NxpNciHal thread stopped
07-11 13:59:57.726 4749 20444 D NxpTml : PN54X - read request NOT enabled
07-11 13:59:57.727 4749 20445 D NxpTml : PN54X - Write request NOT enabled
07-11 13:59:57.740 4749 4749 D NxpTml : bThreadDone == 0
07-11 13:59:57.754 4749 4749 D NxpHal : phNxpNciHal_close - phOsalNfc_DeInit completed
07-11 13:59:57.754 4749 4749 D NxpHal : Failed to deallocate (list empty)
07-11 13:59:57.754 4749 4749 D NxpHal : Node dump:
07-11 13:59:57.754 4749 4749 D NxpHal : Failed to deallocate (list empty)
07-11 13:59:57.754 4749 4749 D NxpHal : Node dump:
07-11 13:59:57.754 4749 4749 D NxpHal : phNxpNciHal_release_info mGetCfg_info
07-11 13:59:58.104 6722 6810 E SDM : HWCSession::ForceMaxFrameRate: ForceMaxFrameRate failed: max_frame_rate is 0!
07-11 13:59:59.435 6722 6810 E SDM : HWCSession::ForceMaxFrameRate: ForceMaxFrameRate failed: max_frame_rate is 0!
07-11 14:00:00.184 4725 5825 I vendor.qti.bluetooth@1.0-ibs_handler: ProcessIbsCmd: Received IBS_WAKE_IND: 0xFD
07-11 14:00:00.185 4725 5825 D vendor.qti.bluetooth@1.0-ibs_handler: SerialClockVote: vote for UART CLK ON
07-11 14:00:00.185 4725 5825 D vendor.qti.bluetooth@1.0-wake_lock: Acquire wakelock is acquired
07-11 14:00:00.186 4725 5825 I vendor.qti.bluetooth@1.0-ibs_handler: ProcessIbsCmd: Writing IBS_WAKE_ACK
07-11 14:00:00.226 4725 5825 I vendor.qti.bluetooth@1.0-ibs_handler: ProcessIbsCmd: Received IBS_SLEEP_IND: 0xFE
07-11 14:00:00.226 4725 5825 D vendor.qti.bluetooth@1.0-ibs_handler: SerialClockVote: vote for UART CLK OFF
07-11 14:00:00.377 4725 5009 D vendor.qti.bluetooth@1.0-wake_lock: Release wakelock is released
07-11 14:00:01.194 6722 6810 E SDM : HWCSession::ForceMaxFrameRate: ForceMaxFrameRate failed: max_frame_rate is 0!
07-11 14:00:01.389 5013 7207 D libsensor-B2SNotifier: Backlight2SlpiNotifier brightness = 41
07-11 14:00:01.436 5013 7207 D libsensor-B2SNotifier: Backlight2SlpiNotifier brightness = 40
07-11 14:00:01.486 5013 7207 D libsensor-B2SNotifier: Backlight2SlpiNotifier brightness = 39
07-11 14:00:01.536 5013 7207 D libsensor-B2SNotifier: Backlight2SlpiNotifier brightness = 38
07-11 14:00:01.586 5013 7207 D libsensor-B2SNotifier: Backlight2SlpiNotifier brightness = 37
07-11 14:00:01.656 5013 7207 D libsensor-B2SNotifier: Backlight2SlpiNotifier brightness = 36
07-11 14:00:01.700 5013 7207 D libsensor-B2SNotifier: Backlight2SlpiNotifier brightness = 35
07-11 14:00:01.749 5013 7207 D libsensor-B2SNotifier: Backlight2SlpiNotifier brightness = 34
07-11 14:00:01.790 5013 7207 D libsensor-B2SNotifier: Backlight2SlpiNotifier brightness = 33
07-11 14:00:01.844 5013 7207 D libsensor-B2SNotifier: Backlight2SlpiNotifier brightness = 32
07-11 14:00:01.894 5013 7207 D libsensor-B2SNotifier: Backlight2SlpiNotifier brightness = 31
07-11 14:00:01.945 5013 7207 D libsensor-B2SNotifier: Backlight2SlpiNotifier brightness = 30
07-11 14:00:01.997 5013 7207 D libsensor-B2SNotifier: Backlight2SlpiNotifier brightness = 29
07-11 14:00:02.046 5013 7207 D libsensor-B2SNotifier: Backlight2SlpiNotifier brightness = 28
07-11 14:00:02.096 5013 7207 D libsensor-B2SNotifier: Backlight2SlpiNotifier brightness = 27
07-11 14:00:02.161 5013 7207 D libsensor-B2SNotifier: Backlight2SlpiNotifier brightness = 26
07-11 14:00:02.210 5013 7207 D libsensor-B2SNotifier: Backlight2SlpiNotifier brightness = 25
07-11 14:00:02.260 5013 7207 D libsensor-B2SNotifier: Backlight2SlpiNotifier brightness = 24
07-11 14:00:02.314 5013 7207 D libsensor-B2SNotifier: Backlight2SlpiNotifier brightness = 23
07-11 14:00:02.352 5013 7207 D libsensor-B2SNotifier: Backlight2SlpiNotifier brightness = 22
07-11 14:00:02.363 6722 6810 E SDM : HWCSession::ForceMaxFrameRate: ForceMaxFrameRate failed: max_frame_rate is 0!
07-11 14:00:02.791 5013 7207 D libsensor-B2SNotifier: Backlight2SlpiNotifier brightness = 19
07-11 14:00:02.809 5013 7207 D libsensor-B2SNotifier: Backlight2SlpiNotifier brightness = 14
07-11 14:00:02.822 5013 7207 D libsensor-B2SNotifier: Backlight2SlpiNotifier brightness = 12
07-11 14:00:02.831 5013 7207 D libsensor-B2SNotifier: Backlight2SlpiNotifier brightness = 10
07-11 14:00:02.839 5013 7207 D libsensor-B2SNotifier: Backlight2SlpiNotifier brightness = 8
07-11 14:00:02.848 5013 7207 D libsensor-B2SNotifier: Backlight2SlpiNotifier brightness = 6
07-11 14:00:02.856 5013 7207 D libsensor-B2SNotifier: Backlight2SlpiNotifier brightness = 4
07-11 14:00:02.864 5013 7207 D libsensor-B2SNotifier: Backlight2SlpiNotifier brightness = 3
07-11 14:00:02.870 5013 7207 D libsensor-B2SNotifier: Backlight2SlpiNotifier brightness = 1
07-11 14:00:02.877 5013 7207 D libsensor-B2SNotifier: Backlight2SlpiNotifier brightness = 0
07-11 14:00:02.884 5013 7207 D libsensor-B2SNotifier: Backlight2SlpiNotifier brightness = 0
07-11 14:00:02.910 4735 6821 I SDM : DisplayBase::SetDisplayState: Set state = 0, display 28-0, teardown = 0
07-11 14:00:02.911 4735 6821 E SDM : DRMCrtc::Perform: CRTC 110: Set mode 1080x2340x60x179431
07-11 14:00:02.942 6722 6810 E SDM : HWCSession::ForceMaxFrameRate: ForceMaxFrameRate failed: max_frame_rate is 0!
07-11 14:00:03.075 4735 6821 W SDM : ResourceImpl::Perform: Invalid command 4
07-11 14:00:03.076 4778 4888 D DisplayFeatureHal: HandleDisplayState enter state 0, last state 1
07-11 14:00:03.076 4778 4888 D DisplayFeatureHal: onSuspend enter
07-11 14:00:03.076 4778 4888 D DisplayFeatureHal: Query DisplayPostproc service
07-11 14:00:03.081 4735 20583 I libsensor-C2SNotifier: Sensor: notify type: 1, value: 0
07-11 14:00:03.081 5013 5013 I libsensor_ssccalapi: send_sensor_selftest_msg for sensor: ambient_light
07-11 14:00:03.082 4735 7618 I Dpps : AddNewDppsClient():431 New DPPS client accepted, client fd = 21, poll idx 2
07-11 14:00:03.093 4735 7618 I Dpps : HandleDppsClientEvent():921 Incoming message on client fd 21: 'ad:off'
07-11 14:00:03.093 4735 7618 E Dpps : HandleDppsClientEvent():987 AdContext Post failed ret -95
07-11 14:00:03.093 4735 7618 E Dpps : RunPollIteration():372 Poll iteration failed with ret -95
07-11 14:00:03.093 4735 7618 E Dpps : Run():181 Poll iteration failed, ret -95
07-11 14:00:03.094 4778 4888 D DisplayFeatureHal: isStartSensorControl ret 0
07-11 14:00:03.094 4778 4888 D DisplayFeatureHal: HandleSunlightScreen enter modeId 0
07-11 14:00:03.094 4778 4888 D DisplayFeatureHal: HandleSunlightScreen exit ret -1
07-11 14:00:03.094 4778 4888 D DisplayFeatureHal: HandleDisplayState exit
07-11 14:00:03.094 4735 7618 I Dpps : HandleDppsClientEvent():903 Client connection 21 has closed
07-11 14:00:03.094 4735 7618 I Dpps : RemoveServerClient():297 closed fd 21 poll_idx 2
07-11 14:00:04.799 5020 8522 I LOWI-8.6.0.59: [LOWI-Scan] lowi_close_record:Scan done in 1755757ms, 13 APs in scan results
07-11 14:00:04.803 5020 5050 I LOWI-8.6.0.59: [LOWIUtils] responseToOutPostcard - TO: FreeWifiScanObserver, FROM: LOWI-SERVER, RESP: LOWI_ASYNC_DISCOVERY_SCAN_RESULTS
07-11 14:00:04.811 4734 4921 I LocSvc_api_v02: ---> locClientSendReq line 2325 QMI_LOC_INJECT_WIFI_AP_DATA_REQ_V02
07-11 14:00:04.812 4734 6818 I LocSvc_ApiV02: <--- globalRespCb line 196 QMI_LOC_INJECT_WIFI_AP_DATA_REQ_V02
07-11 14:00:08.099 4743 4797 I sensors-hal: activate:147, android.sensor.light/37 en=0
07-11 14:00:08.103 4743 4797 I sensors-hal: activate:158, android.sensor.light/37 en=0 completed
07-11 14:00:14.071 6722 6810 E SDM : HWCSession::ForceMaxFrameRate: ForceMaxFrameRate failed: max_frame_rate is 0!
07-11 14:00:14.131 5059 5326 I chatty : uid=0(root) thermal-engine expire 182 lines
07-11 14:00:14.883 6722 6810 E SDM : HWCSession::ForceMaxFrameRate: ForceMaxFrameRate failed: max_frame_rate is 0!
07-11 14:00:16.660 6722 6810 E SDM : HWCSession::ForceMaxFrameRate: ForceMaxFrameRate failed: max_frame_rate is 0!
07-11 14:00:17.752 6722 6810 E SDM : HWCSession::ForceMaxFrameRate: ForceMaxFrameRate failed: max_frame_rate is 0!
07-11 14:00:19.968 6722 6810 E SDM : HWCSession::ForceMaxFrameRate: ForceMaxFrameRate failed: max_frame_rate is 0!
07-11 14:00:21.401 6722 6810 E SDM : HWCSession::ForceMaxFrameRate: ForceMaxFrameRate failed: max_frame_rate is 0!
07-11 14:00:22.870 6722 6810 E SDM : HWCSession::ForceMaxFrameRate: ForceMaxFrameRate failed: max_frame_rate is 0!
07-11 14:00:24.142 6722 6810 E SDM : HWCSession::ForceMaxFrameRate: ForceMaxFrameRate failed: max_frame_rate is 0!
07-11 14:00:24.180 5059 5326 I chatty : uid=0(root) thermal-engine expire 224 lines
07-11 14:00:28.040 6722 6810 E SDM : HWCSession::ForceMaxFrameRate: ForceMaxFrameRate failed: max_frame_rate is 0!
07-11 14:00:29.235 6722 6810 E SDM : HWCSession::ForceMaxFrameRate: ForceMaxFrameRate failed: max_frame_rate is 0!
07-11 14:00:30.305 6722 6810 E SDM : HWCSession::ForceMaxFrameRate: ForceMaxFrameRate failed: max_frame_rate is 0!
07-11 14:00:31.876 5020 5050 I LOWI-8.6.0.59: [LOWIUtils] responseToOutPostcard - TO: FreeWifiScanObserver, FROM: LOWI-SERVER, RESP: LOWI_ASYNC_DISCOVERY_SCAN_RESULTS
07-11 14:00:31.883 6722 6810 E SDM : HWCSession::ForceMaxFrameRate: ForceMaxFrameRate failed: max_frame_rate is 0!
07-11 14:00:31.893 4734 4921 I LocSvc_api_v02: ---> locClientSendReq line 2325 QMI_LOC_INJECT_WIFI_AP_DATA_REQ_V02
07-11 14:00:31.895 4734 6818 I LocSvc_ApiV02: <--- globalRespCb line 196 QMI_LOC_INJECT_WIFI_AP_DATA_REQ_V02
07-11 14:00:32.686 6722 6810 E SDM : HWCSession::ForceMaxFrameRate: ForceMaxFrameRate failed: max_frame_rate is 0!
07-11 14:00:33.475 6722 6810 E SDM : HWCSession::ForceMaxFrameRate: ForceMaxFrameRate failed: max_frame_rate is 0!
07-11 14:00:34.410 6722 6810 E SDM : HWCSession::ForceMaxFrameRate: ForceMaxFrameRate failed: max_frame_rate is 0!
07-11 14:00:34.465 5059 5326 I chatty : uid=0(root) thermal-engine expire 168 lines
07-11 14:00:34.968 6722 6810 E SDM : HWCSession::ForceMaxFrameRate: ForceMaxFrameRate failed: max_frame_rate is 0!
07-11 14:00:35.952 6722 6810 E SDM : HWCSession::ForceMaxFrameRate: ForceMaxFrameRate failed: max_frame_rate is 0!
07-11 14:00:37.519 6722 6810 E SDM : HWCSession::ForceMaxFrameRate: ForceMaxFrameRate failed: max_frame_rate is 0!
07-11 14:00:38.250 4743 4743 I sensors-hal: batch:180, android.sensor.light/37, period=0, max_latency=0
07-11 14:00:38.250 4743 4743 I sensors-hal: batch:189, android.sensor.light/37, period=0, max_latency=0 request completed
07-11 14:00:38.261 5013 7207 D libsensor-B2SNotifier: Backlight2SlpiNotifier brightness = 1
07-11 14:00:38.265 4735 6821 I SDM : DisplayBase::SetDisplayState: Set state = 1, display 28-0, teardown = 0
07-11 14:00:38.278 4743 4743 I sensors-hal: activate:147, android.sensor.light/37 en=1
07-11 14:00:38.278 4743 4743 I sensors-hal: get_qmi_debug_flag:230, support_qmi_debug : false
07-11 14:00:38.282 4743 4743 I sensors-hal: activate:158, android.sensor.light/37 en=1 completed
07-11 14:00:38.421 6722 6810 E SDM : HWCSession::ForceMaxFrameRate: ForceMaxFrameRate failed: max_frame_rate is 0!
07-11 14:00:38.456 4735 6821 W SDM : ResourceImpl::Perform: Invalid command 4
07-11 14:00:38.458 4735 22401 I libsensor-C2SNotifier: Sensor: notify type: 1, value: 1
07-11 14:00:38.458 4778 4888 D DisplayFeatureHal: HandleDisplayState enter state 1, last state 0
07-11 14:00:38.458 4778 4888 D DisplayFeatureHal: onResume enter, mFodScreenOn=0
07-11 14:00:38.459 5013 5013 I libsensor_ssccalapi: send_sensor_selftest_msg for sensor: ambient_light
07-11 14:00:38.460 4778 4888 D DisplayFeatureHal: Query DisplayPostproc service
07-11 14:00:38.464 4735 7618 I Dpps : AddNewDppsClient():431 New DPPS client accepted, client fd = 22, poll idx 2
07-11 14:00:38.464 4735 7618 I Dpps : HandleDppsClientEvent():921 Incoming message on client fd 22: 'ad:on;1'
07-11 14:00:38.464 4735 7618 E Dpps : HandleDppsClientEvent():987 AdContext Post failed ret -95
07-11 14:00:38.465 4735 7618 E Dpps : RunPollIteration():372 Poll iteration failed with ret -95
07-11 14:00:38.465 4735 7618 E Dpps : Run():181 Poll iteration failed, ret -95
07-11 14:00:38.465 4778 4888 D DisplayFeatureHal: HandleDisplayState exit
07-11 14:00:38.465 4778 4888 D DisplayFeatureHal: HandleACNormal enter
07-11 14:00:38.465 4778 4888 D DisplayFeatureHal: Query DisplayPostproc service
07-11 14:00:38.465 4735 7618 I Dpps : HandleDppsClientEvent():903 Client connection 22 has closed
07-11 14:00:38.465 4735 7618 I Dpps : RemoveServerClient():297 closed fd 22 poll_idx 2
07-11 14:00:38.467 4735 7618 I Dpps : AddNewDppsClient():431 New DPPS client accepted, client fd = 22, poll idx 2
07-11 14:00:38.468 4735 7618 I Dpps : HandleDppsClientEvent():921 Incoming message on client fd 22: 'ad:on;1'
07-11 14:00:38.468 4735 7618 E Dpps : HandleDppsClientEvent():987 AdContext Post failed ret -95
07-11 14:00:38.468 4735 7618 E Dpps : RunPollIteration():372 Poll iteration failed with ret -95
07-11 14:00:38.468 4735 7618 E Dpps : Run():181 Poll iteration failed, ret -95
07-11 14:00:38.468 4735 7618 I Dpps : HandleDppsClientEvent():903 Client connection 22 has closed
07-11 14:00:38.468 4735 7618 I Dpps : RemoveServerClient():297 closed fd 22 poll_idx 2
07-11 14:00:38.476 4778 4888 D DisplayFeatureHal: pcc gabb coeff 0 1.000000
07-11 14:00:38.476 4778 4888 D DisplayFeatureHal: pcc gabb coeff 1 0.000000
07-11 14:00:38.476 4778 4888 D DisplayFeatureHal: pcc gabb coeff 2 0.000000
07-11 14:00:38.476 4778 4888 D DisplayFeatureHal: pcc gabb coeff 3 0.000000
07-11 14:00:38.476 4778 4888 D DisplayFeatureHal: pcc gabb coeff 4 1.000000
07-11 14:00:38.476 4778 4888 D DisplayFeatureHal: pcc gabb coeff 5 0.000000
07-11 14:00:38.476 4778 4888 D DisplayFeatureHal: pcc gabb coeff 6 0.000000
07-11 14:00:38.476 4778 4888 D DisplayFeatureHal: pcc gabb coeff 7 0.000000
07-11 14:00:38.476 4778 4888 D DisplayFeatureHal: pcc gabb coeff 8 1.000000
07-11 14:00:38.477 4778 4888 D DisplayFeatureHal: HandleACNormal exit ret 0
07-11 14:00:38.477 4778 4888 D DisplayFeatureHal: isStartSensorControl ret 0
07-11 14:00:38.478 4743 22398 I sensors-hal: handle_indication_realtime:406, SCHED_FIFO(10) for qmi_cbk
07-11 14:00:38.498 4735 6821 E SDM : DRMCrtc::Perform: CRTC 110: Set mode 1080x2340x60x179431
07-11 14:00:38.500 4735 6821 E SDM : DRMCrtc::Perform: CRTC 110: Set mode 1080x2340x60x179431
07-11 14:00:38.507 5013 7207 D libsensor-B2SNotifier: Backlight2SlpiNotifier brightness = 3
07-11 14:00:38.526 5013 7207 D libsensor-B2SNotifier: Backlight2SlpiNotifier brightness = 10
07-11 14:00:38.543 5013 7207 D libsensor-B2SNotifier: Backlight2SlpiNotifier brightness = 12
07-11 14:00:38.557 5013 7207 D libsensor-B2SNotifier: Backlight2SlpiNotifier brightness = 23
07-11 14:00:38.571 5013 7207 D libsensor-B2SNotifier: Backlight2SlpiNotifier brightness = 31
07-11 14:00:38.578 5013 7207 D libsensor-B2SNotifier: Backlight2SlpiNotifier brightness = 33
07-11 14:00:38.588 5013 7207 D libsensor-B2SNotifier: Backlight2SlpiNotifier brightness = 38
07-11 14:00:38.596 5013 7207 D libsensor-B2SNotifier: Backlight2SlpiNotifier brightness = 40
07-11 14:00:38.613 4749 4749 D android.hardware.nfc@1.2-impl: Nfc::open Enter
07-11 14:00:38.613 4749 4749 E NxpHal : phNxpNciHal_open NFC HAL OPEN
07-11 14:00:38.613 4749 4749 D NxpHal : phNxpNci_MinOpen(): enter
07-11 14:00:38.613 4749 4749 D : nxp_rf_config_path=/vendor/etc/libnfc-nxp_RF.conf
07-11 14:00:38.613 4749 4749 D : Fw_Lib_Path=/system/vendor/lib/libsn100u_fw.so
07-11 14:00:38.614 4749 4749 D NxpHal : Error : opening (/system/vendor/lib64/libonebinary.so) !!
07-11 14:00:38.614 4749 4749 I : default config file exists = /vendor/etc/libnfc-nxp.conf, disables dynamic selection
07-11 14:00:38.614 4749 4749 D : readConfig; filename is /vendor/etc/libnfc-nxp.conf
07-11 14:00:38.614 4749 4749 D : readNxpRFConfig-Enter..Reading /vendor/etc/libnfc-nxp_RF.conf
07-11 14:00:38.615 4749 4749 D : readConfig; filename is /vendor/etc/libnfc-nxp_RF.conf
07-11 14:00:38.615 4749 4749 D : readNxpTransitConfig-Enter..Reading /data/vendor/nfc/libnfc-nxpTransit.conf
07-11 14:00:38.615 4749 4749 E : readConfig Cannot open config file /data/vendor/nfc/libnfc-nxpTransit.conf
07-11 14:00:38.615 4749 4749 D NxpExtns: find found NFC_DEBUG_ENABLED=(0x1)
07-11 14:00:38.615 4749 4749 D NxpHal : nfc_debug_enabled : 1
07-11 14:00:38.615 4749 4749 D NxpExtns: find found NXPLOG_NCIHAL_LOGLEVEL=(0x3)
07-11 14:00:38.615 4749 4749 D NxpExtns: find found NXPLOG_EXTNS_LOGLEVEL=(0x3)
07-11 14:00:38.615 4749 4749 D NxpExtns: find found NXPLOG_TML_LOGLEVEL=(0x3)
07-11 14:00:38.615 4749 4749 D NxpExtns: find found NXPLOG_FWDNLD_LOGLEVEL=(0x3)
07-11 14:00:38.615 4749 4749 D NxpExtns: find found NXPLOG_NCIX_LOGLEVEL=(0x3)
07-11 14:00:38.615 4749 4749 D NxpExtns: find found NXPLOG_NCIR_LOGLEVEL=(0x3)
07-11 14:00:38.615 4749 4749 D NxpNfcHal: phNxpLog_InitializeLogLevel: global =1, Fwdnld =3, extns =3, hal =3, tml =3, ncir =3, ncix =3
07-11 14:00:38.615 4749 4749 D NxpHal : Entering phNxpNciHal_init_monitor
07-11 14:00:38.615 4749 4749 D NxpHal : Returning with SUCCESS
07-11 14:00:38.615 4749 4749 D NxpExtns: find found NXP_NFC_DEV_NODE=/dev/nq-nci
07-11 14:00:38.615 4749 4749 D NxpTml : Opening port=/dev/nq-nci
07-11 14:00:38.617 5013 7207 D libsensor-B2SNotifier: Backlight2SlpiNotifier brightness = 40
07-11 14:00:38.626 4749 4749 D NxpTml : phTmlNfc_i2c_reset(), VEN level 1
07-11 14:00:38.637 4749 22427 D NxpTml : PN54X - Tml Reader Thread Started................
07-11 14:00:38.637 4749 22427 D NxpTml : PN54X - Read requested.....
07-11 14:00:38.637 4749 22430 D NxpHal : thread started
07-11 14:00:38.637 4749 22427 D NxpTml : PN54X - Invoking I2C Read.....
07-11 14:00:38.637 4749 22428 D NxpTml : PN54X - Tml Writer Thread Started................
07-11 14:00:38.637 4749 22428 D NxpTml : PN54X - Tml Writer Thread Running................
07-11 14:00:38.637 4749 22428 D NxpTml : PN54X - Write requested.....
07-11 14:00:38.637 4749 22428 D NxpTml : PN54X - Invoking I2C Write.....
07-11 14:00:38.638 4749 22428 E NxpTml : _i2c_write() errno : 5
07-11 14:00:38.638 4749 22428 E NxpTml : PN54X - Error in I2C Write.....
07-11 14:00:38.638 4749 22428 D NxpTml : PN54X - Posting Fresh Write message.....
07-11 14:00:38.638 4749 22428 D NxpTml : PN54X - Tml Writer Thread Running................
07-11 14:00:38.638 4749 22430 E NxpHal : write error status = 0x1ff
07-11 14:00:38.639 4749 4749 E NxpHal : write_unlocked failed - PN54X Maybe in Standby Mode - Retry
07-11 14:00:38.649 4749 22428 D NxpTml : PN54X - Write requested.....
07-11 14:00:38.649 4749 22428 D NxpTml : PN54X - Invoking I2C Write.....
07-11 14:00:38.650 4749 22428 D NxpNciX : len = 4 > 20000100
07-11 14:00:38.650 4749 22428 D NxpTml : PN54X - I2C Write successful.....
07-11 14:00:38.650 4749 22428 D NxpTml : PN54X - Posting Fresh Write message.....
07-11 14:00:38.650 4749 22428 D NxpTml : PN54X - Tml Writer Thread Running................
07-11 14:00:38.651 4749 22430 D NxpHal : write successful status = 0x0
07-11 14:00:38.651 4749 4749 D NxpHal : Response timer started
07-11 14:00:38.651 4749 22427 D NxpTml : PN54X - I2C Read successful.....len = 4
07-11 14:00:38.651 4749 4749 D NxpHal : Waiting after ext cmd sent
07-11 14:00:38.651 4749 22427 D NxpNciR : len = 4 > 40000100
07-11 14:00:38.651 4749 22427 D NxpTml : PN54X - Posting read message.....
07-11 14:00:38.651 4749 22430 D NxpHal : read successful status = 0x0
07-11 14:00:38.651 4749 22430 D NxpHal : CORE_RESET_RSP NCI2.0
07-11 14:00:38.651 4749 4749 D NxpHal : Response timer stopped
07-11 14:00:38.651 4749 22427 D NxpTml : PN54X - Read requested.....
07-11 14:00:38.651 4749 4749 D NxpHal : Response timer started
07-11 14:00:38.651 4749 22427 D NxpTml : PN54X - Invoking I2C Read.....
07-11 14:00:38.652 4749 22427 D NxpTml : PN54X - I2C Read successful.....len = 13
07-11 14:00:38.652 4749 22427 D NxpNciR : len = 13 > 60000A020020040500A4011018
07-11 14:00:38.652 4749 22427 D NxpTml : PN54X - Posting read message.....
07-11 14:00:38.652 4749 22430 D NxpHal : read successful status = 0x0
07-11 14:00:38.652 4749 22430 D NxpHal : CORE_RESET_NTF NCI2.0 reason CORE_RESET_CMD received !
07-11 14:00:38.652 4749 22430 D NxpHal : processChipType Product : sn100t
07-11 14:00:38.652 4749 22430 D NxpHal : phNxpNciHal_configFeatureList ()chipType = 11
07-11 14:00:38.652 4749 22430 D NxpHal : phNxpNciHal_configFeatureList ()chipType = 11
07-11 14:00:38.652 4749 22430 D NxpHal : phNxpNciHal_configFeatureList ()FW = 16
07-11 14:00:38.652 4749 22430 D NxpHal : NxpNci> FW Version: 1.10.18
07-11 14:00:38.652 4749 4749 D NxpHal : Response timer stopped
07-11 14:00:38.652 4749 4749 D NxpHal : Checking response
07-11 14:00:38.652 4749 22427 D NxpTml : PN54X - Read requested.....
07-11 14:00:38.652 4749 22427 D NxpTml : PN54X - Invoking I2C Read.....
07-11 14:00:38.653 4749 22428 D NxpTml : PN54X - Write requested.....
07-11 14:00:38.653 4749 22428 D NxpTml : PN54X - Invoking I2C Write.....
07-11 14:00:38.654 4749 22427 D NxpTml : PN54X - I2C Read successful.....len = 33
07-11 14:00:38.654 4749 22428 D NxpNciX : len = 5 > 2001020000
07-11 14:00:38.654 4749 22428 D NxpTml : PN54X - I2C Write successful.....
07-11 14:00:38.654 4749 22428 D NxpTml : PN54X - Posting Fresh Write message.....
07-11 14:00:38.654 4749 22430 D NxpHal : write successful status = 0x0
07-11 14:00:38.654 4749 22428 D NxpTml : PN54X - Tml Writer Thread Running................
07-11 14:00:38.654 4749 22427 D NxpNciR : len = 33 > 40011E001A3E0600010604FFFF01FF000800000100020003008000820083008400
07-11 14:00:38.654 4749 22427 D NxpTml : PN54X - Posting read message.....
07-11 14:00:38.654 4749 22430 D NxpHal : read successful status = 0x0
07-11 14:00:38.654 4749 22430 D NxpHal : CORE_INIT_RSP NCI2.0 received !
07-11 14:00:38.654 4749 22427 D NxpTml : PN54X - Read requested.....
07-11 14:00:38.654 4749 22427 D NxpTml : PN54X - Invoking I2C Read.....
07-11 14:00:38.656 4749 4749 D NxpHal : Response timer started
07-11 14:00:38.656 4749 4749 D NxpHal : Waiting after ext cmd sent
07-11 14:00:38.656 4749 4749 D NxpHal : Response timer stopped
07-11 14:00:38.656 4749 4749 D NxpHal : Checking response
07-11 14:00:38.656 4749 4749 D NxpHal : phNxpNciHal_CheckFwRegFlashRequired() : enter
07-11 14:00:38.656 4749 4749 D NxpFwDnld: Allocating Mem for Dnld Context..
07-11 14:00:38.657 4749 4749 E NxpFwDnld: phDnldNfc_SetDlRspTimeout timeout value =9c4
07-11 14:00:38.657 4749 4749 D NxpExtns: find found NXP_FW_TYPE=(0x1)
07-11 14:00:38.657 4749 4749 D NxpFwDnld: firmware type from conf file: 1
07-11 14:00:38.657 4749 4749 E NxpFwDnld: free library SUCCESS !!
07-11 14:00:38.658 4749 4749 D NxpFwDnld: @@@/system/vendor/lib/libsn100u_fw.so
07-11 14:00:38.659 4749 4749 E NxpFwDnld: FW Image Length - ImageInfoLen 204518
07-11 14:00:38.659 4749 4749 E NxpFwDnld: FW Image Info Pointer - pImageInfo 0x7b235b4430
07-11 14:00:38.659 4749 4749 D NxpFwDnld: FW Major Version Num - 10
07-11 14:00:38.659 4749 4749 D NxpFwDnld: FW Minor Version Num - 18
07-11 14:00:38.659 4749 4749 D NxpFwDnld: FW Image Length - 204518
07-11 14:00:38.659 4749 4749 D NxpFwDnld: FW Image Info Pointer - 0x7b235b4430
07-11 14:00:38.659 4749 4749 D NxpHal : FW version of the libsn100u.so binary = 0x1018
07-11 14:00:38.659 4749 4749 D NxpHal : FW version found on the device = 0x11018
07-11 14:00:38.659 4749 4749 D NxpExtns: find found NXP_FLASH_CONFIG=(0x2)
07-11 14:00:38.659 4749 4749 D NxpHal : FW update not required
07-11 14:00:38.659 4749 4749 E NxpFwDnld: Freeing Mem for Dnld Context..
07-11 14:00:38.659 4749 4749 D NxpHal : phNxpNciHal_CheckFwRegFlashRequired() : exit - status = 0 wFwUpdateReq=0, wRfUpdateReq=55
07-11 14:00:38.659 4749 4749 D NxpFwDnld: Allocating Mem for Dnld Context..
07-11 14:00:38.659 4749 4749 E NxpFwDnld: phDnldNfc_SetDlRspTimeout timeout value =9c4
07-11 14:00:38.659 4749 4749 D NxpExtns: find found NXP_FW_TYPE=(0x1)
07-11 14:00:38.659 4749 4749 D NxpFwDnld: firmware type from conf file: 1
07-11 14:00:38.659 4749 4749 E NxpFwDnld: free library SUCCESS !!
07-11 14:00:38.660 4749 4749 D NxpFwDnld: @@@/system/vendor/lib/libsn100u_fw.so
07-11 14:00:38.660 4749 4749 E NxpFwDnld: FW Image Length - ImageInfoLen 204518
07-11 14:00:38.660 4749 4749 E NxpFwDnld: FW Image Info Pointer - pImageInfo 0x7b235a7430
07-11 14:00:38.660 4749 4749 D NxpFwDnld: FW Major Version Num - 10
07-11 14:00:38.660 4749 4749 D NxpFwDnld: FW Minor Version Num - 18
07-11 14:00:38.660 4749 4749 D NxpFwDnld: FW Image Length - 204518
07-11 14:00:38.660 4749 4749 D NxpFwDnld: FW Image Info Pointer - 0x7b235a7430
07-11 14:00:38.660 4749 4749 D NxpHal : FW version from device = 0x11018
07-11 14:00:38.660 4749 4749 D NxpHal : FW update not required
07-11 14:00:38.661 4749 4749 E NxpFwDnld: Freeing Mem for Dnld Context..
07-11 14:00:38.661 4749 4749 D NxpHal : phNxpNciHal_MinOpen(): exit
07-11 14:00:38.661 4749 4749 D android.hardware.nfc@1.2-impl: Nfc::open Exit
07-11 14:00:38.662 4749 22428 D NxpTml : PN54X - Write requested.....
07-11 14:00:38.662 4749 22428 D NxpTml : PN54X - Invoking I2C Write.....
07-11 14:00:38.664 4749 22428 D NxpNciX : len = 4 > 20000100
07-11 14:00:38.664 4749 22428 D NxpTml : PN54X - I2C Write successful.....
07-11 14:00:38.664 4749 22428 D NxpTml : PN54X - Posting Fresh Write message.....
07-11 14:00:38.664 4749 22427 D NxpTml : PN54X - I2C Read successful.....len = 4
07-11 14:00:38.664 4749 22427 D NxpTml : Delay Read if write thread is busy
07-11 14:00:38.664 4749 22428 D NxpTml : PN54X - Tml Writer Thread Running................
07-11 14:00:38.664 4749 22430 D NxpHal : write successful status = 0x0
07-11 14:00:38.666 4749 22427 D NxpNciR : len = 4 > 40000100
07-11 14:00:38.666 4749 22427 D NxpTml : PN54X - Posting read message.....
07-11 14:00:38.666 4749 22430 D NxpHal : read successful status = 0x0
07-11 14:00:38.666 4749 22430 D NxpHal : CORE_RESET_RSP NCI2.0
07-11 14:00:38.667 4749 22427 D NxpTml : PN54X - Read requested.....
07-11 14:00:38.667 4749 22427 D NxpTml : PN54X - Invoking I2C Read.....
07-11 14:00:38.667 4749 22427 D NxpTml : PN54X - I2C Read successful.....len = 13
07-11 14:00:38.667 4749 22427 D NxpNciR : len = 13 > 60000A020020040500A4011018
07-11 14:00:38.667 4749 22427 D NxpTml : PN54X - Posting read message.....
07-11 14:00:38.667 4749 22430 D NxpHal : read successful status = 0x0
07-11 14:00:38.667 4749 22430 D NxpHal : CORE_RESET_NTF NCI2.0 reason CORE_RESET_CMD received !
07-11 14:00:38.667 4749 22430 D NxpHal : NxpNci> FW Version: 1.10.18
07-11 14:00:38.668 4749 22428 D NxpTml : PN54X - Write requested.....
07-11 14:00:38.668 4749 22427 D NxpTml : PN54X - Read requested.....
07-11 14:00:38.668 4749 22428 D NxpTml : PN54X - Invoking I2C Write.....
07-11 14:00:38.668 4749 22427 D NxpTml : PN54X - Invoking I2C Read.....
07-11 14:00:38.669 4749 22428 D NxpNciX : len = 5 > 2001020000
07-11 14:00:38.669 4749 22428 D NxpTml : PN54X - I2C Write successful.....
07-11 14:00:38.669 4749 22428 D NxpTml : PN54X - Posting Fresh Write message.....
07-11 14:00:38.669 4749 22427 D NxpTml : PN54X - I2C Read successful.....len = 33
07-11 14:00:38.669 4749 22428 D NxpTml : PN54X - Tml Writer Thread Running................
07-11 14:00:38.669 4749 22427 D NxpTml : Delay Read if write thread is busy
07-11 14:00:38.669 4749 22430 D NxpHal : write successful status = 0x0
07-11 14:00:38.671 4749 22427 D NxpNciR : len = 33 > 40011E001A3E0600010604FFFF01FF000800000100020003008000820083008400
07-11 14:00:38.671 4749 22427 D NxpTml : PN54X - Posting read message.....
07-11 14:00:38.672 4749 22430 D NxpHal : read successful status = 0x0
07-11 14:00:38.672 4749 22430 D NxpHal : CORE_INIT_RSP NCI2.0 received !
07-11 14:00:38.672 4749 22428 D NxpTml : PN54X - Write requested.....
07-11 14:00:38.672 4749 22428 D NxpTml : PN54X - Invoking I2C Write.....
07-11 14:00:38.672 4749 22427 D NxpTml : PN54X - Read requested.....
07-11 14:00:38.672 4749 22427 D NxpTml : PN54X - Invoking I2C Read.....
07-11 14:00:38.674 4749 22427 D NxpTml : PN54X - I2C Read successful.....len = 5
07-11 14:00:38.674 4749 22427 D NxpTml : Delay Read if write thread is busy
07-11 14:00:38.674 4749 22428 D NxpNciX : len = 64 > 20023D070002F4010801001101006201302A0130611446666D010111020207FF03020003040164070103291446666D010111020207FF03020003040164070103
07-11 14:00:38.674 4749 22428 D NxpTml : PN54X - I2C Write successful.....
07-11 14:00:38.674 4749 22428 D NxpTml : PN54X - Posting Fresh Write message.....
07-11 14:00:38.674 4749 22428 D NxpTml : PN54X - Tml Writer Thread Running................
07-11 14:00:38.674 4749 22430 D NxpHal : write successful status = 0x0
07-11 14:00:38.676 4749 22427 D NxpNciR : len = 5 > 4002020000
07-11 14:00:38.676 4749 22427 D NxpTml : PN54X - Posting read message.....
07-11 14:00:38.676 4749 22430 D NxpHal : read successful status = 0x0
07-11 14:00:38.676 4749 22430 D NxpHal : phNxpNciHal_print_res_status: response status =STATUS_OK
07-11 14:00:38.676 4749 22427 D NxpTml : PN54X - Read requested.....
07-11 14:00:38.676 4749 22427 D NxpTml : PN54X - Invoking I2C Read.....
07-11 14:00:38.677 4749 22428 D NxpTml : PN54X - Write requested.....
07-11 14:00:38.677 4749 22428 D NxpTml : PN54X - Invoking I2C Write.....
07-11 14:00:38.677 4749 22427 D NxpTml : PN54X - I2C Read successful.....len = 11
07-11 14:00:38.677 4749 22427 D NxpTml : Delay Read if write thread is busy
07-11 14:00:38.678 4749 22428 D NxpNciX : len = 6 > 200303023250
07-11 14:00:38.678 4749 22428 D NxpTml : PN54X - I2C Write successful.....
07-11 14:00:38.678 4749 22428 D NxpTml : PN54X - Posting Fresh Write message.....
07-11 14:00:38.679 4749 22428 D NxpTml : PN54X - Tml Writer Thread Running................
07-11 14:00:38.679 4749 22430 D NxpHal : write successful status = 0x0
07-11 14:00:38.679 4749 22427 D NxpNciR : len = 11 > 4003080002320100500100
07-11 14:00:38.679 4749 22427 D NxpTml : PN54X - Posting read message.....
07-11 14:00:38.680 4749 22430 D NxpHal : read successful status = 0x0
07-11 14:00:38.680 4749 22430 D NxpHal : phNxpNciHal_print_res_status: response status =STATUS_OK
07-11 14:00:38.681 4749 22427 D NxpTml : PN54X - Read requested.....
07-11 14:00:38.681 4749 22427 D NxpTml : PN54X - Invoking I2C Read.....
07-11 14:00:38.681 4749 22428 D NxpTml : PN54X - Write requested.....
07-11 14:00:38.681 4749 22428 D NxpTml : PN54X - Invoking I2C Write.....
07-11 14:00:38.682 4749 22427 D NxpTml : PN54X - I2C Read successful.....len = 4
07-11 14:00:38.682 4749 22427 D NxpTml : Delay Read if write thread is busy
07-11 14:00:38.682 4749 22428 D NxpNciX : len = 10 > 21010700010003000100
07-11 14:00:38.683 4749 22428 D NxpTml : PN54X - I2C Write successful.....
07-11 14:00:38.683 4749 22428 D NxpTml : PN54X - Posting Fresh Write message.....
07-11 14:00:38.683 4749 22428 D NxpTml : PN54X - Tml Writer Thread Running................
07-11 14:00:38.683 4749 22430 D NxpHal : write successful status = 0x0
07-11 14:00:38.684 4749 22427 D NxpNciR : len = 4 > 41010100
07-11 14:00:38.684 4749 22427 D NxpTml : PN54X - Posting read message.....
07-11 14:00:38.684 4749 22430 D NxpHal : read successful status = 0x0
07-11 14:00:38.684 4749 4749 D NxpExtns: find found MIFARE_READER_ENABLE=(0x1)
07-11 14:00:38.684 4749 4749 D NxpHal : Going through extns - Adding Mifare in RF Discovery
07-11 14:00:38.684 4749 4749 D NxpHal : Going through extns - Adding Mifare in RF Discovery - END
07-11 14:00:38.684 4749 22427 D NxpTml : PN54X - Read requested.....
07-11 14:00:38.684 4749 22427 D NxpTml : PN54X - Invoking I2C Read.....
07-11 14:00:38.684 4749 22428 D NxpTml : PN54X - Write requested.....
07-11 14:00:38.684 4749 22428 D NxpTml : PN54X - Invoking I2C Write.....
07-11 14:00:38.685 4749 22427 D NxpTml : PN54X - I2C Read successful.....len = 4
07-11 14:00:38.685 4749 22427 D NxpTml : Delay Read if write thread is busy
07-11 14:00:38.686 4749 22428 D NxpNciX : len = 19 > 21001005010101020101040102030101800180
07-11 14:00:38.686 4749 22428 D NxpTml : PN54X - I2C Write successful.....
07-11 14:00:38.686 4749 22428 D NxpTml : PN54X - Posting Fresh Write message.....
07-11 14:00:38.686 4749 22428 D NxpTml : PN54X - Tml Writer Thread Running................
07-11 14:00:38.686 4749 22430 D NxpHal : write successful status = 0x0
07-11 14:00:38.688 4749 22427 D NxpNciR : len = 4 > 41000100
07-11 14:00:38.688 4749 22427 D NxpTml : PN54X - Posting read message.....
07-11 14:00:38.688 4749 22430 D NxpHal : read successful status = 0x0
07-11 14:00:38.689 4749 4749 D NxpHal : > Polling Loop Started
07-11 14:00:38.689 4749 22427 D NxpTml : PN54X - Read requested.....
07-11 14:00:38.689 4749 22427 D NxpTml : PN54X - Invoking I2C Read.....
07-11 14:00:38.689 4749 22428 D NxpTml : PN54X - Write requested.....
07-11 14:00:38.689 4749 22428 D NxpTml : PN54X - Invoking I2C Write.....
07-11 14:00:38.689 4749 22427 D NxpTml : PN54X - I2C Read successful.....len = 4
07-11 14:00:38.689 4749 22427 D NxpTml : Delay Read if write thread is busy
07-11 14:00:38.690 4749 22428 D NxpNciX : len = 14 > 21030B0503010001010105010201
07-11 14:00:38.690 4749 22428 D NxpTml : PN54X - I2C Write successful.....
07-11 14:00:38.690 4749 22428 D NxpTml : PN54X - Posting Fresh Write message.....
07-11 14:00:38.690 4749 22428 D NxpTml : PN54X - Tml Writer Thread Running................
07-11 14:00:38.690 4749 22430 D NxpHal : write successful status = 0x0
07-11 14:00:38.692 4749 22427 D NxpNciR : len = 4 > 41030101
07-11 14:00:38.692 4749 22427 D NxpTml : PN54X - Posting read message.....
07-11 14:00:38.692 4749 22430 D NxpHal : read successful status = 0x0
07-11 14:00:38.692 4749 22427 D NxpTml : PN54X - Read requested.....
07-11 14:00:38.692 4749 22427 D NxpTml : PN54X - Invoking I2C Read.....
07-11 14:00:38.900 6722 6810 E SDM : HWCSession::ForceMaxFrameRate: ForceMaxFrameRate failed: max_frame_rate is 0!
07-11 14:00:39.376 6722 6810 I chatty : uid=100000(u1_root) SDM_EventThread identical 1 line
07-11 14:00:39.851 6722 6810 E SDM : HWCSession::ForceMaxFrameRate: ForceMaxFrameRate failed: max_frame_rate is 0!
07-11 14:00:41.181 4725 5825 I vendor.qti.bluetooth@1.0-ibs_handler: ProcessIbsCmd: Received IBS_WAKE_IND: 0xFD
07-11 14:00:41.181 4725 5825 D vendor.qti.bluetooth@1.0-ibs_handler: SerialClockVote: vote for UART CLK ON
07-11 14:00:41.182 4725 5825 D vendor.qti.bluetooth@1.0-wake_lock: Acquire wakelock is acquired
07-11 14:00:41.182 4725 5825 I vendor.qti.bluetooth@1.0-ibs_handler: ProcessIbsCmd: Writing IBS_WAKE_ACK
07-11 14:00:41.223 4725 5825 I vendor.qti.bluetooth@1.0-ibs_handler: ProcessIbsCmd: Received IBS_SLEEP_IND: 0xFE
07-11 14:00:41.223 4725 5825 D vendor.qti.bluetooth@1.0-ibs_handler: SerialClockVote: vote for UART CLK OFF
07-11 14:00:41.275 6722 6810 E SDM : HWCSession::ForceMaxFrameRate: ForceMaxFrameRate failed: max_frame_rate is 0!
07-11 14:00:41.374 4725 5009 D vendor.qti.bluetooth@1.0-wake_lock: Release wakelock is released
07-11 14:00:41.991 4725 5825 I vendor.qti.bluetooth@1.0-ibs_handler: ProcessIbsCmd: Received IBS_WAKE_IND: 0xFD
07-11 14:00:41.991 4725 5825 D vendor.qti.bluetooth@1.0-ibs_handler: SerialClockVote: vote for UART CLK ON
07-11 14:00:41.992 4725 5825 D vendor.qti.bluetooth@1.0-wake_lock: Acquire wakelock is acquired
07-11 14:00:41.992 4725 5825 I vendor.qti.bluetooth@1.0-ibs_handler: ProcessIbsCmd: Writing IBS_WAKE_ACK
07-11 14:00:42.033 4725 5825 I vendor.qti.bluetooth@1.0-ibs_handler: ProcessIbsCmd: Received IBS_SLEEP_IND: 0xFE
07-11 14:00:42.034 4725 5825 D vendor.qti.bluetooth@1.0-ibs_handler: SerialClockVote: vote for UART CLK OFF
07-11 14:00:42.184 4725 5009 D vendor.qti.bluetooth@1.0-wake_lock: Release wakelock is released
07-11 14:00:42.801 4725 5825 I vendor.qti.bluetooth@1.0-ibs_handler: ProcessIbsCmd: Received IBS_WAKE_IND: 0xFD
07-11 14:00:42.801 4725 5825 D vendor.qti.bluetooth@1.0-ibs_handler: SerialClockVote: vote for UART CLK ON
07-11 14:00:42.803 4725 5825 D vendor.qti.bluetooth@1.0-wake_lock: Acquire wakelock is acquired
07-11 14:00:42.803 4725 5825 I vendor.qti.bluetooth@1.0-ibs_handler: ProcessIbsCmd: Writing IBS_WAKE_ACK
07-11 14:00:42.844 4725 5825 I vendor.qti.bluetooth@1.0-ibs_handler: ProcessIbsCmd: Received IBS_SLEEP_IND: 0xFE
07-11 14:00:42.844 4725 5825 D vendor.qti.bluetooth@1.0-ibs_handler: SerialClockVote: vote for UART CLK OFF
07-11 14:00:42.936 6722 6810 E SDM : HWCSession::ForceMaxFrameRate: ForceMaxFrameRate failed: max_frame_rate is 0!
07-11 14:00:42.994 4725 5009 D vendor.qti.bluetooth@1.0-wake_lock: Release wakelock is released
07-11 14:00:43.206 4725 5825 I vendor.qti.bluetooth@1.0-ibs_handler: ProcessIbsCmd: Received IBS_WAKE_IND: 0xFD
07-11 14:00:43.206 4725 5825 D vendor.qti.bluetooth@1.0-ibs_handler: SerialClockVote: vote for UART CLK ON
07-11 14:00:43.206 4725 5825 D vendor.qti.bluetooth@1.0-wake_lock: Acquire wakelock is acquired
07-11 14:00:43.207 4725 5825 I vendor.qti.bluetooth@1.0-ibs_handler: ProcessIbsCmd: Writing IBS_WAKE_ACK
07-11 14:00:43.248 4725 5825 I vendor.qti.bluetooth@1.0-ibs_handler: ProcessIbsCmd: Received IBS_SLEEP_IND: 0xFE
07-11 14:00:43.248 4725 5825 D vendor.qti.bluetooth@1.0-ibs_handler: SerialClockVote: vote for UART CLK OFF
07-11 14:00:43.398 4725 5009 D vendor.qti.bluetooth@1.0-wake_lock: Release wakelock is released
07-11 14:00:43.611 4725 5825 I vendor.qti.bluetooth@1.0-ibs_handler: ProcessIbsCmd: Received IBS_WAKE_IND: 0xFD
07-11 14:00:43.611 4725 5825 D vendor.qti.bluetooth@1.0-ibs_handler: SerialClockVote: vote for UART CLK ON
07-11 14:00:43.613 4725 5825 D vendor.qti.bluetooth@1.0-wake_lock: Acquire wakelock is acquired
07-11 14:00:43.613 4725 5825 I vendor.qti.bluetooth@1.0-ibs_handler: ProcessIbsCmd: Writing IBS_WAKE_ACK
07-11 14:00:43.655 4725 5825 I vendor.qti.bluetooth@1.0-ibs_handler: ProcessIbsCmd: Received IBS_SLEEP_IND: 0xFE
07-11 14:00:43.655 4725 5825 D vendor.qti.bluetooth@1.0-ibs_handler: SerialClockVote: vote for UART CLK OFF
07-11 14:00:43.805 4725 5009 D vendor.qti.bluetooth@1.0-wake_lock: Release wakelock is released
07-11 14:00:44.016 4725 5825 I vendor.qti.bluetooth@1.0-ibs_handler: ProcessIbsCmd: Received IBS_WAKE_IND: 0xFD
07-11 14:00:44.016 4725 5825 D vendor.qti.bluetooth@1.0-ibs_handler: SerialClockVote: vote for UART CLK ON
07-11 14:00:44.017 4725 5825 D vendor.qti.bluetooth@1.0-wake_lock: Acquire wakelock is acquired
07-11 14:00:44.017 4725 5825 I vendor.qti.bluetooth@1.0-ibs_handler: ProcessIbsCmd: Writing IBS_WAKE_ACK
07-11 14:00:44.058 4725 5825 I vendor.qti.bluetooth@1.0-ibs_handler: ProcessIbsCmd: Received IBS_SLEEP_IND: 0xFE
