07-11 14:00:44.058 4725 5825 D vendor.qti.bluetooth@1.0-ibs_handler: SerialClockVote: vote for UART CLK OFF
07-11 14:00:44.209 4725 5009 D vendor.qti.bluetooth@1.0-wake_lock: Release wakelock is released
07-11 14:00:45.253 5020 8522 I LOWI-8.6.0.59: [LOWI-Scan] lowi_close_record:Scan done in 1796212ms, 10 APs in scan results
07-11 14:00:45.256 5020 5050 I LOWI-8.6.0.59: [LOWIUtils] responseToOutPostcard - TO: FreeWifiScanObserver, FROM: LOWI-SERVER, RESP: LOWI_ASYNC_DISCOVERY_SCAN_RESULTS
07-11 14:00:45.264 4734 4921 I LocSvc_api_v02: ---> locClientSendReq line 2325 QMI_LOC_INJECT_WIFI_AP_DATA_REQ_V02
07-11 14:00:45.267 4734 6818 I LocSvc_ApiV02: <--- globalRespCb line 196 QMI_LOC_INJECT_WIFI_AP_DATA_REQ_V02
07-11 14:00:48.120 5020 8522 I LOWI-8.6.0.59: [LOWI-Scan] lowi_close_record:Scan done in 1799078ms, 10 APs in scan results
07-11 14:00:48.123 5020 5050 I LOWI-8.6.0.59: [LOWIUtils] responseToOutPostcard - TO: FreeWifiScanObserver, FROM: LOWI-SERVER, RESP: LOWI_ASYNC_DISCOVERY_SCAN_RESULTS
07-11 14:00:48.136 4734 4921 I LocSvc_api_v02: ---> locClientSendReq line 2325 QMI_LOC_INJECT_WIFI_AP_DATA_REQ_V02
07-11 14:00:48.139 4734 6818 I LocSvc_ApiV02: <--- globalRespCb line 196 QMI_LOC_INJECT_WIFI_AP_DATA_REQ_V02
07-11 14:00:48.629 5013 7207 D libsensor-B2SNotifier: Backlight2SlpiNotifier brightness = 34
07-11 14:00:48.666 5013 7207 D libsensor-B2SNotifier: Backlight2SlpiNotifier brightness = 16
07-11 14:00:48.683 5013 7207 D libsensor-B2SNotifier: Backlight2SlpiNotifier brightness = 9
07-11 14:00:48.695 5013 7207 D libsensor-B2SNotifier: Backlight2SlpiNotifier brightness = 6
07-11 14:00:48.704 5013 7207 D libsensor-B2SNotifier: Backlight2SlpiNotifier brightness = 1
07-11 14:00:48.714 5013 7207 D libsensor-B2SNotifier: Backlight2SlpiNotifier brightness = 1
07-11 14:00:48.730 4749 22428 D NxpTml : PN54X - Write requested.....
07-11 14:00:48.730 4749 22428 D NxpTml : PN54X - Invoking I2C Write.....
07-11 14:00:48.731 4749 22428 E NxpTml : _i2c_write() errno : 5
07-11 14:00:48.731 4749 22428 E NxpTml : PN54X - Error in I2C Write.....
07-11 14:00:48.731 4749 22428 D NxpTml : PN54X - Posting Fresh Write message.....
07-11 14:00:48.731 4749 22428 D NxpTml : PN54X - Tml Writer Thread Running................
07-11 14:00:48.731 4749 22430 E NxpHal : write error status = 0x1ff
07-11 14:00:48.732 4749 4749 E NxpHal : write_unlocked failed - PN54X Maybe in Standby Mode - Retry
07-11 14:00:48.742 4749 22428 D NxpTml : PN54X - Write requested.....
07-11 14:00:48.742 4749 22428 D NxpTml : PN54X - Invoking I2C Write.....
07-11 14:00:48.743 4749 22428 D NxpNciX : len = 8 > 20020501A0070100
07-11 14:00:48.743 4749 22428 D NxpTml : PN54X - I2C Write successful.....
07-11 14:00:48.743 4749 22428 D NxpTml : PN54X - Posting Fresh Write message.....
07-11 14:00:48.743 4749 22428 D NxpTml : PN54X - Tml Writer Thread Running................
07-11 14:00:48.743 4749 22430 D NxpHal : write successful status = 0x0
07-11 14:00:48.744 4749 4749 D NxpHal : Response timer started
07-11 14:00:48.744 4749 4749 D NxpHal : Waiting after ext cmd sent
07-11 14:00:48.806 4749 22427 D NxpTml : PN54X - I2C Read successful.....len = 5
07-11 14:00:48.806 4749 22427 D NxpNciR : len = 5 > 4002020000
07-11 14:00:48.807 4749 22427 D NxpTml : PN54X - Posting read message.....
07-11 14:00:48.807 4749 22430 D NxpHal : read successful status = 0x0
07-11 14:00:48.807 4749 22430 D NxpHal : phNxpNciHal_print_res_status: response status =STATUS_OK
07-11 14:00:48.807 4749 22427 D NxpTml : PN54X - Read requested.....
07-11 14:00:48.807 4749 22427 D NxpTml : PN54X - Invoking I2C Read.....
07-11 14:00:48.807 4749 4749 D NxpHal : Response timer stopped
07-11 14:00:48.807 4749 4749 D NxpHal : Checking response
07-11 14:00:48.807 4749 22428 D NxpTml : PN54X - Write requested.....
07-11 14:00:48.807 4749 22428 D NxpTml : PN54X - Invoking I2C Write.....
07-11 14:00:48.809 4749 22428 D NxpNciX : len = 4 > 20000100
07-11 14:00:48.809 4749 22428 D NxpTml : PN54X - I2C Write successful.....
07-11 14:00:48.809 4749 22427 D NxpTml : PN54X - I2C Read successful.....len = 4
07-11 14:00:48.809 4749 22428 D NxpTml : PN54X - Posting Fresh Write message.....
07-11 14:00:48.809 4749 22427 D NxpTml : Delay Read if write thread is busy
07-11 14:00:48.809 4749 22428 D NxpTml : PN54X - Tml Writer Thread Running................
07-11 14:00:48.809 4749 22430 D NxpHal : write successful status = 0x0
07-11 14:00:48.810 4749 4749 D NxpHal : Response timer started
07-11 14:00:48.810 4749 4749 D NxpHal : Waiting after ext cmd sent
07-11 14:00:48.811 4749 22427 D NxpNciR : len = 4 > 40000100
07-11 14:00:48.811 4749 22427 D NxpTml : PN54X - Posting read message.....
07-11 14:00:48.811 4749 22430 D NxpHal : read successful status = 0x0
07-11 14:00:48.812 4749 22430 D NxpHal : CORE_RESET_RSP NCI2.0
07-11 14:00:48.812 4749 4749 D NxpHal : Response timer stopped
07-11 14:00:48.812 4749 22427 D NxpTml : PN54X - Read requested.....
07-11 14:00:48.812 4749 4749 D NxpHal : Response timer started
07-11 14:00:48.812 4749 22427 D NxpTml : PN54X - Invoking I2C Read.....
07-11 14:00:48.812 4749 22427 D NxpTml : PN54X - I2C Read successful.....len = 13
07-11 14:00:48.812 4749 22427 D NxpNciR : len = 13 > 60000A020020040500A4011018
07-11 14:00:48.812 4749 22427 D NxpTml : PN54X - Posting read message.....
07-11 14:00:48.812 4749 22430 D NxpHal : read successful status = 0x0
07-11 14:00:48.812 4749 22430 D NxpHal : CORE_RESET_NTF NCI2.0 reason CORE_RESET_CMD received !
07-11 14:00:48.812 4749 22430 D NxpHal : NxpNci> FW Version: 1.10.18
07-11 14:00:48.812 4749 22430 E NxpHal : Ignoring read , HAL close triggered
07-11 14:00:48.812 4749 4749 D NxpHal : Response timer stopped
07-11 14:00:48.812 4749 4749 D NxpHal : Checking response
07-11 14:00:48.813 4749 22430 D NxpHal : Terminating phNxpNciHal client thread...
07-11 14:00:48.813 4749 22430 D NxpHal : NxpNciHal thread stopped
07-11 14:00:48.814 4749 22427 D NxpTml : PN54X - read request NOT enabled
07-11 14:00:48.815 4749 22428 D NxpTml : PN54X - Write request NOT enabled
07-11 14:00:48.829 4749 4749 D NxpTml : bThreadDone == 0
07-11 14:00:48.844 4749 4749 D NxpHal : phNxpNciHal_close - phOsalNfc_DeInit completed
07-11 14:00:48.844 4749 4749 D NxpHal : Failed to deallocate (list empty)
07-11 14:00:48.844 4749 4749 D NxpHal : Node dump:
07-11 14:00:48.844 4749 4749 D NxpHal : Failed to deallocate (list empty)
07-11 14:00:48.844 4749 4749 D NxpHal : Node dump:
07-11 14:00:48.844 4749 4749 D NxpHal : phNxpNciHal_release_info mGetCfg_info
07-11 14:00:53.917 5013 7207 D libsensor-B2SNotifier: Backlight2SlpiNotifier brightness = 0
07-11 14:00:53.943 4735 6821 I SDM : DisplayBase::SetDisplayState: Set state = 0, display 28-0, teardown = 0
07-11 14:00:53.944 4735 6821 E SDM : DRMCrtc::Perform: CRTC 110: Set mode 1080x2340x60x179431
07-11 14:00:53.975 6722 6810 E SDM : HWCSession::ForceMaxFrameRate: ForceMaxFrameRate failed: max_frame_rate is 0!
07-11 14:00:54.118 4735 6821 W SDM : ResourceImpl::Perform: Invalid command 4
07-11 14:00:54.119 4778 4888 D DisplayFeatureHal: HandleDisplayState enter state 0, last state 1
07-11 14:00:54.119 4778 4888 D DisplayFeatureHal: onSuspend enter
07-11 14:00:54.119 4778 4888 D DisplayFeatureHal: Query DisplayPostproc service
07-11 14:00:54.120 4735 22462 I libsensor-C2SNotifier: Sensor: notify type: 1, value: 0
07-11 14:00:54.121 5013 5013 I libsensor_ssccalapi: send_sensor_selftest_msg for sensor: ambient_light
07-11 14:00:54.144 4735 7618 I Dpps : AddNewDppsClient():431 New DPPS client accepted, client fd = 22, poll idx 2
07-11 14:00:54.144 4735 7618 I Dpps : HandleDppsClientEvent():921 Incoming message on client fd 22: 'ad:off'
07-11 14:00:54.144 4735 7618 E Dpps : HandleDppsClientEvent():987 AdContext Post failed ret -95
07-11 14:00:54.145 4735 7618 E Dpps : RunPollIteration():372 Poll iteration failed with ret -95
07-11 14:00:54.145 4735 7618 E Dpps : Run():181 Poll iteration failed, ret -95
07-11 14:00:54.145 4778 4888 D DisplayFeatureHal: isStartSensorControl ret 0
07-11 14:00:54.145 4778 4888 D DisplayFeatureHal: HandleSunlightScreen enter modeId 0
07-11 14:00:54.145 4778 4888 D DisplayFeatureHal: HandleSunlightScreen exit ret -1
07-11 14:00:54.145 4778 4888 D DisplayFeatureHal: HandleDisplayState exit
07-11 14:00:54.148 4735 7618 I Dpps : HandleDppsClientEvent():903 Client connection 22 has closed
07-11 14:00:54.149 4735 7618 I Dpps : RemoveServerClient():297 closed fd 22 poll_idx 2
07-11 14:00:57.270 5081 5081 I CNSS : cnss_open_log_file: directory /data/vendor/wlan_logs/ created
07-11 14:00:58.261 5020 8522 I LOWI-8.6.0.59: [LOWI-Scan] lowi_close_record:Scan done in 1809219ms, 10 APs in scan results
07-11 14:00:58.263 5020 5050 I LOWI-8.6.0.59: [LOWIUtils] responseToOutPostcard - TO: FreeWifiScanObserver, FROM: LOWI-SERVER, RESP: LOWI_ASYNC_DISCOVERY_SCAN_RESULTS
07-11 14:00:58.270 4734 4921 I LocSvc_api_v02: ---> locClientSendReq line 2325 QMI_LOC_INJECT_WIFI_AP_DATA_REQ_V02
07-11 14:00:58.273 4734 6818 I LocSvc_ApiV02: <--- globalRespCb line 196 QMI_LOC_INJECT_WIFI_AP_DATA_REQ_V02
07-11 14:00:59.133 4743 4797 I sensors-hal: activate:147, android.sensor.light/37 en=0
07-11 14:00:59.136 4743 4797 I sensors-hal: activate:158, android.sensor.light/37 en=0 completed
07-11 14:00:59.993 4725 5825 I vendor.qti.bluetooth@1.0-ibs_handler: ProcessIbsCmd: Received IBS_WAKE_IND: 0xFD
07-11 14:00:59.994 4725 5825 D vendor.qti.bluetooth@1.0-ibs_handler: SerialClockVote: vote for UART CLK ON
07-11 14:00:59.995 4725 5825 D vendor.qti.bluetooth@1.0-wake_lock: Acquire wakelock is acquired
07-11 14:00:59.995 4725 5825 I vendor.qti.bluetooth@1.0-ibs_handler: ProcessIbsCmd: Writing IBS_WAKE_ACK
07-11 14:01:00.039 4725 5825 I vendor.qti.bluetooth@1.0-ibs_handler: ProcessIbsCmd: Received IBS_SLEEP_IND: 0xFE
07-11 14:01:00.039 4725 5825 D vendor.qti.bluetooth@1.0-ibs_handler: SerialClockVote: vote for UART CLK OFF
07-11 14:01:00.192 4725 5009 D vendor.qti.bluetooth@1.0-wake_lock: Release wakelock is released
07-11 14:01:00.397 4725 5825 I vendor.qti.bluetooth@1.0-ibs_handler: ProcessIbsCmd: Received IBS_WAKE_IND: 0xFD
07-11 14:01:00.397 4725 5825 D vendor.qti.bluetooth@1.0-ibs_handler: SerialClockVote: vote for UART CLK ON
07-11 14:01:00.400 4725 5825 D vendor.qti.bluetooth@1.0-wake_lock: Acquire wakelock is acquired
07-11 14:01:00.400 4725 5825 I vendor.qti.bluetooth@1.0-ibs_handler: ProcessIbsCmd: Writing IBS_WAKE_ACK
07-11 14:01:00.404 4725 4725 I vendor.qti.bluetooth@1.0-ibs_handler: DeviceWakeUp: Writing IBS_WAKE_IND
07-11 14:01:00.405 4725 5825 I vendor.qti.bluetooth@1.0-ibs_handler: ProcessIbsCmd: Received IBS_WAKE_ACK: 0xFC
07-11 14:01:00.465 4725 5825 I vendor.qti.bluetooth@1.0-ibs_handler: ProcessIbsCmd: Received IBS_SLEEP_IND: 0xFE
07-11 14:01:01.408 4725 5833 I vendor.qti.bluetooth@1.0-ibs_handler: DeviceSleep: TX Awake, Sending SLEEP_IND
07-11 14:01:01.408 4725 5833 D vendor.qti.bluetooth@1.0-ibs_handler: SerialClockVote: vote for UART CLK OFF
07-11 14:01:01.570 4725 5009 D vendor.qti.bluetooth@1.0-wake_lock: Release wakelock is released
07-11 14:01:06.739 6722 6810 E SDM : HWCSession::ForceMaxFrameRate: ForceMaxFrameRate failed: max_frame_rate is 0!
07-11 14:01:06.785 5059 5326 I chatty : uid=0(root) thermal-engine expire 14 lines
07-11 14:01:10.496 6722 6810 E SDM : HWCSession::ForceMaxFrameRate: ForceMaxFrameRate failed: max_frame_rate is 0!
07-11 14:01:31.004 6722 6810 E SDM : HWCSession::ForceMaxFrameRate: ForceMaxFrameRate failed: max_frame_rate is 0!
07-11 14:01:31.036 5059 5326 I chatty : uid=0(root) thermal-engine expire 14 lines
07-11 14:01:41.482 6722 6810 E SDM : HWCSession::ForceMaxFrameRate: ForceMaxFrameRate failed: max_frame_rate is 0!
07-11 14:01:41.486 5020 5050 I LOWI-8.6.0.59: [LOWIUtils] responseToOutPostcard - TO: FreeWifiScanObserver, FROM: LOWI-SERVER, RESP: LOWI_ASYNC_DISCOVERY_SCAN_RESULTS
07-11 14:01:41.501 4734 4921 I LocSvc_api_v02: ---> locClientSendReq line 2325 QMI_LOC_INJECT_WIFI_AP_DATA_REQ_V02
07-11 14:01:41.502 4734 6818 I LocSvc_ApiV02: <--- globalRespCb line 196 QMI_LOC_INJECT_WIFI_AP_DATA_REQ_V02
07-11 14:01:41.554 5059 5326 I chatty : uid=0(root) thermal-engine expire 14 lines
07-11 14:01:42.125 5013 7207 D libsensor-B2SNotifier: Backlight2SlpiNotifier brightness = 1
07-11 14:01:42.127 4743 4743 I sensors-hal: batch:180, android.sensor.light/37, period=0, max_latency=0
07-11 14:01:42.127 4743 4743 I sensors-hal: batch:189, android.sensor.light/37, period=0, max_latency=0 request completed
07-11 14:01:42.127 4743 4743 I sensors-hal: activate:147, android.sensor.light/37 en=1
07-11 14:01:42.128 4743 4743 I sensors-hal: get_qmi_debug_flag:230, support_qmi_debug : false
07-11 14:01:42.144 4735 6821 I SDM : DisplayBase::SetDisplayState: Set state = 1, display 28-0, teardown = 0
07-11 14:01:42.147 4743 4743 I sensors-hal: activate:158, android.sensor.light/37 en=1 completed
07-11 14:01:42.172 4743 22716 I sensors-hal: handle_indication_realtime:406, SCHED_FIFO(10) for qmi_cbk
07-11 14:01:42.302 6722 6810 E SDM : HWCSession::ForceMaxFrameRate: ForceMaxFrameRate failed: max_frame_rate is 0!
07-11 14:01:42.335 4735 6821 W SDM : ResourceImpl::Perform: Invalid command 4
07-11 14:01:42.335 4778 4888 D DisplayFeatureHal: HandleDisplayState enter state 1, last state 0
07-11 14:01:42.335 4778 4888 D DisplayFeatureHal: onResume enter, mFodScreenOn=0
07-11 14:01:42.336 4735 22720 I libsensor-C2SNotifier: Sensor: notify type: 1, value: 1
07-11 14:01:42.337 5013 5013 I libsensor_ssccalapi: send_sensor_selftest_msg for sensor: ambient_light
07-11 14:01:42.337 4778 4888 D DisplayFeatureHal: Query DisplayPostproc service
07-11 14:01:42.344 4735 7618 I Dpps : AddNewDppsClient():431 New DPPS client accepted, client fd = 21, poll idx 2
07-11 14:01:42.344 4735 7618 I Dpps : HandleDppsClientEvent():921 Incoming message on client fd 21: 'ad:on;1'
07-11 14:01:42.344 4735 7618 E Dpps : HandleDppsClientEvent():987 AdContext Post failed ret -95
07-11 14:01:42.344 4735 7618 E Dpps : RunPollIteration():372 Poll iteration failed with ret -95
07-11 14:01:42.344 4735 7618 E Dpps : Run():181 Poll iteration failed, ret -95
07-11 14:01:42.344 4735 7618 I Dpps : HandleDppsClientEvent():903 Client connection 21 has closed
07-11 14:01:42.344 4735 7618 I Dpps : RemoveServerClient():297 closed fd 21 poll_idx 2
07-11 14:01:42.345 4778 4888 D DisplayFeatureHal: HandleDisplayState exit
07-11 14:01:42.345 4778 4888 D DisplayFeatureHal: HandleACNormal enter
07-11 14:01:42.345 4778 4888 D DisplayFeatureHal: Query DisplayPostproc service
07-11 14:01:42.348 4735 7618 I Dpps : AddNewDppsClient():431 New DPPS client accepted, client fd = 21, poll idx 2
07-11 14:01:42.348 4735 7618 I Dpps : HandleDppsClientEvent():921 Incoming message on client fd 21: 'ad:on;1'
07-11 14:01:42.348 4735 7618 E Dpps : HandleDppsClientEvent():987 AdContext Post failed ret -95
07-11 14:01:42.348 4735 7618 E Dpps : RunPollIteration():372 Poll iteration failed with ret -95
07-11 14:01:42.348 4735 7618 E Dpps : Run():181 Poll iteration failed, ret -95
07-11 14:01:42.348 4735 7618 I Dpps : HandleDppsClientEvent():903 Client connection 21 has closed
07-11 14:01:42.348 4735 7618 I Dpps : RemoveServerClient():297 closed fd 21 poll_idx 2
07-11 14:01:42.372 4735 4882 E SDM : DRMCrtc::Perform: CRTC 110: Set mode 1080x2340x60x179431
07-11 14:01:42.374 4735 6821 E SDM : DRMCrtc::Perform: CRTC 110: Set mode 1080x2340x60x179431
07-11 14:01:42.374 4778 4888 D DisplayFeatureHal: pcc gabb coeff 0 1.000000
07-11 14:01:42.374 4778 4888 D DisplayFeatureHal: pcc gabb coeff 1 0.000000
07-11 14:01:42.374 4778 4888 D DisplayFeatureHal: pcc gabb coeff 2 0.000000
07-11 14:01:42.374 4778 4888 D DisplayFeatureHal: pcc gabb coeff 3 0.000000
07-11 14:01:42.374 4778 4888 D DisplayFeatureHal: pcc gabb coeff 4 1.000000
07-11 14:01:42.374 4778 4888 D DisplayFeatureHal: pcc gabb coeff 5 0.000000
07-11 14:01:42.374 4778 4888 D DisplayFeatureHal: pcc gabb coeff 6 0.000000
07-11 14:01:42.374 4778 4888 D DisplayFeatureHal: pcc gabb coeff 7 0.000000
07-11 14:01:42.374 4778 4888 D DisplayFeatureHal: pcc gabb coeff 8 1.000000
07-11 14:01:42.375 4778 4888 D DisplayFeatureHal: HandleACNormal exit ret 0
07-11 14:01:42.375 4778 4888 D DisplayFeatureHal: isStartSensorControl ret 0
07-11 14:01:42.382 5013 7207 D libsensor-B2SNotifier: Backlight2SlpiNotifier brightness = 3
07-11 14:01:42.395 5013 7207 D libsensor-B2SNotifier: Backlight2SlpiNotifier brightness = 8
07-11 14:01:42.408 5013 7207 D libsensor-B2SNotifier: Backlight2SlpiNotifier brightness = 13
07-11 14:01:42.424 5013 7207 D libsensor-B2SNotifier: Backlight2SlpiNotifier brightness = 21
07-11 14:01:42.434 5013 7207 D libsensor-B2SNotifier: Backlight2SlpiNotifier brightness = 26
07-11 14:01:42.450 5013 7207 D libsensor-B2SNotifier: Backlight2SlpiNotifier brightness = 33
07-11 14:01:42.461 5013 7207 D libsensor-B2SNotifier: Backlight2SlpiNotifier brightness = 35
07-11 14:01:42.471 5013 7207 D libsensor-B2SNotifier: Backlight2SlpiNotifier brightness = 40
07-11 14:01:42.476 4749 4749 D android.hardware.nfc@1.2-impl: Nfc::open Enter
07-11 14:01:42.476 4749 4749 E NxpHal : phNxpNciHal_open NFC HAL OPEN
07-11 14:01:42.476 4749 4749 D NxpHal : phNxpNci_MinOpen(): enter
07-11 14:01:42.476 4749 4749 D : nxp_rf_config_path=/vendor/etc/libnfc-nxp_RF.conf
07-11 14:01:42.476 4749 4749 D : Fw_Lib_Path=/system/vendor/lib/libsn100u_fw.so
07-11 14:01:42.477 4749 4749 D NxpHal : Error : opening (/system/vendor/lib64/libonebinary.so) !!
07-11 14:01:42.477 4749 4749 I : default config file exists = /vendor/etc/libnfc-nxp.conf, disables dynamic selection
07-11 14:01:42.477 4749 4749 D : readConfig; filename is /vendor/etc/libnfc-nxp.conf
07-11 14:01:42.478 4749 4749 D : readNxpRFConfig-Enter..Reading /vendor/etc/libnfc-nxp_RF.conf
07-11 14:01:42.478 4749 4749 D : readConfig; filename is /vendor/etc/libnfc-nxp_RF.conf
07-11 14:01:42.479 4749 4749 D : readNxpTransitConfig-Enter..Reading /data/vendor/nfc/libnfc-nxpTransit.conf
07-11 14:01:42.479 4749 4749 E : readConfig Cannot open config file /data/vendor/nfc/libnfc-nxpTransit.conf
07-11 14:01:42.479 4749 4749 D NxpExtns: find found NFC_DEBUG_ENABLED=(0x1)
07-11 14:01:42.479 4749 4749 D NxpHal : nfc_debug_enabled : 1
07-11 14:01:42.479 4749 4749 D NxpExtns: find found NXPLOG_NCIHAL_LOGLEVEL=(0x3)
07-11 14:01:42.479 4749 4749 D NxpExtns: find found NXPLOG_EXTNS_LOGLEVEL=(0x3)
07-11 14:01:42.479 4749 4749 D NxpExtns: find found NXPLOG_TML_LOGLEVEL=(0x3)
07-11 14:01:42.479 4749 4749 D NxpExtns: find found NXPLOG_FWDNLD_LOGLEVEL=(0x3)
07-11 14:01:42.479 4749 4749 D NxpExtns: find found NXPLOG_NCIX_LOGLEVEL=(0x3)
07-11 14:01:42.479 4749 4749 D NxpExtns: find found NXPLOG_NCIR_LOGLEVEL=(0x3)
07-11 14:01:42.479 4749 4749 D NxpNfcHal: phNxpLog_InitializeLogLevel: global =1, Fwdnld =3, extns =3, hal =3, tml =3, ncir =3, ncix =3
07-11 14:01:42.479 4749 4749 D NxpHal : Entering phNxpNciHal_init_monitor
07-11 14:01:42.479 4749 4749 D NxpHal : Returning with SUCCESS
07-11 14:01:42.479 4749 4749 D NxpExtns: find found NXP_NFC_DEV_NODE=/dev/nq-nci
07-11 14:01:42.479 4749 4749 D NxpTml : Opening port=/dev/nq-nci
07-11 14:01:42.489 4749 4749 D NxpTml : phTmlNfc_i2c_reset(), VEN level 1
07-11 14:01:42.504 4749 22750 D NxpHal : thread started
07-11 14:01:42.504 4749 22747 D NxpTml : PN54X - Tml Writer Thread Started................
07-11 14:01:42.504 4749 22747 D NxpTml : PN54X - Tml Writer Thread Running................
07-11 14:01:42.504 4749 22747 D NxpTml : PN54X - Write requested.....
07-11 14:01:42.504 4749 22747 D NxpTml : PN54X - Invoking I2C Write.....
07-11 14:01:42.505 4749 22747 E NxpTml : _i2c_write() errno : 5
07-11 14:01:42.505 4749 22747 E NxpTml : PN54X - Error in I2C Write.....
07-11 14:01:42.505 4749 22747 D NxpTml : PN54X - Posting Fresh Write message.....
07-11 14:01:42.505 4749 22747 D NxpTml : PN54X - Tml Writer Thread Running................
07-11 14:01:42.506 4749 22750 E NxpHal : write error status = 0x1ff
07-11 14:01:42.506 4749 4749 E NxpHal : write_unlocked failed - PN54X Maybe in Standby Mode - Retry
07-11 14:01:42.506 4749 22746 D NxpTml : PN54X - Tml Reader Thread Started................
07-11 14:01:42.506 4749 22746 D NxpTml : PN54X - Read requested.....
07-11 14:01:42.506 4749 22746 D NxpTml : PN54X - Invoking I2C Read.....
07-11 14:01:42.516 4749 22747 D NxpTml : PN54X - Write requested.....
07-11 14:01:42.516 4749 22747 D NxpTml : PN54X - Invoking I2C Write.....
07-11 14:01:42.517 4749 22747 D NxpNciX : len = 4 > 20000100
07-11 14:01:42.517 4749 22747 D NxpTml : PN54X - I2C Write successful.....
07-11 14:01:42.517 4749 22747 D NxpTml : PN54X - Posting Fresh Write message.....
07-11 14:01:42.517 4749 22747 D NxpTml : PN54X - Tml Writer Thread Running................
07-11 14:01:42.517 4749 22750 D NxpHal : write successful status = 0x0
07-11 14:01:42.518 4749 4749 D NxpHal : Response timer started
07-11 14:01:42.518 4749 4749 D NxpHal : Waiting after ext cmd sent
07-11 14:01:42.519 4749 22746 D NxpTml : PN54X - I2C Read successful.....len = 4
07-11 14:01:42.519 4749 22746 D NxpNciR : len = 4 > 40000100
07-11 14:01:42.519 4749 22746 D NxpTml : PN54X - Posting read message.....
07-11 14:01:42.519 4749 22750 D NxpHal : read successful status = 0x0
07-11 14:01:42.519 4749 22750 D NxpHal : CORE_RESET_RSP NCI2.0
07-11 14:01:42.519 4749 4749 D NxpHal : Response timer stopped
07-11 14:01:42.519 4749 22746 D NxpTml : PN54X - Read requested.....
07-11 14:01:42.519 4749 22746 D NxpTml : PN54X - Invoking I2C Read.....
07-11 14:01:42.519 4749 4749 D NxpHal : Response timer started
07-11 14:01:42.519 4749 22746 D NxpTml : PN54X - I2C Read successful.....len = 13
07-11 14:01:42.519 4749 22746 D NxpNciR : len = 13 > 60000A020020040500A4011018
07-11 14:01:42.519 4749 22746 D NxpTml : PN54X - Posting read message.....
07-11 14:01:42.519 4749 22750 D NxpHal : read successful status = 0x0
07-11 14:01:42.519 4749 22750 D NxpHal : CORE_RESET_NTF NCI2.0 reason CORE_RESET_CMD received !
07-11 14:01:42.519 4749 22750 D NxpHal : processChipType Product : sn100t
07-11 14:01:42.520 4749 22750 D NxpHal : phNxpNciHal_configFeatureList ()chipType = 11
07-11 14:01:42.520 4749 22750 D NxpHal : phNxpNciHal_configFeatureList ()chipType = 11
07-11 14:01:42.520 4749 22750 D NxpHal : phNxpNciHal_configFeatureList ()FW = 16
07-11 14:01:42.520 4749 22750 D NxpHal : NxpNci> FW Version: 1.10.18
07-11 14:01:42.520 4749 4749 D NxpHal : Response timer stopped
07-11 14:01:42.520 4749 22746 D NxpTml : PN54X - Read requested.....
07-11 14:01:42.520 4749 4749 D NxpHal : Checking response
07-11 14:01:42.520 4749 22746 D NxpTml : PN54X - Invoking I2C Read.....
07-11 14:01:42.520 4749 22747 D NxpTml : PN54X - Write requested.....
07-11 14:01:42.520 4749 22747 D NxpTml : PN54X - Invoking I2C Write.....
07-11 14:01:42.521 4749 22746 D NxpTml : PN54X - I2C Read successful.....len = 33
07-11 14:01:42.521 4749 22747 D NxpNciX : len = 5 > 2001020000
07-11 14:01:42.521 4749 22746 D NxpTml : Delay Read if write thread is busy
07-11 14:01:42.521 4749 22747 D NxpTml : PN54X - I2C Write successful.....
07-11 14:01:42.521 4749 22747 D NxpTml : PN54X - Posting Fresh Write message.....
07-11 14:01:42.521 4749 22747 D NxpTml : PN54X - Tml Writer Thread Running................
07-11 14:01:42.521 4749 22750 D NxpHal : write successful status = 0x0
07-11 14:01:42.521 4749 4749 D NxpHal : Response timer started
07-11 14:01:42.521 4749 4749 D NxpHal : Waiting after ext cmd sent
07-11 14:01:42.523 4749 22746 D NxpNciR : len = 33 > 40011E001A3E0600010604FFFF01FF000800000100020003008000820083008400
07-11 14:01:42.523 4749 22746 D NxpTml : PN54X - Posting read message.....
07-11 14:01:42.523 4749 22750 D NxpHal : read successful status = 0x0
07-11 14:01:42.523 4749 22750 D NxpHal : CORE_INIT_RSP NCI2.0 received !
07-11 14:01:42.523 4749 4749 D NxpHal : Response timer stopped
07-11 14:01:42.523 4749 4749 D NxpHal : Checking response
07-11 14:01:42.523 4749 22746 D NxpTml : PN54X - Read requested.....
07-11 14:01:42.523 4749 4749 D NxpHal : phNxpNciHal_CheckFwRegFlashRequired() : enter
07-11 14:01:42.523 4749 22746 D NxpTml : PN54X - Invoking I2C Read.....
07-11 14:01:42.523 4749 4749 D NxpFwDnld: Allocating Mem for Dnld Context..
07-11 14:01:42.523 4749 4749 E NxpFwDnld: phDnldNfc_SetDlRspTimeout timeout value =9c4
07-11 14:01:42.524 4749 4749 D NxpExtns: find found NXP_FW_TYPE=(0x1)
07-11 14:01:42.524 4749 4749 D NxpFwDnld: firmware type from conf file: 1
07-11 14:01:42.524 4749 4749 E NxpFwDnld: free library SUCCESS !!
07-11 14:01:42.525 4749 4749 D NxpFwDnld: @@@/system/vendor/lib/libsn100u_fw.so
07-11 14:01:42.525 4749 4749 E NxpFwDnld: FW Image Length - ImageInfoLen 204518
07-11 14:01:42.525 4749 4749 E NxpFwDnld: FW Image Info Pointer - pImageInfo 0x7b235c7430
07-11 14:01:42.525 4749 4749 D NxpFwDnld: FW Major Version Num - 10
07-11 14:01:42.525 4749 4749 D NxpFwDnld: FW Minor Version Num - 18
07-11 14:01:42.525 4749 4749 D NxpFwDnld: FW Image Length - 204518
07-11 14:01:42.525 4749 4749 D NxpFwDnld: FW Image Info Pointer - 0x7b235c7430
07-11 14:01:42.525 4749 4749 D NxpHal : FW version of the libsn100u.so binary = 0x1018
07-11 14:01:42.525 4749 4749 D NxpHal : FW version found on the device = 0x11018
07-11 14:01:42.525 4749 4749 D NxpExtns: find found NXP_FLASH_CONFIG=(0x2)
07-11 14:01:42.525 4749 4749 D NxpHal : FW update not required
07-11 14:01:42.525 4749 4749 E NxpFwDnld: Freeing Mem for Dnld Context..
07-11 14:01:42.525 4749 4749 D NxpHal : phNxpNciHal_CheckFwRegFlashRequired() : exit - status = 0 wFwUpdateReq=0, wRfUpdateReq=55
07-11 14:01:42.525 4749 4749 D NxpFwDnld: Allocating Mem for Dnld Context..
07-11 14:01:42.525 4749 4749 E NxpFwDnld: phDnldNfc_SetDlRspTimeout timeout value =9c4
07-11 14:01:42.525 4749 4749 D NxpExtns: find found NXP_FW_TYPE=(0x1)
07-11 14:01:42.525 4749 4749 D NxpFwDnld: firmware type from conf file: 1
07-11 14:01:42.525 4749 4749 E NxpFwDnld: free library SUCCESS !!
07-11 14:01:42.526 4749 4749 D NxpFwDnld: @@@/system/vendor/lib/libsn100u_fw.so
07-11 14:01:42.526 4749 4749 E NxpFwDnld: FW Image Length - ImageInfoLen 204518
07-11 14:01:42.526 4749 4749 E NxpFwDnld: FW Image Info Pointer - pImageInfo 0x7b235cb430
07-11 14:01:42.526 4749 4749 D NxpFwDnld: FW Major Version Num - 10
07-11 14:01:42.526 4749 4749 D NxpFwDnld: FW Minor Version Num - 18
07-11 14:01:42.526 4749 4749 D NxpFwDnld: FW Image Length - 204518
07-11 14:01:42.526 4749 4749 D NxpFwDnld: FW Image Info Pointer - 0x7b235cb430
07-11 14:01:42.526 4749 4749 D NxpHal : FW version from device = 0x11018
07-11 14:01:42.526 4749 4749 D NxpHal : FW update not required
07-11 14:01:42.529 4749 4749 E NxpFwDnld: Freeing Mem for Dnld Context..
07-11 14:01:42.529 4749 4749 D NxpHal : phNxpNciHal_MinOpen(): exit
07-11 14:01:42.529 4749 4749 D android.hardware.nfc@1.2-impl: Nfc::open Exit
07-11 14:01:42.531 4749 22747 D NxpTml : PN54X - Write requested.....
07-11 14:01:42.531 4749 22747 D NxpTml : PN54X - Invoking I2C Write.....
07-11 14:01:42.533 4749 22747 D NxpNciX : len = 4 > 20000100
07-11 14:01:42.533 4749 22747 D NxpTml : PN54X - I2C Write successful.....
07-11 14:01:42.533 4749 22747 D NxpTml : PN54X - Posting Fresh Write message.....
07-11 14:01:42.533 4749 22747 D NxpTml : PN54X - Tml Writer Thread Running................
07-11 14:01:42.533 4749 22750 D NxpHal : write successful status = 0x0
07-11 14:01:42.533 4749 22746 D NxpTml : PN54X - I2C Read successful.....len = 4
07-11 14:01:42.533 4749 22746 D NxpNciR : len = 4 > 40000100
07-11 14:01:42.533 4749 22746 D NxpTml : PN54X - Posting read message.....
07-11 14:01:42.533 4749 22750 D NxpHal : read successful status = 0x0
07-11 14:01:42.533 4749 22750 D NxpHal : CORE_RESET_RSP NCI2.0
07-11 14:01:42.534 4749 22746 D NxpTml : PN54X - Read requested.....
07-11 14:01:42.534 4749 22746 D NxpTml : PN54X - Invoking I2C Read.....
07-11 14:01:42.534 4749 22746 D NxpTml : PN54X - I2C Read successful.....len = 13
07-11 14:01:42.534 4749 22746 D NxpNciR : len = 13 > 60000A020020040500A4011018
07-11 14:01:42.534 4749 22746 D NxpTml : PN54X - Posting read message.....
07-11 14:01:42.534 4749 22750 D NxpHal : read successful status = 0x0
07-11 14:01:42.534 4749 22750 D NxpHal : CORE_RESET_NTF NCI2.0 reason CORE_RESET_CMD received !
07-11 14:01:42.534 4749 22750 D NxpHal : NxpNci> FW Version: 1.10.18
07-11 14:01:42.535 4749 22746 D NxpTml : PN54X - Read requested.....
07-11 14:01:42.535 4749 22746 D NxpTml : PN54X - Invoking I2C Read.....
07-11 14:01:42.535 4749 22747 D NxpTml : PN54X - Write requested.....
07-11 14:01:42.535 4749 22747 D NxpTml : PN54X - Invoking I2C Write.....
07-11 14:01:42.536 4749 22746 D NxpTml : PN54X - I2C Read successful.....len = 33
07-11 14:01:42.536 4749 22746 D NxpTml : Delay Read if write thread is busy
07-11 14:01:42.536 4749 22747 D NxpNciX : len = 5 > 2001020000
07-11 14:01:42.536 4749 22747 D NxpTml : PN54X - I2C Write successful.....
07-11 14:01:42.536 4749 22747 D NxpTml : PN54X - Posting Fresh Write message.....
07-11 14:01:42.536 4749 22747 D NxpTml : PN54X - Tml Writer Thread Running................
07-11 14:01:42.536 4749 22750 D NxpHal : write successful status = 0x0
07-11 14:01:42.538 4749 22746 D NxpNciR : len = 33 > 40011E001A3E0600010604FFFF01FF000800000100020003008000820083008400
07-11 14:01:42.538 4749 22746 D NxpTml : PN54X - Posting read message.....
07-11 14:01:42.538 4749 22750 D NxpHal : read successful status = 0x0
07-11 14:01:42.538 4749 22750 D NxpHal : CORE_INIT_RSP NCI2.0 received !
07-11 14:01:42.539 4749 22746 D NxpTml : PN54X - Read requested.....
07-11 14:01:42.539 4749 22746 D NxpTml : PN54X - Invoking I2C Read.....
07-11 14:01:42.539 4749 22747 D NxpTml : PN54X - Write requested.....
07-11 14:01:42.539 4749 22747 D NxpTml : PN54X - Invoking I2C Write.....
07-11 14:01:42.540 4749 22746 D NxpTml : PN54X - I2C Read successful.....len = 5
07-11 14:01:42.540 4749 22746 D NxpTml : Delay Read if write thread is busy
07-11 14:01:42.541 4749 22747 D NxpNciX : len = 64 > 20023D070002F4010801001101006201302A0130611446666D010111020207FF03020003040164070103291446666D010111020207FF03020003040164070103
07-11 14:01:42.541 4749 22747 D NxpTml : PN54X - I2C Write successful.....
07-11 14:01:42.541 4749 22747 D NxpTml : PN54X - Posting Fresh Write message.....
07-11 14:01:42.541 4749 22747 D NxpTml : PN54X - Tml Writer Thread Running................
07-11 14:01:42.541 4749 22750 D NxpHal : write successful status = 0x0
07-11 14:01:42.542 4749 22746 D NxpNciR : len = 5 > 4002020000
07-11 14:01:42.542 4749 22746 D NxpTml : PN54X - Posting read message.....
07-11 14:01:42.542 4749 22750 D NxpHal : read successful status = 0x0
07-11 14:01:42.542 4749 22750 D NxpHal : phNxpNciHal_print_res_status: response status =STATUS_OK
07-11 14:01:42.543 4749 22746 D NxpTml : PN54X - Read requested.....
07-11 14:01:42.543 4749 22747 D NxpTml : PN54X - Write requested.....
07-11 14:01:42.543 4749 22746 D NxpTml : PN54X - Invoking I2C Read.....
07-11 14:01:42.543 4749 22747 D NxpTml : PN54X - Invoking I2C Write.....
07-11 14:01:42.544 4749 22746 D NxpTml : PN54X - I2C Read successful.....len = 11
07-11 14:01:42.544 4749 22746 D NxpTml : Delay Read if write thread is busy
07-11 14:01:42.544 4749 22747 D NxpNciX : len = 6 > 200303023250
07-11 14:01:42.544 4749 22747 D NxpTml : PN54X - I2C Write successful.....
07-11 14:01:42.544 4749 22747 D NxpTml : PN54X - Posting Fresh Write message.....
07-11 14:01:42.544 4749 22747 D NxpTml : PN54X - Tml Writer Thread Running................
07-11 14:01:42.545 4749 22750 D NxpHal : write successful status = 0x0
07-11 14:01:42.546 4749 22746 D NxpNciR : len = 11 > 4003080002320100500100
07-11 14:01:42.546 4749 22746 D NxpTml : PN54X - Posting read message.....
07-11 14:01:42.546 4749 22750 D NxpHal : read successful status = 0x0
07-11 14:01:42.546 4749 22750 D NxpHal : phNxpNciHal_print_res_status: response status =STATUS_OK
07-11 14:01:42.546 4749 22746 D NxpTml : PN54X - Read requested.....
07-11 14:01:42.546 4749 22746 D NxpTml : PN54X - Invoking I2C Read.....
07-11 14:01:42.546 4749 22747 D NxpTml : PN54X - Write requested.....
07-11 14:01:42.546 4749 22747 D NxpTml : PN54X - Invoking I2C Write.....
07-11 14:01:42.547 4749 22746 D NxpTml : PN54X - I2C Read successful.....len = 4
07-11 14:01:42.547 4749 22746 D NxpTml : Delay Read if write thread is busy
07-11 14:01:42.548 4749 22747 D NxpNciX : len = 10 > 21010700010003000100
07-11 14:01:42.548 4749 22747 D NxpTml : PN54X - I2C Write successful.....
07-11 14:01:42.548 4749 22747 D NxpTml : PN54X - Posting Fresh Write message.....
07-11 14:01:42.548 4749 22747 D NxpTml : PN54X - Tml Writer Thread Running................
07-11 14:01:42.548 4749 22750 D NxpHal : write successful status = 0x0
07-11 14:01:42.549 4749 22746 D NxpNciR : len = 4 > 41010100
07-11 14:01:42.549 4749 22746 D NxpTml : PN54X - Posting read message.....
07-11 14:01:42.549 4749 22750 D NxpHal : read successful status = 0x0
07-11 14:01:42.550 4749 4749 D NxpExtns: find found MIFARE_READER_ENABLE=(0x1)
07-11 14:01:42.550 4749 4749 D NxpHal : Going through extns - Adding Mifare in RF Discovery
07-11 14:01:42.550 4749 4749 D NxpHal : Going through extns - Adding Mifare in RF Discovery - END
07-11 14:01:42.550 4749 22746 D NxpTml : PN54X - Read requested.....
07-11 14:01:42.551 4749 22746 D NxpTml : PN54X - Invoking I2C Read.....
07-11 14:01:42.551 4749 22747 D NxpTml : PN54X - Write requested.....
07-11 14:01:42.551 4749 22747 D NxpTml : PN54X - Invoking I2C Write.....
07-11 14:01:42.552 4749 22746 D NxpTml : PN54X - I2C Read successful.....len = 4
07-11 14:01:42.552 4749 22746 D NxpTml : Delay Read if write thread is busy
07-11 14:01:42.552 4749 22747 D NxpNciX : len = 19 > 21001005010101020101040102030101800180
07-11 14:01:42.552 4749 22747 D NxpTml : PN54X - I2C Write successful.....
07-11 14:01:42.552 4749 22747 D NxpTml : PN54X - Posting Fresh Write message.....
07-11 14:01:42.553 4749 22747 D NxpTml : PN54X - Tml Writer Thread Running................
07-11 14:01:42.553 4749 22750 D NxpHal : write successful status = 0x0
07-11 14:01:42.554 4749 22746 D NxpNciR : len = 4 > 41000100
07-11 14:01:42.554 4749 22746 D NxpTml : PN54X - Posting read message.....
07-11 14:01:42.554 4749 22750 D NxpHal : read successful status = 0x0
07-11 14:01:42.555 4749 4749 D NxpHal : > Polling Loop Started
07-11 14:01:42.555 4749 22746 D NxpTml : PN54X - Read requested.....
07-11 14:01:42.555 4749 22747 D NxpTml : PN54X - Write requested.....
07-11 14:01:42.555 4749 22746 D NxpTml : PN54X - Invoking I2C Read.....
07-11 14:01:42.555 4749 22747 D NxpTml : PN54X - Invoking I2C Write.....
07-11 14:01:42.555 4749 22746 D NxpTml : PN54X - I2C Read successful.....len = 4
07-11 14:01:42.555 4749 22746 D NxpTml : Delay Read if write thread is busy
07-11 14:01:42.556 4749 22747 D NxpNciX : len = 14 > 21030B0503010001010105010201
07-11 14:01:42.556 4749 22747 D NxpTml : PN54X - I2C Write successful.....
07-11 14:01:42.556 4749 22747 D NxpTml : PN54X - Posting Fresh Write message.....
07-11 14:01:42.556 4749 22747 D NxpTml : PN54X - Tml Writer Thread Running................
07-11 14:01:42.556 4749 22750 D NxpHal : write successful status = 0x0
07-11 14:01:42.558 4749 22746 D NxpNciR : len = 4 > 41030101
07-11 14:01:42.558 4749 22746 D NxpTml : PN54X - Posting read message.....
07-11 14:01:42.559 4749 22750 D NxpHal : read successful status = 0x0
07-11 14:01:42.562 4749 22746 D NxpTml : PN54X - Read requested.....
07-11 14:01:42.562 4749 22746 D NxpTml : PN54X - Invoking I2C Read.....
07-11 14:01:42.780 6722 6810 E SDM : HWCSession::ForceMaxFrameRate: ForceMaxFrameRate failed: max_frame_rate is 0!
07-11 14:01:43.288 6722 6810 E SDM : HWCSession::ForceMaxFrameRate: ForceMaxFrameRate failed: max_frame_rate is 0!
07-11 14:01:46.260 5020 8522 I LOWI-8.6.0.59: [LOWI-Scan] lowi_close_record:Scan done in 1857218ms, 7 APs in scan results
07-11 14:01:46.263 5020 5050 I LOWI-8.6.0.59: [LOWIUtils] responseToOutPostcard - TO: FreeWifiScanObserver, FROM: LOWI-SERVER, RESP: LOWI_ASYNC_DISCOVERY_SCAN_RESULTS
07-11 14:01:46.271 4734 4921 I LocSvc_api_v02: ---> locClientSendReq line 2325 QMI_LOC_INJECT_WIFI_AP_DATA_REQ_V02
07-11 14:01:46.274 4734 6818 I LocSvc_ApiV02: <--- globalRespCb line 196 QMI_LOC_INJECT_WIFI_AP_DATA_REQ_V02
07-11 14:01:51.278 5020 8522 I LOWI-8.6.0.59: [LOWI-Scan] lowi_close_record:Scan done in 1862236ms, 7 APs in scan results
07-11 14:01:51.280 5020 5050 I LOWI-8.6.0.59: [LOWIUtils] responseToOutPostcard - TO: FreeWifiScanObserver, FROM: LOWI-SERVER, RESP: LOWI_ASYNC_DISCOVERY_SCAN_RESULTS
07-11 14:01:51.293 4734 4921 I LocSvc_api_v02: ---> locClientSendReq line 2325 QMI_LOC_INJECT_WIFI_AP_DATA_REQ_V02
07-11 14:01:51.294 4734 6818 I LocSvc_ApiV02: <--- globalRespCb line 196 QMI_LOC_INJECT_WIFI_AP_DATA_REQ_V02
07-11 14:01:52.487 5013 7207 D libsensor-B2SNotifier: Backlight2SlpiNotifier brightness = 38
07-11 14:01:52.522 5013 7207 D libsensor-B2SNotifier: Backlight2SlpiNotifier brightness = 21
07-11 14:01:52.535 5013 7207 D libsensor-B2SNotifier: Backlight2SlpiNotifier brightness = 16
07-11 14:01:52.551 5013 7207 D libsensor-B2SNotifier: Backlight2SlpiNotifier brightness = 10
07-11 14:01:52.562 5013 7207 D libsensor-B2SNotifier: Backlight2SlpiNotifier brightness = 4
07-11 14:01:52.575 5013 7207 D libsensor-B2SNotifier: Backlight2SlpiNotifier brightness = 1
07-11 14:01:52.582 5013 7207 D libsensor-B2SNotifier: Backlight2SlpiNotifier brightness = 1
07-11 14:01:52.590 4749 22747 D NxpTml : PN54X - Write requested.....
07-11 14:01:52.590 4749 22747 D NxpTml : PN54X - Invoking I2C Write.....
07-11 14:01:52.591 4749 22747 E NxpTml : _i2c_write() errno : 5
07-11 14:01:52.591 4749 22747 E NxpTml : PN54X - Error in I2C Write.....
07-11 14:01:52.591 4749 22747 D NxpTml : PN54X - Posting Fresh Write message.....
07-11 14:01:52.592 4749 22747 D NxpTml : PN54X - Tml Writer Thread Running................
07-11 14:01:52.592 4749 22750 E NxpHal : write error status = 0x1ff
07-11 14:01:52.592 4749 4749 E NxpHal : write_unlocked failed - PN54X Maybe in Standby Mode - Retry
07-11 14:01:52.602 4749 22747 D NxpTml : PN54X - Write requested.....
07-11 14:01:52.602 4749 22747 D NxpTml : PN54X - Invoking I2C Write.....
07-11 14:01:52.603 4749 22747 D NxpNciX : len = 8 > 20020501A0070100
07-11 14:01:52.603 4749 22747 D NxpTml : PN54X - I2C Write successful.....
07-11 14:01:52.603 4749 22747 D NxpTml : PN54X - Posting Fresh Write message.....
07-11 14:01:52.604 4749 22747 D NxpTml : PN54X - Tml Writer Thread Running................
07-11 14:01:52.604 4749 22750 D NxpHal : write successful status = 0x0
07-11 14:01:52.604 4749 4749 D NxpHal : Response timer started
07-11 14:01:52.604 4749 4749 D NxpHal : Waiting after ext cmd sent
07-11 14:01:52.667 4749 22746 D NxpTml : PN54X - I2C Read successful.....len = 5
07-11 14:01:52.667 4749 22746 D NxpNciR : len = 5 > 4002020000
07-11 14:01:52.667 4749 22746 D NxpTml : PN54X - Posting read message.....
07-11 14:01:52.667 4749 22750 D NxpHal : read successful status = 0x0
07-11 14:01:52.667 4749 22750 D NxpHal : phNxpNciHal_print_res_status: response status =STATUS_OK
07-11 14:01:52.667 4749 22746 D NxpTml : PN54X - Read requested.....
07-11 14:01:52.667 4749 22746 D NxpTml : PN54X - Invoking I2C Read.....
07-11 14:01:52.667 4749 4749 D NxpHal : Response timer stopped
07-11 14:01:52.667 4749 4749 D NxpHal : Checking response
07-11 14:01:52.667 4749 22747 D NxpTml : PN54X - Write requested.....
07-11 14:01:52.667 4749 22747 D NxpTml : PN54X - Invoking I2C Write.....
07-11 14:01:52.669 4749 22747 D NxpNciX : len = 4 > 20000100
07-11 14:01:52.669 4749 22747 D NxpTml : PN54X - I2C Write successful.....
07-11 14:01:52.669 4749 22747 D NxpTml : PN54X - Posting Fresh Write message.....
07-11 14:01:52.669 4749 22747 D NxpTml : PN54X - Tml Writer Thread Running................
07-11 14:01:52.669 4749 22746 D NxpTml : PN54X - I2C Read successful.....len = 4
07-11 14:01:52.669 4749 22746 D NxpTml : Delay Read if write thread is busy
07-11 14:01:52.669 4749 22750 D NxpHal : write successful status = 0x0
07-11 14:01:52.670 4749 4749 D NxpHal : Response timer started
07-11 14:01:52.670 4749 4749 D NxpHal : Waiting after ext cmd sent
07-11 14:01:52.671 4749 22746 D NxpNciR : len = 4 > 40000100
07-11 14:01:52.671 4749 22746 D NxpTml : PN54X - Posting read message.....
07-11 14:01:52.672 4749 22750 D NxpHal : read successful status = 0x0
07-11 14:01:52.672 4749 22750 D NxpHal : CORE_RESET_RSP NCI2.0
07-11 14:01:52.672 4749 4749 D NxpHal : Response timer stopped
07-11 14:01:52.672 4749 4749 D NxpHal : Response timer started
07-11 14:01:52.672 4749 22746 D NxpTml : PN54X - Read requested.....
07-11 14:01:52.672 4749 22746 D NxpTml : PN54X - Invoking I2C Read.....
07-11 14:01:52.672 4749 22746 D NxpTml : PN54X - I2C Read successful.....len = 13
07-11 14:01:52.673 4749 22746 D NxpNciR : len = 13 > 60000A020020040500A4011018
07-11 14:01:52.673 4749 22746 D NxpTml : PN54X - Posting read message.....
07-11 14:01:52.673 4749 22750 D NxpHal : read successful status = 0x0
07-11 14:01:52.673 4749 22750 D NxpHal : CORE_RESET_NTF NCI2.0 reason CORE_RESET_CMD received !
07-11 14:01:52.673 4749 22750 D NxpHal : NxpNci> FW Version: 1.10.18
07-11 14:01:52.673 4749 22750 E NxpHal : Ignoring read , HAL close triggered
07-11 14:01:52.673 4749 4749 D NxpHal : Response timer stopped
07-11 14:01:52.673 4749 4749 D NxpHal : Checking response
07-11 14:01:52.674 4749 22746 D NxpTml : PN54X - read request NOT enabled
07-11 14:01:52.674 4749 22750 D NxpHal : Terminating phNxpNciHal client thread...
07-11 14:01:52.674 4749 22750 D NxpHal : NxpNciHal thread stopped
07-11 14:01:52.676 4749 22747 D NxpTml : PN54X - Write request NOT enabled
07-11 14:01:52.686 4749 4749 D NxpTml : bThreadDone == 0
07-11 14:01:52.700 4749 4749 D NxpHal : phNxpNciHal_close - phOsalNfc_DeInit completed
07-11 14:01:52.700 4749 4749 D NxpHal : Failed to deallocate (list empty)
07-11 14:01:52.700 4749 4749 D NxpHal : Node dump:
07-11 14:01:52.702 4749 4749 D NxpHal : Failed to deallocate (list empty)
07-11 14:01:52.702 4749 4749 D NxpHal : Node dump:
07-11 14:01:52.702 4749 4749 D NxpHal : phNxpNciHal_release_info mGetCfg_info
07-11 14:01:58.187 5013 7207 D libsensor-B2SNotifier: Backlight2SlpiNotifier brightness = 0
07-11 14:01:58.225 4735 6821 I SDM : DisplayBase::SetDisplayState: Set state = 0, display 28-0, teardown = 0
07-11 14:01:58.226 4735 6821 E SDM : DRMCrtc::Perform: CRTC 110: Set mode 1080x2340x60x179431
07-11 14:01:58.259 6722 6810 E SDM : HWCSession::ForceMaxFrameRate: ForceMaxFrameRate failed: max_frame_rate is 0!
07-11 14:01:58.395 4735 6821 W SDM : ResourceImpl::Perform: Invalid command 4
07-11 14:01:58.396 4778 4888 D DisplayFeatureHal: HandleDisplayState enter state 0, last state 1
07-11 14:01:58.396 4778 4888 D DisplayFeatureHal: onSuspend enter
07-11 14:01:58.396 4778 4888 D DisplayFeatureHal: Query DisplayPostproc service
07-11 14:01:58.396 4735 22780 I libsensor-C2SNotifier: Sensor: notify type: 1, value: 0
07-11 14:01:58.399 5013 5013 I libsensor_ssccalapi: send_sensor_selftest_msg for sensor: ambient_light
07-11 14:01:58.399 4735 7618 I Dpps : AddNewDppsClient():431 New DPPS client accepted, client fd = 21, poll idx 2
07-11 14:01:58.409 4735 7618 I Dpps : HandleDppsClientEvent():921 Incoming message on client fd 21: 'ad:off'
07-11 14:01:58.409 4735 7618 E Dpps : HandleDppsClientEvent():987 AdContext Post failed ret -95
07-11 14:01:58.409 4735 7618 E Dpps : RunPollIteration():372 Poll iteration failed with ret -95
07-11 14:01:58.409 4735 7618 E Dpps : Run():181 Poll iteration failed, ret -95
07-11 14:01:58.410 4735 7618 I Dpps : HandleDppsClientEvent():903 Client connection 21 has closed
07-11 14:01:58.410 4735 7618 I Dpps : RemoveServerClient():297 closed fd 21 poll_idx 2
07-11 14:01:58.411 4778 4888 D DisplayFeatureHal: isStartSensorControl ret 0
07-11 14:01:58.411 4778 4888 D DisplayFeatureHal: HandleSunlightScreen enter modeId 0
07-11 14:01:58.411 4778 4888 D DisplayFeatureHal: HandleSunlightScreen exit ret -1
07-11 14:01:58.411 4778 4888 D DisplayFeatureHal: HandleDisplayState exit
07-11 14:01:59.843 4725 5825 I vendor.qti.bluetooth@1.0-ibs_handler: ProcessIbsCmd: Received IBS_WAKE_IND: 0xFD
07-11 14:01:59.843 4725 5825 D vendor.qti.bluetooth@1.0-ibs_handler: SerialClockVote: vote for UART CLK ON
07-11 14:01:59.844 4725 5825 D vendor.qti.bluetooth@1.0-wake_lock: Acquire wakelock is acquired
07-11 14:01:59.844 4725 5825 I vendor.qti.bluetooth@1.0-ibs_handler: ProcessIbsCmd: Writing IBS_WAKE_ACK
07-11 14:01:59.885 4725 5825 I vendor.qti.bluetooth@1.0-ibs_handler: ProcessIbsCmd: Received IBS_SLEEP_IND: 0xFE
07-11 14:01:59.885 4725 5825 D vendor.qti.bluetooth@1.0-ibs_handler: SerialClockVote: vote for UART CLK OFF
07-11 14:02:00.035 4725 5009 D vendor.qti.bluetooth@1.0-wake_lock: Release wakelock is released
07-11 14:02:01.208 5020 8522 I LOWI-8.6.0.59: [LOWI-Scan] lowi_close_record:Scan done in 1872166ms, 9 APs in scan results
07-11 14:02:01.210 5020 5050 I LOWI-8.6.0.59: [LOWIUtils] responseToOutPostcard - TO: FreeWifiScanObserver, FROM: LOWI-SERVER, RESP: LOWI_ASYNC_DISCOVERY_SCAN_RESULTS
07-11 14:02:01.223 4734 4921 I LocSvc_api_v02: ---> locClientSendReq line 2325 QMI_LOC_INJECT_WIFI_AP_DATA_REQ_V02
07-11 14:02:01.224 4734 6818 I LocSvc_ApiV02: <--- globalRespCb line 196 QMI_LOC_INJECT_WIFI_AP_DATA_REQ_V02
07-11 14:02:03.418 4743 4797 I sensors-hal: activate:147, android.sensor.light/37 en=0
07-11 14:02:03.421 4743 4797 I sensors-hal: activate:158, android.sensor.light/37 en=0 completed
07-11 14:02:21.797 6722 6810 E SDM : HWCSession::ForceMaxFrameRate: ForceMaxFrameRate failed: max_frame_rate is 0!
07-11 14:02:21.849 5059 5326 I chatty : uid=0(root) thermal-engine expire 98 lines
07-11 14:02:22.409 6722 6810 E SDM : HWCSession::ForceMaxFrameRate: ForceMaxFrameRate failed: max_frame_rate is 0!
07-11 14:02:23.195 6722 6810 E SDM : HWCSession::ForceMaxFrameRate: ForceMaxFrameRate failed: max_frame_rate is 0!
07-11 14:02:23.750 6722 6810 E SDM : HWCSession::ForceMaxFrameRate: ForceMaxFrameRate failed: max_frame_rate is 0!
07-11 14:02:24.370 6722 6810 E SDM : HWCSession::ForceMaxFrameRate: ForceMaxFrameRate failed: max_frame_rate is 0!
07-11 14:02:32.546 6722 6810 E SDM : HWCSession::ForceMaxFrameRate: ForceMaxFrameRate failed: max_frame_rate is 0!
07-11 14:02:32.591 5059 5326 I chatty : uid=0(root) thermal-engine expire 14 lines
07-11 14:02:40.509 6722 6810 E SDM : HWCSession::ForceMaxFrameRate: ForceMaxFrameRate failed: max_frame_rate is 0!
07-11 14:02:43.399 5020 8522 I LOWI-8.6.0.59: [LOWI-Scan] lowi_close_record:Scan done in 1914357ms, 7 APs in scan results
07-11 14:02:43.404 5020 5050 I LOWI-8.6.0.59: [LOWIUtils] responseToOutPostcard - TO: FreeWifiScanObserver, FROM: LOWI-SERVER, RESP: LOWI_ASYNC_DISCOVERY_SCAN_RESULTS
07-11 14:02:43.417 4734 4921 I LocSvc_api_v02: ---> locClientSendReq line 2325 QMI_LOC_INJECT_WIFI_AP_DATA_REQ_V02
07-11 14:02:43.420 4734 6818 I LocSvc_ApiV02: <--- globalRespCb line 196 QMI_LOC_INJECT_WIFI_AP_DATA_REQ_V02
07-11 14:02:51.182 6722 6810 E SDM : HWCSession::ForceMaxFrameRate: ForceMaxFrameRate failed: max_frame_rate is 0!
07-11 14:02:51.236 5059 5326 I chatty : uid=0(root) thermal-engine expire 111 lines
07-11 14:02:52.118 5059 5326 E ThermalEngine: read error 0. buf:[libudev þíÊþ( ( Ê Nªeò ACTION=change DEVPATH=/devices/virtual/thermal/thermal_zone79 SUBSYSTEM=thermal NAME=nvm-therm-adc TEMP=-40000 TRIP=0 EVENT=0 SEQNUM=27456 USEC_INITIALIZED=14444861 androidboot.bootdevice=1d84000.ufshc ]
07-11 14:02:52.125 5059 5326 E ThermalEngine: read error 0. buf:[libudev þíÊþ( ( Å Nªeò ACTION=change DEVPATH=/devices/virtual/thermal/thermal_zone74 SUBSYSTEM=thermal NAME=pa_therm1 TEMP=34459 TRIP=0 EVENT=0 SEQNUM=27458 USEC_INITIALIZED=14441873 androidboot.bootdevice=1d84000.ufshc ]
07-11 14:02:52.125 5059 5326 E ThermalEngine: read error 0. buf:[libudev þíÊþ( ( Ä Nªeò ACTION=change DEVPATH=/devices/virtual/thermal/thermal_zone73 SUBSYSTEM=thermal NAME=xo_therm TEMP=34618 TRIP=0 EVENT=0 SEQNUM=27457 USEC_INITIALIZED=14439604 androidboot.bootdevice=1d84000.ufshc ]
07-11 14:02:52.125 5059 5326 E ThermalEngine: read error 0. buf:[libudev þíÊþ( ( Ê Nªeò ACTION=change DEVPATH=/devices/virtual/thermal/thermal_zone79 SUBSYSTEM=thermal NAME=nvm-therm-adc TEMP=-40000 TRIP=0 EVENT=0 SEQNUM=27463 USEC_INITIALIZED=14444861 androidboot.bootdevice=1d84000.ufshc ]
07-11 14:02:52.130 5059 5326 E ThermalEngine: read error 0. buf:[libudev þíÊþ( ( Ë Nªeò ACTION=change DEVPATH=/devices/virtual/thermal/thermal_zone75 SUBSYSTEM=thermal NAME=emmc_ufs_therm TEMP=-40000 TRIP=0 EVENT=0 SEQNUM=27459 USEC_INITIALIZED=14442019 androidboot.bootdevice=1d84000.ufshc ]
07-11 14:02:52.131 5059 5326 E ThermalEngine: read error 0. buf:[libudev þíÊþ( ( Î Nªeò ACTION=change DEVPATH=/devices/virtual/thermal/thermal_zone78 SUBSYSTEM=thermal NAME=camera-ftherm-adc TEMP=-40000 TRIP=0 EVENT=0 SEQNUM=27462 USEC_INITIALIZED=14442885 androidboot.bootdevice=1d84000.ufshc ]
07-11 14:02:52.132 5059 5326 E ThermalEngine: read error 0. buf:[libudev þíÊþ( ( Æ Nªeò ACTION=change DEVPATH=/devices/virtual/thermal/thermal_zone77 SUBSYSTEM=thermal NAME=conn_therm TEMP=33938 TRIP=0 EVENT=0 SEQNUM=27461 USEC_INITIALIZED=14442864 androidboot.bootdevice=1d84000.ufshc ]
07-11 14:02:52.132 5059 5326 E ThermalEngine: read error 0. buf:[libudev þíÊþ( ( Ç Nªeò ACTION=change DEVPATH=/devices/virtual/thermal/thermal_zone76 SUBSYSTEM=thermal NAME=quiet_therm TEMP=33581 TRIP=0 EVENT=0 SEQNUM=27460 USEC_INITIALIZED=14444500 androidboot.bootdevice=1d84000.ufshc ]
07-11 14:02:52.182 5059 5326 E ThermalEngine: read error 0. buf:[libudev þíÊþ( ( Ä Nªeò ACTION=change DEVPATH=/devices/virtual/thermal/thermal_zone73 SUBSYSTEM=thermal NAME=xo_therm TEMP=34618 TRIP=0 EVENT=0 SEQNUM=27464 USEC_INITIALIZED=14439604 androidboot.bootdevice=1d84000.ufshc ]
07-11 14:02:52.183 5059 5326 E ThermalEngine: read error 0. buf:[libudev þíÊþ( ( Ë Nªeò ACTION=change DEVPATH=/devices/virtual/thermal/thermal_zone75 SUBSYSTEM=thermal NAME=emmc_ufs_therm TEMP=-40000 TRIP=0 EVENT=0 SEQNUM=27466 USEC_INITIALIZED=14442019 androidboot.bootdevice=1d84000.ufshc ]
