--------- beginning of system
07-11 13:30:24.710 3567 3567 I vold : Vold 3.0 (the awakening) firing up
07-11 13:30:24.711 3567 3567 D vold : Detected support for: ext4 f2fs ntfs vfat
07-11 13:30:24.720 3567 3567 E vold : Failed open: No such file or directory
07-11 13:30:24.721 3567 3567 W vold : Failed to LOOP_GET_STATUS64 /dev/block/loop6: No such device or address
07-11 13:30:24.721 3567 3567 W vold : Failed to LOOP_GET_STATUS64 /dev/block/loop4: No such device or address
07-11 13:30:24.722 3567 3567 W vold : Failed to LOOP_GET_STATUS64 /dev/block/loop5: No such device or address
07-11 13:30:24.722 3567 3567 W vold : Failed to LOOP_GET_STATUS64 /dev/block/loop7: No such device or address
07-11 13:30:24.722 3567 3567 W vold : Failed to LOOP_GET_STATUS64 /dev/block/loop1: No such device or address
07-11 13:30:24.722 3567 3567 W vold : Failed to LOOP_GET_STATUS64 /dev/block/loop2: No such device or address
07-11 13:30:24.722 3567 3567 W vold : Failed to LOOP_GET_STATUS64 /dev/block/loop3: No such device or address
07-11 13:30:24.722 3567 3567 W vold : Failed to LOOP_GET_STATUS64 /dev/block/loop0: No such device or address
07-11 13:30:24.728 3567 3567 D vold : VoldNativeService::start() completed OK
07-11 13:30:24.730 3567 3601 D vold : Disk at 7:32 changed
07-11 13:30:24.733 3567 3601 E NetlinkListener: recvmsg failed (I/O error)
07-11 13:30:24.733 3560 3608 I QISL : QSEE Interrupt Service Listener Thread is started
07-11 13:30:24.740 3567 3601 D vold : Disk at 7:40 changed
07-11 13:30:24.752 3567 3601 E NetlinkListener: recvmsg failed (I/O error)
07-11 13:30:24.752 3567 3601 D vold : Disk at 7:56 changed
07-11 13:30:24.766 3567 3601 E NetlinkListener: recvmsg failed (I/O error)
07-11 13:30:24.766 3567 3601 E NetlinkListener: recvmsg failed (I/O error)
07-11 13:30:24.767 3567 3601 D vold : Disk at 7:8 changed
07-11 13:30:24.768 3567 3601 D vold : Disk at 7:16 changed
07-11 13:30:24.774 3567 3601 E NetlinkListener: recvmsg failed (I/O error)
07-11 13:30:24.775 3567 3601 E NetlinkListener: recvmsg failed (I/O error)
07-11 13:30:24.775 3567 3601 D vold : Disk at 7:24 changed
07-11 13:30:24.783 3560 3608 I QISL : QSEE Interrupt Service Listener was activated successfully
07-11 13:30:24.785 3567 3601 E NetlinkListener: recvmsg failed (I/O error)
07-11 13:30:24.796 3567 3601 E NetlinkListener: recvmsg failed (I/O error)
07-11 13:30:24.802 3567 3601 D vold : Disk at 7:0 changed
07-11 13:30:24.814 3567 3601 E NetlinkListener: recvmsg failed (I/O error)
07-11 13:30:26.056 3567 3601 I chatty : uid=0(root) Binder:3567_2 identical 291 lines
07-11 13:30:26.075 3567 3601 E NetlinkListener: recvmsg failed (I/O error)
07-11 13:30:26.570 4815 4815 I irsc_util: Starting irsc tool
07-11 13:30:26.577 4815 4815 I irsc_util: Num of entries:297
07-11 13:30:26.577 4815 4815 I irsc_util: Ending irsc tool
07-11 13:30:26.626 3567 3601 E NetlinkListener: recvmsg failed (I/O error)
07-11 13:30:27.065 3567 3601 I chatty : uid=0(root) Binder:3567_2 identical 50 lines
07-11 13:30:27.066 3567 3601 E NetlinkListener: recvmsg failed (I/O error)
07-11 13:30:27.174 5077 5077 I imsrcsd : Uce Service HAL is starting up...
07-11 13:30:27.183 5077 5077 I imsrcsd : Uce Service HAL loading imsrcsbaseimpl
07-11 13:30:27.324 3567 3601 E NetlinkListener: recvmsg failed (I/O error)
07-11 13:30:27.378 5077 5077 I imsrcsd : Starting Service for First Time imsbaseimpl
07-11 13:30:27.381 5077 5077 I ServiceManagement: Registered com.qualcomm.qti.uceservice@2.1::IUceService/com.qualcomm.qti.uceservice (start delay of 255ms)
07-11 13:30:27.381 5077 5077 I imsrcsd : ImsRcsBaseImpl CM_IMSCONNECTIONMANAGER_CREATE_CONNECTION Before Registering Service
07-11 13:30:27.382 5077 5077 I ServiceManagement: Registered com.qualcomm.qti.imscmservice@2.2::IImsCmService/qti.ims.connectionmanagerservice (start delay of 257ms)
07-11 13:30:27.382 5077 5077 I imsrcsd : ImsRcsBaseImpl CM_IMSCONNECTIONMANAGER_CREATE_CONNECTION After Registering Service
07-11 13:30:27.385 3567 3601 E NetlinkListener: recvmsg failed (I/O error)
07-11 13:30:27.429 3567 3601 I chatty : uid=0(root) Binder:3567_2 identical 27 lines
07-11 13:30:27.432 3567 3601 E NetlinkListener: recvmsg failed (I/O error)
07-11 13:30:27.432 5077 5077 I ServiceManagement: Registered vendor.qti.ims.callinfo@1.0::IService/default (start delay of 307ms)
07-11 13:30:27.432 5077 5077 I imsrcsd : ImsRcsBaseImpl ImsCallInfo After Registering Service
07-11 13:30:27.435 3567 3601 E NetlinkListener: recvmsg failed (I/O error)
07-11 13:30:27.565 3567 3601 I chatty : uid=0(root) Binder:3567_2 identical 22 lines
07-11 13:30:27.578 3567 3601 E NetlinkListener: recvmsg failed (I/O error)
07-11 13:30:27.611 5433 5433 I iorapd : iorapd (the prefetchening) firing up
07-11 13:30:27.612 5433 5433 W iorapd : Tracing disabled by iorapd.perfetto.enable=false
07-11 13:30:27.706 3567 3601 E NetlinkListener: recvmsg failed (I/O error)
07-11 13:30:31.931 3567 3601 I chatty : uid=0(root) Binder:3567_2 identical 416 lines
07-11 13:30:31.939 3567 3601 E NetlinkListener: recvmsg failed (I/O error)
07-11 13:30:32.169 6925 6925 I imsrcsd : Uce Service HAL is starting up...
07-11 13:30:32.169 6925 6925 I imsrcsd : getAndroidPropValue : vendor.ims.DATA_DAEMON_STATUS[1]
07-11 13:30:32.903 3567 3601 E NetlinkListener: recvmsg failed (I/O error)
07-11 13:30:33.275 3567 3601 I chatty : uid=0(root) Binder:3567_2 identical 27 lines
07-11 13:30:33.277 3567 3601 E NetlinkListener: recvmsg failed (I/O error)
07-11 13:30:37.169 6925 6925 I imsrcsd : getAndroidPropValue : vendor.ims.modem.multisub.cap[2]
07-11 13:30:37.170 6925 6925 I imsrcsd : Uce Service HAL detected modemVersion[2]
07-11 13:30:37.170 6925 6925 I imsrcsd : Uce Service HAL loading lib-imsrcs-v2
07-11 13:30:37.186 6925 6925 I Diag_Lib: StartImsService
07-11 13:30:37.186 6925 6925 I imsrcsd : ImsServiceMain startService[1]
07-11 13:30:37.188 6925 7151 I ServiceManagement: Registered vendor.qti.ims.callinfo@1.0::IService/default (start delay of 5063ms)
07-11 13:30:37.188 6925 7151 I imsrcsd : ImsServiceMain Running..
07-11 13:30:40.155 3567 3601 E NetlinkListener: recvmsg failed (I/O error) --------- beginning of main
07-11 13:53:43.669 4721 9702 D audio_hw_primary: check_usecases_codec_backend:becf: (94) check_usecases curr device: speaker, usecase device: backends match 0
07-11 13:53:43.669 4721 9702 D audio_hw_primary: @@: usecase[0xec36d310]=deep-buffer-playback, devices=0x2, uc_info[0xec36d310]=deep-buffer-playback
07-11 13:53:43.669 4721 9702 D audio_hw_primary: check_usecases_codec_backend:becf: check_usecases num.of Usecases to switch 0
07-11 13:53:43.669 4721 9702 D hardware_info: hw_info_append_hw_type : device_name = speaker
07-11 13:53:43.669 4721 9702 D msm8974_platform: platform_split_snd_device: snd_device(2) num devices(0) new_snd_devices(0)
07-11 13:53:43.669 4721 9702 D audio_hw_primary: enable_snd_device: snd_device(2: speaker)[SND_DEVICE_OUT_SPEAKER]
07-11 13:53:43.669 4721 9702 I soundtrigger: audio_extn_sound_trigger_update_device_status: device 0x2 of type 0 for Event 1, with Raise=0
07-11 13:53:43.670 4721 9702 D audio_route: Apply path: speaker
07-11 13:53:43.670 4721 9702 D hardware_info: hw_info_append_hw_type : device_name = vi-feedback
07-11 13:53:43.670 4721 9702 D msm8974_platform: platform_split_snd_device: snd_device(196) num devices(0) new_snd_devices(0)
07-11 13:53:43.670 4721 9702 D audio_hw_primary: enable_snd_device: snd_device(196: vi-feedback)[SND_DEVICE_IN_CAPTURE_VI_FEEDBACK]
07-11 13:53:43.670 4721 9702 I soundtrigger: audio_extn_sound_trigger_update_device_status: device 0xc4 of type 1 for Event 1, with Raise=0
07-11 13:53:43.671 4721 9702 D audio_route: Apply path: vi-feedback
07-11 13:53:43.671 4721 9702 D audio_hw_utils: audio_extn_utils_send_app_type_cfg: usecase->in_snd_device vi-feedback
07-11 13:53:43.671 4721 9702 E voice : voice_is_in_call_rec_stream: input stream is NULL
07-11 13:53:43.671 4721 9702 D msm8974_platform: platform_split_snd_device: snd_device(196) num devices(0) new_snd_devices(0)
07-11 13:53:43.671 4721 9702 E audio_hw_utils: send_app_type_cfg_for_device: Could not get ctl for mixer cmd - Audio Stream Capture 38 App Type Cfg
07-11 13:53:43.671 4721 9702 D msm8974_platform: platform_split_snd_device: snd_device(196) num devices(1) new_snd_devices(0)
07-11 13:53:43.671 4721 9702 D ACDB-LOADER: ACDB -> send_audio_cal, acdb_id = 102, path = 1, app id = 0x11132, sample rate = 48000
07-11 13:53:43.671 4721 9702 D ACDB-LOADER: ACDB -> send_asm_topology
07-11 13:53:43.671 4721 9702 D ACDB-LOADER: ACDB -> ACDB_CMD_GET_AUDPROC_STREAM_TOPOLOGY_ID
07-11 13:53:43.672 4721 9702 D ACDB-LOADER: ACDB -> send_adm_topology
07-11 13:53:43.672 4721 9702 D ACDB-LOADER: ACDB -> ACDB_CMD_GET_AUDPROC_COMMON_TOPOLOGY_ID
07-11 13:53:43.672 4721 9702 D ACDB-LOADER: ACDB -> send_audtable
07-11 13:53:43.672 4721 9702 D ACDB-LOADER: ACDB -> ACDB_CMD_GET_AUDPROC_INSTANCE_COMMON_TABLE_SIZE
07-11 13:53:43.672 4721 9702 D ACDB-LOADER: ACDB -> ACDB_CMD_GET_AUDPROC_INSTANCE_COMMON_TABLE
07-11 13:53:43.672 4721 9702 D ACDB-LOADER: ACDB -> AUDIO_SET_AUDPROC_CAL cal_type[11] acdb_id[102] app_type[69938]
07-11 13:53:43.672 4721 9702 D ACDB-LOADER: ACDB -> ACDB_CMD_GET_AUDPROC_INSTANCE_STREAM_TABLE_SIZE
07-11 13:53:43.672 4721 9702 D ACDB-LOADER: ACDB -> send_audstrmtable
07-11 13:53:43.672 4721 9702 D ACDB-LOADER: ACDB -> ACDB_CMD_GET_AUDPROC_INSTANCE_STREAM_TABLE
07-11 13:53:43.672 4721 9702 D ACDB-LOADER: ACDB -> audstrm_cal->cal_type.cal_data.cal_size = 20
07-11 13:53:43.672 4721 9702 D ACDB-LOADER: ACDB -> send_afe_topology
07-11 13:53:43.672 4721 9702 D ACDB-LOADER: ACDB -> ACDB_CMD_GET_AFE_TOPOLOGY_ID
07-11 13:53:43.672 4721 9702 D ACDB-LOADER: ACDB -> GET_AFE_TOPOLOGY_ID for adcd_id 102, Topology Id 1000b909
07-11 13:53:43.672 4721 9702 D ACDB-LOADER: ACDB -> send_afe_cal
07-11 13:53:43.672 4721 9702 D ACDB-LOADER: ACDB -> ACDB_CMD_GET_AFE_INSTANCE_COMMON_TABLE_SIZE
07-11 13:53:43.672 4721 9702 D ACDB-LOADER: ACDB -> ACDB_CMD_GET_AFE_INSTANCE_COMMON_TABLE
07-11 13:53:43.672 4721 9702 D ACDB-LOADER: ACDB -> AUDIO_SET_AFE_CAL cal_type[17] acdb_id[102]
07-11 13:53:43.672 4721 9702 D ACDB-LOADER: ACDB -> send_hw_delay : acdb_id = 102 path = 1
07-11 13:53:43.672 4721 9702 D ACDB-LOADER: ACDB -> ACDB_AVSYNC_INFO: ACDB_CMD_GET_DEVICE_PROPERTY
07-11 13:53:43.672 4721 9702 D audio_hw_primary: enable_audio_route: apply mixer and update path: spkr-vi-record
07-11 13:53:43.672 4721 9702 D audio_route: Apply path: spkr-vi-record
07-11 13:53:43.675 4721 9702 E audio_hw_tfa98xx_feedback: pcm_dev_tx_id = 38
07-11 13:53:43.685 4721 9702 I audio_hw_utils: audio_extn_utils_update_stream_output_app_type_cfg Allowing 24 and above bits playback on speaker ONLY at default sampling rate
07-11 13:53:43.685 4721 9702 D audio_hw_primary: audio_is_true_native_stream_active:napb: (0) (ultrasound-proximity-output)id (67) sr 96000 bw (16) device voice-handset
07-11 13:53:43.685 4721 9702 D audio_hw_primary: audio_is_true_native_stream_active:napb: (1) (deep-buffer-playback)id (0) sr 48000 bw (16) device speaker
07-11 13:53:43.685 4721 9702 E soundtrigger: audio_extn_sound_trigger_update_stream_status: invalid input device 0x0, for event 3
07-11 13:53:43.685 4721 9702 D soundtrigger: audio_extn_sound_trigger_update_stream_status: uc_info->id 0 of type 0 for Event 3, with Raise=1
07-11 13:53:43.685 4721 9702 D sound_trigger_hal: sound_trigger_hw_call_back event 3 rx_concurrency_active 0, tx_concurrency_active 2, screen on 1, music on 0
07-11 13:53:43.685 4721 9702 D sound_trigger_hal: pcm_transfer_to_barge_in barge in 0, state 0, force idle 0
07-11 13:53:43.685 4721 9702 D sound_trigger_hal: pcm_transfer_to_barge_in exit barge in 1, state 0, force idle 0
07-11 13:53:43.685 4721 9702 D sound_trigger_hal: sound_trigger_hw_call_back rx_concurrency_active 1, tx_concurrency_active 2, screen on 1, music on 1
07-11 13:53:43.685 4721 9702 D audio_hw_utils: audio_extn_utils_send_app_type_cfg: usecase->out_snd_device speaker
07-11 13:53:43.685 4721 9702 D msm8974_platform: platform_split_snd_device: snd_device(2) num devices(0) new_snd_devices(0)
07-11 13:53:43.685 4721 9702 D audio_hw_utils: audio_extn_btsco_get_sample_rate:Not a BT SCO device, need not update sampling rate
07-11 13:53:43.685 4721 9702 I audio_hw_utils: send_app_type_cfg_for_device: change app type from 69936 to 69940
07-11 13:53:43.685 4721 9702 I audio_hw_utils: send_app_type_cfg_for_device PLAYBACK app_type 69940, acdb_dev_id 10011, sample_rate 48000, snd_device_be_idx 43
07-11 13:53:43.687 4721 9702 D msm8974_platform: platform_split_snd_device: snd_device(2) num devices(1) new_snd_devices(0)
07-11 13:53:43.687 4721 9702 D audio_hw_utils: audio_extn_btsco_get_sample_rate:Not a BT SCO device, need not update sampling rate
07-11 13:53:43.687 4721 9702 D ACDB-LOADER: ACDB -> send_audio_cal, acdb_id = 10011, path = 0, app id = 0x11134, sample rate = 48000
07-11 13:53:43.687 4721 9702 D ACDB-LOADER: ACDB -> send_asm_topology
07-11 13:53:43.687 4721 9702 D ACDB-LOADER: ACDB -> ACDB_CMD_GET_AUDPROC_STREAM_TOPOLOGY_ID
07-11 13:53:43.687 4721 9702 D ACDB-LOADER: ACDB -> send_adm_topology
07-11 13:53:43.687 4721 9702 D ACDB-LOADER: ACDB -> ACDB_CMD_GET_AUDPROC_COMMON_TOPOLOGY_ID
07-11 13:53:43.687 4721 9702 D ACDB-LOADER: ACDB -> send_audtable
07-11 13:53:43.687 4721 9702 D ACDB-LOADER: ACDB -> ACDB_CMD_GET_AUDPROC_INSTANCE_COMMON_TABLE_SIZE
07-11 13:53:43.687 4721 9702 D ACDB-LOADER: ACDB -> ACDB_CMD_GET_AUDPROC_INSTANCE_COMMON_TABLE
07-11 13:53:43.687 4721 9702 D ACDB-LOADER: ACDB -> AUDIO_SET_AUDPROC_CAL cal_type[11] acdb_id[10011] app_type[69940]
07-11 13:53:43.687 4721 9702 D ACDB-LOADER: ACDB -> send_audvoltable
07-11 13:53:43.687 4721 9702 D ACDB-LOADER: ACDB -> ACDB_CMD_GET_AUDPROC_INSTANCE_GAIN_DEP_STEP_TABLE_SIZE
07-11 13:53:43.687 4721 9702 D : Failed to fetch the lookup information of the device 0000271B
07-11 13:53:43.687 4721 9702 D ACDB-LOADER: Error: ACDB_CMD_GET_AUDPROC_INSTANCE_GAIN_DEP_STEP_TABLE_SIZE Returned = -19
07-11 13:53:43.687 4721 9702 D ACDB-LOADER: ACDB -> ACDB_CMD_GET_AUDPROC_INSTANCE_GAIN_DEP_STEP_TABLE, vol index 0
07-11 13:53:43.687 4721 9702 D : Failed to fetch the lookup information of the device 0000271B
07-11 13:53:43.687 4721 9702 D ACDB-LOADER: Error: ACDB AudProc vol returned = -19
07-11 13:53:43.687 4721 9702 D ACDB-LOADER: ACDB -> AUDIO_SET_VOL_CAL cal type = 12
07-11 13:53:43.688 4721 9702 D ACDB-LOADER: ACDB -> ACDB_CMD_GET_AUDPROC_INSTANCE_STREAM_TABLE_SIZE
07-11 13:53:43.688 4721 9702 D ACDB-LOADER: ACDB -> send_audstrmtable
07-11 13:53:43.688 4721 9702 D ACDB-LOADER: ACDB -> ACDB_CMD_GET_AUDPROC_INSTANCE_STREAM_TABLE
07-11 13:53:43.688 4721 9702 D ACDB-LOADER: ACDB -> audstrm_cal->cal_type.cal_data.cal_size = 20
07-11 13:53:43.688 4721 9702 D ACDB-LOADER: ACDB -> send_afe_topology
07-11 13:53:43.688 4721 9702 D ACDB-LOADER: ACDB -> ACDB_CMD_GET_AFE_TOPOLOGY_ID
07-11 13:53:43.688 4721 9702 D ACDB-LOADER: ACDB -> GET_AFE_TOPOLOGY_ID for adcd_id 10011, Topology Id 1000b910
07-11 13:53:43.688 4721 9702 D ACDB-LOADER: ACDB -> send_afe_cal
07-11 13:53:43.688 4721 9702 D ACDB-LOADER: ACDB -> ACDB_CMD_GET_AFE_INSTANCE_COMMON_TABLE_SIZE
07-11 13:53:43.688 4721 9702 D ACDB-LOADER: ACDB -> ACDB_CMD_GET_AFE_INSTANCE_COMMON_TABLE
07-11 13:53:43.688 4721 9702 D ACDB-LOADER: ACDB -> AUDIO_SET_AFE_CAL cal_type[16] acdb_id[10011]
07-11 13:53:43.688 4721 9702 D ACDB-LOADER: ACDB -> send_hw_delay : acdb_id = 10011 path = 0
07-11 13:53:43.688 4721 9702 D ACDB-LOADER: ACDB -> ACDB_AVSYNC_INFO: ACDB_CMD_GET_DEVICE_PROPERTY
07-11 13:53:43.688 4721 9702 D msm8974_platform: platform_split_snd_device: snd_device(2) num devices(0) new_snd_devices(0)
07-11 13:53:43.688 4721 9702 I msm8974_platform: platform_get_custom_mtmx_params: no matching param with id 0 ip_ch 2 op_ch 2 uc_id 0 snd_dev 2
07-11 13:53:43.688 4721 9702 D audio_hw_primary: enable_audio_route: apply mixer and update path: deep-buffer-playback speaker
07-11 13:53:43.688 4721 9702 D audio_route: Apply path: deep-buffer-playback speaker
07-11 13:53:43.690 4721 9702 D send_data_to_xlog: send_misound_data_to_xlog: enter: usecase(0)
07-11 13:53:43.690 4721 9702 D ultrasound_extn: ultrasound_select_devices_post: enter: engine_suspended: 0
07-11 13:53:43.690 4721 9702 D ultrasound_extn: dump_usecase_list: start ======================================
07-11 13:53:43.690 4721 9702 D ultrasound_extn: dump_usecase_list: enter sensor_activated:1 hw_port_enabled:1 suspended:0
07-11 13:53:43.690 4721 9702 D ultrasound_extn: dump_usecase_list: select_devices_post usecase[#0]:(68, ultrasound-proximity-input) in_dev:(246, ultrasound-input) out_dv:(0, )
07-11 13:53:43.690 4721 9702 D ultrasound_extn: dump_usecase_list: select_devices_post usecase[#1]:(67, ultrasound-proximity-output) in_dev:(0, ) out_dv:(24, voice-handset)
07-11 13:53:43.690 4721 9702 D ultrasound_extn: dump_usecase_list: select_devices_post usecase[#2]:(0, deep-buffer-playback) in_dev:(0, ) out_dv:(2, speaker)
07-11 13:53:43.690 4721 9702 D ultrasound_extn: dump_usecase_list: select_devices_post usecase[#3]:(50, spkr-vi-record) in_dev:(196, vi-feedback) out_dv:(0, )
07-11 13:53:43.692 4721 9702 D ultrasound_extn: dump_usecase_list: RX_CDC_DMA_RX_0 SampleRate KHZ_96
07-11 13:53:43.694 4721 9702 D ultrasound_extn: dump_usecase_list: RX_CDC_DMA_RX_0 Format S16_LE
07-11 13:53:43.695 4721 9702 D ultrasound_extn: dump_usecase_list: RX_CDC_DMA_RX_0 Channels One
07-11 13:53:43.697 4721 9702 D ultrasound_extn: dump_usecase_list: RX_CDC_DMA_RX_1 SampleRate KHZ_96
07-11 13:53:43.699 4721 9702 D ultrasound_extn: dump_usecase_list: RX_CDC_DMA_RX_1 Format S16_LE
07-11 13:53:43.700 4721 9702 D ultrasound_extn: dump_usecase_list: RX_CDC_DMA_RX_1 Channels One
07-11 13:53:43.700 4721 9702 D ultrasound_extn: dump_usecase_list: end ======================================
07-11 13:53:43.700 4721 9702 D audio_hw_primary: select_devices: done
07-11 13:53:43.759 4721 9702 D msm8974_platform: platform_set_channel_map mixer_ctl_name:Playback Channel Map0
07-11 13:53:43.759 4721 9702 D msm8974_platform: platform_set_channel_map: set mapping(1 2 0 0 0 0 0 0) for channel:2
07-11 13:53:43.760 4721 9702 D audio_hw_primary: check_and_set_karaok_parameters: is karaok rx device 0, is karaok tx device 0
07-11 13:53:43.761 4721 9702 D audio_hw_primary: start_output_stream: exit
07-11 13:53:43.761 4721 9702 D audio_hw_primary: check_and_set_karaok_parameters: is karaok rx device 0, is karaok tx device 0
07-11 13:53:43.761 4721 9702 D msm8974_platform: platform_split_snd_device: snd_device(2) num devices(0) new_snd_devices(0)
07-11 13:53:43.761 4721 9702 I msm8974_platform: platform_get_custom_mtmx_params: no matching param with id 0 ip_ch 2 op_ch 2 uc_id 0 snd_dev 2
07-11 13:53:43.830 8529 13229 W CameraSource: Waiting on an available memory base timed out. Dropping a recording frame.
07-11 13:53:43.895 4846 6808 W AudioFlinger: no wake lock to update, system not ready yet
07-11 13:53:43.897 4721 4829 E volume_listener: check_and_set_gain_dep_cal: not able to send calibration, NULL function pointer
07-11 13:53:43.899 4846 5701 W AudioFlinger: moveEffectChain_l() effect chain for session 0 not on source thread 0x7dee895540
07-11 13:53:43.900 4721 9690 E volume_listener: check_and_set_gain_dep_cal: not able to send calibration, NULL function pointer
07-11 13:53:44.031 8529 13229 W CameraSource: Waiting on an available memory base timed out. Dropping a recording frame.
07-11 13:53:44.071 5091 5291 I chatty : uid=0(root) /system/vendor/bin/mi_thermald expire 4 lines
07-11 13:53:44.086 6722 6810 E SDM : HWCSession::ForceMaxFrameRate: ForceMaxFrameRate failed: max_frame_rate is 0!
07-11 13:53:44.185 6722 6810 E SDM : HWCSession::ForceMaxFrameRate: ForceMaxFrameRate failed: max_frame_rate is 0!
07-11 13:53:44.231 8529 13229 W CameraSource: Waiting on an available memory base timed out. Dropping a recording frame.
07-11 13:53:44.432 8529 13229 W CameraSource: Waiting on an available memory base timed out. Dropping a recording frame.
07-11 13:53:44.632 8529 13229 W CameraSource: Waiting on an available memory base timed out. Dropping a recording frame.
07-11 13:53:44.833 8529 13229 W CameraSource: Waiting on an available memory base timed out. Dropping a recording frame.
07-11 13:53:44.860 5020 8522 I LOWI-8.6.0.59: [LOWI-Scan] lowi_close_record:Scan done in 1375818ms, 13 APs in scan results
07-11 13:53:44.862 5020 5050 I LOWI-8.6.0.59: [LOWIUtils] responseToOutPostcard - TO: FreeWifiScanObserver, FROM: LOWI-SERVER, RESP: LOWI_ASYNC_DISCOVERY_SCAN_RESULTS
07-11 13:53:44.872 4734 4921 I LocSvc_api_v02: ---> locClientSendReq line 2325 QMI_LOC_INJECT_WIFI_AP_DATA_REQ_V02
07-11 13:53:44.873 4734 6818 I LocSvc_ApiV02: <--- globalRespCb line 196 QMI_LOC_INJECT_WIFI_AP_DATA_REQ_V02
07-11 13:53:45.033 8529 13229 W CameraSource: Waiting on an available memory base timed out. Dropping a recording frame.
07-11 13:53:45.234 8529 13229 W CameraSource: Waiting on an available memory base timed out. Dropping a recording frame.
07-11 13:53:45.435 8529 13229 W CameraSource: Waiting on an available memory base timed out. Dropping a recording frame.
07-11 13:53:45.592 8529 13228 W CameraSource: Timed out waiting for incoming camera video frames: 1136606309 us
07-11 13:53:45.635 8529 13229 W CameraSource: Waiting on an available memory base timed out. Dropping a recording frame.
07-11 13:53:45.836 8529 13229 W CameraSource: Waiting on an available memory base timed out. Dropping a recording frame.
07-11 13:53:46.037 8529 13229 W CameraSource: Waiting on an available memory base timed out. Dropping a recording frame.
07-11 13:53:46.238 8529 13229 W CameraSource: Waiting on an available memory base timed out. Dropping a recording frame.
07-11 13:53:46.439 8529 13229 W CameraSource: Waiting on an available memory base timed out. Dropping a recording frame.
07-11 13:53:46.559 4726 6885 I chatty : uid=1047(cameraserver) provider@2.4-se expire 589 lines
07-11 13:53:46.563 4726 4947 I chatty : uid=1047(cameraserver) provider@2.4-se expire 349 lines
07-11 13:53:46.639 8529 13229 W CameraSource: Waiting on an available memory base timed out. Dropping a recording frame.
07-11 13:53:46.641 4726 4726 I chatty : uid=1047(cameraserver) provider@2.4-se expire 804 lines
07-11 13:53:46.645 4726 6888 I chatty : uid=1047(cameraserver) provider@2.4-se expire 456 lines
07-11 13:53:46.647 4726 6886 I chatty : uid=1047(cameraserver) provider@2.4-se expire 495 lines
07-11 13:53:46.647 4726 6893 I chatty : uid=1047(cameraserver) provider@2.4-se expire 446 lines
07-11 13:53:46.652 4726 6890 I chatty : uid=1047(cameraserver) provider@2.4-se expire 636 lines
07-11 13:53:46.655 4726 6887 I chatty : uid=1047(cameraserver) provider@2.4-se expire 520 lines
07-11 13:53:46.796 4721 9690 D audio_hw_primary: out_standby: enter: stream (0xe8582000) usecase(0: deep-buffer-playback)
07-11 13:53:46.840 8529 13229 W CameraSource: Waiting on an available memory base timed out. Dropping a recording frame.
07-11 13:53:46.929 4721 9690 D audio_hw_primary: disable_audio_route: reset and update mixer path: deep-buffer-playback speaker
07-11 13:53:46.932 4721 9690 E soundtrigger: audio_extn_sound_trigger_update_stream_status: invalid input device 0x0, for event 2
07-11 13:53:46.932 4721 9690 D soundtrigger: audio_extn_sound_trigger_update_stream_status: uc_info->id 0 of type 0 for Event 2, with Raise=1
07-11 13:53:46.932 4721 9690 D sound_trigger_hal: sound_trigger_hw_call_back event 2 rx_concurrency_active 1, tx_concurrency_active 2, screen on 1, music on 1
07-11 13:53:46.932 4721 9690 D sound_trigger_hal: pcm_transfer_to_barge_in barge in 1, state 0, force idle 0
07-11 13:53:46.932 4721 9690 D sound_trigger_hal: pcm_transfer_to_barge_in exit barge in 0, state 0, force idle 0
07-11 13:53:46.932 4721 9690 D sound_trigger_hal: sound_trigger_hw_call_back rx_concurrency_active 0, tx_concurrency_active 2, screen on 1, music on 0
07-11 13:53:46.932 4721 9690 D msm8974_platform: platform_split_snd_device: snd_device(2) num devices(0) new_snd_devices(0)
07-11 13:53:46.933 4721 9690 I msm8974_platform: platform_get_custom_mtmx_params: no matching param with id 0 ip_ch 2 op_ch 2 uc_id 0 snd_dev 2
07-11 13:53:46.933 4721 9690 D hardware_info: hw_info_append_hw_type : device_name = speaker
07-11 13:53:46.933 4721 9690 D audio_hw_primary: disable_snd_device: snd_device(2: speaker)
07-11 13:53:46.933 4721 9690 D msm8974_platform: platform_split_snd_device: snd_device(2) num devices(0) new_snd_devices(0)
07-11 13:53:46.944 4721 9690 D hardware_info: hw_info_append_hw_type : device_name = vi-feedback
07-11 13:53:46.945 4721 9690 D audio_hw_primary: disable_snd_device: snd_device(196: vi-feedback)
07-11 13:53:46.945 4721 9690 D msm8974_platform: platform_split_snd_device: snd_device(196) num devices(0) new_snd_devices(0)
07-11 13:53:46.945 4721 9690 I soundtrigger: audio_extn_sound_trigger_update_device_status: device 0xc4 of type 1 for Event 0, with Raise=0
07-11 13:53:46.945 4721 9690 D audio_hw_primary: disable_audio_route: reset and update mixer path: spkr-vi-record
07-11 13:53:46.949 4721 9690 I soundtrigger: audio_extn_sound_trigger_update_device_status: device 0x2 of type 0 for Event 0, with Raise=0
07-11 13:53:46.949 4721 9690 D audio_hw_primary: out_standby: exit
07-11 13:53:47.041 8529 13229 W CameraSource: Waiting on an available memory base timed out. Dropping a recording frame.
07-11 13:53:47.242 8529 13229 W CameraSource: Waiting on an available memory base timed out. Dropping a recording frame.
07-11 13:53:47.442 8529 13229 W CameraSource: Waiting on an available memory base timed out. Dropping a recording frame.
07-11 13:53:47.643 8529 13229 W CameraSource: Waiting on an available memory base timed out. Dropping a recording frame.
07-11 13:53:47.844 8529 13229 W CameraSource: Waiting on an available memory base timed out. Dropping a recording frame.
07-11 13:53:48.044 8529 13229 W CameraSource: Waiting on an available memory base timed out. Dropping a recording frame.
07-11 13:53:48.245 8529 13229 W CameraSource: Waiting on an available memory base timed out. Dropping a recording frame.
07-11 13:53:48.446 8529 13229 W CameraSource: Waiting on an available memory base timed out. Dropping a recording frame.
07-11 13:53:48.593 8529 13228 W CameraSource: Timed out waiting for incoming camera video frames: 1139604634 us
07-11 13:53:48.647 8529 13229 W CameraSource: Waiting on an available memory base timed out. Dropping a recording frame.
07-11 13:53:48.848 8529 13229 W CameraSource: Waiting on an available memory base timed out. Dropping a recording frame.
07-11 13:53:49.049 8529 13229 W CameraSource: Waiting on an available memory base timed out. Dropping a recording frame.
07-11 13:53:49.250 8529 13229 W CameraSource: Waiting on an available memory base timed out. Dropping a recording frame.
07-11 13:53:49.450 8529 13229 W CameraSource: Waiting on an available memory base timed out. Dropping a recording frame.
07-11 13:53:49.651 8529 13229 W CameraSource: Waiting on an available memory base timed out. Dropping a recording frame.
07-11 13:53:49.851 8529 13229 W CameraSource: Waiting on an available memory base timed out. Dropping a recording frame.
07-11 13:53:50.052 8529 13229 W CameraSource: Waiting on an available memory base timed out. Dropping a recording frame.
07-11 13:53:50.253 8529 13229 W CameraSource: Waiting on an available memory base timed out. Dropping a recording frame.
07-11 13:53:50.382 6722 6810 E SDM : HWCSession::ForceMaxFrameRate: ForceMaxFrameRate failed: max_frame_rate is 0!
07-11 13:53:50.552 5099 9487 E Camera2Client: notifyError: Error condition 0 reported by HAL, requestId -1
07-11 13:53:50.553 4760 4760 I chatty : uid=0(root) perf@2.0-servic expire 8 lines
07-11 13:53:50.558 5464 8166 E OMXNodeInstance: !!! Observer died. Quickly, do something, ... anything...
07-11 13:53:50.558 5464 5712 E OMXNodeInstance: !!! Observer died. Quickly, do something, ... anything...
07-11 13:53:50.564 4726 4726 I CamX : [ INFO][CORE ] camxnode.cpp:8191 ClearDependencies() Clearing inputPort - portIndex 171303269 portId 53 bufferDelta 3 parentNode ZSLPreviewRawYUV_StatsParse0 parentRequestId: 7
07-11 13:53:50.564 4726 4726 I CamX : [ INFO][CORE ] camxnode.cpp:8191 ClearDependencies() Clearing inputPort - portIndex 171303269 portId 54 bufferDelta 3 parentNode ZSLPreviewRawYUV_StatsParse0 parentRequestId: 7
07-11 13:53:50.564 4726 4726 I CamX : [ INFO][CORE ] camxnode.cpp:8191 ClearDependencies() Clearing inputPort - portIndex 171303269 portId 55 bufferDelta 3 parentNode ZSLPreviewRawYUV_StatsParse0 parentRequestId: 7
07-11 13:53:50.565 4726 4726 I CamX : [ INFO][CORE ] camxsession.cpp:282 Flush() Flush is done for session 0x72a95f5b40
07-11 13:53:50.565 4726 4726 I CHIUSECASE: [INFO ] chxadvancedcamerausecase.cpp:5419 ExecuteFlush() AdvancedCameraUsecase FLUSH started FEATURE TYPE: 1
07-11 13:53:50.565 4726 4726 I CHIUSECASE: [INFO ] chxusecase.cpp:2281 Flush() ExecuteFlush - END
07-11 13:53:50.565 4726 4726 I CHIUSECASE: [VERBOSE] chxusecase.cpp:3236 DeleteAllPendingResults() Pending result CHI frame: 0, Framework Frame: 0, Num Buffers: 2, IsInErrorState: 0
07-11 13:53:50.565 4726 4726 I CHIUSECASE: [VERBOSE] chxusecase.cpp:3236 DeleteAllPendingResults() Pending result CHI frame: 1, Framework Frame: 1, Num Buffers: 2, IsInErrorState: 0
07-11 13:53:50.565 4726 4726 I CHIUSECASE: [VERBOSE] chxusecase.cpp:3236 DeleteAllPendingResults() Pending result CHI frame: 2, Framework Frame: 2, Num Buffers: 2, IsInErrorState: 0
07-11 13:53:50.565 4726 4726 I CHIUSECASE: [VERBOSE] chxusecase.cpp:3236 DeleteAllPendingResults() Pending result CHI frame: 3, Framework Frame: 3, Num Buffers: 2, IsInErrorState: 0
07-11 13:53:50.565 4726 4726 I CHIUSECASE: [VERBOSE] chxusecase.cpp:3236 DeleteAllPendingResults() Pending result CHI frame: 4, Framework Frame: 4, Num Buffers: 2, IsInErrorState: 0
07-11 13:53:50.565 4726 4726 I CHIUSECASE: [VERBOSE] chxusecase.cpp:3236 DeleteAllPendingResults() Pending result CHI frame: 5, Framework Frame: 5, Num Buffers: 2, IsInErrorState: 0
07-11 13:53:50.565 4726 4726 I CHIUSECASE: [VERBOSE] chxusecase.cpp:3236 DeleteAllPendingResults() Pending result CHI frame: 6, Framework Frame: 6, Num Buffers: 2, IsInErrorState: 0
07-11 13:53:50.565 4726 4726 I CHIUSECASE: [VERBOSE] chxusecase.cpp:3236 DeleteAllPendingResults() Pending result CHI frame: 7, Framework Frame: 7, Num Buffers: 2, IsInErrorState: 0
07-11 13:53:50.565 4726 4726 I CHIUSECASE: [VERBOSE] chxusecase.cpp:3236 DeleteAllPendingResults() Pending result CHI frame: 8, Framework Frame: 8, Num Buffers: 2, IsInErrorState: 0
07-11 13:53:50.565 4726 4726 I CHIUSECASE: [VERBOSE] chxusecase.cpp:3236 DeleteAllPendingResults() Pending result CHI frame: 9, Framework Frame: 9, Num Buffers: 2, IsInErrorState: 0
07-11 13:53:50.565 4726 4726 I CHIUSECASE: [VERBOSE] chxusecase.cpp:3236 DeleteAllPendingResults() Pending result CHI frame: 10, Framework Frame: 10, Num Buffers: 2, IsInErrorState: 0
07-11 13:53:50.565 4726 4726 I CHIUSECASE: [VERBOSE] chxusecase.cpp:3236 DeleteAllPendingResults() Pending result CHI frame: 11, Framework Frame: 11, Num Buffers: 2, IsInErrorState: 0
07-11 13:53:50.565 4726 4726 I CHIUSECASE: [VERBOSE] chxusecase.cpp:3236 DeleteAllPendingResults() Pending result CHI frame: 12, Framework Frame: 12, Num Buffers: 2, IsInErrorState: 0
07-11 13:53:50.565 4726 4726 I CHIUSECASE: [VERBOSE] chxusecase.cpp:3236 DeleteAllPendingResults() Pending result CHI frame: 13, Framework Frame: 13, Num Buffers: 2, IsInErrorState: 0
07-11 13:53:50.565 4726 4726 I CHIUSECASE: [VERBOSE] chxusecase.cpp:3236 DeleteAllPendingResults() Pending result CHI frame: 14, Framework Frame: 14, Num Buffers: 2, IsInErrorState: 0
07-11 13:53:50.565 4726 4726 I CHIUSECASE: [VERBOSE] chxusecase.cpp:3236 DeleteAllPendingResults() Pending result CHI frame: 15, Framework Frame: 15, Num Buffers: 2, IsInErrorState: 0
07-11 13:53:50.565 4726 4726 I CHIUSECASE: [VERBOSE] chxusecase.cpp:3236 DeleteAllPendingResults() Pending result CHI frame: 16, Framework Frame: 16, Num Buffers: 2, IsInErrorState: 0
07-11 13:53:50.565 4726 4726 I CHIUSECASE: [VERBOSE] chxusecase.cpp:3236 DeleteAllPendingResults() Pending result CHI frame: 17, Framework Frame: 17, Num Buffers: 2, IsInErrorState: 0
07-11 13:53:50.565 4726 4726 I CHIUSECASE: [VERBOSE] chxusecase.cpp:3236 DeleteAllPendingResults() Pending result CHI frame: 18, Framework Frame: 18, Num Buffers: 2, IsInErrorState: 0
07-11 13:53:50.565 4726 4726 I CHIUSECASE: [VERBOSE] chxusecase.cpp:3236 DeleteAllPendingResults() Pending result CHI frame: 19, Framework Frame: 19, Num Buffers: 2, IsInErrorState: 0
07-11 13:53:50.565 4726 4726 I CHIUSECASE: [VERBOSE] chxusecase.cpp:3236 DeleteAllPendingResults() Pending result CHI frame: 20, Framework Frame: 20, Num Buffers: 2, IsInErrorState: 0
07-11 13:53:50.565 4726 4726 I CHIUSECASE: [VERBOSE] chxusecase.cpp:3236 DeleteAllPendingResults() Pending result CHI frame: 21, Framework Frame: 21, Num Buffers: 2, IsInErrorState: 0
07-11 13:53:50.565 4726 4726 I CHIUSECASE: [VERBOSE] chxusecase.cpp:3236 DeleteAllPendingResults() Pending result CHI frame: 22, Framework Frame: 22, Num Buffers: 2, IsInErrorState: 0
07-11 13:53:50.565 4726 4726 I CHIUSECASE: [VERBOSE] chxusecase.cpp:3236 DeleteAllPendingResults() Pending result CHI frame: 23, Framework Frame: 23, Num Buffers: 2, IsInErrorState: 0
07-11 13:53:50.565 4726 4726 I CHIUSECASE: [VERBOSE] chxusecase.cpp:3236 DeleteAllPendingResults() Pending result CHI frame: 24, Framework Frame: 24, Num Buffers: 2, IsInErrorState: 0
07-11 13:53:50.565 4726 4726 I CHIUSECASE: [VERBOSE] chxusecase.cpp:3236 DeleteAllPendingResults() Pending result CHI frame: 25, Framework Frame: 25, Num Buffers: 2, IsInErrorState: 0
07-11 13:53:50.566 4726 4726 I CHIUSECASE: [VERBOSE] chxusecase.cpp:3236 DeleteAllPendingResults() Pending result CHI frame: 26, Framework Frame: 26, Num Buffers: 2, IsInErrorState: 0
07-11 13:53:50.566 4726 4726 I CHIUSECASE: [VERBOSE] chxusecase.cpp:3236 DeleteAllPendingResults() Pending result CHI frame: 27, Framework Frame: 27, Num Buffers: 2, IsInErrorState: 0
07-11 13:53:50.566 4726 4726 I CHIUSECASE: [VERBOSE] chxusecase.cpp:3236 DeleteAllPendingResults() Pending result CHI frame: 28, Framework Frame: 28, Num Buffers: 2, IsInErrorState: 0
07-11 13:53:50.566 4726 4726 I CHIUSECASE: [VERBOSE] chxusecase.cpp:3236 DeleteAllPendingResults() Pending result CHI frame: 29, Framework Frame: 29, Num Buffers: 2, IsInErrorState: 0
07-11 13:53:50.566 4726 4726 I CHIUSECASE: [VERBOSE] chxusecase.cpp:3236 DeleteAllPendingResults() Pending result CHI frame: 30, Framework Frame: 30, Num Buffers: 2, IsInErrorState: 0
07-11 13:53:50.566 4726 4726 I CHIUSECASE: [VERBOSE] chxusecase.cpp:3236 DeleteAllPendingResults() Pending result CHI frame: 31, Framework Frame: 31, Num Buffers: 2, IsInErrorState: 0
07-11 13:53:50.566 4726 4726 I CHIUSECASE: [VERBOSE] chxusecase.cpp:3236 DeleteAllPendingResults() Pending result CHI frame: 32, Framework Frame: 32, Num Buffers: 2, IsInErrorState: 0
07-11 13:53:50.566 4726 4726 I CHIUSECASE: [VERBOSE] chxusecase.cpp:3236 DeleteAllPendingResults() Pending result CHI frame: 33, Framework Frame: 33, Num Buffers: 2, IsInErrorState: 0
07-11 13:53:50.566 4726 4726 I CHIUSECASE: [VERBOSE] chxusecase.cpp:3236 DeleteAllPendingResults() Pending result CHI frame: 34, Framework Frame: 34, Num Buffers: 2, IsInErrorState: 0
07-11 13:53:50.566 4726 4726 I CHIUSECASE: [VERBOSE] chxusecase.cpp:3236 DeleteAllPendingResults() Pending result CHI frame: 35, Framework Frame: 35, Num Buffers: 2, IsInErrorState: 0
07-11 13:53:50.566 4726 4726 I CHIUSECASE: [VERBOSE] chxusecase.cpp:3236 DeleteAllPendingResults() Pending result CHI frame: 36, Framework Frame: 36, Num Buffers: 2, IsInErrorState: 0
07-11 13:53:50.566 4726 4726 I CHIUSECASE: [VERBOSE] chxusecase.cpp:3236 DeleteAllPendingResults() Pending result CHI frame: 37, Framework Frame: 37, Num Buffers: 2, IsInErrorState: 0
07-11 13:53:50.566 4726 4726 I CHIUSECASE: [VERBOSE] chxusecase.cpp:3236 DeleteAllPendingResults() Pending result CHI frame: 38, Framework Frame: 38, Num Buffers: 2, IsInErrorState: 0
07-11 13:53:50.566 4726 4726 I CHIUSECASE: [VERBOSE] chxusecase.cpp:3236 DeleteAllPendingResults() Pending result CHI frame: 39, Framework Frame: 39, Num Buffers: 2, IsInErrorState: 0
07-11 13:53:50.566 4726 4726 I CHIUSECASE: [VERBOSE] chxusecase.cpp:3236 DeleteAllPendingResults() Pending result CHI frame: 40, Framework Frame: 40, Num Buffers: 2, IsInErrorState: 0
07-11 13:53:50.566 4726 4726 I CHIUSECASE: [VERBOSE] chxusecase.cpp:3236 DeleteAllPendingResults() Pending result CHI frame: 41, Framework Frame: 41, Num Buffers: 2, IsInErrorState: 0
07-11 13:53:50.566 4726 4726 I CHIUSECASE: [VERBOSE] chxusecase.cpp:3236 DeleteAllPendingResults() Pending result CHI frame: 42, Framework Frame: 42, Num Buffers: 2, IsInErrorState: 0
07-11 13:53:50.566 4726 4726 I CHIUSECASE: [VERBOSE] chxusecase.cpp:3236 DeleteAllPendingResults() Pending result CHI frame: 43, Framework Frame: 43, Num Buffers: 2, IsInErrorState: 0
07-11 13:53:50.566 4726 4726 I CHIUSECASE: [VERBOSE] chxusecase.cpp:3236 DeleteAllPendingResults() Pending result CHI frame: 44, Framework Frame: 44, Num Buffers: 2, IsInErrorState: 0
07-11 13:53:50.566 4726 4726 I CHIUSECASE: [VERBOSE] chxusecase.cpp:3236 DeleteAllPendingResults() Pending result CHI frame: 45, Framework Frame: 45, Num Buffers: 2, IsInErrorState: 0
07-11 13:53:50.566 4726 4726 I CHIUSECASE: [VERBOSE] chxusecase.cpp:3236 DeleteAllPendingResults() Pending result CHI frame: 46, Framework Frame: 46, Num Buffers: 2, IsInErrorState: 0
07-11 13:53:50.566 4726 4726 I CHIUSECASE: [VERBOSE] chxusecase.cpp:3236 DeleteAllPendingResults() Pending result CHI frame: 47, Framework Frame: 47, Num Buffers: 2, IsInErrorState: 0
07-11 13:53:50.566 4726 4726 I CHIUSECASE: [VERBOSE] chxusecase.cpp:3236 DeleteAllPendingResults() Pending result CHI frame: 48, Framework Frame: 48, Num Buffers: 2, IsInErrorState: 0
07-11 13:53:50.566 4726 4726 I CHIUSECASE: [VERBOSE] chxusecase.cpp:3236 DeleteAllPendingResults() Pending result CHI frame: 49, Framework Frame: 49, Num Buffers: 2, IsInErrorState: 0
07-11 13:53:50.566 4726 4726 I CHIUSECASE: [VERBOSE] chxusecase.cpp:3236 DeleteAllPendingResults() Pending result CHI frame: 50, Framework Frame: 50, Num Buffers: 2, IsInErrorState: 0
07-11 13:53:50.566 4726 4726 I CHIUSECASE: [VERBOSE] chxusecase.cpp:3236 DeleteAllPendingResults() Pending result CHI frame: 51, Framework Frame: 51, Num Buffers: 2, IsInErrorState: 0
07-11 13:53:50.566 4726 4726 I CHIUSECASE: [VERBOSE] chxusecase.cpp:3236 DeleteAllPendingResults() Pending result CHI frame: 52, Framework Frame: 52, Num Buffers: 2, IsInErrorState: 0
07-11 13:53:50.566 4726 4726 I CHIUSECASE: [VERBOSE] chxusecase.cpp:3236 DeleteAllPendingResults() Pending result CHI frame: 53, Framework Frame: 53, Num Buffers: 2, IsInErrorState: 0
07-11 13:53:50.566 4726 4726 I CHIUSECASE: [VERBOSE] chxusecase.cpp:3236 DeleteAllPendingResults() Pending result CHI frame: 54, Framework Frame: 54, Num Buffers: 2, IsInErrorState: 0
07-11 13:53:50.566 4726 4726 I CHIUSECASE: [VERBOSE] chxusecase.cpp:3236 DeleteAllPendingResults() Pending result CHI frame: 0, Framework Frame: 0, Num Buffers: 0, IsInErrorState: 1
07-11 13:53:50.568 4726 4726 I CHIUSECASE: [VERBOSE] chxusecase.cpp:3236 DeleteAllPendingResults() Pending result CHI frame: 0, Framework Frame: 0, Num Buffers: 0, IsInErrorState: 1
07-11 13:53:50.574 5099 12883 E Camera3-OutputStream: getBufferLockedCommon: Stream 2: Can't dequeue next output buffer: Broken pipe (-32)
07-11 13:53:50.575 5099 12883 W Camera2Client: notifyError: Received recoverable error 3 from HAL - ignoring, requestId 20000002
07-11 13:53:50.594 4726 4947 I CamX : [ INFO][CORE ] camxpipeline.cpp:2820 CSLMessageHandler() frameMessage:requestID=0, linkhdl:0xa7010b, frameCount=253, timestamp=1423714582604, monoTimestamp=1423714582604
07-11 13:53:50.608 6592 6966 D audio_hw_primary: in_standby: enter: stream (0x7f08004310) usecase(20: audio-record)
07-11 13:53:50.621 6592 6966 D audio_hw_primary: disable_audio_route: reset and update mixer path: audio-record
07-11 13:53:50.622 6592 6966 D hardware_info: hw_info_append_hw_type : device_name = speaker-stereo-dmic-ef
07-11 13:53:50.622 6592 6966 D audio_hw_primary: disable_snd_device: snd_device(195: speaker-stereo-dmic-ef)
07-11 13:53:50.622 6592 6966 D msm8974_platform: platform_split_snd_device: snd_device(195) num devices(0) new_snd_devices(0)
07-11 13:53:50.626 5099 9487 W Camera3-OutputStream: disconnectLocked: While disconnecting stream 2 from native window, the native window died from under us
07-11 13:53:50.626 5099 9487 I CameraLatencyHistogram: Stream 2 dequeueBuffer latency histogram (56) samples:
07-11 13:53:50.626 5099 9487 I CameraLatencyHistogram: 5 10 15 20 25 30 35 40 45 inf (max ms)
07-11 13:53:50.626 5099 9487 I CameraLatencyHistogram: 28.57 1.79 0.00 0.00 0.00 0.00 0.00 0.00 0.00 69.64 (%)
07-11 13:53:50.628 4726 4947 I CamX : [ INFO][CORE ] camxpipeline.cpp:2820 CSLMessageHandler() frameMessage:requestID=0, linkhdl:0xa7010b, frameCount=254, timestamp=1423747895625, monoTimestamp=1423747895625
07-11 13:53:50.641 6592 6966 D audio_hw_primary: adev_close_input_stream: enter:stream_handle(0x7f08004310)
07-11 13:53:50.641 6592 6966 E soundtrigger: audio_extn_sound_trigger_check_ec_ref_enable: st_dev NULL
07-11 13:53:50.641 6592 6966 E soundtrigger: audio_extn_sound_trigger_update_ec_ref_status: st_dev NULL
07-11 13:53:50.641 6592 6966 D audio_hw_primary: in_standby: enter: stream (0x7f08004310) usecase(20: audio-record)
07-11 13:53:50.642 6592 6592 D audio_hw_primary: adev_open_input_stream is_karaoke_fastcapture=0
07-11 13:53:50.642 6592 6592 D audio_hw_primary: adev_open_input_stream: enter: sample_rate(48000) channel_mask(0xc) devices(0x80000004) stream_handle(0x3217e500) io_handle(5) source(1) format 1
07-11 13:53:50.642 6592 6592 D audio_hw_primary: in_standby: enter: stream (0x3217e500) usecase(20: audio-record)
07-11 13:53:50.642 6592 6592 D audio_hw_primary: in_set_parameters: enter: kvpairs=routing=-2147483644;input_source=1
07-11 13:53:50.642 6592 6966 D audio_hw_primary: start_input_stream: enter: stream(0x3217e500)usecase(20: audio-record)
07-11 13:53:50.642 6592 6966 D audio_hw_primary: select_devices for use case (audio-record)
07-11 13:53:50.642 6592 6966 D audio_hw_primary: select_devices: changing use case audio-record input device from(195: speaker-stereo-dmic-ef, acdb 35) to (194: handset-stereo-dmic-ef, acdb 34)
07-11 13:53:50.642 6592 6966 D audio_hw_primary: select_devices: out_snd_device(0: ) in_snd_device(194: handset-stereo-dmic-ef)
07-11 13:53:50.642 6592 6966 D ultrasound_extn: ultrasound_select_devices_pre ultrasound_enabled:0 usecase(audio-record), devices:-2147483644 in_snd_device(194, handset-stereo-dmic-ef), out_snd_device(0, )
07-11 13:53:50.642 6592 6966 D ultrasound_extn: dump_usecase_list: start ======================================
07-11 13:53:50.642 6592 6966 D ultrasound_extn: dump_usecase_list: enter sensor_activated:0 hw_port_enabled:0 suspended:0
07-11 13:53:50.642 6592 6966 D ultrasound_extn: dump_usecase_list: select_devices_pre usecase[#0]:(20, audio-record) in_dev:(0, ) out_dv:(0, )
07-11 13:53:50.642 6592 6966 D ultrasound_extn: dump_usecase_list: end ======================================
07-11 13:53:50.642 6592 6966 I msm8974_platform: platform_check_and_set_capture_codec_backend_cfg:txbecf: afe: bitwidth 16, samplerate 48000, channel 2 format 1, backend_idx 8 usecase = 20 device (handset-stereo-dmic-ef)
07-11 13:53:50.642 6592 6966 I msm8974_platform: platform_check_capture_codec_backend_cfg:txbecf: afe: Codec selected backend: 8 current bit width: 16 and sample rate: 48000, channels 2 format 1
07-11 13:53:50.642 6592 6966 I msm8974_platform: platform_check_capture_codec_backend_cfg:txbecf: afe: current backend bit_width 16 sample_rate 48000 channels 1, format 0
07-11 13:53:50.642 6592 6966 I msm8974_platform: platform_check_capture_codec_backend_cfg:txbecf: afe: Codec backend needs to be updated. new bit width: 16 new sample rate: 48000 new channel: 1 new format: 1
07-11 13:53:50.642 6592 6966 I msm8974_platform: platform_set_codec_backend_cfg:becf: afe: bitwidth 16, samplerate 48000 channels 1 format 1, backend_idx 8 device (handset-stereo-dmic-ef)
07-11 13:53:50.642 6592 6966 D audio_hw_primary: check_usecases_capture_codec_backend:becf: force routing 0
07-11 13:53:50.642 6592 6966 D hardware_info: hw_info_append_hw_type : device_name = handset-stereo-dmic-ef
07-11 13:53:50.642 6592 6966 D msm8974_platform: platform_split_snd_device: snd_device(194) num devices(0) new_snd_devices(6)
07-11 13:53:50.642 6592 6966 D audio_hw_primary: enable_snd_device: snd_device(194: handset-stereo-dmic-ef)[SND_DEVICE_IN_HANDSET_DMIC_STEREO]
07-11 13:53:50.642 6592 6966 D audio_route: Apply path: handset-stereo-dmic-ef
07-11 13:53:50.658 6592 6966 D audio_hw_utils: audio_extn_utils_send_app_type_cfg: usecase->in_snd_device handset-stereo-dmic-ef
07-11 13:53:50.658 6592 6966 D msm8974_platform: platform_split_snd_device: snd_device(194) num devices(0) new_snd_devices(0)
07-11 13:53:50.658 6592 6966 D audio_hw_utils: audio_extn_btsco_get_sample_rate:Not a BT SCO device, need not update sampling rate
07-11 13:53:50.658 6592 6966 I audio_hw_utils: send_app_type_cfg_for_device CAPTURE app_type 69938, acdb_dev_id 34, sample_rate 48000, snd_device_be_idx 3
07-11 13:53:50.659 6592 6966 D msm8974_platform: platform_split_snd_device: snd_device(194) num devices(1) new_snd_devices(0)
07-11 13:53:50.659 6592 6966 D audio_hw_utils: audio_extn_btsco_get_sample_rate:Not a BT SCO device, need not update sampling rate
07-11 13:53:50.659 6592 6966 E ACDB-LOADER: ACDB -> Not correctly initialized!
07-11 13:53:50.659 6592 6966 D audio_hw_primary: enable_audio_route: apply mixer and update path: audio-record
07-11 13:53:50.659 6592 6966 D audio_route: Apply path: audio-record
07-11 13:53:50.661 4726 4947 I CamX : [ INFO][CORE ] camxpipeline.cpp:2820 CSLMessageHandler() frameMessage:requestID=0, linkhdl:0xa7010b, frameCount=255, timestamp=1423781208645, monoTimestamp=1423781208645
07-11 13:53:50.662 6592 6966 E send_data_to_xlog: send_misound_data_to_xlog: Invalid sound device 0
07-11 13:53:50.663 6592 6966 D ultrasound_extn: ultrasound_select_devices_post: enter: engine_suspended: 0
07-11 13:53:50.663 6592 6966 D ultrasound_extn: dump_usecase_list: start ======================================
07-11 13:53:50.663 6592 6966 D ultrasound_extn: dump_usecase_list: enter sensor_activated:0 hw_port_enabled:0 suspended:0
07-11 13:53:50.663 6592 6966 D ultrasound_extn: dump_usecase_list: select_devices_post usecase[#0]:(20, audio-record) in_dev:(194, handset-stereo-dmic-ef) out_dv:(0, )
07-11 13:53:50.663 6592 6966 D ultrasound_extn: dump_usecase_list: RX_CDC_DMA_RX_0 SampleRate KHZ_96
07-11 13:53:50.663 6592 6966 D ultrasound_extn: dump_usecase_list: RX_CDC_DMA_RX_0 Format S16_LE
07-11 13:53:50.664 6592 6966 D ultrasound_extn: dump_usecase_list: RX_CDC_DMA_RX_0 Channels One
07-11 13:53:50.664 6592 6966 D ultrasound_extn: dump_usecase_list: RX_CDC_DMA_RX_1 SampleRate KHZ_96
07-11 13:53:50.664 6592 6966 D ultrasound_extn: dump_usecase_list: RX_CDC_DMA_RX_1 Format S16_LE
07-11 13:53:50.665 6592 6966 D ultrasound_extn: dump_usecase_list: RX_CDC_DMA_RX_1 Channels One
07-11 13:53:50.665 6592 6966 D ultrasound_extn: dump_usecase_list: end ======================================
07-11 13:53:50.665 6592 6966 D audio_hw_primary: select_devices: done
07-11 13:53:50.679 5464 13226 E OMX-VENC: venc_dev: async_venc_message_thread interrupted to be exited
07-11 13:53:50.680 5464 5712 I OMX-VENC: Component Deinit
07-11 13:53:50.685 6592 6966 D audio_hw_primary: check_and_set_karaok_parameters: is karaok rx device 0, is karaok tx device 0
07-11 13:53:50.685 6592 6966 D audio_hw_primary: check_and_set_karaok_parameters: is karaok rx device 0, is karaok tx device 0
07-11 13:53:50.685 6592 6966 D audio_hw_primary: start_input_stream: exit
07-11 13:53:50.694 4726 4947 I CamX : [ INFO][CORE ] camxpipeline.cpp:2820 CSLMessageHandler() frameMessage:requestID=0, linkhdl:0xa7010b, frameCount=256, timestamp=1423814521666, monoTimestamp=1423814521666
07-11 13:53:50.708 5099 9487 W Camera3-OutputStream: disconnectLocked: While disconnecting stream 0 from native window, the native window died from under us
07-11 13:53:50.709 5099 9487 I CameraLatencyHistogram: Stream 0 dequeueBuffer latency histogram (263) samples:
07-11 13:53:50.709 5099 9487 I CameraLatencyHistogram: 5 10 15 20 25 30 35 40 45 inf (max ms)
07-11 13:53:50.709 5099 9487 I CameraLatencyHistogram: 99.24 0.76 0.00 0.00 0.00 0.00 0.00 0.00 0.00 0.00 (%)
07-11 13:53:50.709 5099 9487 I Camera3-Device: disconnectImpl: E
07-11 13:53:50.709 5099 9487 I CameraLatencyHistogram: ProcessCaptureRequest latency histogram (262) samples:
07-11 13:53:50.709 5099 9487 I CameraLatencyHistogram: 40 80 120 160 200 240 280 320 360 inf (max ms)
07-11 13:53:50.709 5099 9487 I CameraLatencyHistogram: 86.64 12.60 0.00 0.76 0.00 0.00 0.00 0.00 0.00 0.00 (%)
07-11 13:53:50.709 4726 4726 I CamX : [ INFO][HAL ] camxhal3.cpp:782 close() close(): 0x72de374810
07-11 13:53:50.709 4726 4726 I CHIUSECASE: [INFO ] chxextensionmodule.cpp:4264 SetCpuAffinityRange() camera set affinity to CPU0~7
07-11 13:53:50.709 4726 4726 I CHIUSECASE: [INFO ] chxextensionmodule.cpp:4270 SetCpuAffinityRange() before set affinity cpu[0][1]
07-11 13:53:50.709 4726 4726 I CHIUSECASE: [INFO ] chxextensionmodule.cpp:4270 SetCpuAffinityRange() before set affinity cpu[1][1]
07-11 13:53:50.709 4726 4726 I CHIUSECASE: [INFO ] chxextensionmodule.cpp:4270 SetCpuAffinityRange() before set affinity cpu[2][1]
07-11 13:53:50.709 4726 4726 I CHIUSECASE: [INFO ] chxextensionmodule.cpp:4270 SetCpuAffinityRange() before set affinity cpu[3][1]
07-11 13:53:50.709 4726 4726 I CHIUSECASE: [INFO ] chxextensionmodule.cpp:4270 SetCpuAffinityRange() before set affinity cpu[4][0]
