07-11 14:02:59.104 4749 4749 D NxpHal : Going through extns - Adding Mifare in RF Discovery
07-11 14:02:59.104 4749 4749 D NxpHal : Going through extns - Adding Mifare in RF Discovery - END
07-11 14:02:59.104 4749 24127 D NxpTml : PN54X - Write requested.....
07-11 14:02:59.104 4749 24127 D NxpTml : PN54X - Invoking I2C Write.....
07-11 14:02:59.106 4749 24127 D NxpNciX : len = 19 > 21001005010101020101040102030101800180
07-11 14:02:59.106 4749 24127 D NxpTml : PN54X - I2C Write successful.....
07-11 14:02:59.106 4749 24127 D NxpTml : PN54X - Posting Fresh Write message.....
07-11 14:02:59.106 4749 24127 D NxpTml : PN54X - Tml Writer Thread Running................
07-11 14:02:59.106 4749 24129 D NxpHal : write successful status = 0x0
07-11 14:02:59.107 4749 24125 D NxpTml : PN54X - I2C Read successful.....len = 4
07-11 14:02:59.107 4749 24125 D NxpNciR : len = 4 > 41000100
07-11 14:02:59.107 4749 24125 D NxpTml : PN54X - Posting read message.....
07-11 14:02:59.107 4749 24129 D NxpHal : read successful status = 0x0
07-11 14:02:59.108 4749 4749 D NxpHal : > Polling Loop Started
07-11 14:02:59.108 4749 24125 D NxpTml : PN54X - Read requested.....
07-11 14:02:59.108 4749 24125 D NxpTml : PN54X - Invoking I2C Read.....
07-11 14:02:59.108 4749 24127 D NxpTml : PN54X - Write requested.....
07-11 14:02:59.108 4749 24127 D NxpTml : PN54X - Invoking I2C Write.....
07-11 14:02:59.110 4749 24127 D NxpNciX : len = 14 > 21030B0503010001010105010201
07-11 14:02:59.110 4749 24127 D NxpTml : PN54X - I2C Write successful.....
07-11 14:02:59.110 4749 24127 D NxpTml : PN54X - Posting Fresh Write message.....
07-11 14:02:59.110 4749 24125 D NxpTml : PN54X - I2C Read successful.....len = 4
07-11 14:02:59.110 4749 24125 D NxpTml : Delay Read if write thread is busy
07-11 14:02:59.110 4749 24127 D NxpTml : PN54X - Tml Writer Thread Running................
07-11 14:02:59.110 4749 24129 D NxpHal : write successful status = 0x0
07-11 14:02:59.112 4749 24125 D NxpNciR : len = 4 > 41030101
07-11 14:02:59.112 4749 24125 D NxpTml : PN54X - Posting read message.....
07-11 14:02:59.112 5013 7207 D libsensor-B2SNotifier: Backlight2SlpiNotifier brightness = 162
07-11 14:02:59.113 4749 24129 D NxpHal : read successful status = 0x0
07-11 14:02:59.116 4749 24125 D NxpTml : PN54X - Read requested.....
07-11 14:02:59.116 4749 24125 D NxpTml : PN54X - Invoking I2C Read.....
07-11 14:02:59.129 5013 7207 D libsensor-B2SNotifier: Backlight2SlpiNotifier brightness = 161
07-11 14:02:59.149 5013 7207 D libsensor-B2SNotifier: Backlight2SlpiNotifier brightness = 160
07-11 14:02:59.162 5013 7207 D libsensor-B2SNotifier: Backlight2SlpiNotifier brightness = 159
07-11 14:02:59.180 5013 7207 D libsensor-B2SNotifier: Backlight2SlpiNotifier brightness = 158
07-11 14:02:59.195 5013 7207 D libsensor-B2SNotifier: Backlight2SlpiNotifier brightness = 157
07-11 14:02:59.212 5013 7207 D libsensor-B2SNotifier: Backlight2SlpiNotifier brightness = 156
07-11 14:02:59.228 5013 7207 D libsensor-B2SNotifier: Backlight2SlpiNotifier brightness = 155
07-11 14:02:59.244 5013 7207 D libsensor-B2SNotifier: Backlight2SlpiNotifier brightness = 154
07-11 14:02:59.260 5013 7207 D libsensor-B2SNotifier: Backlight2SlpiNotifier brightness = 153
07-11 14:02:59.277 5013 7207 D libsensor-B2SNotifier: Backlight2SlpiNotifier brightness = 152
07-11 14:02:59.294 5013 7207 D libsensor-B2SNotifier: Backlight2SlpiNotifier brightness = 151
07-11 14:02:59.311 5013 7207 D libsensor-B2SNotifier: Backlight2SlpiNotifier brightness = 150
07-11 14:02:59.328 5013 7207 D libsensor-B2SNotifier: Backlight2SlpiNotifier brightness = 149
07-11 14:02:59.347 5013 7207 D libsensor-B2SNotifier: Backlight2SlpiNotifier brightness = 148
07-11 14:02:59.364 5013 7207 D libsensor-B2SNotifier: Backlight2SlpiNotifier brightness = 146
07-11 14:02:59.383 5013 7207 D libsensor-B2SNotifier: Backlight2SlpiNotifier brightness = 145
07-11 14:02:59.400 5013 7207 D libsensor-B2SNotifier: Backlight2SlpiNotifier brightness = 144
07-11 14:02:59.417 5013 7207 D libsensor-B2SNotifier: Backlight2SlpiNotifier brightness = 143
07-11 14:02:59.434 5013 7207 D libsensor-B2SNotifier: Backlight2SlpiNotifier brightness = 142
07-11 14:02:59.449 5013 7207 D libsensor-B2SNotifier: Backlight2SlpiNotifier brightness = 141
07-11 14:02:59.451 4725 5825 I vendor.qti.bluetooth@1.0-ibs_handler: ProcessIbsCmd: Received IBS_WAKE_IND: 0xFD
07-11 14:02:59.451 4725 5825 I vendor.qti.bluetooth@1.0-ibs_handler: ProcessIbsCmd: Writing IBS_WAKE_ACK
07-11 14:02:59.466 5013 7207 D libsensor-B2SNotifier: Backlight2SlpiNotifier brightness = 140
07-11 14:02:59.482 5013 7207 D libsensor-B2SNotifier: Backlight2SlpiNotifier brightness = 139
07-11 14:02:59.492 4725 5825 I vendor.qti.bluetooth@1.0-ibs_handler: ProcessIbsCmd: Received IBS_SLEEP_IND: 0xFE
07-11 14:02:59.500 5013 7207 D libsensor-B2SNotifier: Backlight2SlpiNotifier brightness = 138
07-11 14:02:59.518 5013 7207 D libsensor-B2SNotifier: Backlight2SlpiNotifier brightness = 137
07-11 14:02:59.535 5013 7207 D libsensor-B2SNotifier: Backlight2SlpiNotifier brightness = 136
07-11 14:02:59.552 5013 7207 D libsensor-B2SNotifier: Backlight2SlpiNotifier brightness = 135
07-11 14:02:59.570 5013 7207 D libsensor-B2SNotifier: Backlight2SlpiNotifier brightness = 134
07-11 14:02:59.591 5013 7207 D libsensor-B2SNotifier: Backlight2SlpiNotifier brightness = 133
07-11 14:02:59.601 5013 7207 D libsensor-B2SNotifier: Backlight2SlpiNotifier brightness = 132
07-11 14:02:59.619 5013 7207 D libsensor-B2SNotifier: Backlight2SlpiNotifier brightness = 131
07-11 14:02:59.632 5013 7207 D libsensor-B2SNotifier: Backlight2SlpiNotifier brightness = 130
07-11 14:02:59.650 4725 5833 I vendor.qti.bluetooth@1.0-ibs_handler: DeviceSleep: TX Awake, Sending SLEEP_IND
07-11 14:02:59.650 4725 5833 D vendor.qti.bluetooth@1.0-ibs_handler: SerialClockVote: vote for UART CLK OFF
07-11 14:02:59.656 5013 7207 D libsensor-B2SNotifier: Backlight2SlpiNotifier brightness = 129
07-11 14:02:59.670 5013 7207 D libsensor-B2SNotifier: Backlight2SlpiNotifier brightness = 128
07-11 14:02:59.683 5013 7207 D libsensor-B2SNotifier: Backlight2SlpiNotifier brightness = 127
07-11 14:02:59.699 5013 7207 D libsensor-B2SNotifier: Backlight2SlpiNotifier brightness = 126
07-11 14:02:59.719 5013 7207 D libsensor-B2SNotifier: Backlight2SlpiNotifier brightness = 125
07-11 14:02:59.735 5013 7207 D libsensor-B2SNotifier: Backlight2SlpiNotifier brightness = 124
07-11 14:02:59.753 5013 7207 D libsensor-B2SNotifier: Backlight2SlpiNotifier brightness = 123
07-11 14:02:59.770 5013 7207 D libsensor-B2SNotifier: Backlight2SlpiNotifier brightness = 122
07-11 14:02:59.787 5013 7207 D libsensor-B2SNotifier: Backlight2SlpiNotifier brightness = 121
07-11 14:02:59.800 4725 5009 D vendor.qti.bluetooth@1.0-wake_lock: Release wakelock is released
07-11 14:02:59.807 5013 7207 D libsensor-B2SNotifier: Backlight2SlpiNotifier brightness = 120
07-11 14:02:59.823 5013 7207 D libsensor-B2SNotifier: Backlight2SlpiNotifier brightness = 119
07-11 14:02:59.837 5013 7207 D libsensor-B2SNotifier: Backlight2SlpiNotifier brightness = 118
07-11 14:02:59.854 5013 7207 D libsensor-B2SNotifier: Backlight2SlpiNotifier brightness = 117
07-11 14:02:59.870 5013 7207 D libsensor-B2SNotifier: Backlight2SlpiNotifier brightness = 116
07-11 14:02:59.888 5013 7207 D libsensor-B2SNotifier: Backlight2SlpiNotifier brightness = 115
07-11 14:02:59.905 5013 7207 D libsensor-B2SNotifier: Backlight2SlpiNotifier brightness = 114
07-11 14:02:59.921 5013 7207 D libsensor-B2SNotifier: Backlight2SlpiNotifier brightness = 112
07-11 14:02:59.938 5013 7207 D libsensor-B2SNotifier: Backlight2SlpiNotifier brightness = 111
07-11 14:02:59.955 5013 7207 D libsensor-B2SNotifier: Backlight2SlpiNotifier brightness = 110
07-11 14:02:59.972 5013 7207 D libsensor-B2SNotifier: Backlight2SlpiNotifier brightness = 109
07-11 14:02:59.989 5013 7207 D libsensor-B2SNotifier: Backlight2SlpiNotifier brightness = 108
07-11 14:03:00.008 5013 7207 D libsensor-B2SNotifier: Backlight2SlpiNotifier brightness = 107
07-11 14:03:00.024 5013 7207 D libsensor-B2SNotifier: Backlight2SlpiNotifier brightness = 106
07-11 14:03:00.051 5013 7207 D libsensor-B2SNotifier: Backlight2SlpiNotifier brightness = 105
07-11 14:03:00.053 4725 5825 I vendor.qti.bluetooth@1.0-ibs_handler: ProcessIbsCmd: Received IBS_WAKE_IND: 0xFD
07-11 14:03:00.054 4725 5825 D vendor.qti.bluetooth@1.0-ibs_handler: SerialClockVote: vote for UART CLK ON
07-11 14:03:00.055 4725 5825 D vendor.qti.bluetooth@1.0-wake_lock: Acquire wakelock is acquired
07-11 14:03:00.055 4725 5825 I vendor.qti.bluetooth@1.0-ibs_handler: ProcessIbsCmd: Writing IBS_WAKE_ACK
07-11 14:03:00.061 5013 7207 D libsensor-B2SNotifier: Backlight2SlpiNotifier brightness = 104
07-11 14:03:00.074 5013 7207 D libsensor-B2SNotifier: Backlight2SlpiNotifier brightness = 103
07-11 14:03:00.088 5013 7207 D libsensor-B2SNotifier: Backlight2SlpiNotifier brightness = 102
07-11 14:03:00.095 4725 5825 I vendor.qti.bluetooth@1.0-ibs_handler: ProcessIbsCmd: Received IBS_SLEEP_IND: 0xFE
07-11 14:03:00.095 4725 5825 D vendor.qti.bluetooth@1.0-ibs_handler: SerialClockVote: vote for UART CLK OFF
07-11 14:03:00.246 4725 5009 D vendor.qti.bluetooth@1.0-wake_lock: Release wakelock is released
07-11 14:03:00.638 4725 5825 I vendor.qti.bluetooth@1.0-ibs_handler: ProcessIbsCmd: Received IBS_WAKE_IND: 0xFD
07-11 14:03:00.639 4725 5825 D vendor.qti.bluetooth@1.0-ibs_handler: SerialClockVote: vote for UART CLK ON
07-11 14:03:00.640 4725 5825 D vendor.qti.bluetooth@1.0-wake_lock: Acquire wakelock is acquired
07-11 14:03:00.640 4725 5825 I vendor.qti.bluetooth@1.0-ibs_handler: ProcessIbsCmd: Writing IBS_WAKE_ACK
07-11 14:03:00.643 4725 4725 I vendor.qti.bluetooth@1.0-ibs_handler: DeviceWakeUp: Writing IBS_WAKE_IND
07-11 14:03:00.643 4725 5825 I vendor.qti.bluetooth@1.0-ibs_handler: ProcessIbsCmd: Received IBS_WAKE_ACK: 0xFC
07-11 14:03:00.704 4725 5825 I vendor.qti.bluetooth@1.0-ibs_handler: ProcessIbsCmd: Received IBS_SLEEP_IND: 0xFE
07-11 14:03:01.046 5013 7207 D libsensor-B2SNotifier: Backlight2SlpiNotifier brightness = 101
07-11 14:03:01.071 5013 7207 D libsensor-B2SNotifier: Backlight2SlpiNotifier brightness = 100
07-11 14:03:01.081 5013 7207 D libsensor-B2SNotifier: Backlight2SlpiNotifier brightness = 99
07-11 14:03:01.100 5013 7207 D libsensor-B2SNotifier: Backlight2SlpiNotifier brightness = 98
07-11 14:03:01.114 5013 7207 D libsensor-B2SNotifier: Backlight2SlpiNotifier brightness = 97
07-11 14:03:01.129 5013 7207 D libsensor-B2SNotifier: Backlight2SlpiNotifier brightness = 96
07-11 14:03:01.146 5013 7207 D libsensor-B2SNotifier: Backlight2SlpiNotifier brightness = 95
07-11 14:03:01.163 5013 7207 D libsensor-B2SNotifier: Backlight2SlpiNotifier brightness = 94
07-11 14:03:01.181 5013 7207 D libsensor-B2SNotifier: Backlight2SlpiNotifier brightness = 93
07-11 14:03:01.198 5013 7207 D libsensor-B2SNotifier: Backlight2SlpiNotifier brightness = 92
07-11 14:03:01.215 5013 7207 D libsensor-B2SNotifier: Backlight2SlpiNotifier brightness = 91
07-11 14:03:01.223 6592 6964 D audio_hw_primary: out_set_volume: called with left_vol=1.000000, right_vol=1.000000
07-11 14:03:01.232 5013 7207 D libsensor-B2SNotifier: Backlight2SlpiNotifier brightness = 90
07-11 14:03:01.248 5013 7207 D libsensor-B2SNotifier: Backlight2SlpiNotifier brightness = 88
07-11 14:03:01.263 5013 7207 D libsensor-B2SNotifier: Backlight2SlpiNotifier brightness = 87
07-11 14:03:01.280 5013 7207 D libsensor-B2SNotifier: Backlight2SlpiNotifier brightness = 86
07-11 14:03:01.297 5013 7207 D libsensor-B2SNotifier: Backlight2SlpiNotifier brightness = 85
07-11 14:03:01.315 5013 7207 D libsensor-B2SNotifier: Backlight2SlpiNotifier brightness = 84
07-11 14:03:01.332 5013 7207 D libsensor-B2SNotifier: Backlight2SlpiNotifier brightness = 83
07-11 14:03:01.350 5013 7207 D libsensor-B2SNotifier: Backlight2SlpiNotifier brightness = 82
07-11 14:03:01.366 5013 7207 D libsensor-B2SNotifier: Backlight2SlpiNotifier brightness = 81
07-11 14:03:01.381 5013 7207 D libsensor-B2SNotifier: Backlight2SlpiNotifier brightness = 80
07-11 14:03:01.398 5013 7207 D libsensor-B2SNotifier: Backlight2SlpiNotifier brightness = 79
07-11 14:03:01.417 5013 7207 D libsensor-B2SNotifier: Backlight2SlpiNotifier brightness = 78
07-11 14:03:01.432 5013 7207 D libsensor-B2SNotifier: Backlight2SlpiNotifier brightness = 77
07-11 14:03:01.451 5013 7207 D libsensor-B2SNotifier: Backlight2SlpiNotifier brightness = 76
07-11 14:03:01.467 5013 7207 D libsensor-B2SNotifier: Backlight2SlpiNotifier brightness = 75
07-11 14:03:01.482 5013 7207 D libsensor-B2SNotifier: Backlight2SlpiNotifier brightness = 74
07-11 14:03:01.500 5013 7207 D libsensor-B2SNotifier: Backlight2SlpiNotifier brightness = 73
07-11 14:03:01.516 5013 7207 D libsensor-B2SNotifier: Backlight2SlpiNotifier brightness = 72
07-11 14:03:01.532 5013 7207 D libsensor-B2SNotifier: Backlight2SlpiNotifier brightness = 71
07-11 14:03:01.550 5013 7207 D libsensor-B2SNotifier: Backlight2SlpiNotifier brightness = 70
07-11 14:03:01.566 5013 7207 D libsensor-B2SNotifier: Backlight2SlpiNotifier brightness = 69
07-11 14:03:01.583 5013 7207 D libsensor-B2SNotifier: Backlight2SlpiNotifier brightness = 68
07-11 14:03:01.601 5013 7207 D libsensor-B2SNotifier: Backlight2SlpiNotifier brightness = 66
07-11 14:03:01.615 5013 7207 D libsensor-B2SNotifier: Backlight2SlpiNotifier brightness = 65
07-11 14:03:01.633 5013 7207 D libsensor-B2SNotifier: Backlight2SlpiNotifier brightness = 64
07-11 14:03:01.644 4725 5833 I vendor.qti.bluetooth@1.0-ibs_handler: DeviceSleep: TX Awake, Sending SLEEP_IND
07-11 14:03:01.644 4725 5833 D vendor.qti.bluetooth@1.0-ibs_handler: SerialClockVote: vote for UART CLK OFF
07-11 14:03:01.650 5013 7207 D libsensor-B2SNotifier: Backlight2SlpiNotifier brightness = 63
07-11 14:03:01.667 5013 7207 D libsensor-B2SNotifier: Backlight2SlpiNotifier brightness = 62
07-11 14:03:01.683 5013 7207 D libsensor-B2SNotifier: Backlight2SlpiNotifier brightness = 61
07-11 14:03:01.699 5013 7207 D libsensor-B2SNotifier: Backlight2SlpiNotifier brightness = 60
07-11 14:03:01.716 5013 7207 D libsensor-B2SNotifier: Backlight2SlpiNotifier brightness = 59
07-11 14:03:01.733 5013 7207 D libsensor-B2SNotifier: Backlight2SlpiNotifier brightness = 58
07-11 14:03:01.749 5013 7207 D libsensor-B2SNotifier: Backlight2SlpiNotifier brightness = 57
07-11 14:03:01.766 5013 7207 D libsensor-B2SNotifier: Backlight2SlpiNotifier brightness = 56
07-11 14:03:01.782 5013 7207 D libsensor-B2SNotifier: Backlight2SlpiNotifier brightness = 55
07-11 14:03:01.794 4725 5009 D vendor.qti.bluetooth@1.0-wake_lock: Release wakelock is released
07-11 14:03:01.798 5013 7207 D libsensor-B2SNotifier: Backlight2SlpiNotifier brightness = 54
07-11 14:03:01.816 5013 7207 D libsensor-B2SNotifier: Backlight2SlpiNotifier brightness = 53
07-11 14:03:01.833 5013 7207 D libsensor-B2SNotifier: Backlight2SlpiNotifier brightness = 52
07-11 14:03:01.850 5013 7207 D libsensor-B2SNotifier: Backlight2SlpiNotifier brightness = 51
07-11 14:03:01.867 5013 7207 D libsensor-B2SNotifier: Backlight2SlpiNotifier brightness = 50
07-11 14:03:01.898 5013 7207 D libsensor-B2SNotifier: Backlight2SlpiNotifier brightness = 49
07-11 14:03:01.914 5013 7207 D libsensor-B2SNotifier: Backlight2SlpiNotifier brightness = 48
07-11 14:03:01.931 5013 7207 D libsensor-B2SNotifier: Backlight2SlpiNotifier brightness = 47
07-11 14:03:01.947 5013 7207 D libsensor-B2SNotifier: Backlight2SlpiNotifier brightness = 46
07-11 14:03:01.963 5013 7207 D libsensor-B2SNotifier: Backlight2SlpiNotifier brightness = 45
07-11 14:03:01.980 5013 7207 D libsensor-B2SNotifier: Backlight2SlpiNotifier brightness = 44
07-11 14:03:01.990 5013 7207 D libsensor-B2SNotifier: Backlight2SlpiNotifier brightness = 42
07-11 14:03:02.000 5013 7207 D libsensor-B2SNotifier: Backlight2SlpiNotifier brightness = 41
07-11 14:03:02.017 5013 7207 D libsensor-B2SNotifier: Backlight2SlpiNotifier brightness = 40
07-11 14:03:02.144 6592 6964 D audio_hw_primary: out_standby: enter: stream (0x31f55d70) usecase(0: deep-buffer-playback)
07-11 14:03:02.138 5020 8522 I LOWI-8.6.0.59: [LOWI-Scan] lowi_close_record:Scan done in 1933096ms, 8 APs in scan results
07-11 14:03:02.153 5020 5050 I LOWI-8.6.0.59: [LOWIUtils] responseToOutPostcard - TO: FreeWifiScanObserver, FROM: LOWI-SERVER, RESP: LOWI_ASYNC_DISCOVERY_SCAN_RESULTS
07-11 14:03:02.161 4734 4921 I LocSvc_api_v02: ---> locClientSendReq line 2325 QMI_LOC_INJECT_WIFI_AP_DATA_REQ_V02
07-11 14:03:02.162 4734 6818 I LocSvc_ApiV02: <--- globalRespCb line 196 QMI_LOC_INJECT_WIFI_AP_DATA_REQ_V02
07-11 14:03:02.294 6592 6964 D audio_hw_primary: disable_audio_route: reset and update mixer path: deep-buffer-playback speaker
07-11 14:03:02.300 6592 6964 D msm8974_platform: platform_split_snd_device: snd_device(2) num devices(0) new_snd_devices(0)
07-11 14:03:02.300 6592 6964 I msm8974_platform: platform_get_custom_mtmx_params: no matching param with id 0 ip_ch 2 op_ch 2 uc_id 0 snd_dev 2
07-11 14:03:02.300 6592 6964 D hardware_info: hw_info_append_hw_type : device_name = speaker
07-11 14:03:02.300 6592 6964 D audio_hw_primary: disable_snd_device: snd_device(2: speaker)
07-11 14:03:02.300 6592 6964 D msm8974_platform: platform_split_snd_device: snd_device(2) num devices(0) new_snd_devices(0)
07-11 14:03:02.312 6592 6964 D hardware_info: hw_info_append_hw_type : device_name = vi-feedback
07-11 14:03:02.312 6592 6964 D audio_hw_primary: disable_snd_device: snd_device(196: vi-feedback)
07-11 14:03:02.312 6592 6964 D msm8974_platform: platform_split_snd_device: snd_device(196) num devices(0) new_snd_devices(0)
07-11 14:03:02.314 6592 6964 D audio_hw_primary: disable_audio_route: reset and update mixer path: spkr-vi-record
07-11 14:03:02.317 6592 6964 D audio_hw_primary: out_standby: exit
07-11 14:03:04.140 6722 6810 E SDM : HWCSession::ForceMaxFrameRate: ForceMaxFrameRate failed: max_frame_rate is 0!
07-11 14:03:04.672 4743 4743 I sensors-hal: activate:147, android.sensor.light/37 en=0
07-11 14:03:04.674 5013 7207 D libsensor-B2SNotifier: Backlight2SlpiNotifier brightness = 35
07-11 14:03:04.688 4743 4743 I sensors-hal: activate:158, android.sensor.light/37 en=0 completed
07-11 14:03:04.717 5013 7207 D libsensor-B2SNotifier: Backlight2SlpiNotifier brightness = 18
07-11 14:03:04.744 5013 7207 D libsensor-B2SNotifier: Backlight2SlpiNotifier brightness = 6
07-11 14:03:04.770 5013 7207 D libsensor-B2SNotifier: Backlight2SlpiNotifier brightness = 0
07-11 14:03:04.775 4743 4743 I sensors-hal: activate:147, android.sensor.accelerometer/52 en=0
07-11 14:03:04.778 4743 4743 I sensors-hal: activate:158, android.sensor.accelerometer/52 en=0 completed
07-11 14:03:04.786 4749 24127 D NxpTml : PN54X - Write requested.....
07-11 14:03:04.786 4749 24127 D NxpTml : PN54X - Invoking I2C Write.....
07-11 14:03:04.786 4735 4882 I SDM : DisplayBase::SetDisplayState: Set state = 0, display 28-0, teardown = 0
07-11 14:03:04.786 4735 4882 E SDM : DRMCrtc::Perform: CRTC 110: Set mode 1080x2340x60x179431
07-11 14:03:04.787 4749 24127 E NxpTml : _i2c_write() errno : 5
07-11 14:03:04.787 4749 24127 E NxpTml : PN54X - Error in I2C Write.....
07-11 14:03:04.787 4749 24127 D NxpTml : PN54X - Posting Fresh Write message.....
07-11 14:03:04.788 4749 24127 D NxpTml : PN54X - Tml Writer Thread Running................
07-11 14:03:04.788 4749 24129 E NxpHal : write error status = 0x1ff
07-11 14:03:04.788 4749 4749 E NxpHal : write_unlocked failed - PN54X Maybe in Standby Mode - Retry
07-11 14:03:04.798 4749 24127 D NxpTml : PN54X - Write requested.....
07-11 14:03:04.798 4749 24127 D NxpTml : PN54X - Invoking I2C Write.....
07-11 14:03:04.799 4749 24127 D NxpNciX : len = 8 > 20020501A0070100
07-11 14:03:04.800 4749 24127 D NxpTml : PN54X - I2C Write successful.....
07-11 14:03:04.800 4749 24127 D NxpTml : PN54X - Posting Fresh Write message.....
07-11 14:03:04.800 4749 24127 D NxpTml : PN54X - Tml Writer Thread Running................
07-11 14:03:04.800 4749 24129 D NxpHal : write successful status = 0x0
07-11 14:03:04.800 4749 4749 D NxpHal : Response timer started
07-11 14:03:04.800 4749 4749 D NxpHal : Waiting after ext cmd sent
07-11 14:03:04.823 6722 6810 E SDM : HWCSession::ForceMaxFrameRate: ForceMaxFrameRate failed: max_frame_rate is 0!
07-11 14:03:04.862 4749 24125 D NxpTml : PN54X - I2C Read successful.....len = 5
07-11 14:03:04.862 4749 24125 D NxpNciR : len = 5 > 4002020000
07-11 14:03:04.863 4749 24125 D NxpTml : PN54X - Posting read message.....
07-11 14:03:04.863 4749 24129 D NxpHal : read successful status = 0x0
07-11 14:03:04.863 4749 24129 D NxpHal : phNxpNciHal_print_res_status: response status =STATUS_OK
07-11 14:03:04.863 4749 24125 D NxpTml : PN54X - Read requested.....
07-11 14:03:04.863 4749 4749 D NxpHal : Response timer stopped
07-11 14:03:04.863 4749 24125 D NxpTml : PN54X - Invoking I2C Read.....
07-11 14:03:04.863 4749 4749 D NxpHal : Checking response
07-11 14:03:04.863 4749 24127 D NxpTml : PN54X - Write requested.....
07-11 14:03:04.863 4749 24127 D NxpTml : PN54X - Invoking I2C Write.....
07-11 14:03:04.864 4749 24127 D NxpNciX : len = 4 > 20000100
07-11 14:03:04.864 4749 24127 D NxpTml : PN54X - I2C Write successful.....
07-11 14:03:04.864 4749 24127 D NxpTml : PN54X - Posting Fresh Write message.....
07-11 14:03:04.864 4749 24127 D NxpTml : PN54X - Tml Writer Thread Running................
07-11 14:03:04.864 4749 24129 D NxpHal : write successful status = 0x0
07-11 14:03:04.864 4749 24125 D NxpTml : PN54X - I2C Read successful.....len = 4
07-11 14:03:04.865 4749 24125 D NxpNciR : len = 4 > 40000100
07-11 14:03:04.865 4749 24125 D NxpTml : PN54X - Posting read message.....
07-11 14:03:04.865 4749 24129 D NxpHal : read successful status = 0x0
07-11 14:03:04.865 4749 24129 D NxpHal : CORE_RESET_RSP NCI2.0
07-11 14:03:04.865 4749 4749 D NxpHal : Response timer started
07-11 14:03:04.865 4749 4749 D NxpHal : Waiting after ext cmd sent
07-11 14:03:04.865 4749 4749 D NxpHal : Response timer stopped
07-11 14:03:04.865 4749 24125 D NxpTml : PN54X - Read requested.....
07-11 14:03:04.865 4749 4749 D NxpHal : Response timer started
07-11 14:03:04.865 4749 24125 D NxpTml : PN54X - Invoking I2C Read.....
07-11 14:03:04.866 4749 24125 D NxpTml : PN54X - I2C Read successful.....len = 13
07-11 14:03:04.866 4749 24125 D NxpNciR : len = 13 > 60000A020020040500A4011018
07-11 14:03:04.866 4749 24125 D NxpTml : PN54X - Posting read message.....
07-11 14:03:04.866 4749 24129 D NxpHal : read successful status = 0x0
07-11 14:03:04.866 4749 24129 D NxpHal : CORE_RESET_NTF NCI2.0 reason CORE_RESET_CMD received !
07-11 14:03:04.866 4749 24129 D NxpHal : NxpNci> FW Version: 1.10.18
07-11 14:03:04.866 4749 24129 E NxpHal : Ignoring read , HAL close triggered
07-11 14:03:04.866 4749 4749 D NxpHal : Response timer stopped
07-11 14:03:04.866 4749 4749 D NxpHal : Checking response
07-11 14:03:04.867 4749 24129 D NxpHal : Terminating phNxpNciHal client thread...
07-11 14:03:04.867 4749 24129 D NxpHal : NxpNciHal thread stopped
07-11 14:03:04.867 4749 24125 D NxpTml : PN54X - read request NOT enabled
07-11 14:03:04.869 4749 24127 D NxpTml : PN54X - Write request NOT enabled
07-11 14:03:04.879 4749 4749 D NxpTml : bThreadDone == 0
07-11 14:03:04.893 4749 4749 D NxpHal : phNxpNciHal_close - phOsalNfc_DeInit completed
07-11 14:03:04.893 4749 4749 D NxpHal : Failed to deallocate (list empty)
07-11 14:03:04.893 4749 4749 D NxpHal : Node dump:
07-11 14:03:04.893 4749 4749 D NxpHal : Failed to deallocate (list empty)
07-11 14:03:04.893 4749 4749 D NxpHal : Node dump:
07-11 14:03:04.893 4749 4749 D NxpHal : phNxpNciHal_release_info mGetCfg_info
07-11 14:03:04.925 5020 8522 I LOWI-8.6.0.59: [LOWI-Scan] lowi_close_record:Scan done in 1935883ms, 8 APs in scan results
07-11 14:03:04.926 5020 5050 I LOWI-8.6.0.59: [LOWIUtils] responseToOutPostcard - TO: FreeWifiScanObserver, FROM: LOWI-SERVER, RESP: LOWI_ASYNC_DISCOVERY_SCAN_RESULTS
07-11 14:03:04.929 4734 4921 I LocSvc_api_v02: ---> locClientSendReq line 2325 QMI_LOC_INJECT_WIFI_AP_DATA_REQ_V02
07-11 14:03:04.931 4734 6818 I LocSvc_ApiV02: <--- globalRespCb line 196 QMI_LOC_INJECT_WIFI_AP_DATA_REQ_V02
07-11 14:03:04.957 4735 4882 W SDM : ResourceImpl::Perform: Invalid command 4
07-11 14:03:04.958 4778 4888 D DisplayFeatureHal: HandleDisplayState enter state 0, last state 1
07-11 14:03:04.958 4778 4888 D DisplayFeatureHal: onSuspend enter
07-11 14:03:04.958 4778 4888 D DisplayFeatureHal: Query DisplayPostproc service
07-11 14:03:04.966 4735 24493 I libsensor-C2SNotifier: Sensor: notify type: 1, value: 0
07-11 14:03:04.967 5013 5013 I libsensor_ssccalapi: send_sensor_selftest_msg for sensor: ambient_light
07-11 14:03:04.968 4735 7618 I Dpps : AddNewDppsClient():431 New DPPS client accepted, client fd = 22, poll idx 2
07-11 14:03:04.968 4735 7618 I Dpps : HandleDppsClientEvent():921 Incoming message on client fd 22: 'ad:off'
07-11 14:03:04.968 4735 7618 E Dpps : HandleDppsClientEvent():987 AdContext Post failed ret -95
07-11 14:03:04.968 4735 7618 E Dpps : RunPollIteration():372 Poll iteration failed with ret -95
07-11 14:03:04.968 4735 7618 E Dpps : Run():181 Poll iteration failed, ret -95
07-11 14:03:04.968 4735 7618 I Dpps : HandleDppsClientEvent():903 Client connection 22 has closed
07-11 14:03:04.968 4735 7618 I Dpps : RemoveServerClient():297 closed fd 22 poll_idx 2
07-11 14:03:04.968 4778 4888 D DisplayFeatureHal: isStartSensorControl ret 0
07-11 14:03:04.968 4778 4888 D DisplayFeatureHal: HandleSunlightScreen enter modeId 0
07-11 14:03:04.968 4778 4888 D DisplayFeatureHal: HandleSunlightScreen exit ret -1
07-11 14:03:04.968 4778 4888 D DisplayFeatureHal: HandleDisplayState exit
07-11 14:03:07.873 5013 7207 D libsensor-B2SNotifier: Backlight2SlpiNotifier brightness = 1
07-11 14:03:07.878 4735 4882 I SDM : DisplayBase::SetDisplayState: Set state = 1, display 28-0, teardown = 0
07-11 14:03:07.882 4743 4743 I sensors-hal: batch:180, android.sensor.accelerometer/52, period=100000000, max_latency=0
07-11 14:03:07.882 4743 4743 I sensors-hal: batch:189, android.sensor.accelerometer/52, period=100000000, max_latency=0 request completed
07-11 14:03:07.882 4743 4743 I sensors-hal: activate:147, android.sensor.accelerometer/52 en=1
07-11 14:03:07.883 4743 4743 I sensors-hal: get_qmi_debug_flag:230, support_qmi_debug : false
07-11 14:03:07.896 4743 4743 I sensors-hal: activate:158, android.sensor.accelerometer/52 en=1 completed
07-11 14:03:07.896 4743 24499 I sensors-hal: handle_indication_realtime:406, SCHED_FIFO(10) for qmi_cbk
07-11 14:03:07.897 4743 4743 I sensors-hal: batch:180, android.sensor.light/37, period=0, max_latency=0
07-11 14:03:07.898 4743 4743 I sensors-hal: batch:189, android.sensor.light/37, period=0, max_latency=0 request completed
07-11 14:03:07.898 4743 4743 I sensors-hal: activate:147, android.sensor.light/37 en=1
07-11 14:03:07.898 4743 4743 I sensors-hal: get_qmi_debug_flag:230, support_qmi_debug : false
07-11 14:03:07.903 4743 4743 I sensors-hal: activate:158, android.sensor.light/37 en=1 completed
07-11 14:03:07.973 6722 6810 E SDM : HWCSession::ForceMaxFrameRate: ForceMaxFrameRate failed: max_frame_rate is 0!
07-11 14:03:08.072 4735 4882 W SDM : ResourceImpl::Perform: Invalid command 4
07-11 14:03:08.072 4778 4888 D DisplayFeatureHal: HandleDisplayState enter state 1, last state 0
07-11 14:03:08.072 4778 4888 D DisplayFeatureHal: onResume enter, mFodScreenOn=0
07-11 14:03:08.073 4735 24505 I libsensor-C2SNotifier: Sensor: notify type: 1, value: 1
07-11 14:03:08.074 5013 5013 I libsensor_ssccalapi: send_sensor_selftest_msg for sensor: ambient_light
07-11 14:03:08.074 4778 4888 D DisplayFeatureHal: Query DisplayPostproc service
07-11 14:03:08.078 4735 7618 I Dpps : AddNewDppsClient():431 New DPPS client accepted, client fd = 21, poll idx 2
07-11 14:03:08.078 4735 7618 I Dpps : HandleDppsClientEvent():921 Incoming message on client fd 21: 'ad:on;1'
07-11 14:03:08.078 4735 7618 E Dpps : HandleDppsClientEvent():987 AdContext Post failed ret -95
07-11 14:03:08.078 4735 7618 E Dpps : RunPollIteration():372 Poll iteration failed with ret -95
07-11 14:03:08.078 4735 7618 E Dpps : Run():181 Poll iteration failed, ret -95
07-11 14:03:08.079 4735 7618 I Dpps : HandleDppsClientEvent():903 Client connection 21 has closed
07-11 14:03:08.079 4735 7618 I Dpps : RemoveServerClient():297 closed fd 21 poll_idx 2
07-11 14:03:08.079 4778 4888 D DisplayFeatureHal: HandleDisplayState exit
07-11 14:03:08.079 4778 4888 D DisplayFeatureHal: HandleACNormal enter
07-11 14:03:08.079 4778 4888 D DisplayFeatureHal: Query DisplayPostproc service
07-11 14:03:08.080 4735 7618 I Dpps : AddNewDppsClient():431 New DPPS client accepted, client fd = 21, poll idx 2
07-11 14:03:08.080 4735 7618 I Dpps : HandleDppsClientEvent():921 Incoming message on client fd 21: 'ad:on;1'
07-11 14:03:08.080 4735 7618 E Dpps : HandleDppsClientEvent():987 AdContext Post failed ret -95
07-11 14:03:08.080 4735 7618 E Dpps : RunPollIteration():372 Poll iteration failed with ret -95
07-11 14:03:08.080 4735 7618 E Dpps : Run():181 Poll iteration failed, ret -95
07-11 14:03:08.081 4735 7618 I Dpps : HandleDppsClientEvent():903 Client connection 21 has closed
07-11 14:03:08.081 4735 7618 I Dpps : RemoveServerClient():297 closed fd 21 poll_idx 2
07-11 14:03:08.088 4735 6821 E SDM : DRMCrtc::Perform: CRTC 110: Set mode 1080x2340x60x179431
07-11 14:03:08.089 4743 24503 I sensors-hal: handle_indication_realtime:406, SCHED_FIFO(10) for qmi_cbk
07-11 14:03:08.090 4735 4882 E SDM : DRMCrtc::Perform: CRTC 110: Set mode 1080x2340x60x179431
07-11 14:03:08.098 5013 7207 D libsensor-B2SNotifier: Backlight2SlpiNotifier brightness = 3
07-11 14:03:08.110 4778 4888 D DisplayFeatureHal: pcc gabb coeff 0 1.000000
07-11 14:03:08.110 4778 4888 D DisplayFeatureHal: pcc gabb coeff 1 0.000000
07-11 14:03:08.110 4778 4888 D DisplayFeatureHal: pcc gabb coeff 2 0.000000
07-11 14:03:08.110 4778 4888 D DisplayFeatureHal: pcc gabb coeff 3 0.000000
07-11 14:03:08.110 4778 4888 D DisplayFeatureHal: pcc gabb coeff 4 1.000000
07-11 14:03:08.110 4778 4888 D DisplayFeatureHal: pcc gabb coeff 5 0.000000
07-11 14:03:08.110 4778 4888 D DisplayFeatureHal: pcc gabb coeff 6 0.000000
07-11 14:03:08.110 4778 4888 D DisplayFeatureHal: pcc gabb coeff 7 0.000000
07-11 14:03:08.110 4778 4888 D DisplayFeatureHal: pcc gabb coeff 8 1.000000
07-11 14:03:08.111 4778 4888 D DisplayFeatureHal: HandleACNormal exit ret 0
07-11 14:03:08.111 4778 4888 D DisplayFeatureHal: isStartSensorControl ret 0
07-11 14:03:08.114 5013 7207 D libsensor-B2SNotifier: Backlight2SlpiNotifier brightness = 7
07-11 14:03:08.128 5013 7207 D libsensor-B2SNotifier: Backlight2SlpiNotifier brightness = 15
07-11 14:03:08.145 5013 7207 D libsensor-B2SNotifier: Backlight2SlpiNotifier brightness = 22
07-11 14:03:08.154 5013 7207 D libsensor-B2SNotifier: Backlight2SlpiNotifier brightness = 27
07-11 14:03:08.168 5013 7207 D libsensor-B2SNotifier: Backlight2SlpiNotifier brightness = 29
07-11 14:03:08.176 5013 7207 D libsensor-B2SNotifier: Backlight2SlpiNotifier brightness = 36
07-11 14:03:08.188 5013 7207 D libsensor-B2SNotifier: Backlight2SlpiNotifier brightness = 40
07-11 14:03:08.199 4749 4749 D android.hardware.nfc@1.2-impl: Nfc::open Enter
07-11 14:03:08.199 4749 4749 E NxpHal : phNxpNciHal_open NFC HAL OPEN
07-11 14:03:08.199 4749 4749 D NxpHal : phNxpNci_MinOpen(): enter
07-11 14:03:08.199 4749 4749 D : nxp_rf_config_path=/vendor/etc/libnfc-nxp_RF.conf
07-11 14:03:08.199 4749 4749 D : Fw_Lib_Path=/system/vendor/lib/libsn100u_fw.so
07-11 14:03:08.199 4749 4749 D NxpHal : Error : opening (/system/vendor/lib64/libonebinary.so) !!
07-11 14:03:08.199 4749 4749 I : default config file exists = /vendor/etc/libnfc-nxp.conf, disables dynamic selection
07-11 14:03:08.200 4749 4749 D : readConfig; filename is /vendor/etc/libnfc-nxp.conf
07-11 14:03:08.200 4749 4749 D : readNxpRFConfig-Enter..Reading /vendor/etc/libnfc-nxp_RF.conf
07-11 14:03:08.200 4749 4749 D : readConfig; filename is /vendor/etc/libnfc-nxp_RF.conf
07-11 14:03:08.200 4749 4749 D : readNxpTransitConfig-Enter..Reading /data/vendor/nfc/libnfc-nxpTransit.conf
07-11 14:03:08.200 4749 4749 E : readConfig Cannot open config file /data/vendor/nfc/libnfc-nxpTransit.conf
07-11 14:03:08.200 4749 4749 D NxpExtns: find found NFC_DEBUG_ENABLED=(0x1)
07-11 14:03:08.200 4749 4749 D NxpHal : nfc_debug_enabled : 1
07-11 14:03:08.200 4749 4749 D NxpExtns: find found NXPLOG_NCIHAL_LOGLEVEL=(0x3)
07-11 14:03:08.200 4749 4749 D NxpExtns: find found NXPLOG_EXTNS_LOGLEVEL=(0x3)
07-11 14:03:08.200 4749 4749 D NxpExtns: find found NXPLOG_TML_LOGLEVEL=(0x3)
07-11 14:03:08.200 4749 4749 D NxpExtns: find found NXPLOG_FWDNLD_LOGLEVEL=(0x3)
07-11 14:03:08.200 4749 4749 D NxpExtns: find found NXPLOG_NCIX_LOGLEVEL=(0x3)
07-11 14:03:08.200 4749 4749 D NxpExtns: find found NXPLOG_NCIR_LOGLEVEL=(0x3)
07-11 14:03:08.200 4749 4749 D NxpNfcHal: phNxpLog_InitializeLogLevel: global =1, Fwdnld =3, extns =3, hal =3, tml =3, ncir =3, ncix =3
07-11 14:03:08.201 4749 4749 D NxpHal : Entering phNxpNciHal_init_monitor
07-11 14:03:08.201 4749 4749 D NxpHal : Returning with SUCCESS
07-11 14:03:08.201 4749 4749 D NxpExtns: find found NXP_NFC_DEV_NODE=/dev/nq-nci
07-11 14:03:08.201 4749 4749 D NxpTml : Opening port=/dev/nq-nci
07-11 14:03:08.211 4749 4749 D NxpTml : phTmlNfc_i2c_reset(), VEN level 1
07-11 14:03:08.222 4749 24530 D NxpTml : PN54X - Tml Reader Thread Started................
07-11 14:03:08.222 4749 24531 D NxpTml : PN54X - Tml Writer Thread Started................
07-11 14:03:08.222 4749 24531 D NxpTml : PN54X - Tml Writer Thread Running................
07-11 14:03:08.222 4749 24530 D NxpTml : PN54X - Read requested.....
07-11 14:03:08.222 4749 24533 D NxpHal : thread started
07-11 14:03:08.222 4749 24530 D NxpTml : PN54X - Invoking I2C Read.....
07-11 14:03:08.222 4749 24531 D NxpTml : PN54X - Write requested.....
07-11 14:03:08.222 4749 24531 D NxpTml : PN54X - Invoking I2C Write.....
07-11 14:03:08.223 4749 24531 E NxpTml : _i2c_write() errno : 5
07-11 14:03:08.223 4749 24531 E NxpTml : PN54X - Error in I2C Write.....
07-11 14:03:08.223 4749 24531 D NxpTml : PN54X - Posting Fresh Write message.....
07-11 14:03:08.223 4749 24531 D NxpTml : PN54X - Tml Writer Thread Running................
07-11 14:03:08.223 4749 24533 E NxpHal : write error status = 0x1ff
07-11 14:03:08.223 4749 4749 E NxpHal : write_unlocked failed - PN54X Maybe in Standby Mode - Retry
07-11 14:03:08.233 4749 24531 D NxpTml : PN54X - Write requested.....
07-11 14:03:08.233 4749 24531 D NxpTml : PN54X - Invoking I2C Write.....
07-11 14:03:08.235 4749 24531 D NxpNciX : len = 4 > 20000100
07-11 14:03:08.235 4749 24531 D NxpTml : PN54X - I2C Write successful.....
07-11 14:03:08.235 4749 24531 D NxpTml : PN54X - Posting Fresh Write message.....
07-11 14:03:08.235 4749 24531 D NxpTml : PN54X - Tml Writer Thread Running................
07-11 14:03:08.235 4749 24533 D NxpHal : write successful status = 0x0
07-11 14:03:08.235 4749 4749 D NxpHal : Response timer started
07-11 14:03:08.235 4749 4749 D NxpHal : Waiting after ext cmd sent
07-11 14:03:08.236 4749 24530 D NxpTml : PN54X - I2C Read successful.....len = 4
07-11 14:03:08.236 4749 24530 D NxpNciR : len = 4 > 40000100
07-11 14:03:08.236 4749 24530 D NxpTml : PN54X - Posting read message.....
07-11 14:03:08.236 4749 24533 D NxpHal : read successful status = 0x0
07-11 14:03:08.236 4749 24533 D NxpHal : CORE_RESET_RSP NCI2.0
07-11 14:03:08.236 4749 24530 D NxpTml : PN54X - Read requested.....
07-11 14:03:08.236 4749 24530 D NxpTml : PN54X - Invoking I2C Read.....
07-11 14:03:08.236 4749 4749 D NxpHal : Response timer stopped
07-11 14:03:08.236 4749 4749 D NxpHal : Response timer started
07-11 14:03:08.236 4749 24530 D NxpTml : PN54X - I2C Read successful.....len = 13
07-11 14:03:08.236 4749 24530 D NxpNciR : len = 13 > 60000A020020040500A4011018
07-11 14:03:08.236 4749 24530 D NxpTml : PN54X - Posting read message.....
07-11 14:03:08.236 4749 24533 D NxpHal : read successful status = 0x0
07-11 14:03:08.236 4749 24533 D NxpHal : CORE_RESET_NTF NCI2.0 reason CORE_RESET_CMD received !
07-11 14:03:08.236 4749 24533 D NxpHal : processChipType Product : sn100t
07-11 14:03:08.236 4749 24533 D NxpHal : phNxpNciHal_configFeatureList ()chipType = 11
07-11 14:03:08.236 4749 24533 D NxpHal : phNxpNciHal_configFeatureList ()chipType = 11
07-11 14:03:08.236 4749 24533 D NxpHal : phNxpNciHal_configFeatureList ()FW = 16
07-11 14:03:08.236 4749 24533 D NxpHal : NxpNci> FW Version: 1.10.18
07-11 14:03:08.236 4749 4749 D NxpHal : Response timer stopped
07-11 14:03:08.236 4749 24530 D NxpTml : PN54X - Read requested.....
07-11 14:03:08.236 4749 4749 D NxpHal : Checking response
07-11 14:03:08.236 4749 24530 D NxpTml : PN54X - Invoking I2C Read.....
07-11 14:03:08.237 4749 24531 D NxpTml : PN54X - Write requested.....
07-11 14:03:08.237 4749 24531 D NxpTml : PN54X - Invoking I2C Write.....
07-11 14:03:08.238 4749 24531 D NxpNciX : len = 5 > 2001020000
07-11 14:03:08.238 4749 24531 D NxpTml : PN54X - I2C Write successful.....
07-11 14:03:08.238 4749 24531 D NxpTml : PN54X - Posting Fresh Write message.....
07-11 14:03:08.238 4749 24531 D NxpTml : PN54X - Tml Writer Thread Running................
07-11 14:03:08.238 4749 24533 D NxpHal : write successful status = 0x0
07-11 14:03:08.238 4749 4749 D NxpHal : Response timer started
07-11 14:03:08.238 4749 4749 D NxpHal : Waiting after ext cmd sent
07-11 14:03:08.238 4749 24530 D NxpTml : PN54X - I2C Read successful.....len = 33
07-11 14:03:08.238 4749 24530 D NxpNciR : len = 33 > 40011E001A3E0600010604FFFF01FF000800000100020003008000820083008400
07-11 14:03:08.238 4749 24530 D NxpTml : PN54X - Posting read message.....
07-11 14:03:08.238 4749 24533 D NxpHal : read successful status = 0x0
07-11 14:03:08.238 4749 24533 D NxpHal : CORE_INIT_RSP NCI2.0 received !
07-11 14:03:08.238 4749 4749 D NxpHal : Response timer stopped
07-11 14:03:08.238 4749 4749 D NxpHal : Checking response
07-11 14:03:08.238 4749 24530 D NxpTml : PN54X - Read requested.....
07-11 14:03:08.238 4749 4749 D NxpHal : phNxpNciHal_CheckFwRegFlashRequired() : enter
07-11 14:03:08.238 4749 24530 D NxpTml : PN54X - Invoking I2C Read.....
07-11 14:03:08.238 4749 4749 D NxpFwDnld: Allocating Mem for Dnld Context..
07-11 14:03:08.239 4749 4749 E NxpFwDnld: phDnldNfc_SetDlRspTimeout timeout value =9c4
07-11 14:03:08.239 4749 4749 D NxpExtns: find found NXP_FW_TYPE=(0x1)
07-11 14:03:08.239 4749 4749 D NxpFwDnld: firmware type from conf file: 1
07-11 14:03:08.239 4749 4749 E NxpFwDnld: free library SUCCESS !!
07-11 14:03:08.240 4749 4749 D NxpFwDnld: @@@/system/vendor/lib/libsn100u_fw.so
07-11 14:03:08.240 4749 4749 E NxpFwDnld: FW Image Length - ImageInfoLen 204518
07-11 14:03:08.240 4749 4749 E NxpFwDnld: FW Image Info Pointer - pImageInfo 0x7b235b8430
07-11 14:03:08.240 4749 4749 D NxpFwDnld: FW Major Version Num - 10
07-11 14:03:08.240 4749 4749 D NxpFwDnld: FW Minor Version Num - 18
07-11 14:03:08.240 4749 4749 D NxpFwDnld: FW Image Length - 204518
07-11 14:03:08.240 4749 4749 D NxpFwDnld: FW Image Info Pointer - 0x7b235b8430
07-11 14:03:08.240 4749 4749 D NxpHal : FW version of the libsn100u.so binary = 0x1018
07-11 14:03:08.240 4749 4749 D NxpHal : FW version found on the device = 0x11018
07-11 14:03:08.240 4749 4749 D NxpExtns: find found NXP_FLASH_CONFIG=(0x2)
07-11 14:03:08.240 4749 4749 D NxpHal : FW update not required
07-11 14:03:08.240 4749 4749 E NxpFwDnld: Freeing Mem for Dnld Context..
07-11 14:03:08.240 4749 4749 D NxpHal : phNxpNciHal_CheckFwRegFlashRequired() : exit - status = 0 wFwUpdateReq=0, wRfUpdateReq=55
07-11 14:03:08.240 4749 4749 D NxpFwDnld: Allocating Mem for Dnld Context..
07-11 14:03:08.240 4749 4749 E NxpFwDnld: phDnldNfc_SetDlRspTimeout timeout value =9c4
07-11 14:03:08.240 4749 4749 D NxpExtns: find found NXP_FW_TYPE=(0x1)
07-11 14:03:08.240 4749 4749 D NxpFwDnld: firmware type from conf file: 1
07-11 14:03:08.240 4749 4749 E NxpFwDnld: free library SUCCESS !!
07-11 14:03:08.241 4749 4749 D NxpFwDnld: @@@/system/vendor/lib/libsn100u_fw.so
07-11 14:03:08.241 4749 4749 E NxpFwDnld: FW Image Length - ImageInfoLen 204518
07-11 14:03:08.241 4749 4749 E NxpFwDnld: FW Image Info Pointer - pImageInfo 0x7b235ab430
07-11 14:03:08.241 4749 4749 D NxpFwDnld: FW Major Version Num - 10
07-11 14:03:08.241 4749 4749 D NxpFwDnld: FW Minor Version Num - 18
07-11 14:03:08.241 4749 4749 D NxpFwDnld: FW Image Length - 204518
07-11 14:03:08.241 4749 4749 D NxpFwDnld: FW Image Info Pointer - 0x7b235ab430
07-11 14:03:08.241 4749 4749 D NxpHal : FW version from device = 0x11018
07-11 14:03:08.241 4749 4749 D NxpHal : FW update not required
07-11 14:03:08.241 4749 4749 E NxpFwDnld: Freeing Mem for Dnld Context..
07-11 14:03:08.241 4749 4749 D NxpHal : phNxpNciHal_MinOpen(): exit
07-11 14:03:08.241 4749 4749 D android.hardware.nfc@1.2-impl: Nfc::open Exit
07-11 14:03:08.243 4749 24531 D NxpTml : PN54X - Write requested.....
07-11 14:03:08.243 4749 24531 D NxpTml : PN54X - Invoking I2C Write.....
07-11 14:03:08.244 4749 24531 D NxpNciX : len = 4 > 20000100
07-11 14:03:08.244 4749 24531 D NxpTml : PN54X - I2C Write successful.....
07-11 14:03:08.244 4749 24531 D NxpTml : PN54X - Posting Fresh Write message.....
07-11 14:03:08.245 4749 24531 D NxpTml : PN54X - Tml Writer Thread Running................
07-11 14:03:08.245 4749 24533 D NxpHal : write successful status = 0x0
07-11 14:03:08.245 4749 24530 D NxpTml : PN54X - I2C Read successful.....len = 4
07-11 14:03:08.245 4749 24530 D NxpNciR : len = 4 > 40000100
07-11 14:03:08.245 4749 24530 D NxpTml : PN54X - Posting read message.....
07-11 14:03:08.245 4749 24533 D NxpHal : read successful status = 0x0
07-11 14:03:08.245 4749 24533 D NxpHal : CORE_RESET_RSP NCI2.0
07-11 14:03:08.246 4749 24530 D NxpTml : PN54X - Read requested.....
07-11 14:03:08.246 4749 24530 D NxpTml : PN54X - Invoking I2C Read.....
07-11 14:03:08.246 4749 24530 D NxpTml : PN54X - I2C Read successful.....len = 13
07-11 14:03:08.246 4749 24530 D NxpNciR : len = 13 > 60000A020020040500A4011018
07-11 14:03:08.246 4749 24530 D NxpTml : PN54X - Posting read message.....
07-11 14:03:08.246 4749 24533 D NxpHal : read successful status = 0x0
07-11 14:03:08.246 4749 24533 D NxpHal : CORE_RESET_NTF NCI2.0 reason CORE_RESET_CMD received !
07-11 14:03:08.246 4749 24533 D NxpHal : NxpNci> FW Version: 1.10.18
07-11 14:03:08.247 4749 24530 D NxpTml : PN54X - Read requested.....
07-11 14:03:08.247 4749 24531 D NxpTml : PN54X - Write requested.....
07-11 14:03:08.247 4749 24531 D NxpTml : PN54X - Invoking I2C Write.....
07-11 14:03:08.247 4749 24530 D NxpTml : PN54X - Invoking I2C Read.....
07-11 14:03:08.248 4749 24531 D NxpNciX : len = 5 > 2001020000
07-11 14:03:08.248 4749 24531 D NxpTml : PN54X - I2C Write successful.....
07-11 14:03:08.248 4749 24531 D NxpTml : PN54X - Posting Fresh Write message.....
07-11 14:03:08.248 4749 24531 D NxpTml : PN54X - Tml Writer Thread Running................
07-11 14:03:08.248 4749 24533 D NxpHal : write successful status = 0x0
07-11 14:03:08.249 4749 24530 D NxpTml : PN54X - I2C Read successful.....len = 33
07-11 14:03:08.249 4749 24530 D NxpNciR : len = 33 > 40011E001A3E0600010604FFFF01FF000800000100020003008000820083008400
07-11 14:03:08.249 4749 24530 D NxpTml : PN54X - Posting read message.....
07-11 14:03:08.249 4749 24533 D NxpHal : read successful status = 0x0
07-11 14:03:08.249 4749 24533 D NxpHal : CORE_INIT_RSP NCI2.0 received !
07-11 14:03:08.249 4749 24531 D NxpTml : PN54X - Write requested.....
07-11 14:03:08.249 4749 24530 D NxpTml : PN54X - Read requested.....
07-11 14:03:08.249 4749 24531 D NxpTml : PN54X - Invoking I2C Write.....
07-11 14:03:08.250 4749 24530 D NxpTml : PN54X - Invoking I2C Read.....
07-11 14:03:08.252 4749 24531 D NxpNciX : len = 64 > 20023D070002F4010801001101006201302A0130611446666D010111020207FF03020003040164070103291446666D010111020207FF03020003040164070103
07-11 14:03:08.252 4749 24530 D NxpTml : PN54X - I2C Read successful.....len = 5
07-11 14:03:08.252 4749 24530 D NxpTml : Delay Read if write thread is busy
07-11 14:03:08.252 4749 24531 D NxpTml : PN54X - I2C Write successful.....
07-11 14:03:08.252 4749 24531 D NxpTml : PN54X - Posting Fresh Write message.....
07-11 14:03:08.252 4749 24531 D NxpTml : PN54X - Tml Writer Thread Running................
07-11 14:03:08.252 4749 24533 D NxpHal : write successful status = 0x0
07-11 14:03:08.254 4749 24530 D NxpNciR : len = 5 > 4002020000
07-11 14:03:08.254 4749 24530 D NxpTml : PN54X - Posting read message.....
07-11 14:03:08.254 4749 24533 D NxpHal : read successful status = 0x0
07-11 14:03:08.254 4749 24533 D NxpHal : phNxpNciHal_print_res_status: response status =STATUS_OK
07-11 14:03:08.255 4749 24530 D NxpTml : PN54X - Read requested.....
07-11 14:03:08.255 4749 24531 D NxpTml : PN54X - Write requested.....
07-11 14:03:08.255 4749 24530 D NxpTml : PN54X - Invoking I2C Read.....
07-11 14:03:08.255 4749 24531 D NxpTml : PN54X - Invoking I2C Write.....
07-11 14:03:08.257 4749 24531 D NxpNciX : len = 6 > 200303023250
07-11 14:03:08.257 4749 24531 D NxpTml : PN54X - I2C Write successful.....
07-11 14:03:08.257 4749 24531 D NxpTml : PN54X - Posting Fresh Write message.....
07-11 14:03:08.257 4749 24531 D NxpTml : PN54X - Tml Writer Thread Running................
07-11 14:03:08.257 4749 24533 D NxpHal : write successful status = 0x0
07-11 14:03:08.257 4749 24530 D NxpTml : PN54X - I2C Read successful.....len = 11
07-11 14:03:08.257 4749 24530 D NxpNciR : len = 11 > 4003080002320100500100
07-11 14:03:08.257 4749 24530 D NxpTml : PN54X - Posting read message.....
07-11 14:03:08.257 4749 24533 D NxpHal : read successful status = 0x0
07-11 14:03:08.257 4749 24533 D NxpHal : phNxpNciHal_print_res_status: response status =STATUS_OK
07-11 14:03:08.258 4749 24530 D NxpTml : PN54X - Read requested.....
07-11 14:03:08.258 4749 24531 D NxpTml : PN54X - Write requested.....
07-11 14:03:08.258 4749 24530 D NxpTml : PN54X - Invoking I2C Read.....
07-11 14:03:08.258 4749 24531 D NxpTml : PN54X - Invoking I2C Write.....
07-11 14:03:08.259 4749 24531 D NxpNciX : len = 10 > 21010700010003000100
07-11 14:03:08.259 4749 24531 D NxpTml : PN54X - I2C Write successful.....
07-11 14:03:08.259 4749 24531 D NxpTml : PN54X - Posting Fresh Write message.....
07-11 14:03:08.259 4749 24530 D NxpTml : PN54X - I2C Read successful.....len = 4
07-11 14:03:08.259 4749 24531 D NxpTml : PN54X - Tml Writer Thread Running................
07-11 14:03:08.259 4749 24530 D NxpTml : Delay Read if write thread is busy
07-11 14:03:08.259 4749 24533 D NxpHal : write successful status = 0x0
07-11 14:03:08.261 4749 24530 D NxpNciR : len = 4 > 41010100
07-11 14:03:08.261 4749 24530 D NxpTml : PN54X - Posting read message.....
07-11 14:03:08.263 4749 24533 D NxpHal : read successful status = 0x0
07-11 14:03:08.263 4749 4749 D NxpExtns: find found MIFARE_READER_ENABLE=(0x1)
07-11 14:03:08.263 4749 4749 D NxpHal : Going through extns - Adding Mifare in RF Discovery
07-11 14:03:08.263 4749 4749 D NxpHal : Going through extns - Adding Mifare in RF Discovery - END
07-11 14:03:08.263 4749 24530 D NxpTml : PN54X - Read requested.....
07-11 14:03:08.263 4749 24530 D NxpTml : PN54X - Invoking I2C Read.....
07-11 14:03:08.263 4749 24531 D NxpTml : PN54X - Write requested.....
07-11 14:03:08.263 4749 24531 D NxpTml : PN54X - Invoking I2C Write.....
07-11 14:03:08.265 4749 24531 D NxpNciX : len = 19 > 21001005010101020101040102030101800180
07-11 14:03:08.265 4749 24531 D NxpTml : PN54X - I2C Write successful.....
07-11 14:03:08.265 4749 24531 D NxpTml : PN54X - Posting Fresh Write message.....
07-11 14:03:08.265 4749 24531 D NxpTml : PN54X - Tml Writer Thread Running................
07-11 14:03:08.266 4749 24533 D NxpHal : write successful status = 0x0
07-11 14:03:08.266 4749 24530 D NxpTml : PN54X - I2C Read successful.....len = 4
07-11 14:03:08.266 4749 24530 D NxpNciR : len = 4 > 41000100
07-11 14:03:08.266 4749 24530 D NxpTml : PN54X - Posting read message.....
07-11 14:03:08.266 4749 24533 D NxpHal : read successful status = 0x0
07-11 14:03:08.266 4749 4749 D NxpHal : > Polling Loop Started
07-11 14:03:08.266 4749 24530 D NxpTml : PN54X - Read requested.....
07-11 14:03:08.266 4749 24530 D NxpTml : PN54X - Invoking I2C Read.....
07-11 14:03:08.266 4749 24531 D NxpTml : PN54X - Write requested.....
07-11 14:03:08.267 4749 24531 D NxpTml : PN54X - Invoking I2C Write.....
07-11 14:03:08.268 4749 24531 D NxpNciX : len = 14 > 21030B0503010001010105010201
07-11 14:03:08.268 4749 24531 D NxpTml : PN54X - I2C Write successful.....
07-11 14:03:08.268 4749 24531 D NxpTml : PN54X - Posting Fresh Write message.....
07-11 14:03:08.268 4749 24531 D NxpTml : PN54X - Tml Writer Thread Running................
07-11 14:03:08.268 4749 24533 D NxpHal : write successful status = 0x0
07-11 14:03:08.268 4749 24530 D NxpTml : PN54X - I2C Read successful.....len = 4
07-11 14:03:08.268 4749 24530 D NxpNciR : len = 4 > 41030101
07-11 14:03:08.268 4749 24530 D NxpTml : PN54X - Posting read message.....
07-11 14:03:08.269 4749 24533 D NxpHal : read successful status = 0x0
07-11 14:03:08.269 4749 24530 D NxpTml : PN54X - Read requested.....
07-11 14:03:08.269 4749 24530 D NxpTml : PN54X - Invoking I2C Read.....
07-11 14:03:08.660 6722 6810 E SDM : HWCSession::ForceMaxFrameRate: ForceMaxFrameRate failed: max_frame_rate is 0!
07-11 14:03:09.470 6722 6810 E SDM : HWCSession::ForceMaxFrameRate: ForceMaxFrameRate failed: max_frame_rate is 0!
07-11 14:03:09.947 5020 8522 I LOWI-8.6.0.59: [LOWI-Scan] lowi_close_record:Scan done in 1940906ms, 8 APs in scan results
07-11 14:03:09.952 5020 5050 I LOWI-8.6.0.59: [LOWIUtils] responseToOutPostcard - TO: FreeWifiScanObserver, FROM: LOWI-SERVER, RESP: LOWI_ASYNC_DISCOVERY_SCAN_RESULTS
07-11 14:03:09.961 4734 4921 I LocSvc_api_v02: ---> locClientSendReq line 2325 QMI_LOC_INJECT_WIFI_AP_DATA_REQ_V02
07-11 14:03:09.963 4734 6818 I LocSvc_ApiV02: <--- globalRespCb line 196 QMI_LOC_INJECT_WIFI_AP_DATA_REQ_V02
07-11 14:03:11.135 6722 6810 E SDM : HWCSession::ForceMaxFrameRate: ForceMaxFrameRate failed: max_frame_rate is 0!