07-11 14:02:57.132 5059 5326 E ThermalEngine: read error 0. buf:[libudev þíÊþ( ( Æ Nªeò ACTION=change DEVPATH=/devices/virtual/thermal/thermal_zone77 SUBSYSTEM=thermal NAME=conn_therm TEMP=33944 TRIP=0 EVENT=0 SEQNUM=27653 USEC_INITIALIZED=14442864 androidboot.bootdevice=1d84000.ufshc ]
07-11 14:02:57.133 5059 5326 E ThermalEngine: read error 0. buf:[libudev þíÊþ( ( Ç Nªeò ACTION=change DEVPATH=/devices/virtual/thermal/thermal_zone76 SUBSYSTEM=thermal NAME=quiet_therm TEMP=33578 TRIP=0 EVENT=0 SEQNUM=27652 USEC_INITIALIZED=14444500 androidboot.bootdevice=1d84000.ufshc ]
07-11 14:02:57.137 5059 5326 E ThermalEngine: read error 0. buf:[libudev þíÊþ( ( Î Nªeò ACTION=change DEVPATH=/devices/virtual/thermal/thermal_zone78 SUBSYSTEM=thermal NAME=camera-ftherm-adc TEMP=-40000 TRIP=0 EVENT=0 SEQNUM=27654 USEC_INITIALIZED=14442885 androidboot.bootdevice=1d84000.ufshc ]
07-11 14:02:57.137 5059 5326 E ThermalEngine: read error 0. buf:[libudev þíÊþ( ( Ê Nªeò ACTION=change DEVPATH=/devices/virtual/thermal/thermal_zone79 SUBSYSTEM=thermal NAME=nvm-therm-adc TEMP=-40000 TRIP=0 EVENT=0 SEQNUM=27655 USEC_INITIALIZED=14444861 androidboot.bootdevice=1d84000.ufshc ]
07-11 14:02:57.140 5059 5326 E ThermalEngine: read error 0. buf:[libudev þíÊþ( ( Ä Nªeò ACTION=change DEVPATH=/devices/virtual/thermal/thermal_zone73 SUBSYSTEM=thermal NAME=xo_therm TEMP=35094 TRIP=0 EVENT=0 SEQNUM=27656 USEC_INITIALIZED=14439604 androidboot.bootdevice=1d84000.ufshc ]
07-11 14:02:57.140 5059 5326 E ThermalEngine: read error 0. buf:[libudev þíÊþ( ( Ç Nªeò ACTION=change DEVPATH=/devices/virtual/thermal/thermal_zone76 SUBSYSTEM=thermal NAME=quiet_therm TEMP=33581 TRIP=0 EVENT=0 SEQNUM=27659 USEC_INITIALIZED=14444500 androidboot.bootdevice=1d84000.ufshc ]
07-11 14:02:57.142 5059 5326 E ThermalEngine: read error 0. buf:[libudev þíÊþ( ( Æ Nªeò ACTION=change DEVPATH=/devices/virtual/thermal/thermal_zone77 SUBSYSTEM=thermal NAME=conn_therm TEMP=33953 TRIP=0 EVENT=0 SEQNUM=27660 USEC_INITIALIZED=14442864 androidboot.bootdevice=1d84000.ufshc ]
07-11 14:02:57.144 5059 5326 E ThermalEngine: read error 0. buf:[libudev þíÊþ( ( Å Nªeò ACTION=change DEVPATH=/devices/virtual/thermal/thermal_zone74 SUBSYSTEM=thermal NAME=pa_therm1 TEMP=34640 TRIP=0 EVENT=0 SEQNUM=27657 USEC_INITIALIZED=14441873 androidboot.bootdevice=1d84000.ufshc ]
07-11 14:02:57.144 5059 5326 E ThermalEngine: read error 0. buf:[libudev þíÊþ( ( Î Nªeò ACTION=change DEVPATH=/devices/virtual/thermal/thermal_zone78 SUBSYSTEM=thermal NAME=camera-ftherm-adc TEMP=-40000 TRIP=0 EVENT=0 SEQNUM=27661 USEC_INITIALIZED=14442885 androidboot.bootdevice=1d84000.ufshc ]
07-11 14:02:57.145 5059 5326 E ThermalEngine: read error 0. buf:[libudev þíÊþ( ( Ê Nªeò ACTION=change DEVPATH=/devices/virtual/thermal/thermal_zone79 SUBSYSTEM=thermal NAME=nvm-therm-adc TEMP=-40000 TRIP=0 EVENT=0 SEQNUM=27662 USEC_INITIALIZED=14444861 androidboot.bootdevice=1d84000.ufshc ]
07-11 14:02:57.145 5059 5326 E ThermalEngine: read error 0. buf:[libudev þíÊþ( ( Ë Nªeò ACTION=change DEVPATH=/devices/virtual/thermal/thermal_zone75 SUBSYSTEM=thermal NAME=emmc_ufs_therm TEMP=-40000 TRIP=0 EVENT=0 SEQNUM=27658 USEC_INITIALIZED=14442019 androidboot.bootdevice=1d84000.ufshc ]
07-11 14:02:57.300 6722 6810 E SDM : HWCSession::ForceMaxFrameRate: ForceMaxFrameRate failed: max_frame_rate is 0!
07-11 14:02:57.329 5059 5326 E ThermalEngine: read error 0. buf:[libudev þíÊþ( ( Ä Nªeò ACTION=change DEVPATH=/devices/virtual/thermal/thermal_zone73 SUBSYSTEM=thermal NAME=xo_therm TEMP=35108 TRIP=0 EVENT=0 SEQNUM=27665 USEC_INITIALIZED=14439604 androidboot.bootdevice=1d84000.ufshc ]
07-11 14:02:57.336 5059 5326 E ThermalEngine: read error 0. buf:[libudev þíÊþ( ( Ç Nªeò ACTION=change DEVPATH=/devices/virtual/thermal/thermal_zone76 SUBSYSTEM=thermal NAME=quiet_therm TEMP=33578 TRIP=0 EVENT=0 SEQNUM=27668 USEC_INITIALIZED=14444500 androidboot.bootdevice=1d84000.ufshc ]
07-11 14:02:57.338 5059 5326 E ThermalEngine: read error 0. buf:[libudev þíÊþ( ( Ë Nªeò ACTION=change DEVPATH=/devices/virtual/thermal/thermal_zone75 SUBSYSTEM=thermal NAME=emmc_ufs_therm TEMP=-40000 TRIP=0 EVENT=0 SEQNUM=27667 USEC_INITIALIZED=14442019 androidboot.bootdevice=1d84000.ufshc ]
07-11 14:02:57.343 5059 5326 E ThermalEngine: read error 0. buf:[libudev þíÊþ( ( Å Nªeò ACTION=change DEVPATH=/devices/virtual/thermal/thermal_zone74 SUBSYSTEM=thermal NAME=pa_therm1 TEMP=34637 TRIP=0 EVENT=0 SEQNUM=27666 USEC_INITIALIZED=14441873 androidboot.bootdevice=1d84000.ufshc ]
07-11 14:02:57.344 5059 5326 E ThermalEngine: read error 0. buf:[libudev þíÊþ( ( Î Nªeò ACTION=change DEVPATH=/devices/virtual/thermal/thermal_zone78 SUBSYSTEM=thermal NAME=camera-ftherm-adc TEMP=-40000 TRIP=0 EVENT=0 SEQNUM=27670 USEC_INITIALIZED=14442885 androidboot.bootdevice=1d84000.ufshc ]
07-11 14:02:57.350 5059 5326 E ThermalEngine: read error 0. buf:[libudev þíÊþ( ( Æ Nªeò ACTION=change DEVPATH=/devices/virtual/thermal/thermal_zone77 SUBSYSTEM=thermal NAME=conn_therm TEMP=33941 TRIP=0 EVENT=0 SEQNUM=27669 USEC_INITIALIZED=14442864 androidboot.bootdevice=1d84000.ufshc ]
07-11 14:02:57.358 5059 5326 E ThermalEngine: read error 0. buf:[libudev þíÊþ( ( Ê Nªeò ACTION=change DEVPATH=/devices/virtual/thermal/thermal_zone79 SUBSYSTEM=thermal NAME=nvm-therm-adc TEMP=-40000 TRIP=0 EVENT=0 SEQNUM=27671 USEC_INITIALIZED=14444861 androidboot.bootdevice=1d84000.ufshc ]
07-11 14:02:57.457 5059 5326 E ThermalEngine: read error 0. buf:[libudev þíÊþ( ( Ä Nªeò ACTION=change DEVPATH=/devices/virtual/thermal/thermal_zone73 SUBSYSTEM=thermal NAME=xo_therm TEMP=35132 TRIP=0 EVENT=0 SEQNUM=27674 USEC_INITIALIZED=14439604 androidboot.bootdevice=1d84000.ufshc ]
07-11 14:02:57.462 5059 5326 E ThermalEngine: read error 0. buf:[libudev þíÊþ( ( Å Nªeò ACTION=change DEVPATH=/devices/virtual/thermal/thermal_zone74 SUBSYSTEM=thermal NAME=pa_therm1 TEMP=34637 TRIP=0 EVENT=0 SEQNUM=27675 USEC_INITIALIZED=14441873 androidboot.bootdevice=1d84000.ufshc ]
07-11 14:02:57.465 5059 5326 E ThermalEngine: read error 0. buf:[libudev þíÊþ( ( Æ Nªeò ACTION=change DEVPATH=/devices/virtual/thermal/thermal_zone77 SUBSYSTEM=thermal NAME=conn_therm TEMP=33953 TRIP=0 EVENT=0 SEQNUM=27678 USEC_INITIALIZED=14442864 androidboot.bootdevice=1d84000.ufshc ]
07-11 14:02:57.466 5059 5326 E ThermalEngine: read error 0. buf:[libudev þíÊþ( ( Ç Nªeò ACTION=change DEVPATH=/devices/virtual/thermal/thermal_zone76 SUBSYSTEM=thermal NAME=quiet_therm TEMP=33572 TRIP=0 EVENT=0 SEQNUM=27677 USEC_INITIALIZED=14444500 androidboot.bootdevice=1d84000.ufshc ]
07-11 14:02:57.469 5059 5326 E ThermalEngine: read error 0. buf:[libudev þíÊþ( ( Ë Nªeò ACTION=change DEVPATH=/devices/virtual/thermal/thermal_zone75 SUBSYSTEM=thermal NAME=emmc_ufs_therm TEMP=-40000 TRIP=0 EVENT=0 SEQNUM=27676 USEC_INITIALIZED=14442019 androidboot.bootdevice=1d84000.ufshc ]
07-11 14:02:57.470 5059 5326 E ThermalEngine: read error 0. buf:[libudev þíÊþ( ( Î Nªeò ACTION=change DEVPATH=/devices/virtual/thermal/thermal_zone78 SUBSYSTEM=thermal NAME=camera-ftherm-adc TEMP=-40000 TRIP=0 EVENT=0 SEQNUM=27679 USEC_INITIALIZED=14442885 androidboot.bootdevice=1d84000.ufshc ]
07-11 14:02:57.504 5059 5326 E ThermalEngine: read error 0. buf:[libudev þíÊþ( ( Ê Nªeò ACTION=change DEVPATH=/devices/virtual/thermal/thermal_zone79 SUBSYSTEM=thermal NAME=nvm-therm-adc TEMP=-40000 TRIP=0 EVENT=0 SEQNUM=27680 USEC_INITIALIZED=14444861 androidboot.bootdevice=1d84000.ufshc ]
07-11 14:02:57.516 5059 5326 E ThermalEngine: read error 0. buf:[libudev þíÊþ( ( Ä Nªeò ACTION=change DEVPATH=/devices/virtual/thermal/thermal_zone73 SUBSYSTEM=thermal NAME=xo_therm TEMP=35121 TRIP=0 EVENT=0 SEQNUM=27681 USEC_INITIALIZED=14439604 androidboot.bootdevice=1d84000.ufshc ]
07-11 14:02:57.529 5059 5326 E ThermalEngine: read error 0. buf:[libudev þíÊþ( ( Ë Nªeò ACTION=change DEVPATH=/devices/virtual/thermal/thermal_zone75 SUBSYSTEM=thermal NAME=emmc_ufs_therm TEMP=-40000 TRIP=0 EVENT=0 SEQNUM=27683 USEC_INITIALIZED=14442019 androidboot.bootdevice=1d84000.ufshc ]
07-11 14:02:57.531 5059 5326 E ThermalEngine: read error 0. buf:[libudev þíÊþ( ( Å Nªeò ACTION=change DEVPATH=/devices/virtual/thermal/thermal_zone74 SUBSYSTEM=thermal NAME=pa_therm1 TEMP=34634 TRIP=0 EVENT=0 SEQNUM=27682 USEC_INITIALIZED=14441873 androidboot.bootdevice=1d84000.ufshc ]
07-11 14:02:57.537 5059 5326 E ThermalEngine: read error 0. buf:[libudev þíÊþ( ( Ç Nªeò ACTION=change DEVPATH=/devices/virtual/thermal/thermal_zone76 SUBSYSTEM=thermal NAME=quiet_therm TEMP=33569 TRIP=0 EVENT=0 SEQNUM=27684 USEC_INITIALIZED=14444500 androidboot.bootdevice=1d84000.ufshc ]
07-11 14:02:57.537 5059 5326 E ThermalEngine: read error 0. buf:[libudev þíÊþ( ( Î Nªeò ACTION=change DEVPATH=/devices/virtual/thermal/thermal_zone78 SUBSYSTEM=thermal NAME=camera-ftherm-adc TEMP=-40000 TRIP=0 EVENT=0 SEQNUM=27686 USEC_INITIALIZED=14442885 androidboot.bootdevice=1d84000.ufshc ]
07-11 14:02:57.539 5059 5326 E ThermalEngine: read error 0. buf:[libudev þíÊþ( ( Æ Nªeò ACTION=change DEVPATH=/devices/virtual/thermal/thermal_zone77 SUBSYSTEM=thermal NAME=conn_therm TEMP=33950 TRIP=0 EVENT=0 SEQNUM=27685 USEC_INITIALIZED=14442864 androidboot.bootdevice=1d84000.ufshc ]
07-11 14:02:57.541 5059 5326 E ThermalEngine: read error 0. buf:[libudev þíÊþ( ( Ê Nªeò ACTION=change DEVPATH=/devices/virtual/thermal/thermal_zone79 SUBSYSTEM=thermal NAME=nvm-therm-adc TEMP=-40000 TRIP=0 EVENT=0 SEQNUM=27687 USEC_INITIALIZED=14444861 androidboot.bootdevice=1d84000.ufshc ]
07-11 14:02:58.162 6722 6810 E SDM : HWCSession::ForceMaxFrameRate: ForceMaxFrameRate failed: max_frame_rate is 0!
07-11 14:02:58.224 5059 5326 E ThermalEngine: read error 0. buf:[libudev þíÊþ( ( Æ Nªeò ACTION=change DEVPATH=/devices/virtual/thermal/thermal_zone77 SUBSYSTEM=thermal NAME=conn_therm TEMP=33950 TRIP=0 EVENT=0 SEQNUM=27700 USEC_INITIALIZED=14442864 androidboot.bootdevice=1d84000.ufshc ]
07-11 14:02:58.228 5059 5326 E ThermalEngine: read error 0. buf:[libudev þíÊþ( ( Å Nªeò ACTION=change DEVPATH=/devices/virtual/thermal/thermal_zone74 SUBSYSTEM=thermal NAME=pa_therm1 TEMP=34656 TRIP=0 EVENT=0 SEQNUM=27696 USEC_INITIALIZED=14441873 androidboot.bootdevice=1d84000.ufshc ]
07-11 14:02:58.229 5059 5326 E ThermalEngine: read error 0. buf:[libudev þíÊþ( ( Ç Nªeò ACTION=change DEVPATH=/devices/virtual/thermal/thermal_zone76 SUBSYSTEM=thermal NAME=quiet_therm TEMP=33575 TRIP=0 EVENT=0 SEQNUM=27698 USEC_INITIALIZED=14444500 androidboot.bootdevice=1d84000.ufshc ]
07-11 14:02:58.230 5059 5326 E ThermalEngine: read error 0. buf:[libudev þíÊþ( ( Î Nªeò ACTION=change DEVPATH=/devices/virtual/thermal/thermal_zone78 SUBSYSTEM=thermal NAME=camera-ftherm-adc TEMP=-40000 TRIP=0 EVENT=0 SEQNUM=27701 USEC_INITIALIZED=14442885 androidboot.bootdevice=1d84000.ufshc ]
07-11 14:02:58.231 5059 5326 E ThermalEngine: read error 0. buf:[libudev þíÊþ( ( Ä Nªeò ACTION=change DEVPATH=/devices/virtual/thermal/thermal_zone73 SUBSYSTEM=thermal NAME=xo_therm TEMP=35192 TRIP=0 EVENT=0 SEQNUM=27695 USEC_INITIALIZED=14439604 androidboot.bootdevice=1d84000.ufshc ]
07-11 14:02:58.231 5059 5326 E ThermalEngine: read error 0. buf:[libudev þíÊþ( ( Ê Nªeò ACTION=change DEVPATH=/devices/virtual/thermal/thermal_zone79 SUBSYSTEM=thermal NAME=nvm-therm-adc TEMP=-40000 TRIP=0 EVENT=0 SEQNUM=27702 USEC_INITIALIZED=14444861 androidboot.bootdevice=1d84000.ufshc ]
07-11 14:02:58.240 5059 5326 E ThermalEngine: read error 0. buf:[libudev þíÊþ( ( Ë Nªeò ACTION=change DEVPATH=/devices/virtual/thermal/thermal_zone75 SUBSYSTEM=thermal NAME=emmc_ufs_therm TEMP=-40000 TRIP=0 EVENT=0 SEQNUM=27697 USEC_INITIALIZED=14442019 androidboot.bootdevice=1d84000.ufshc ]
07-11 14:02:58.297 5059 5326 E ThermalEngine: read error 0. buf:[libudev þíÊþ( ( Ä Nªeò ACTION=change DEVPATH=/devices/virtual/thermal/thermal_zone73 SUBSYSTEM=thermal NAME=xo_therm TEMP=35192 TRIP=0 EVENT=0 SEQNUM=27704 USEC_INITIALIZED=14439604 androidboot.bootdevice=1d84000.ufshc ]
07-11 14:02:58.299 5059 5326 E ThermalEngine: read error 0. buf:[libudev þíÊþ( ( Ç Nªeò ACTION=change DEVPATH=/devices/virtual/thermal/thermal_zone76 SUBSYSTEM=thermal NAME=quiet_therm TEMP=33575 TRIP=0 EVENT=0 SEQNUM=27707 USEC_INITIALIZED=14444500 androidboot.bootdevice=1d84000.ufshc ]
07-11 14:02:58.302 5059 5326 E ThermalEngine: read error 0. buf:[libudev þíÊþ( ( Ë Nªeò ACTION=change DEVPATH=/devices/virtual/thermal/thermal_zone75 SUBSYSTEM=thermal NAME=emmc_ufs_therm TEMP=-40000 TRIP=0 EVENT=0 SEQNUM=27706 USEC_INITIALIZED=14442019 androidboot.bootdevice=1d84000.ufshc ]
07-11 14:02:58.303 5059 5326 E ThermalEngine: read error 0. buf:[libudev þíÊþ( ( Å Nªeò ACTION=change DEVPATH=/devices/virtual/thermal/thermal_zone74 SUBSYSTEM=thermal NAME=pa_therm1 TEMP=34650 TRIP=0 EVENT=0 SEQNUM=27705 USEC_INITIALIZED=14441873 androidboot.bootdevice=1d84000.ufshc ]
07-11 14:02:58.303 5059 5326 E ThermalEngine: read error 0. buf:[libudev þíÊþ( ( Æ Nªeò ACTION=change DEVPATH=/devices/virtual/thermal/thermal_zone77 SUBSYSTEM=thermal NAME=conn_therm TEMP=33950 TRIP=0 EVENT=0 SEQNUM=27708 USEC_INITIALIZED=14442864 androidboot.bootdevice=1d84000.ufshc ]
07-11 14:02:58.305 5059 5326 E ThermalEngine: read error 0. buf:[libudev þíÊþ( ( Ê Nªeò ACTION=change DEVPATH=/devices/virtual/thermal/thermal_zone79 SUBSYSTEM=thermal NAME=nvm-therm-adc TEMP=-40000 TRIP=0 EVENT=0 SEQNUM=27710 USEC_INITIALIZED=14444861 androidboot.bootdevice=1d84000.ufshc ]
07-11 14:02:58.305 5059 5326 E ThermalEngine: read error 0. buf:[libudev þíÊþ( ( Î Nªeò ACTION=change DEVPATH=/devices/virtual/thermal/thermal_zone78 SUBSYSTEM=thermal NAME=camera-ftherm-adc TEMP=-40000 TRIP=0 EVENT=0 SEQNUM=27709 USEC_INITIALIZED=14442885 androidboot.bootdevice=1d84000.ufshc ]
07-11 14:02:58.358 5059 5326 E ThermalEngine: read error 0. buf:[libudev þíÊþ( ( Ä Nªeò ACTION=change DEVPATH=/devices/virtual/thermal/thermal_zone73 SUBSYSTEM=thermal NAME=xo_therm TEMP=35216 TRIP=0 EVENT=0 SEQNUM=27711 USEC_INITIALIZED=14439604 androidboot.bootdevice=1d84000.ufshc ]
07-11 14:02:58.367 5059 5326 E ThermalEngine: read error 0. buf:[libudev þíÊþ( ( Æ Nªeò ACTION=change DEVPATH=/devices/virtual/thermal/thermal_zone77 SUBSYSTEM=thermal NAME=conn_therm TEMP=33960 TRIP=0 EVENT=0 SEQNUM=27715 USEC_INITIALIZED=14442864 androidboot.bootdevice=1d84000.ufshc ]
07-11 14:02:58.368 5059 5326 E ThermalEngine: read error 0. buf:[libudev þíÊþ( ( Å Nªeò ACTION=change DEVPATH=/devices/virtual/thermal/thermal_zone74 SUBSYSTEM=thermal NAME=pa_therm1 TEMP=34679 TRIP=0 EVENT=0 SEQNUM=27712 USEC_INITIALIZED=14441873 androidboot.bootdevice=1d84000.ufshc ]
07-11 14:02:58.368 5059 5326 E ThermalEngine: read error 0. buf:[libudev þíÊþ( ( Ë Nªeò ACTION=change DEVPATH=/devices/virtual/thermal/thermal_zone75 SUBSYSTEM=thermal NAME=emmc_ufs_therm TEMP=-40000 TRIP=0 EVENT=0 SEQNUM=27713 USEC_INITIALIZED=14442019 androidboot.bootdevice=1d84000.ufshc ]
07-11 14:02:58.368 5059 5326 E ThermalEngine: read error 0. buf:[libudev þíÊþ( ( Ê Nªeò ACTION=change DEVPATH=/devices/virtual/thermal/thermal_zone79 SUBSYSTEM=thermal NAME=nvm-therm-adc TEMP=-40000 TRIP=0 EVENT=0 SEQNUM=27717 USEC_INITIALIZED=14444861 androidboot.bootdevice=1d84000.ufshc ]
07-11 14:02:58.369 5059 5326 E ThermalEngine: read error 0. buf:[libudev þíÊþ( ( Ç Nªeò ACTION=change DEVPATH=/devices/virtual/thermal/thermal_zone76 SUBSYSTEM=thermal NAME=quiet_therm TEMP=33594 TRIP=0 EVENT=0 SEQNUM=27714 USEC_INITIALIZED=14444500 androidboot.bootdevice=1d84000.ufshc ]
07-11 14:02:58.370 5059 5326 E ThermalEngine: read error 0. buf:[libudev þíÊþ( ( Î Nªeò ACTION=change DEVPATH=/devices/virtual/thermal/thermal_zone78 SUBSYSTEM=thermal NAME=camera-ftherm-adc TEMP=-40000 TRIP=0 EVENT=0 SEQNUM=27716 USEC_INITIALIZED=14442885 androidboot.bootdevice=1d84000.ufshc ]
07-11 14:02:58.489 5059 5326 E ThermalEngine: read error 0. buf:[libudev þíÊþ( ( Ä Nªeò ACTION=change DEVPATH=/devices/virtual/thermal/thermal_zone73 SUBSYSTEM=thermal NAME=xo_therm TEMP=35226 TRIP=0 EVENT=0 SEQNUM=27718 USEC_INITIALIZED=14439604 androidboot.bootdevice=1d84000.ufshc ]
07-11 14:02:58.497 5059 5326 E ThermalEngine: read error 0. buf:[libudev þíÊþ( ( Ë Nªeò ACTION=change DEVPATH=/devices/virtual/thermal/thermal_zone75 SUBSYSTEM=thermal NAME=emmc_ufs_therm TEMP=-40000 TRIP=0 EVENT=0 SEQNUM=27720 USEC_INITIALIZED=14442019 androidboot.bootdevice=1d84000.ufshc ]
07-11 14:02:58.501 5059 5326 E ThermalEngine: read error 0. buf:[libudev þíÊþ( ( Å Nªeò ACTION=change DEVPATH=/devices/virtual/thermal/thermal_zone74 SUBSYSTEM=thermal NAME=pa_therm1 TEMP=34685 TRIP=0 EVENT=0 SEQNUM=27719 USEC_INITIALIZED=14441873 androidboot.bootdevice=1d84000.ufshc ]
07-11 14:02:58.502 5059 5326 E ThermalEngine: read error 0. buf:[libudev þíÊþ( ( Ê Nªeò ACTION=change DEVPATH=/devices/virtual/thermal/thermal_zone79 SUBSYSTEM=thermal NAME=nvm-therm-adc TEMP=-40000 TRIP=0 EVENT=0 SEQNUM=27724 USEC_INITIALIZED=14444861 androidboot.bootdevice=1d84000.ufshc ]
07-11 14:02:58.502 5059 5326 E ThermalEngine: read error 0. buf:[libudev þíÊþ( ( Ç Nªeò ACTION=change DEVPATH=/devices/virtual/thermal/thermal_zone76 SUBSYSTEM=thermal NAME=quiet_therm TEMP=33591 TRIP=0 EVENT=0 SEQNUM=27721 USEC_INITIALIZED=14444500 androidboot.bootdevice=1d84000.ufshc ]
07-11 14:02:58.503 5059 5326 E ThermalEngine: read error 0. buf:[libudev þíÊþ( ( Î Nªeò ACTION=change DEVPATH=/devices/virtual/thermal/thermal_zone78 SUBSYSTEM=thermal NAME=camera-ftherm-adc TEMP=-40000 TRIP=0 EVENT=0 SEQNUM=27723 USEC_INITIALIZED=14442885 androidboot.bootdevice=1d84000.ufshc ]
07-11 14:02:58.506 5059 5326 E ThermalEngine: read error 0. buf:[libudev þíÊþ( ( Æ Nªeò ACTION=change DEVPATH=/devices/virtual/thermal/thermal_zone77 SUBSYSTEM=thermal NAME=conn_therm TEMP=33944 TRIP=0 EVENT=0 SEQNUM=27722 USEC_INITIALIZED=14442864 androidboot.bootdevice=1d84000.ufshc ]
07-11 14:02:58.614 5059 5326 E ThermalEngine: read error 0. buf:[libudev þíÊþ( ( Ä Nªeò ACTION=change DEVPATH=/devices/virtual/thermal/thermal_zone73 SUBSYSTEM=thermal NAME=xo_therm TEMP=35226 TRIP=0 EVENT=0 SEQNUM=27725 USEC_INITIALIZED=14439604 androidboot.bootdevice=1d84000.ufshc ]
07-11 14:02:58.622 5059 5326 E ThermalEngine: read error 0. buf:[libudev þíÊþ( ( Ë Nªeò ACTION=change DEVPATH=/devices/virtual/thermal/thermal_zone75 SUBSYSTEM=thermal NAME=emmc_ufs_therm TEMP=-40000 TRIP=0 EVENT=0 SEQNUM=27727 USEC_INITIALIZED=14442019 androidboot.bootdevice=1d84000.ufshc ]
07-11 14:02:58.626 5059 5326 E ThermalEngine: read error 0. buf:[libudev þíÊþ( ( Ç Nªeò ACTION=change DEVPATH=/devices/virtual/thermal/thermal_zone76 SUBSYSTEM=thermal NAME=quiet_therm TEMP=33578 TRIP=0 EVENT=0 SEQNUM=27728 USEC_INITIALIZED=14444500 androidboot.bootdevice=1d84000.ufshc ]
07-11 14:02:58.627 5059 5326 E ThermalEngine: read error 0. buf:[libudev þíÊþ( ( Ê Nªeò ACTION=change DEVPATH=/devices/virtual/thermal/thermal_zone79 SUBSYSTEM=thermal NAME=nvm-therm-adc TEMP=-40000 TRIP=0 EVENT=0 SEQNUM=27731 USEC_INITIALIZED=14444861 androidboot.bootdevice=1d84000.ufshc ]
07-11 14:02:58.629 5059 5326 E ThermalEngine: read error 0. buf:[libudev þíÊþ( ( Å Nªeò ACTION=change DEVPATH=/devices/virtual/thermal/thermal_zone74 SUBSYSTEM=thermal NAME=pa_therm1 TEMP=34679 TRIP=0 EVENT=0 SEQNUM=27726 USEC_INITIALIZED=14441873 androidboot.bootdevice=1d84000.ufshc ]
07-11 14:02:58.630 5059 5326 E ThermalEngine: read error 0. buf:[libudev þíÊþ( ( Æ Nªeò ACTION=change DEVPATH=/devices/virtual/thermal/thermal_zone77 SUBSYSTEM=thermal NAME=conn_therm TEMP=33953 TRIP=0 EVENT=0 SEQNUM=27729 USEC_INITIALIZED=14442864 androidboot.bootdevice=1d84000.ufshc ]
07-11 14:02:58.633 4725 4725 D vendor.qti.bluetooth@1.0-ibs_handler: SerialClockVote: vote for UART CLK ON
07-11 14:02:58.633 4725 4725 D vendor.qti.bluetooth@1.0-wake_lock: Acquire wakelock is acquired
07-11 14:02:58.633 4725 4725 I vendor.qti.bluetooth@1.0-ibs_handler: DeviceWakeUp: Writing IBS_WAKE_IND
07-11 14:02:58.634 5059 5326 E ThermalEngine: read error 0. buf:[libudev þíÊþ( ( Î Nªeò ACTION=change DEVPATH=/devices/virtual/thermal/thermal_zone78 SUBSYSTEM=thermal NAME=camera-ftherm-adc TEMP=-40000 TRIP=0 EVENT=0 SEQNUM=27730 USEC_INITIALIZED=14442885 androidboot.bootdevice=1d84000.ufshc ]
07-11 14:02:58.636 4725 5825 I vendor.qti.bluetooth@1.0-ibs_handler: ProcessIbsCmd: Received IBS_WAKE_ACK: 0xFC
07-11 14:02:58.657 5013 7207 D libsensor-B2SNotifier: Backlight2SlpiNotifier brightness = 1
07-11 14:02:58.662 4743 4797 I sensors-hal: batch:180, android.sensor.light/37, period=0, max_latency=0
07-11 14:02:58.662 4743 4797 I sensors-hal: batch:189, android.sensor.light/37, period=0, max_latency=0 request completed
07-11 14:02:58.663 4743 4797 I sensors-hal: activate:147, android.sensor.light/37 en=1
07-11 14:02:58.663 4743 4797 I sensors-hal: get_qmi_debug_flag:230, support_qmi_debug : false
07-11 14:02:58.674 4743 4797 I sensors-hal: activate:158, android.sensor.light/37 en=1 completed
07-11 14:02:58.675 4735 6821 I SDM : DisplayBase::SetDisplayState: Set state = 1, display 28-0, teardown = 0
07-11 14:02:58.675 6592 6964 D audio_hw_primary: out_set_volume: called with left_vol=1.000000, right_vol=1.000000
07-11 14:02:58.676 6592 6964 D audio_hw_primary: start_output_stream: enter: stream(0x31f55d70)usecase(0: deep-buffer-playback) devices(0x2) is_haptic_usecase(0)
07-11 14:02:58.678 6592 6964 D audio_hw_primary: select_devices for use case (deep-buffer-playback)
07-11 14:02:58.678 6592 6964 D audio_hw_primary: select_devices: out_snd_device(2: speaker) in_snd_device(0: )
07-11 14:02:58.678 6592 6964 D ultrasound_extn: ultrasound_select_devices_pre ultrasound_enabled:0 usecase(deep-buffer-playback), devices:2 in_snd_device(0, ), out_snd_device(2, speaker)
07-11 14:02:58.678 6592 6964 D ultrasound_extn: dump_usecase_list: start ======================================
07-11 14:02:58.678 6592 6964 D ultrasound_extn: dump_usecase_list: enter sensor_activated:0 hw_port_enabled:0 suspended:0
07-11 14:02:58.678 6592 6964 D ultrasound_extn: dump_usecase_list: select_devices_pre usecase[#0]:(0, deep-buffer-playback) in_dev:(0, ) out_dv:(0, )
07-11 14:02:58.678 6592 6964 D ultrasound_extn: dump_usecase_list: end ======================================
07-11 14:02:58.678 6592 6964 I msm8974_platform: platform_check_and_set_codec_backend_cfg:becf: afe: bitwidth 16, samplerate 48000 channels 2, backend_idx 4 usecase = 0 device (speaker)
07-11 14:02:58.678 6592 6964 D msm8974_platform: platform_split_snd_device: snd_device(2) num devices(1) new_snd_devices(0)
07-11 14:02:58.678 6592 6964 I msm8974_platform: platform_check_and_set_codec_backend_cfg: new_snd_devices[0] is 2
07-11 14:02:58.678 6592 6964 I msm8974_platform: platform_check_codec_backend_cfg:becf: afe: bitwidth 16, samplerate 48000 channels 2, backend_idx 4 usecase = 0 device (speaker)
07-11 14:02:58.678 6592 6964 D msm8974_platform: platform_check_codec_backend_cfg:becf: afe: playback on codec device not supporting native playback set default Sample Rate(48k)
07-11 14:02:58.678 6592 6964 D ultrasound_extn: ultrasound_check_and_set_codec_backend_cfg check use case (deep-buffer-playback), snd_device(2, speaker)
07-11 14:02:58.678 6592 6964 D ultrasound_extn: ultrasound_check_and_set_codec_backend_cfg do not change BE setting for speaker
07-11 14:02:58.678 6592 6964 I msm8974_platform: platform_check_codec_backend_cfg:becf: afe: Codec selected backend: 4 updated bit width: 24 and sample rate: 48000
07-11 14:02:58.678 6592 6964 D audio_hw_primary: check_usecases_codec_backend:becf: force routing 0
07-11 14:02:58.678 6592 6964 E msm8974_platform: platform_check_backends_match: Invalid snd_device =
07-11 14:02:58.678 6592 6964 D audio_hw_primary: check_usecases_codec_backend:becf: (94) check_usecases curr device: speaker, usecase device: backends match 0
07-11 14:02:58.678 6592 6964 D audio_hw_primary: @@: usecase[0x7f04003340]=deep-buffer-playback, devices=0x2, uc_info[0x7f04003340]=deep-buffer-playback
07-11 14:02:58.678 6592 6964 D audio_hw_primary: check_usecases_codec_backend:becf: check_usecases num.of Usecases to switch 0
07-11 14:02:58.678 6592 6964 D hardware_info: hw_info_append_hw_type : device_name = speaker
07-11 14:02:58.678 6592 6964 D msm8974_platform: platform_split_snd_device: snd_device(2) num devices(0) new_snd_devices(507809792)
07-11 14:02:58.678 6592 6964 D audio_hw_primary: enable_snd_device: snd_device(2: speaker)[SND_DEVICE_OUT_SPEAKER]
07-11 14:02:58.679 6592 6964 D audio_route: Apply path: speaker
07-11 14:02:58.679 6592 6964 D hardware_info: hw_info_append_hw_type : device_name = vi-feedback
07-11 14:02:58.679 6592 6964 D msm8974_platform: platform_split_snd_device: snd_device(196) num devices(0) new_snd_devices(0)
07-11 14:02:58.679 6592 6964 D audio_hw_primary: enable_snd_device: snd_device(196: vi-feedback)[SND_DEVICE_IN_CAPTURE_VI_FEEDBACK]
07-11 14:02:58.679 6592 6964 D audio_route: Apply path: vi-feedback
07-11 14:02:58.679 6592 6964 D audio_hw_utils: audio_extn_utils_send_app_type_cfg: usecase->in_snd_device vi-feedback
07-11 14:02:58.679 6592 6964 E voice : voice_is_in_call_rec_stream: input stream is NULL
07-11 14:02:58.679 6592 6964 D msm8974_platform: platform_split_snd_device: snd_device(196) num devices(0) new_snd_devices(0)
07-11 14:02:58.679 6592 6964 E audio_hw_utils: send_app_type_cfg_for_device: Could not get ctl for mixer cmd - Audio Stream Capture 38 App Type Cfg
07-11 14:02:58.679 6592 6964 D msm8974_platform: platform_split_snd_device: snd_device(196) num devices(1) new_snd_devices(0)
07-11 14:02:58.679 6592 6964 E ACDB-LOADER: ACDB -> Not correctly initialized!
07-11 14:02:58.679 6592 6964 D audio_hw_primary: enable_audio_route: apply mixer and update path: spkr-vi-record
07-11 14:02:58.679 6592 6964 D audio_route: Apply path: spkr-vi-record
07-11 14:02:58.681 6592 6964 E audio_hw_tfa98xx_feedback: pcm_dev_tx_id = 38
07-11 14:02:58.698 4743 24094 I sensors-hal: handle_indication_realtime:406, SCHED_FIFO(10) for qmi_cbk
07-11 14:02:58.703 6592 6964 I audio_hw_utils: audio_extn_utils_update_stream_output_app_type_cfg Allowing 24 and above bits playback on speaker ONLY at default sampling rate
07-11 14:02:58.703 6592 6964 D audio_hw_primary: audio_is_true_native_stream_active:napb: (0) (deep-buffer-playback)id (0) sr 48000 bw (16) device speaker
07-11 14:02:58.703 6592 6964 D audio_hw_utils: audio_extn_utils_send_app_type_cfg: usecase->out_snd_device speaker
07-11 14:02:58.703 6592 6964 D msm8974_platform: platform_split_snd_device: snd_device(2) num devices(0) new_snd_devices(0)
07-11 14:02:58.703 6592 6964 D audio_hw_utils: audio_extn_btsco_get_sample_rate:Not a BT SCO device, need not update sampling rate
07-11 14:02:58.703 6592 6964 I audio_hw_utils: send_app_type_cfg_for_device: change app type from 69936 to 69940
07-11 14:02:58.703 6592 6964 I audio_hw_utils: send_app_type_cfg_for_device PLAYBACK app_type 69940, acdb_dev_id 10011, sample_rate 48000, snd_device_be_idx 43
07-11 14:02:58.704 6592 6964 D msm8974_platform: platform_split_snd_device: snd_device(2) num devices(1) new_snd_devices(0)
07-11 14:02:58.704 6592 6964 D audio_hw_utils: audio_extn_btsco_get_sample_rate:Not a BT SCO device, need not update sampling rate
07-11 14:02:58.704 6592 6964 E ACDB-LOADER: ACDB -> Not correctly initialized!
07-11 14:02:58.704 6592 6964 D msm8974_platform: platform_split_snd_device: snd_device(2) num devices(0) new_snd_devices(0)
07-11 14:02:58.704 6592 6964 I msm8974_platform: platform_get_custom_mtmx_params: no matching param with id 0 ip_ch 2 op_ch 2 uc_id 0 snd_dev 2
07-11 14:02:58.704 6592 6964 D audio_hw_primary: enable_audio_route: apply mixer and update path: deep-buffer-playback speaker
07-11 14:02:58.704 6592 6964 D audio_route: Apply path: deep-buffer-playback speaker
07-11 14:02:58.706 6592 6964 D send_data_to_xlog: send_misound_data_to_xlog: enter: usecase(0)
07-11 14:02:58.706 6592 6964 D ultrasound_extn: ultrasound_select_devices_post: enter: engine_suspended: 0
07-11 14:02:58.706 6592 6964 D ultrasound_extn: dump_usecase_list: start ======================================
07-11 14:02:58.706 6592 6964 D ultrasound_extn: dump_usecase_list: enter sensor_activated:0 hw_port_enabled:0 suspended:0
07-11 14:02:58.706 6592 6964 D ultrasound_extn: dump_usecase_list: select_devices_post usecase[#0]:(0, deep-buffer-playback) in_dev:(0, ) out_dv:(2, speaker)
07-11 14:02:58.706 6592 6964 D ultrasound_extn: dump_usecase_list: select_devices_post usecase[#1]:(50, spkr-vi-record) in_dev:(196, vi-feedback) out_dv:(0, )
07-11 14:02:58.708 6592 6964 D ultrasound_extn: dump_usecase_list: RX_CDC_DMA_RX_0 SampleRate KHZ_96
07-11 14:02:58.709 6592 6964 D ultrasound_extn: dump_usecase_list: RX_CDC_DMA_RX_0 Format S16_LE
07-11 14:02:58.710 6592 6964 D ultrasound_extn: dump_usecase_list: RX_CDC_DMA_RX_0 Channels One
07-11 14:02:58.711 6592 6964 D ultrasound_extn: dump_usecase_list: RX_CDC_DMA_RX_1 SampleRate KHZ_96
07-11 14:02:58.712 6592 6964 D ultrasound_extn: dump_usecase_list: RX_CDC_DMA_RX_1 Format S16_LE
07-11 14:02:58.713 6592 6964 D ultrasound_extn: dump_usecase_list: RX_CDC_DMA_RX_1 Channels One
07-11 14:02:58.713 6592 6964 D ultrasound_extn: dump_usecase_list: end ======================================
07-11 14:02:58.713 6592 6964 D audio_hw_primary: select_devices: done
07-11 14:02:58.763 6592 6964 D msm8974_platform: platform_set_channel_map mixer_ctl_name:Playback Channel Map0
07-11 14:02:58.764 6592 6964 D msm8974_platform: platform_set_channel_map: set mapping(1 2 0 0 0 0 0 0) for channel:2
07-11 14:02:58.768 6592 6964 D audio_hw_primary: check_and_set_karaok_parameters: is karaok rx device 0, is karaok tx device 0
07-11 14:02:58.768 6592 6964 D audio_hw_primary: start_output_stream: exit
07-11 14:02:58.769 6592 6964 D audio_hw_primary: check_and_set_karaok_parameters: is karaok rx device 0, is karaok tx device 0
07-11 14:02:58.769 6592 6964 D msm8974_platform: platform_split_snd_device: snd_device(2) num devices(0) new_snd_devices(0)
07-11 14:02:58.769 6592 6964 I msm8974_platform: platform_get_custom_mtmx_params: no matching param with id 0 ip_ch 2 op_ch 2 uc_id 0 snd_dev 2
07-11 14:02:58.830 6722 6810 E SDM : HWCSession::ForceMaxFrameRate: ForceMaxFrameRate failed: max_frame_rate is 0!
07-11 14:02:58.863 6592 6964 D audio_hw_primary: out_set_volume: called with left_vol=0.008000, right_vol=0.008000
07-11 14:02:58.868 4735 6821 W SDM : ResourceImpl::Perform: Invalid command 4
07-11 14:02:58.868 4778 4888 D DisplayFeatureHal: HandleDisplayState enter state 1, last state 0
07-11 14:02:58.869 4778 4888 D DisplayFeatureHal: onResume enter, mFodScreenOn=0
07-11 14:02:58.869 4735 24099 I libsensor-C2SNotifier: Sensor: notify type: 1, value: 1
07-11 14:02:58.870 5013 5013 I libsensor_ssccalapi: send_sensor_selftest_msg for sensor: ambient_light
07-11 14:02:58.873 4778 4888 D DisplayFeatureHal: Query DisplayPostproc service
07-11 14:02:58.878 4735 7618 I Dpps : AddNewDppsClient():431 New DPPS client accepted, client fd = 22, poll idx 2
07-11 14:02:58.878 4735 7618 I Dpps : HandleDppsClientEvent():921 Incoming message on client fd 22: 'ad:on;1'
07-11 14:02:58.878 4735 7618 E Dpps : HandleDppsClientEvent():987 AdContext Post failed ret -95
07-11 14:02:58.878 4735 7618 E Dpps : RunPollIteration():372 Poll iteration failed with ret -95
07-11 14:02:58.878 4735 7618 E Dpps : Run():181 Poll iteration failed, ret -95
07-11 14:02:58.878 4735 7618 I Dpps : HandleDppsClientEvent():903 Client connection 22 has closed
07-11 14:02:58.878 4735 7618 I Dpps : RemoveServerClient():297 closed fd 22 poll_idx 2
07-11 14:02:58.878 4778 4888 D DisplayFeatureHal: HandleDisplayState exit
07-11 14:02:58.878 4778 4888 D DisplayFeatureHal: HandleACNormal enter
07-11 14:02:58.878 4778 4888 D DisplayFeatureHal: Query DisplayPostproc service
07-11 14:02:58.880 4735 7618 I Dpps : AddNewDppsClient():431 New DPPS client accepted, client fd = 22, poll idx 2
07-11 14:02:58.880 4735 7618 I Dpps : HandleDppsClientEvent():921 Incoming message on client fd 22: 'ad:on;1'
07-11 14:02:58.880 4735 7618 E Dpps : HandleDppsClientEvent():987 AdContext Post failed ret -95
07-11 14:02:58.880 4735 7618 E Dpps : RunPollIteration():372 Poll iteration failed with ret -95
07-11 14:02:58.880 4735 7618 E Dpps : Run():181 Poll iteration failed, ret -95
07-11 14:02:58.880 4735 7618 I Dpps : HandleDppsClientEvent():903 Client connection 22 has closed
07-11 14:02:58.880 4735 7618 I Dpps : RemoveServerClient():297 closed fd 22 poll_idx 2
07-11 14:02:58.895 4778 4888 D DisplayFeatureHal: pcc gabb coeff 0 1.000000
07-11 14:02:58.895 4778 4888 D DisplayFeatureHal: pcc gabb coeff 1 0.000000
07-11 14:02:58.895 4778 4888 D DisplayFeatureHal: pcc gabb coeff 2 0.000000
07-11 14:02:58.895 4778 4888 D DisplayFeatureHal: pcc gabb coeff 3 0.000000
07-11 14:02:58.895 4778 4888 D DisplayFeatureHal: pcc gabb coeff 4 1.000000
07-11 14:02:58.895 4778 4888 D DisplayFeatureHal: pcc gabb coeff 5 0.000000
07-11 14:02:58.896 4778 4888 D DisplayFeatureHal: pcc gabb coeff 6 0.000000
07-11 14:02:58.896 4778 4888 D DisplayFeatureHal: pcc gabb coeff 7 0.000000
07-11 14:02:58.896 4778 4888 D DisplayFeatureHal: pcc gabb coeff 8 1.000000
07-11 14:02:58.897 4778 4888 D DisplayFeatureHal: HandleACNormal exit ret 0
07-11 14:02:58.897 4778 4888 D DisplayFeatureHal: isStartSensorControl ret 0
07-11 14:02:58.904 4735 4882 E SDM : DRMCrtc::Perform: CRTC 110: Set mode 1080x2340x60x179431
07-11 14:02:58.906 4735 6821 E SDM : DRMCrtc::Perform: CRTC 110: Set mode 1080x2340x60x179431
07-11 14:02:58.919 5013 7207 D libsensor-B2SNotifier: Backlight2SlpiNotifier brightness = 10
07-11 14:02:58.928 5013 7207 D libsensor-B2SNotifier: Backlight2SlpiNotifier brightness = 28
07-11 14:02:58.944 5013 7207 D libsensor-B2SNotifier: Backlight2SlpiNotifier brightness = 37
07-11 14:02:58.953 5013 7207 D libsensor-B2SNotifier: Backlight2SlpiNotifier brightness = 71
07-11 14:02:58.967 5013 7207 D libsensor-B2SNotifier: Backlight2SlpiNotifier brightness = 93
07-11 14:02:58.983 5013 7207 D libsensor-B2SNotifier: Backlight2SlpiNotifier brightness = 122
07-11 14:02:58.998 5013 7207 D libsensor-B2SNotifier: Backlight2SlpiNotifier brightness = 152
07-11 14:02:59.008 5013 7207 D libsensor-B2SNotifier: Backlight2SlpiNotifier brightness = 161
07-11 14:02:59.017 5013 7207 D libsensor-B2SNotifier: Backlight2SlpiNotifier brightness = 163
07-11 14:02:59.026 4749 4749 D android.hardware.nfc@1.2-impl: Nfc::open Enter
07-11 14:02:59.026 4749 4749 E NxpHal : phNxpNciHal_open NFC HAL OPEN
07-11 14:02:59.026 4749 4749 D NxpHal : phNxpNci_MinOpen(): enter
07-11 14:02:59.026 4749 4749 D : nxp_rf_config_path=/vendor/etc/libnfc-nxp_RF.conf
07-11 14:02:59.026 4749 4749 D : Fw_Lib_Path=/system/vendor/lib/libsn100u_fw.so
07-11 14:02:59.027 4749 4749 D NxpHal : Error : opening (/system/vendor/lib64/libonebinary.so) !!
07-11 14:02:59.027 4749 4749 I : default config file exists = /vendor/etc/libnfc-nxp.conf, disables dynamic selection
07-11 14:02:59.027 4749 4749 D : readConfig; filename is /vendor/etc/libnfc-nxp.conf
07-11 14:02:59.027 4749 4749 D : readNxpRFConfig-Enter..Reading /vendor/etc/libnfc-nxp_RF.conf
07-11 14:02:59.027 4749 4749 D : readConfig; filename is /vendor/etc/libnfc-nxp_RF.conf
07-11 14:02:59.028 4749 4749 D : readNxpTransitConfig-Enter..Reading /data/vendor/nfc/libnfc-nxpTransit.conf
07-11 14:02:59.028 4749 4749 E : readConfig Cannot open config file /data/vendor/nfc/libnfc-nxpTransit.conf
07-11 14:02:59.028 4749 4749 D NxpExtns: find found NFC_DEBUG_ENABLED=(0x1)
07-11 14:02:59.028 4749 4749 D NxpHal : nfc_debug_enabled : 1
07-11 14:02:59.028 4749 4749 D NxpExtns: find found NXPLOG_NCIHAL_LOGLEVEL=(0x3)
07-11 14:02:59.028 4749 4749 D NxpExtns: find found NXPLOG_EXTNS_LOGLEVEL=(0x3)
07-11 14:02:59.028 4749 4749 D NxpExtns: find found NXPLOG_TML_LOGLEVEL=(0x3)
07-11 14:02:59.028 4749 4749 D NxpExtns: find found NXPLOG_FWDNLD_LOGLEVEL=(0x3)
07-11 14:02:59.028 4749 4749 D NxpExtns: find found NXPLOG_NCIX_LOGLEVEL=(0x3)
07-11 14:02:59.028 4749 4749 D NxpExtns: find found NXPLOG_NCIR_LOGLEVEL=(0x3)
07-11 14:02:59.028 4749 4749 D NxpNfcHal: phNxpLog_InitializeLogLevel: global =1, Fwdnld =3, extns =3, hal =3, tml =3, ncir =3, ncix =3
07-11 14:02:59.028 4749 4749 D NxpHal : Entering phNxpNciHal_init_monitor
07-11 14:02:59.028 4749 4749 D NxpHal : Returning with SUCCESS
07-11 14:02:59.028 4749 4749 D NxpExtns: find found NXP_NFC_DEV_NODE=/dev/nq-nci
07-11 14:02:59.028 4749 4749 D NxpTml : Opening port=/dev/nq-nci
07-11 14:02:59.038 4749 4749 D NxpTml : phTmlNfc_i2c_reset(), VEN level 1
07-11 14:02:59.050 4749 24125 D NxpTml : PN54X - Tml Reader Thread Started................
07-11 14:02:59.050 4749 24125 D NxpTml : PN54X - Read requested.....
07-11 14:02:59.050 4749 24129 D NxpHal : thread started
07-11 14:02:59.050 4749 24125 D NxpTml : PN54X - Invoking I2C Read.....
07-11 14:02:59.050 4749 24127 D NxpTml : PN54X - Tml Writer Thread Started................
07-11 14:02:59.050 4749 24127 D NxpTml : PN54X - Tml Writer Thread Running................
07-11 14:02:59.050 4749 24127 D NxpTml : PN54X - Write requested.....
07-11 14:02:59.050 4749 24127 D NxpTml : PN54X - Invoking I2C Write.....
07-11 14:02:59.051 4749 24127 E NxpTml : _i2c_write() errno : 5
07-11 14:02:59.051 4749 24127 E NxpTml : PN54X - Error in I2C Write.....
07-11 14:02:59.051 4749 24127 D NxpTml : PN54X - Posting Fresh Write message.....
07-11 14:02:59.051 4749 24127 D NxpTml : PN54X - Tml Writer Thread Running................
07-11 14:02:59.051 4749 24129 E NxpHal : write error status = 0x1ff
07-11 14:02:59.051 4749 4749 E NxpHal : write_unlocked failed - PN54X Maybe in Standby Mode - Retry
07-11 14:02:59.061 4749 24127 D NxpTml : PN54X - Write requested.....
07-11 14:02:59.062 4749 24127 D NxpTml : PN54X - Invoking I2C Write.....
07-11 14:02:59.063 4749 24127 D NxpNciX : len = 4 > 20000100
07-11 14:02:59.063 4749 24125 D NxpTml : PN54X - I2C Read successful.....len = 4
07-11 14:02:59.063 4749 24125 D NxpTml : Delay Read if write thread is busy
07-11 14:02:59.063 4749 24127 D NxpTml : PN54X - I2C Write successful.....
07-11 14:02:59.063 4749 24127 D NxpTml : PN54X - Posting Fresh Write message.....
07-11 14:02:59.063 4749 24127 D NxpTml : PN54X - Tml Writer Thread Running................
07-11 14:02:59.064 4749 24129 D NxpHal : write successful status = 0x0
07-11 14:02:59.064 4749 4749 D NxpHal : Response timer started
07-11 14:02:59.064 4749 4749 D NxpHal : Waiting after ext cmd sent
07-11 14:02:59.066 4749 24125 D NxpNciR : len = 4 > 40000100
07-11 14:02:59.066 4749 24125 D NxpTml : PN54X - Posting read message.....
07-11 14:02:59.069 4749 24129 D NxpHal : read successful status = 0x0
07-11 14:02:59.069 4749 24129 D NxpHal : CORE_RESET_RSP NCI2.0
07-11 14:02:59.069 4749 4749 D NxpHal : Response timer stopped
07-11 14:02:59.069 4749 4749 D NxpHal : Response timer started
07-11 14:02:59.070 4749 24125 D NxpTml : PN54X - Read requested.....
07-11 14:02:59.070 4749 24125 D NxpTml : PN54X - Invoking I2C Read.....
07-11 14:02:59.071 4749 24125 D NxpTml : PN54X - I2C Read successful.....len = 13
07-11 14:02:59.071 4749 24125 D NxpNciR : len = 13 > 60000A020020040500A4011018
07-11 14:02:59.071 4749 24125 D NxpTml : PN54X - Posting read message.....
07-11 14:02:59.071 4749 24129 D NxpHal : read successful status = 0x0
07-11 14:02:59.071 4749 24129 D NxpHal : CORE_RESET_NTF NCI2.0 reason CORE_RESET_CMD received !
07-11 14:02:59.071 4749 24129 D NxpHal : processChipType Product : sn100t
07-11 14:02:59.071 4749 24129 D NxpHal : phNxpNciHal_configFeatureList ()chipType = 11
07-11 14:02:59.071 4749 24129 D NxpHal : phNxpNciHal_configFeatureList ()chipType = 11
07-11 14:02:59.071 4749 24129 D NxpHal : phNxpNciHal_configFeatureList ()FW = 16
07-11 14:02:59.071 4749 24129 D NxpHal : NxpNci> FW Version: 1.10.18
07-11 14:02:59.071 4749 24125 D NxpTml : PN54X - Read requested.....
07-11 14:02:59.071 4749 24125 D NxpTml : PN54X - Invoking I2C Read.....
07-11 14:02:59.073 4749 4749 D NxpHal : Response timer stopped
07-11 14:02:59.073 4749 4749 D NxpHal : Checking response
07-11 14:02:59.073 4749 24127 D NxpTml : PN54X - Write requested.....
07-11 14:02:59.073 4749 24127 D NxpTml : PN54X - Invoking I2C Write.....
07-11 14:02:59.076 4749 24127 D NxpNciX : len = 5 > 2001020000
07-11 14:02:59.076 4749 24127 D NxpTml : PN54X - I2C Write successful.....
07-11 14:02:59.076 4749 24127 D NxpTml : PN54X - Posting Fresh Write message.....
07-11 14:02:59.076 4749 24127 D NxpTml : PN54X - Tml Writer Thread Running................
07-11 14:02:59.076 4749 24129 D NxpHal : write successful status = 0x0
07-11 14:02:59.076 4749 4749 D NxpHal : Response timer started
07-11 14:02:59.076 4749 24125 D NxpTml : PN54X - I2C Read successful.....len = 33
07-11 14:02:59.076 4749 4749 D NxpHal : Waiting after ext cmd sent
07-11 14:02:59.077 4749 24125 D NxpNciR : len = 33 > 40011E001A3E0600010604FFFF01FF000800000100020003008000820083008400
07-11 14:02:59.077 4749 24125 D NxpTml : PN54X - Posting read message.....
07-11 14:02:59.077 4749 24129 D NxpHal : read successful status = 0x0
07-11 14:02:59.077 4749 24129 D NxpHal : CORE_INIT_RSP NCI2.0 received !
07-11 14:02:59.077 4749 4749 D NxpHal : Response timer stopped
07-11 14:02:59.077 4749 24125 D NxpTml : PN54X - Read requested.....
07-11 14:02:59.077 4749 4749 D NxpHal : Checking response
07-11 14:02:59.077 4749 24125 D NxpTml : PN54X - Invoking I2C Read.....
07-11 14:02:59.077 4749 4749 D NxpHal : phNxpNciHal_CheckFwRegFlashRequired() : enter
07-11 14:02:59.077 4749 4749 D NxpFwDnld: Allocating Mem for Dnld Context..
07-11 14:02:59.077 4749 4749 E NxpFwDnld: phDnldNfc_SetDlRspTimeout timeout value =9c4
07-11 14:02:59.077 4749 4749 D NxpExtns: find found NXP_FW_TYPE=(0x1)
07-11 14:02:59.077 4749 4749 D NxpFwDnld: firmware type from conf file: 1
07-11 14:02:59.077 4749 4749 E NxpFwDnld: free library SUCCESS !!
07-11 14:02:59.078 4749 4749 D NxpFwDnld: @@@/system/vendor/lib/libsn100u_fw.so
07-11 14:02:59.078 4749 4749 E NxpFwDnld: FW Image Length - ImageInfoLen 204518
07-11 14:02:59.078 4749 4749 E NxpFwDnld: FW Image Info Pointer - pImageInfo 0x7b235a7430
07-11 14:02:59.078 4749 4749 D NxpFwDnld: FW Major Version Num - 10
07-11 14:02:59.078 4749 4749 D NxpFwDnld: FW Minor Version Num - 18
07-11 14:02:59.078 4749 4749 D NxpFwDnld: FW Image Length - 204518
07-11 14:02:59.078 4749 4749 D NxpFwDnld: FW Image Info Pointer - 0x7b235a7430
07-11 14:02:59.078 4749 4749 D NxpHal : FW version of the libsn100u.so binary = 0x1018
07-11 14:02:59.078 4749 4749 D NxpHal : FW version found on the device = 0x11018
07-11 14:02:59.078 4749 4749 D NxpExtns: find found NXP_FLASH_CONFIG=(0x2)
07-11 14:02:59.078 4749 4749 D NxpHal : FW update not required
07-11 14:02:59.078 4749 4749 E NxpFwDnld: Freeing Mem for Dnld Context..
07-11 14:02:59.078 4749 4749 D NxpHal : phNxpNciHal_CheckFwRegFlashRequired() : exit - status = 0 wFwUpdateReq=0, wRfUpdateReq=55
07-11 14:02:59.078 4749 4749 D NxpFwDnld: Allocating Mem for Dnld Context..
07-11 14:02:59.078 4749 4749 E NxpFwDnld: phDnldNfc_SetDlRspTimeout timeout value =9c4
07-11 14:02:59.078 4749 4749 D NxpExtns: find found NXP_FW_TYPE=(0x1)
07-11 14:02:59.079 4749 4749 D NxpFwDnld: firmware type from conf file: 1
07-11 14:02:59.079 4749 4749 E NxpFwDnld: free library SUCCESS !!
07-11 14:02:59.079 4749 4749 D NxpFwDnld: @@@/system/vendor/lib/libsn100u_fw.so
07-11 14:02:59.079 4749 4749 E NxpFwDnld: FW Image Length - ImageInfoLen 204518
07-11 14:02:59.079 4749 4749 E NxpFwDnld: FW Image Info Pointer - pImageInfo 0x7b23591430
07-11 14:02:59.079 4749 4749 D NxpFwDnld: FW Major Version Num - 10
07-11 14:02:59.079 4749 4749 D NxpFwDnld: FW Minor Version Num - 18
07-11 14:02:59.079 4749 4749 D NxpFwDnld: FW Image Length - 204518
07-11 14:02:59.079 4749 4749 D NxpFwDnld: FW Image Info Pointer - 0x7b23591430
07-11 14:02:59.079 4749 4749 D NxpHal : FW version from device = 0x11018
07-11 14:02:59.079 4749 4749 D NxpHal : FW update not required
07-11 14:02:59.080 4749 4749 E NxpFwDnld: Freeing Mem for Dnld Context..
07-11 14:02:59.080 4749 4749 D NxpHal : phNxpNciHal_MinOpen(): exit
07-11 14:02:59.080 4749 4749 D android.hardware.nfc@1.2-impl: Nfc::open Exit
07-11 14:02:59.082 4749 24127 D NxpTml : PN54X - Write requested.....
07-11 14:02:59.082 4749 24127 D NxpTml : PN54X - Invoking I2C Write.....
07-11 14:02:59.083 4749 24127 D NxpNciX : len = 4 > 20000100
07-11 14:02:59.083 4749 24127 D NxpTml : PN54X - I2C Write successful.....
07-11 14:02:59.083 4749 24127 D NxpTml : PN54X - Posting Fresh Write message.....
07-11 14:02:59.083 4749 24127 D NxpTml : PN54X - Tml Writer Thread Running................
07-11 14:02:59.083 4749 24129 D NxpHal : write successful status = 0x0
07-11 14:02:59.083 4749 24125 D NxpTml : PN54X - I2C Read successful.....len = 4
07-11 14:02:59.083 4749 24125 D NxpNciR : len = 4 > 40000100
07-11 14:02:59.083 4749 24125 D NxpTml : PN54X - Posting read message.....
07-11 14:02:59.083 4749 24129 D NxpHal : read successful status = 0x0
07-11 14:02:59.084 4749 24129 D NxpHal : CORE_RESET_RSP NCI2.0
07-11 14:02:59.084 4749 24125 D NxpTml : PN54X - Read requested.....
07-11 14:02:59.084 4749 24125 D NxpTml : PN54X - Invoking I2C Read.....
07-11 14:02:59.085 4749 24125 D NxpTml : PN54X - I2C Read successful.....len = 13
07-11 14:02:59.085 4749 24125 D NxpNciR : len = 13 > 60000A020020040500A4011018
07-11 14:02:59.085 4749 24125 D NxpTml : PN54X - Posting read message.....
07-11 14:02:59.085 4749 24129 D NxpHal : read successful status = 0x0
07-11 14:02:59.085 4749 24129 D NxpHal : CORE_RESET_NTF NCI2.0 reason CORE_RESET_CMD received !
07-11 14:02:59.085 4749 24129 D NxpHal : NxpNci> FW Version: 1.10.18
07-11 14:02:59.086 4749 24125 D NxpTml : PN54X - Read requested.....
07-11 14:02:59.086 4749 24125 D NxpTml : PN54X - Invoking I2C Read.....
07-11 14:02:59.087 4749 24127 D NxpTml : PN54X - Write requested.....
07-11 14:02:59.088 4749 24127 D NxpTml : PN54X - Invoking I2C Write.....
07-11 14:02:59.089 4749 24127 D NxpNciX : len = 5 > 2001020000
07-11 14:02:59.089 4749 24127 D NxpTml : PN54X - I2C Write successful.....
07-11 14:02:59.089 4749 24127 D NxpTml : PN54X - Posting Fresh Write message.....
07-11 14:02:59.089 4749 24127 D NxpTml : PN54X - Tml Writer Thread Running................
07-11 14:02:59.089 4749 24129 D NxpHal : write successful status = 0x0
07-11 14:02:59.090 4749 24125 D NxpTml : PN54X - I2C Read successful.....len = 33
07-11 14:02:59.090 4749 24125 D NxpNciR : len = 33 > 40011E001A3E0600010604FFFF01FF000800000100020003008000820083008400
07-11 14:02:59.090 4749 24125 D NxpTml : PN54X - Posting read message.....
07-11 14:02:59.090 4749 24129 D NxpHal : read successful status = 0x0
07-11 14:02:59.090 4749 24129 D NxpHal : CORE_INIT_RSP NCI2.0 received !
07-11 14:02:59.090 4749 24125 D NxpTml : PN54X - Read requested.....
07-11 14:02:59.090 4749 24127 D NxpTml : PN54X - Write requested.....
07-11 14:02:59.090 4749 24125 D NxpTml : PN54X - Invoking I2C Read.....
07-11 14:02:59.090 4749 24127 D NxpTml : PN54X - Invoking I2C Write.....
07-11 14:02:59.092 4749 24125 D NxpTml : PN54X - I2C Read successful.....len = 5
07-11 14:02:59.092 4749 24127 D NxpNciX : len = 64 > 20023D070002F4010801001101006201302A0130611446666D010111020207FF03020003040164070103291446666D010111020207FF03020003040164070103
07-11 14:02:59.093 4749 24125 D NxpTml : Delay Read if write thread is busy
07-11 14:02:59.093 4749 24127 D NxpTml : PN54X - I2C Write successful.....
07-11 14:02:59.093 4749 24127 D NxpTml : PN54X - Posting Fresh Write message.....
07-11 14:02:59.093 4749 24127 D NxpTml : PN54X - Tml Writer Thread Running................
07-11 14:02:59.093 4749 24129 D NxpHal : write successful status = 0x0
07-11 14:02:59.095 4749 24125 D NxpNciR : len = 5 > 4002020000
07-11 14:02:59.095 4749 24125 D NxpTml : PN54X - Posting read message.....
07-11 14:02:59.095 4749 24129 D NxpHal : read successful status = 0x0
07-11 14:02:59.095 4749 24129 D NxpHal : phNxpNciHal_print_res_status: response status =STATUS_OK
07-11 14:02:59.096 4749 24125 D NxpTml : PN54X - Read requested.....
07-11 14:02:59.096 4749 24127 D NxpTml : PN54X - Write requested.....
07-11 14:02:59.096 4749 24125 D NxpTml : PN54X - Invoking I2C Read.....
07-11 14:02:59.096 4749 24127 D NxpTml : PN54X - Invoking I2C Write.....
07-11 14:02:59.098 4749 24127 D NxpNciX : len = 6 > 200303023250
07-11 14:02:59.098 4749 24127 D NxpTml : PN54X - I2C Write successful.....
07-11 14:02:59.098 4749 24127 D NxpTml : PN54X - Posting Fresh Write message.....
07-11 14:02:59.098 4749 24127 D NxpTml : PN54X - Tml Writer Thread Running................
07-11 14:02:59.098 4749 24129 D NxpHal : write successful status = 0x0
07-11 14:02:59.099 4749 24125 D NxpTml : PN54X - I2C Read successful.....len = 11
07-11 14:02:59.099 4749 24125 D NxpNciR : len = 11 > 4003080002320100500100
07-11 14:02:59.099 4749 24125 D NxpTml : PN54X - Posting read message.....
07-11 14:02:59.099 4749 24129 D NxpHal : read successful status = 0x0
07-11 14:02:59.099 4749 24129 D NxpHal : phNxpNciHal_print_res_status: response status =STATUS_OK
07-11 14:02:59.099 4749 24125 D NxpTml : PN54X - Read requested.....
07-11 14:02:59.099 4749 24127 D NxpTml : PN54X - Write requested.....
07-11 14:02:59.099 4749 24125 D NxpTml : PN54X - Invoking I2C Read.....
07-11 14:02:59.099 4749 24127 D NxpTml : PN54X - Invoking I2C Write.....
07-11 14:02:59.101 4749 24127 D NxpNciX : len = 10 > 21010700010003000100
07-11 14:02:59.101 4749 24127 D NxpTml : PN54X - I2C Write successful.....
07-11 14:02:59.101 4749 24125 D NxpTml : PN54X - I2C Read successful.....len = 4
07-11 14:02:59.101 4749 24127 D NxpTml : PN54X - Posting Fresh Write message.....
07-11 14:02:59.101 4749 24125 D NxpTml : Delay Read if write thread is busy
07-11 14:02:59.101 4749 24127 D NxpTml : PN54X - Tml Writer Thread Running................
07-11 14:02:59.101 4749 24129 D NxpHal : write successful status = 0x0
07-11 14:02:59.103 4749 24125 D NxpNciR : len = 4 > 41010100
07-11 14:02:59.103 4749 24125 D NxpTml : PN54X - Posting read message.....
07-11 14:02:59.103 4749 24129 D NxpHal : read successful status = 0x0
07-11 14:02:59.104 4749 24125 D NxpTml : PN54X - Read requested.....
07-11 14:02:59.104 4749 24125 D NxpTml : PN54X - Invoking I2C Read.....
07-11 14:02:59.104 4749 4749 D NxpExtns: find found MIFARE_READER_ENABLE=(0x1)
