07-11 13:53:50.709 4726 4726 I CHIUSECASE: [INFO ] chxextensionmodule.cpp:4270 SetCpuAffinityRange() before set affinity cpu[5][0]
07-11 13:53:50.709 4726 4726 I CHIUSECASE: [INFO ] chxextensionmodule.cpp:4270 SetCpuAffinityRange() before set affinity cpu[6][1]
07-11 13:53:50.709 4726 4726 I CHIUSECASE: [INFO ] chxextensionmodule.cpp:4270 SetCpuAffinityRange() before set affinity cpu[7][1]
07-11 13:53:50.710 4726 4726 I CHIUSECASE: [INFO ] chxextensionmodule.cpp:4274 SetCpuAffinityRange() is need to set affinity 1
07-11 13:53:50.710 4726 4726 I CHIUSECASE: [INFO ] chxperf.cpp:782 ReleasePerfLock() Release perflock type: 0
07-11 13:53:50.710 4726 4726 I CHIUSECASE: [INFO ] chxperf.cpp:1073 ReleasePerfLock() Perflock already released or not acquired
07-11 13:53:50.710 4726 4726 I CHIUSECASE: [INFO ] chxperf.cpp:782 ReleasePerfLock() Release perflock type: 8
07-11 13:53:50.710 4726 4726 I CHIUSECASE: [INFO ] chxperf.cpp:1073 ReleasePerfLock() Perflock already released or not acquired
07-11 13:53:50.710 4726 4726 I CHIUSECASE: [INFO ] chxperf.cpp:782 ReleasePerfLock() Release perflock type: 9
07-11 13:53:50.710 4726 4726 I CHIUSECASE: [INFO ] chxperf.cpp:1073 ReleasePerfLock() Perflock already released or not acquired
07-11 13:53:50.710 4726 4726 I CHIUSECASE: [INFO ] chxperf.cpp:782 ReleasePerfLock() Release perflock type: 10
07-11 13:53:50.710 4726 4726 I CHIUSECASE: [INFO ] chxperf.cpp:1073 ReleasePerfLock() Perflock already released or not acquired
07-11 13:53:50.710 4726 4726 I CHIUSECASE: [INFO ] chxperf.cpp:782 ReleasePerfLock() Release perflock type: 11
07-11 13:53:50.710 4726 4726 I CHIUSECASE: [INFO ] chxperf.cpp:1073 ReleasePerfLock() Perflock already released or not acquired
07-11 13:53:50.710 4726 4726 I CHIUSECASE: [INFO ] chxperf.cpp:782 ReleasePerfLock() Release perflock type: 12
07-11 13:53:50.710 4726 4726 I CHIUSECASE: [INFO ] chxperf.cpp:1073 ReleasePerfLock() Perflock already released or not acquired
07-11 13:53:50.710 4726 4726 I CHIUSECASE: [INFO ] chxperf.cpp:782 ReleasePerfLock() Release perflock type: 13
07-11 13:53:50.710 4726 4726 I CHIUSECASE: [INFO ] chxperf.cpp:782 ReleasePerfLock() Release perflock type: 14
07-11 13:53:50.710 4726 4726 I CHIUSECASE: [INFO ] chxperf.cpp:1073 ReleasePerfLock() Perflock already released or not acquired
07-11 13:53:50.710 4726 4726 I CHIUSECASE: [INFO ] chxperf.cpp:782 ReleasePerfLock() Release perflock type: 15
07-11 13:53:50.710 4726 4726 I CHIUSECASE: [INFO ] chxperf.cpp:1073 ReleasePerfLock() Perflock already released or not acquired
07-11 13:53:50.710 4726 4726 I CHIUSECASE: [INFO ] chxperf.cpp:782 ReleasePerfLock() Release perflock type: 16
07-11 13:53:50.710 4726 4726 I CHIUSECASE: [INFO ] chxperf.cpp:1073 ReleasePerfLock() Perflock already released or not acquired
07-11 13:53:50.710 4726 4726 I CHIUSECASE: [INFO ] chxperf.cpp:782 ReleasePerfLock() Release perflock type: 17
07-11 13:53:50.710 4726 4726 I CHIUSECASE: [INFO ] chxperf.cpp:1073 ReleasePerfLock() Perflock already released or not acquired
07-11 13:53:50.710 4726 4726 I CHIUSECASE: [INFO ] chxperf.cpp:782 ReleasePerfLock() Release perflock type: 18
07-11 13:53:50.710 4726 4726 I CHIUSECASE: [INFO ] chxperf.cpp:1073 ReleasePerfLock() Perflock already released or not acquired
07-11 13:53:50.710 4726 4726 I CHIUSECASE: [INFO ] chxperf.cpp:761 AcquirePerfLock() Acquire perflock type: 1
07-11 13:53:50.710 4726 4726 I CHIUSECASE: [INFO ] chxperf.cpp:1024 AcquirePerfLock() Perflock handle: 61, updated refCount: 27
07-11 13:53:50.710 4726 4726 I CHIUSECASE: [INFO ] chxextensionmodule.cpp:1030 ExtendClose() Close Logical cameraId: 0 numPhysicalCameras: 0, phyCam[0]:1, CameraOpen Mask = 0x0 CameraClose Mask 0x1
07-11 13:53:50.710 4726 4726 I CHIUSECASE: [INFO ] chxextensionmodule.cpp:3521 FreeLastKnownRequestSetting() Freeing last known request setting logicalCameraId: 0
07-11 13:53:50.710 4726 4726 E CHIUSECASE: [ERROR ] chxextensionmodule.cpp:2026 ModifySettings() Skip Modify Setting pExtend->numTokens=8 Val=1
07-11 13:53:50.710 4726 4726 D CHIUSECASE: [FULL ] chxextensionmodule.cpp:2033 ModifySettings() Modify Setting pExtend->numTokens=32 Val=40000
07-11 13:53:50.710 4726 4726 D CHIUSECASE: [FULL ] chxextensionmodule.cpp:2040 ModifySettings() Modify Setting pExtend->numTokens=33 Val=1
07-11 13:53:50.710 4726 4726 D CHIUSECASE: [FULL ] chxextensionmodule.cpp:2047 ModifySettings() Modify Setting pExtend->numTokens=34 Val=0
07-11 13:53:50.710 4726 4726 I CamX : [ INFO][HAL ] camxhal3.cpp:813 close() Close: overrideCameraClose is 1 , overrideCameraOpen is 0
07-11 13:53:50.710 4726 4726 E CamX : [ERROR][HAL ] camxhaldevice.cpp:1400 DumpFrameworkRequests() +----------------------------------------------+
07-11 13:53:50.710 4726 4726 I CHIUSECASE: [INFO ] chxextensionmodule.cpp:2775 TeardownOverrideUsecase() [E]
07-11 13:53:50.710 4726 4726 D CHIUSECASE: [FULL ] chxadvancedcamerausecase.cpp:5439 Destroy() AdvancedCameraUsecase Pause FEATURE TYPE=1
07-11 13:53:50.710 4726 4726 E CHIUSECASE: [CONFIG ] chxfeaturezsl.cpp:54 Pause() FeatureZSL::Pause(), isForced 0 E.
07-11 13:53:50.710 4726 4726 I CHIUSECASE: [INFO ] chxfeaturezsl.cpp:64 Pause() Terminating offline thread in featureZSL
07-11 13:53:50.710 4726 13239 I CHIUSECASE: [INFO ] chxfeaturezsl.cpp:1482 RequestThreadProcessing() RequestThreadProcessing Exited
07-11 13:53:50.710 4726 4726 I CHIUSECASE: [INFO ] chxfeaturezsl.cpp:66 Pause() Terminated offline thread
07-11 13:53:50.710 4726 4726 E CHIUSECASE: [CONFIG ] chxfeaturezsl.cpp:69 Pause() FeatureZSL::Pause(), isForced 0 X.
07-11 13:53:50.711 4726 4726 I CamX : [ INFO][CORE ] camxsession.cpp:304 Destroy() Destroying session 0x72c8a03bc0
07-11 13:53:50.711 4726 4726 I CamX : [ INFO][CORE ] camxsession.cpp:282 Flush() Flush is done for session 0x72c8a03bc0
07-11 13:53:50.711 4726 4726 I CamX : [ INFO][CORE ] camxsession.cpp:512 Destroy() ZSLSnapshotJpeg: CSLClose(0xa40200)
07-11 13:53:50.711 4726 4726 E CamX : [ERROR][CSL ] camxcslhw.cpp:297 CSLCloseHW() Dump any orphaned and acquired devices after close CSLHandle=10748416
07-11 13:53:50.712 4726 4726 E : ~MiNodeBase: [Eeee] CurrentNodeType=0
07-11 13:53:50.712 4726 4726 E : ~MiNodeBase: [Eeee] CurrentNodeType=0
07-11 13:53:50.712 4726 4726 I CHIDEPURPLE: DepurpleNodeDestroy():260 DepurpleNodeDestroy:260
07-11 13:53:50.712 4726 4726 I CHIDEPURPLE: ~ChiDepurpleNode():855 ~ChiDepurpleNode:855
07-11 13:53:50.712 4726 4726 E : ~MiNodeBase: [Eeee] CurrentNodeType=0
07-11 13:53:50.717 4726 4726 E : ~MiNodeBase: [Eeee] CurrentNodeType=0
07-11 13:53:50.717 4726 4726 E CHIWATERMARK: WaterMarkNodeDestroy():222 WaterMarkNodeDestroy
07-11 13:53:50.717 4726 4726 E CHIWATERMARK: ~ChiWaterMarkNode():992 WaterMarkNode ~ChiWaterMarkNode
07-11 13:53:50.717 4726 4726 E : ~MiNodeBase: [Eeee] CurrentNodeType=0
07-11 13:53:50.717 4726 4726 I CamX : [ INFO][CORE ] camxsession.cpp:304 Destroy() Destroying session 0x72a95f5b40
07-11 13:53:50.717 4726 4726 I CamX : [ INFO][CORE ] camxpipeline.cpp:3735 LogPendingNodes() Session 0x72a95f5b40 - Pipeline ZSLPreviewRawYUV_0 Pending Nodes
07-11 13:53:50.717 4726 4726 I CamX : +------------------------------------------------------------------+
07-11 13:53:50.717 4726 4726 I CamX : | Requests Range - lastInOrderCompletedRequestId: 55 currentRequest: 55
07-11 13:53:50.717 4726 4726 I CamX : [ INFO][CORE ] camxnode.cpp:8168 ClearDependencies() Clearing dependencies for Node: ZSLPreviewRawYUV_Sensor0 with lastCompletedRequestId 55 and m_tRequestId 1
07-11 13:53:50.717 4726 4726 I CamX : [ INFO][CORE ] camxnode.cpp:8168 ClearDependencies() Clearing dependencies for Node: ZSLPreviewRawYUV_Stats0 with lastCompletedRequestId 55 and m_tRequestId 1
07-11 13:53:50.717 4726 4726 I CamX : [ INFO][CORE ] camxnode.cpp:8191 ClearDependencies() Clearing inputPort - portIndex 171303269 portId 53 bufferDelta 3 parentNode ZSLPreviewRawYUV_Stats0 parentRequestId: 0
07-11 13:53:50.717 4726 4726 I CamX : [ INFO][CORE ] camxnode.cpp:8191 ClearDependencies() Clearing inputPort - portIndex 171303269 portId 54 bufferDelta 3 parentNode ZSLPreviewRawYUV_Stats0 parentRequestId: 0
07-11 13:53:50.717 4726 4726 I CamX : [ INFO][CORE ] camxnode.cpp:8191 ClearDependencies() Clearing inputPort - portIndex 171303269 portId 55 bufferDelta 3 parentNode ZSLPreviewRawYUV_Stats0 parentRequestId: 0
07-11 13:53:50.717 4726 4726 I CamX : [ INFO][CORE ] camxnode.cpp:8191 ClearDependencies() Clearing inputPort - portIndex 171303269 portId 53 bufferDelta 3 parentNode ZSLPreviewRawYUV_Stats0 parentRequestId: 2
07-11 13:53:50.717 4726 4726 I CamX : [ INFO][CORE ] camxnode.cpp:8191 ClearDependencies() Clearing inputPort - portIndex 171303269 portId 54 bufferDelta 3 parentNode ZSLPreviewRawYUV_Stats0 parentRequestId: 2
07-11 13:53:50.717 4726 4726 I CamX : [ INFO][CORE ] camxnode.cpp:8191 ClearDependencies() Clearing inputPort - portIndex 171303269 portId 55 bufferDelta 3 parentNode ZSLPreviewRawYUV_Stats0 parentRequestId: 2
07-11 13:53:50.717 4726 4726 I CamX : [ INFO][CORE ] camxnode.cpp:8191 ClearDependencies() Clearing inputPort - portIndex 171303269 portId 53 bufferDelta 3 parentNode ZSLPreviewRawYUV_Stats0 parentRequestId: 7
07-11 13:53:50.717 4726 4726 I CamX : [ INFO][CORE ] camxnode.cpp:8191 ClearDependencies() Clearing inputPort - portIndex 171303269 portId 54 bufferDelta 3 parentNode ZSLPreviewRawYUV_Stats0 parentRequestId: 7
07-11 13:53:50.717 4726 4726 I CamX : [ INFO][CORE ] camxnode.cpp:8191 ClearDependencies() Clearing inputPort - portIndex 171303269 portId 55 bufferDelta 3 parentNode ZSLPreviewRawYUV_Stats0 parentRequestId: 7
07-11 13:53:50.717 4726 4726 I CamX : [ INFO][CORE ] camxnode.cpp:8168 ClearDependencies() Clearing dependencies for Node: ZSLPreviewRawYUV_AWB0 with lastCompletedRequestId 55 and m_tRequestId 1
07-11 13:53:50.717 4726 4726 I CamX : [ INFO][CORE ] camxnode.cpp:8191 ClearDependencies() Clearing inputPort - portIndex 171303269 portId 53 bufferDelta 3 parentNode ZSLPreviewRawYUV_AWB0 parentRequestId: 1
07-11 13:53:50.717 4726 4726 I CamX : [ INFO][CORE ] camxnode.cpp:8191 ClearDependencies() Clearing inputPort - portIndex 171303269 portId 54 bufferDelta 3 parentNode ZSLPreviewRawYUV_AWB0 parentRequestId: 1
07-11 13:53:50.717 4726 4726 I CamX : [ INFO][CORE ] camxnode.cpp:8191 ClearDependencies() Clearing inputPort - portIndex 171303269 portId 55 bufferDelta 3 parentNode ZSLPreviewRawYUV_AWB0 parentRequestId: 1
07-11 13:53:50.717 4726 4726 I CamX : [ INFO][CORE ] camxnode.cpp:8168 ClearDependencies() Clearing dependencies for Node: ZSLPreviewRawYUV_FDExtManager0 with lastCompletedRequestId 55 and m_tRequestId 1
07-11 13:53:50.717 4726 4726 I CamX : [ INFO][CORE ] camxnode.cpp:8168 ClearDependencies() Clearing dependencies for Node: ZSLPreviewRawYUV_AutoFocus0 with lastCompletedRequestId 55 and m_tRequestId 1
07-11 13:53:50.717 4726 4726 I CamX : [ INFO][CORE ] camxnode.cpp:8191 ClearDependencies() Clearing inputPort - portIndex 171303269 portId 53 bufferDelta 3 parentNode ZSLPreviewRawYUV_AutoFocus0 parentRequestId: 12
07-11 13:53:50.717 4726 4726 I CamX : [ INFO][CORE ] camxnode.cpp:8191 ClearDependencies() Clearing inputPort - portIndex 171303269 portId 54 bufferDelta 3 parentNode ZSLPreviewRawYUV_AutoFocus0 parentRequestId: 12
07-11 13:53:50.717 4726 4726 I CamX : [ INFO][CORE ] camxnode.cpp:8191 ClearDependencies() Clearing inputPort - portIndex 171303269 portId 55 bufferDelta 3 parentNode ZSLPreviewRawYUV_AutoFocus0 parentRequestId: 12
07-11 13:53:50.717 4726 4726 I CamX : [ INFO][CORE ] camxnode.cpp:8191 ClearDependencies() Clearing inputPort - portIndex 171303269 portId 53 bufferDelta 3 parentNode ZSLPreviewRawYUV_AutoFocus0 parentRequestId: 10
07-11 13:53:50.717 4726 4726 I CamX : [ INFO][CORE ] camxnode.cpp:8191 ClearDependencies() Clearing inputPort - portIndex 171303269 portId 54 bufferDelta 3 parentNode ZSLPreviewRawYUV_AutoFocus0 parentRequestId: 10
07-11 13:53:50.717 4726 4726 I CamX : [ INFO][CORE ] camxnode.cpp:8191 ClearDependencies() Clearing inputPort - portIndex 171303269 portId 55 bufferDelta 3 parentNode ZSLPreviewRawYUV_AutoFocus0 parentRequestId: 10
07-11 13:53:50.717 4726 4726 I CamX : [ INFO][CORE ] camxnode.cpp:8191 ClearDependencies() Clearing inputPort - portIndex 171303269 portId 53 bufferDelta 3 parentNode ZSLPreviewRawYUV_AutoFocus0 parentRequestId: 4
07-11 13:53:50.717 4726 4726 I CamX : [ INFO][CORE ] camxnode.cpp:8191 ClearDependencies() Clearing inputPort - portIndex 171303269 portId 54 bufferDelta 3 parentNode ZSLPreviewRawYUV_AutoFocus0 parentRequestId: 4
07-11 13:53:50.717 4726 4726 I CamX : [ INFO][CORE ] camxnode.cpp:8191 ClearDependencies() Clearing inputPort - portIndex 171303269 portId 55 bufferDelta 3 parentNode ZSLPreviewRawYUV_AutoFocus0 parentRequestId: 4
07-11 13:53:50.717 4726 4726 I CamX : [ INFO][CORE ] camxnode.cpp:8191 ClearDependencies() Clearing inputPort - portIndex 171303269 portId 53 bufferDelta 3 parentNode ZSLPreviewRawYUV_AutoFocus0 parentRequestId: 8
07-11 13:53:50.717 4726 4726 I CamX : [ INFO][CORE ] camxnode.cpp:8191 ClearDependencies() Clearing inputPort - portIndex 171303269 portId 54 bufferDelta 3 parentNode ZSLPreviewRawYUV_AutoFocus0 parentRequestId: 8
07-11 13:53:50.717 4726 4726 I CamX : [ INFO][CORE ] camxnode.cpp:8191 ClearDependencies() Clearing inputPort - portIndex 171303269 portId 55 bufferDelta 3 parentNode ZSLPreviewRawYUV_AutoFocus0 parentRequestId: 8
07-11 13:53:50.717 4726 4726 I CamX : [ INFO][CORE ] camxnode.cpp:8168 ClearDependencies() Clearing dependencies for Node: ZSLPreviewRawYUV_IFE0 with lastCompletedRequestId 55 and m_tRequestId 1
07-11 13:53:50.717 4726 4726 I CamX : [ INFO][CORE ] camxnode.cpp:8168 ClearDependencies() Clearing dependencies for Node: ZSLPreviewRawYUV_IPE1 with lastCompletedRequestId 55 and m_tRequestId 1
07-11 13:53:50.717 4726 4726 I CamX : [ INFO][CORE ] camxnode.cpp:8168 ClearDependencies() Clearing dependencies for Node: ZSLPreviewRawYUV_LRME0 with lastCompletedRequestId 55 and m_tRequestId 1
07-11 13:53:50.717 4726 4726 I CamX : [ INFO][CORE ] camxnode.cpp:8191 ClearDependencies() Clearing inputPort - portIndex 171303269 portId 55 bufferDelta 1 parentNode ZSLPreviewRawYUV_LRME0 parentRequestId: 7
07-11 13:53:50.717 4726 4726 I CamX : [ INFO][CORE ] camxnode.cpp:8191 ClearDependencies() Clearing inputPort - portIndex 171303269 portId 55 bufferDelta 1 parentNode ZSLPreviewRawYUV_LRME0 parentRequestId: 8
07-11 13:53:50.717 4726 4726 I CamX : [ INFO][CORE ] camxnode.cpp:8168 ClearDependencies() Clearing dependencies for Node: ZSLPreviewRawYUV_RANSAC0 with lastCompletedRequestId 55 and m_tRequestId 1
07-11 13:53:50.717 4726 4726 I CamX : [ INFO][CORE ] camxnode.cpp:8168 ClearDependencies() Clearing dependencies for Node: ZSLPreviewRawYUV_StatsParse0 with lastCompletedRequestId 55 and m_tRequestId 1
07-11 13:53:50.717 4726 4726 I CamX : [ INFO][CORE ] camxnode.cpp:8191 ClearDependencies() Clearing inputPort - portIndex 171303269 portId 53 bufferDelta 3 parentNode ZSLPreviewRawYUV_StatsParse0 parentRequestId: 0
07-11 13:53:50.717 4726 4726 I CamX : [ INFO][CORE ] camxnode.cpp:8191 ClearDependencies() Clearing inputPort - portIndex 171303269 portId 54 bufferDelta 3 parentNode ZSLPreviewRawYUV_StatsParse0 parentRequestId: 0
07-11 13:53:50.717 4726 4726 I CamX : [ INFO][CORE ] camxnode.cpp:8191 ClearDependencies() Clearing inputPort - portIndex 171303269 portId 55 bufferDelta 3 parentNode ZSLPreviewRawYUV_StatsParse0 parentRequestId: 0
07-11 13:53:50.717 4726 4726 I CamX : [ INFO][CORE ] camxnode.cpp:8191 ClearDependencies() Clearing inputPort - portIndex 171303269 portId 53 bufferDelta 3 parentNode ZSLPreviewRawYUV_StatsParse0 parentRequestId: 9
07-11 13:53:50.717 4726 4726 I CamX : [ INFO][CORE ] camxnode.cpp:8191 ClearDependencies() Clearing inputPort - portIndex 171303269 portId 54 bufferDelta 3 parentNode ZSLPreviewRawYUV_StatsParse0 parentRequestId: 9
07-11 13:53:50.717 4726 4726 I CamX : [ INFO][CORE ] camxnode.cpp:8191 ClearDependencies() Clearing inputPort - portIndex 171303269 portId 55 bufferDelta 3 parentNode ZSLPreviewRawYUV_StatsParse0 parentRequestId: 9
07-11 13:53:50.717 4726 4726 I CamX : [ INFO][CORE ] camxnode.cpp:8191 ClearDependencies() Clearing inputPort - portIndex 171303269 portId 53 bufferDelta 3 parentNode ZSLPreviewRawYUV_StatsParse0 parentRequestId: 1
07-11 13:53:50.717 4726 4726 I CamX : [ INFO][CORE ] camxnode.cpp:8191 ClearDependencies() Clearing inputPort - portIndex 171303269 portId 54 bufferDelta 3 parentNode ZSLPreviewRawYUV_StatsParse0 parentRequestId: 1
07-11 13:53:50.717 4726 4726 I CamX : [ INFO][CORE ] camxnode.cpp:8191 ClearDependencies() Clearing inputPort - portIndex 171303269 portId 55 bufferDelta 3 parentNode ZSLPreviewRawYUV_StatsParse0 parentRequestId: 1
07-11 13:53:50.717 4726 4726 I CamX : [ INFO][CORE ] camxnode.cpp:8191 ClearDependencies() Clearing inputPort - portIndex 171303269 portId 53 bufferDelta 3 parentNode ZSLPreviewRawYUV_StatsParse0 parentRequestId: 2
07-11 13:53:50.717 4726 4726 I CamX : [ INFO][CORE ] camxnode.cpp:8191 ClearDependencies() Clearing inputPort - portIndex 171303269 portId 54 bufferDelta 3 parentNode ZSLPreviewRawYUV_StatsParse0 parentRequestId: 2
07-11 13:53:50.717 4726 4726 I CamX : [ INFO][CORE ] camxnode.cpp:8191 ClearDependencies() Clearing inputPort - portIndex 171303269 portId 55 bufferDelta 3 parentNode ZSLPreviewRawYUV_StatsParse0 parentRequestId: 2
07-11 13:53:50.718 4726 4726 I CamX : [ INFO][CORE ] camxnode.cpp:8191 ClearDependencies() Clearing inputPort - portIndex 171303269 portId 53 bufferDelta 3 parentNode ZSLPreviewRawYUV_StatsParse0 parentRequestId: 3
07-11 13:53:50.718 4726 4726 I CamX : [ INFO][CORE ] camxnode.cpp:8191 ClearDependencies() Clearing inputPort - portIndex 171303269 portId 54 bufferDelta 3 parentNode ZSLPreviewRawYUV_StatsParse0 parentRequestId: 3
07-11 13:53:50.718 4726 4726 I CamX : [ INFO][CORE ] camxnode.cpp:8191 ClearDependencies() Clearing inputPort - portIndex 171303269 portId 55 bufferDelta 3 parentNode ZSLPreviewRawYUV_StatsParse0 parentRequestId: 3
07-11 13:53:50.718 4726 4726 I CamX : [ INFO][CORE ] camxnode.cpp:8191 ClearDependencies() Clearing inputPort - portIndex 171303269 portId 53 bufferDelta 3 parentNode ZSLPreviewRawYUV_StatsParse0 parentRequestId: 7
07-11 13:53:50.718 4726 4726 I CamX : [ INFO][CORE ] camxnode.cpp:8191 ClearDependencies() Clearing inputPort - portIndex 171303269 portId 54 bufferDelta 3 parentNode ZSLPreviewRawYUV_StatsParse0 parentRequestId: 7
07-11 13:53:50.718 4726 4726 I CamX : [ INFO][CORE ] camxnode.cpp:8191 ClearDependencies() Clearing inputPort - portIndex 171303269 portId 55 bufferDelta 3 parentNode ZSLPreviewRawYUV_StatsParse0 parentRequestId: 7
07-11 13:53:50.718 4726 4726 E CamX : [ERROR][Assert ] camxmetadatapool.cpp:1043 GetMetabuffer(): NULL != m_pMetaBuffer
07-11 13:53:50.718 4726 4726 I CamX : [ INFO][CORE ] camxsession.cpp:282 Flush() Flush is done for session 0x72a95f5b40
07-11 13:53:50.745 6592 6592 D audio_hw_primary: out_set_parameters: enter: usecase(1: low-latency-playback) kvpairs: routing=2;
07-11 13:53:50.745 6592 6592 D audio_hw_extn: audio_extn_fm_set_parameters: Enter
07-11 13:53:50.745 6592 6592 E soundtrigger: audio_extn_sound_trigger_set_parameters: str_params NULL
07-11 13:53:50.745 6592 6592 D audio_hw_hfp: hfp_set_parameters: enter
07-11 13:53:50.745 6592 6592 D audio_hw_primary: out_set_parameters: enter: usecase(0: deep-buffer-playback) kvpairs: routing=2;
07-11 13:53:50.745 6592 6592 D audio_hw_primary: check_and_set_karaok_parameters: is karaok rx device 0, is karaok tx device 0
07-11 13:53:50.762 4726 4726 I CamX : [ INFO][CORE ] camxpipeline.h:1791 SetPipelineStatus() ZSLPreviewRawYUV_0 status is now PipelineStatus::STREAM_OFF
07-11 13:53:50.763 4726 4726 I CamX : [ INFO][CORE ] camxpipeline.h:1791 SetPipelineStatus() ZSLPreviewRawYUV_0 status is now PipelineStatus::RESOURCES_RELEASED
07-11 13:53:50.763 4726 4726 I CamX : [ INFO][CORE ] camxsession.cpp:512 Destroy() ZSLPreviewRawYUV: CSLClose(0x210201)
07-11 13:53:50.766 4726 4726 I CamX : [ INFO][CORE ] camxpipeline.cpp:1786 DestroyNodes() PipelineNmae: ZSLPreviewRawYUV, Post Job Node Sensor thread:start Destroy
07-11 13:53:50.767 4726 6888 I CamX : [ INFO][CORE ] camxsensornode.cpp:6098 SensorThreadJobCallback() Destory Sensor Node:pipeline ZSLPreviewRawYUV camera ID 0
07-11 13:53:50.771 4726 4726 E CamX : [ERROR][STATS ] camxcawbstatsprocessor.cpp:987 ~CAWBStatsProcessor() cameraId = 0, gain r/g/b = (2.046139 1.000000 1.657899), cct = 5690.000000, curDecisionTC(0.497729,0.583013)
07-11 13:53:50.829 4726 4726 I CamX : [ INFO][CORE ] camxpipeline.cpp:1805 DestroyNodes() Destroy Sensor Other Resources
07-11 13:53:50.830 4726 4726 I CamX : [ INFO][CORE ] camxpipeline.cpp:85 ~Pipeline() ZSLPreviewRawYUV_0: CSLClose(0x210201)
07-11 13:53:50.830 4726 4726 E CamX : [ERROR][CSL ] camxcslhw.cpp:297 CSLCloseHW() Dump any orphaned and acquired devices after close CSLHandle=2163201
07-11 13:53:50.830 4726 4726 I CHIUSECASE: [INFO ] chxfeaturezsl.cpp:112 Destroy() FeatureZSL::Destroy() isForced 0
07-11 13:53:50.831 4726 4726 I CHIUSECASE: [INFO ] chxmetadata.cpp:962 ~AndroidMetadataHolder() Destroy FWO 0x72de6f0560 entry_cap 2 data_cap 16
07-11 13:53:50.831 4726 4726 I CHIUSECASE: [INFO ] chxmetadata.cpp:962 ~AndroidMetadataHolder() Destroy FWO 0x72de6f0380 entry_cap 2 data_cap 16
07-11 13:53:50.831 4726 4726 I CHIUSECASE: [INFO ] chxmetadata.cpp:962 ~AndroidMetadataHolder() Destroy FWO 0x72de6f0320 entry_cap 2 data_cap 16
07-11 13:53:50.831 4726 4726 I CHIUSECASE: [INFO ] chxmetadata.cpp:962 ~AndroidMetadataHolder() Destroy FWO 0x72de6f02c0 entry_cap 2 data_cap 16
07-11 13:53:50.831 4726 4726 I CHIUSECASE: [INFO ] chxmetadata.cpp:962 ~AndroidMetadataHolder() Destroy FWO 0x72de6f11c0 entry_cap 2 data_cap 16
07-11 13:53:50.831 4726 4726 I CHIUSECASE: [INFO ] chxmetadata.cpp:962 ~AndroidMetadataHolder() Destroy FWO 0x72de6f1160 entry_cap 2 data_cap 16
07-11 13:53:50.831 4726 4726 I CHIUSECASE: [INFO ] chxmetadata.cpp:962 ~AndroidMetadataHolder() Destroy FWO 0x72de6f1100 entry_cap 2 data_cap 16
07-11 13:53:50.831 4726 4726 I CHIUSECASE: [INFO ] chxmetadata.cpp:962 ~AndroidMetadataHolder() Destroy FWO 0x72de6f10a0 entry_cap 2 data_cap 16
07-11 13:53:50.831 4726 4726 I CHIUSECASE: [INFO ] chxmetadata.cpp:962 ~AndroidMetadataHolder() Destroy FWO 0x72ce774400 entry_cap 256 data_cap 262144
07-11 13:53:50.831 4726 4726 I CHIUSECASE: [INFO ] chxmetadata.cpp:962 ~AndroidMetadataHolder() Destroy FWO 0x72ce723000 entry_cap 256 data_cap 262144
07-11 13:53:50.831 4726 4726 I CHIUSECASE: [INFO ] chxmetadata.cpp:962 ~AndroidMetadataHolder() Destroy FWO 0x72ce6d2f80 entry_cap 256 data_cap 262144
07-11 13:53:50.831 4726 4726 I CHIUSECASE: [INFO ] chxmetadata.cpp:962 ~AndroidMetadataHolder() Destroy FWO 0x72ce681080 entry_cap 256 data_cap 262144
07-11 13:53:50.831 4726 4726 I CHIUSECASE: [INFO ] chxmetadata.cpp:962 ~AndroidMetadataHolder() Destroy FWO 0x72ce630b00 entry_cap 256 data_cap 262144
07-11 13:53:50.831 4726 4726 I CHIUSECASE: [INFO ] chxmetadata.cpp:962 ~AndroidMetadataHolder() Destroy FWO 0x72ce5dfd00 entry_cap 256 data_cap 262144
07-11 13:53:50.831 4726 4726 I CHIUSECASE: [INFO ] chxmetadata.cpp:962 ~AndroidMetadataHolder() Destroy FWO 0x72ce438d00 entry_cap 256 data_cap 262144
07-11 13:53:50.831 4726 4726 I CHIUSECASE: [INFO ] chxmetadata.cpp:962 ~AndroidMetadataHolder() Destroy FWO 0x72ce358780 entry_cap 256 data_cap 262144
07-11 13:53:50.831 4726 4726 I CHIUSECASE: [VERBOSE] chxmetadata.cpp:856 ReleaseBuffers() [CMB_DEBUG] Release buffers for client 0x72cece1978 type 0 size 0
07-11 13:53:50.831 4726 4726 I CHIUSECASE: [VERBOSE] chxmetadata.cpp:856 ReleaseBuffers() [CMB_DEBUG] Release buffers for client 0x72cece17e8 type 0 size 0
07-11 13:53:50.831 4726 4726 I CHIUSECASE: [VERBOSE] chxmetadata.cpp:856 ReleaseBuffers() [CMB_DEBUG] Release buffers for client 0x72cece1658 type 0 size 0
07-11 13:53:50.831 4726 4726 I CHIUSECASE: [VERBOSE] chxmetadata.cpp:856 ReleaseBuffers() [CMB_DEBUG] Release buffers for client 0x72cece14c8 type 0 size 0
07-11 13:53:50.831 4726 4726 I CHIUSECASE: [VERBOSE] chxmetadata.cpp:856 ReleaseBuffers() [CMB_DEBUG] Release buffers for client 0x72cece1338 type 0 size 0
07-11 13:53:50.831 4726 4726 I CHIUSECASE: [VERBOSE] chxmetadata.cpp:856 ReleaseBuffers() [CMB_DEBUG] Release buffers for client 0x72cece11a8 type 0 size 0
07-11 13:53:50.831 4726 4726 I CHIUSECASE: [VERBOSE] chxmetadata.cpp:856 ReleaseBuffers() [CMB_DEBUG] Release buffers for client 0x72cece1018 type 0 size 0
07-11 13:53:50.831 4726 4726 I CHIUSECASE: [VERBOSE] chxmetadata.cpp:856 ReleaseBuffers() [CMB_DEBUG] Release buffers for client 0x72cece0e88 type 0 size 0
07-11 13:53:50.831 4726 4726 I CHIUSECASE: [VERBOSE] chxmetadata.cpp:856 ReleaseBuffers() [CMB_DEBUG] Release buffers for client 0x72cece0cf8 type 0 size 0
07-11 13:53:50.831 4726 4726 I CHIUSECASE: [VERBOSE] chxmetadata.cpp:856 ReleaseBuffers() [CMB_DEBUG] Release buffers for client 0x72cece0b68 type 0 size 0
07-11 13:53:50.831 4726 4726 I CHIUSECASE: [VERBOSE] chxmetadata.cpp:856 ReleaseBuffers() [CMB_DEBUG] Release buffers for client 0x72cece09d8 type 0 size 0
07-11 13:53:50.831 4726 4726 I CHIUSECASE: [VERBOSE] chxmetadata.cpp:856 ReleaseBuffers() [CMB_DEBUG] Release buffers for client 0x72cece0848 type 0 size 0
07-11 13:53:50.831 4726 4726 I CHIUSECASE: [VERBOSE] chxmetadata.cpp:856 ReleaseBuffers() [CMB_DEBUG] Release buffers for client 0x72cece06b8 type 0 size 0
07-11 13:53:50.831 4726 4726 I CHIUSECASE: [VERBOSE] chxmetadata.cpp:856 ReleaseBuffers() [CMB_DEBUG] Release buffers for client 0x72cece0528 type 0 size 0
07-11 13:53:50.831 4726 4726 I CHIUSECASE: [VERBOSE] chxmetadata.cpp:856 ReleaseBuffers() [CMB_DEBUG] Release buffers for client 0x72cece0398 type 0 size 0
07-11 13:53:50.831 4726 4726 I CHIUSECASE: [VERBOSE] chxmetadata.cpp:856 ReleaseBuffers() [CMB_DEBUG] Release buffers for client 0x72cece0208 type 0 size 0
07-11 13:53:50.831 4726 4726 I CHIUSECASE: [VERBOSE] chxmetadata.cpp:856 ReleaseBuffers() [CMB_DEBUG] Release buffers for client 0x72cece0078 type 0 size 0
07-11 13:53:50.831 4726 4726 I CHIUSECASE: [VERBOSE] chxmetadata.cpp:856 ReleaseBuffers() [CMB_DEBUG] Release buffers for client 0x72cecdfee8 type 0 size 0
07-11 13:53:50.831 4726 4726 I CHIUSECASE: [VERBOSE] chxmetadata.cpp:856 ReleaseBuffers() [CMB_DEBUG] Release buffers for client 0x72cecdfd58 type 0 size 0
07-11 13:53:50.831 4726 4726 I CHIUSECASE: [VERBOSE] chxmetadata.cpp:856 ReleaseBuffers() [CMB_DEBUG] Release buffers for client 0x72cecdfbc8 type 0 size 0
07-11 13:53:50.831 4726 4726 I CHIUSECASE: [VERBOSE] chxmetadata.cpp:856 ReleaseBuffers() [CMB_DEBUG] Release buffers for client 0x72cecdfa38 type 0 size 0
07-11 13:53:50.831 4726 4726 I CHIUSECASE: [VERBOSE] chxmetadata.cpp:856 ReleaseBuffers() [CMB_DEBUG] Release buffers for client 0x72cecdf8a8 type 0 size 0
07-11 13:53:50.831 4726 4726 I CHIUSECASE: [VERBOSE] chxmetadata.cpp:856 ReleaseBuffers() [CMB_DEBUG] Release buffers for client 0x72cecdf718 type 0 size 0
07-11 13:53:50.831 4726 4726 I CHIUSECASE: [VERBOSE] chxmetadata.cpp:856 ReleaseBuffers() [CMB_DEBUG] Release buffers for client 0x72cecdf588 type 0 size 0
07-11 13:53:50.831 4726 4726 I CHIUSECASE: [VERBOSE] chxmetadata.cpp:856 ReleaseBuffers() [CMB_DEBUG] Release buffers for client 0x72cecdf3f8 type 0 size 0
07-11 13:53:50.831 4726 4726 I CHIUSECASE: [VERBOSE] chxmetadata.cpp:856 ReleaseBuffers() [CMB_DEBUG] Release buffers for client 0x72cecdf268 type 0 size 0
07-11 13:53:50.831 4726 4726 I CHIUSECASE: [VERBOSE] chxmetadata.cpp:856 ReleaseBuffers() [CMB_DEBUG] Release buffers for client 0x72cecdf0d8 type 0 size 0
07-11 13:53:50.831 4726 4726 I CHIUSECASE: [VERBOSE] chxmetadata.cpp:856 ReleaseBuffers() [CMB_DEBUG] Release buffers for client 0x72cecdef48 type 0 size 0
07-11 13:53:50.831 4726 4726 I CHIUSECASE: [VERBOSE] chxmetadata.cpp:856 ReleaseBuffers() [CMB_DEBUG] Release buffers for client 0x72cecdedb8 type 0 size 0
07-11 13:53:50.831 4726 4726 I CHIUSECASE: [VERBOSE] chxmetadata.cpp:856 ReleaseBuffers() [CMB_DEBUG] Release buffers for client 0x72cecdec28 type 0 size 0
07-11 13:53:50.831 4726 4726 I CHIUSECASE: [VERBOSE] chxmetadata.cpp:856 ReleaseBuffers() [CMB_DEBUG] Release buffers for client 0x72cecdea98 type 0 size 0
07-11 13:53:50.831 4726 4726 I CHIUSECASE: [VERBOSE] chxmetadata.cpp:856 ReleaseBuffers() [CMB_DEBUG] Release buffers for client 0x72cecde908 type 0 size 0
07-11 13:53:50.831 4726 4726 I CHIUSECASE: [VERBOSE] chxmetadata.cpp:856 ReleaseBuffers() [CMB_DEBUG] Release buffers for client 0x72cecde778 type 0 size 0
07-11 13:53:50.831 4726 4726 I CHIUSECASE: [VERBOSE] chxmetadata.cpp:856 ReleaseBuffers() [CMB_DEBUG] Release buffers for client 0x72cecde5e8 type 0 size 0
07-11 13:53:50.831 4726 4726 I CHIUSECASE: [VERBOSE] chxmetadata.cpp:856 ReleaseBuffers() [CMB_DEBUG] Release buffers for client 0x72cecde458 type 0 size 0
07-11 13:53:50.831 4726 4726 I CHIUSECASE: [VERBOSE] chxmetadata.cpp:856 ReleaseBuffers() [CMB_DEBUG] Release buffers for client 0x72cecde2c8 type 0 size 0
07-11 13:53:50.831 4726 4726 I CHIUSECASE: [VERBOSE] chxmetadata.cpp:856 ReleaseBuffers() [CMB_DEBUG] Release buffers for client 0x72cecde138 type 0 size 0
07-11 13:53:50.831 4726 4726 I CHIUSECASE: [VERBOSE] chxmetadata.cpp:856 ReleaseBuffers() [CMB_DEBUG] Release buffers for client 0x72cecddfa8 type 0 size 0
07-11 13:53:50.831 4726 4726 I CHIUSECASE: [VERBOSE] chxmetadata.cpp:856 ReleaseBuffers() [CMB_DEBUG] Release buffers for client 0x72cecdde18 type 0 size 0
07-11 13:53:50.831 4726 4726 I CHIUSECASE: [VERBOSE] chxmetadata.cpp:856 ReleaseBuffers() [CMB_DEBUG] Release buffers for client 0x72cecddc88 type 0 size 0
07-11 13:53:50.831 4726 4726 I CHIUSECASE: [VERBOSE] chxmetadata.cpp:856 ReleaseBuffers() [CMB_DEBUG] Release buffers for client 0x72cecddaf8 type 0 size 0
07-11 13:53:50.831 4726 4726 I CHIUSECASE: [VERBOSE] chxmetadata.cpp:856 ReleaseBuffers() [CMB_DEBUG] Release buffers for client 0x72cecdd968 type 0 size 0
07-11 13:53:50.831 4726 4726 I CHIUSECASE: [VERBOSE] chxmetadata.cpp:856 ReleaseBuffers() [CMB_DEBUG] Release buffers for client 0x72cecdd7d8 type 0 size 0
07-11 13:53:50.831 4726 4726 I CHIUSECASE: [VERBOSE] chxmetadata.cpp:856 ReleaseBuffers() [CMB_DEBUG] Release buffers for client 0x72cecdd648 type 0 size 0
07-11 13:53:50.831 4726 4726 I CHIUSECASE: [VERBOSE] chxmetadata.cpp:856 ReleaseBuffers() [CMB_DEBUG] Release buffers for client 0x72cecdd4b8 type 0 size 0
07-11 13:53:50.831 4726 4726 I CHIUSECASE: [VERBOSE] chxmetadata.cpp:856 ReleaseBuffers() [CMB_DEBUG] Release buffers for client 0x72cecdd328 type 0 size 0
07-11 13:53:50.831 4726 4726 I CHIUSECASE: [VERBOSE] chxmetadata.cpp:856 ReleaseBuffers() [CMB_DEBUG] Release buffers for client 0x72cecdd198 type 0 size 0
07-11 13:53:50.831 4726 4726 I CHIUSECASE: [VERBOSE] chxmetadata.cpp:856 ReleaseBuffers() [CMB_DEBUG] Release buffers for client 0x72cecdd008 type 0 size 0
07-11 13:53:50.831 4726 4726 I CHIUSECASE: [VERBOSE] chxmetadata.cpp:856 ReleaseBuffers() [CMB_DEBUG] Release buffers for client 0x72cecdce78 type 0 size 0
07-11 13:53:50.831 4726 4726 I CHIUSECASE: [VERBOSE] chxmetadata.cpp:856 ReleaseBuffers() [CMB_DEBUG] Release buffers for client 0x72cecdcce8 type 0 size 0
07-11 13:53:50.831 4726 4726 I CHIUSECASE: [VERBOSE] chxmetadata.cpp:856 ReleaseBuffers() [CMB_DEBUG] Release buffers for client 0x72cecdcb58 type 0 size 0
07-11 13:53:50.831 4726 4726 I CHIUSECASE: [VERBOSE] chxmetadata.cpp:856 ReleaseBuffers() [CMB_DEBUG] Release buffers for client 0x72cecdc9c8 type 0 size 0
07-11 13:53:50.831 4726 4726 I CHIUSECASE: [VERBOSE] chxmetadata.cpp:856 ReleaseBuffers() [CMB_DEBUG] Release buffers for client 0x72cecdc838 type 0 size 0
07-11 13:53:50.831 4726 4726 I CHIUSECASE: [VERBOSE] chxmetadata.cpp:856 ReleaseBuffers() [CMB_DEBUG] Release buffers for client 0x72cecdc6a8 type 0 size 0
07-11 13:53:50.831 4726 4726 I CHIUSECASE: [VERBOSE] chxmetadata.cpp:856 ReleaseBuffers() [CMB_DEBUG] Release buffers for client 0x72cecdc518 type 0 size 0
07-11 13:53:50.831 4726 4726 I CHIUSECASE: [VERBOSE] chxmetadata.cpp:856 ReleaseBuffers() [CMB_DEBUG] Release buffers for client 0x72cecdc388 type 0 size 0
07-11 13:53:50.831 4726 4726 I CHIUSECASE: [VERBOSE] chxmetadata.cpp:856 ReleaseBuffers() [CMB_DEBUG] Release buffers for client 0x72cecdc1f8 type 0 size 0
07-11 13:53:50.831 4726 4726 I CHIUSECASE: [VERBOSE] chxmetadata.cpp:856 ReleaseBuffers() [CMB_DEBUG] Release buffers for client 0x72cecdc068 type 0 size 0
07-11 13:53:50.831 4726 4726 I CHIUSECASE: [VERBOSE] chxmetadata.cpp:856 ReleaseBuffers() [CMB_DEBUG] Release buffers for client 0x72cecdbed8 type 0 size 0
07-11 13:53:50.831 4726 4726 I CHIUSECASE: [VERBOSE] chxmetadata.cpp:856 ReleaseBuffers() [CMB_DEBUG] Release buffers for client 0x72cecdbd48 type 0 size 0
07-11 13:53:50.831 4726 4726 I CHIUSECASE: [VERBOSE] chxmetadata.cpp:856 ReleaseBuffers() [CMB_DEBUG] Release buffers for client 0x72cecdbbb8 type 2 size 29
07-11 13:53:50.832 4726 4726 I CHIUSECASE: [VERBOSE] chxmetadata.cpp:856 ReleaseBuffers() [CMB_DEBUG] Release buffers for client 0x72cecdba28 type 3 size 6
07-11 13:53:50.833 4726 4726 I CHIUSECASE: [VERBOSE] chxmetadata.cpp:856 ReleaseBuffers() [CMB_DEBUG] Release buffers for client 0x72cecdb898 type 0 size 16
07-11 13:53:50.833 4726 4726 I CHIUSECASE: [VERBOSE] chxmetadata.cpp:856 ReleaseBuffers() [CMB_DEBUG] Release buffers for client 0x72cecdb708 type 1 size 29
07-11 13:53:50.834 4726 4726 I CHIUSECASE: [INFO ] chxextensionmodule.cpp:2794 TeardownOverrideUsecase() [X]
07-11 13:53:50.834 4726 4726 D CHIUSECASE: [FULL ] chxextensionmodule.cpp:2722 TeardownOverrideSession() Free up stream config memory
07-11 13:53:50.834 4726 4726 I CHIUSECASE: [INFO ] chxperf.cpp:782 ReleasePerfLock() Release perflock type: 13
07-11 13:53:50.834 4726 4726 I CHIUSECASE: [INFO ] chxperf.cpp:1073 ReleasePerfLock() Perflock already released or not acquired
07-11 13:53:50.834 4726 4726 I CHIUSECASE: [INFO ] chxperf.cpp:782 ReleasePerfLock() Release perflock type: 8
07-11 13:53:50.834 4726 4726 I CHIUSECASE: [INFO ] chxperf.cpp:1073 ReleasePerfLock() Perflock already released or not acquired
07-11 13:53:50.834 4726 4726 I CHIUSECASE: [INFO ] chxperf.cpp:782 ReleasePerfLock() Release perflock type: 0
07-11 13:53:50.834 4726 4726 I CHIUSECASE: [INFO ] chxperf.cpp:1073 ReleasePerfLock() Perflock already released or not acquired
07-11 13:53:50.834 4726 4726 I CHIUSECASE: [INFO ] chxperf.cpp:782 ReleasePerfLock() Release perflock type: 9
07-11 13:53:50.834 4726 4726 I CHIUSECASE: [INFO ] chxperf.cpp:1073 ReleasePerfLock() Perflock already released or not acquired
07-11 13:53:50.834 4726 4726 I CHIUSECASE: [INFO ] chxperf.cpp:782 ReleasePerfLock() Release perflock type: 10
07-11 13:53:50.834 4726 4726 I CHIUSECASE: [INFO ] chxperf.cpp:1073 ReleasePerfLock() Perflock already released or not acquired
07-11 13:53:50.834 4726 4726 I CHIUSECASE: [INFO ] chxperf.cpp:782 ReleasePerfLock() Release perflock type: 11
07-11 13:53:50.834 4726 4726 I CHIUSECASE: [INFO ] chxperf.cpp:1073 ReleasePerfLock() Perflock already released or not acquired
07-11 13:53:50.834 4726 4726 I CHIUSECASE: [INFO ] chxperf.cpp:782 ReleasePerfLock() Release perflock type: 12
07-11 13:53:50.834 4726 4726 I CHIUSECASE: [INFO ] chxperf.cpp:1073 ReleasePerfLock() Perflock already released or not acquired
07-11 13:53:50.834 4726 4726 I CHIUSECASE: [INFO ] chxperf.cpp:782 ReleasePerfLock() Release perflock type: 13
07-11 13:53:50.834 4726 4726 I CHIUSECASE: [INFO ] chxperf.cpp:1073 ReleasePerfLock() Perflock already released or not acquired
07-11 13:53:50.834 4726 4726 I CHIUSECASE: [INFO ] chxperf.cpp:782 ReleasePerfLock() Release perflock type: 14
07-11 13:53:50.834 4726 4726 I CHIUSECASE: [INFO ] chxperf.cpp:1073 ReleasePerfLock() Perflock already released or not acquired
07-11 13:53:50.834 4726 4726 I CHIUSECASE: [INFO ] chxperf.cpp:782 ReleasePerfLock() Release perflock type: 15
07-11 13:53:50.834 4726 4726 I CHIUSECASE: [INFO ] chxperf.cpp:1073 ReleasePerfLock() Perflock already released or not acquired
07-11 13:53:50.834 4726 4726 I CHIUSECASE: [INFO ] chxperf.cpp:782 ReleasePerfLock() Release perflock type: 16
07-11 13:53:50.834 4726 4726 I CHIUSECASE: [INFO ] chxperf.cpp:1073 ReleasePerfLock() Perflock already released or not acquired
07-11 13:53:50.834 4726 4726 I CHIUSECASE: [INFO ] chxperf.cpp:782 ReleasePerfLock() Release perflock type: 17
07-11 13:53:50.834 4726 4726 I CHIUSECASE: [INFO ] chxperf.cpp:1073 ReleasePerfLock() Perflock already released or not acquired
07-11 13:53:50.834 4726 4726 I CHIUSECASE: [INFO ] chxperf.cpp:782 ReleasePerfLock() Release perflock type: 18
07-11 13:53:50.834 4726 4726 I CHIUSECASE: [INFO ] chxperf.cpp:1073 ReleasePerfLock() Perflock already released or not acquired
07-11 13:53:50.834 4726 4726 I CHIUSECASE: [INFO ] chxextensionmodule.cpp:1213 GetCameraIdIndex() AppId => LogicalId:0 => 0
07-11 13:53:50.834 4726 4726 D CHIUSECASE: [DEBUG ] chxxiaomiextensionmodule.cpp:414 RemapCameraId() RemapCameraId: frameworkCameraId 0, mode 1, logicalCameraId 0
07-11 13:53:50.834 4726 4726 I CamX : [ INFO][HAL ] camxhal3module.cpp:405 SetTorchModeInternal() Torch notify state is (inReleaseMode = 1, dropCallbacks = 0)
07-11 13:53:50.834 5099 9487 I CameraProviderManager: Camera device device@3.5/legacy/0 torch status is now AVAILABLE_OFF
07-11 13:53:50.834 5099 9487 I CameraService: onTorchStatusChangedLocked: Torch status changed for cameraId=0, newStatus=1
07-11 13:53:50.835 4726 4726 I CamX : [ INFO][HAL ] camxhal3module.cpp:405 SetTorchModeInternal() Torch notify state is (inReleaseMode = 1, dropCallbacks = 0)
07-11 13:53:50.835 5099 9487 I CameraProviderManager: Camera device device@3.5/legacy/1 torch status is now AVAILABLE_OFF
07-11 13:53:50.835 5099 9487 I CameraService: onTorchStatusChangedLocked: Torch status changed for cameraId=1, newStatus=1
07-11 13:53:50.835 5099 9487 E CameraService: onTorchStatusChangedLocked: cannot get torch status of camera 1: No such file or directory (-2)
07-11 13:53:50.835 4726 4726 I CamX : [ INFO][HAL ] camxhal3module.cpp:405 SetTorchModeInternal() Torch notify state is (inReleaseMode = 1, dropCallbacks = 0)
07-11 13:53:50.835 4726 4726 I CamX : [ INFO][HAL ] camxhal3module.cpp:405 SetTorchModeInternal() Torch notify state is (inReleaseMode = 1, dropCallbacks = 0)
07-11 13:53:50.835 4726 4726 I CHIUSECASE: [INFO ] chxextensionmodule.cpp:1213 GetCameraIdIndex() AppId => LogicalId:0 => 0
07-11 13:53:50.835 4726 4726 I CHIUSECASE: [INFO ] chxextensionmodule.cpp:1213 GetCameraIdIndex() AppId => LogicalId:0 => 0
07-11 13:53:50.835 4726 4726 I CHIUSECASE: [INFO ] chxextensionmodule.cpp:1213 GetCameraIdIndex() AppId => LogicalId:100 => -1
07-11 13:53:50.835 4726 4726 D CHIUSECASE: [DEBUG ] chxxiaomiextensionmodule.cpp:414 RemapCameraId() RemapCameraId: frameworkCameraId 100, mode 0, logicalCameraId 12
07-11 13:53:50.835 4726 4726 I CHIUSECASE: [INFO ] chxextensionmodule.cpp:1213 GetCameraIdIndex() AppId => LogicalId:101 => -1
07-11 13:53:50.835 4726 4726 D CHIUSECASE: [DEBUG ] chxxiaomiextensionmodule.cpp:414 RemapCameraId() RemapCameraId: frameworkCameraId 101, mode 0, logicalCameraId 13
07-11 13:53:50.835 4726 4726 I CHIUSECASE: [INFO ] chxextensionmodule.cpp:1213 GetCameraIdIndex() AppId => LogicalId:102 => -1
07-11 13:53:50.835 4726 4726 D CHIUSECASE: [DEBUG ] chxxiaomiextensionmodule.cpp:414 RemapCameraId() RemapCameraId: frameworkCameraId 102, mode 0, logicalCameraId 14
07-11 13:53:50.836 4726 4726 E CamX : [ERROR][SENSOR ] camxsensornode.cpp:265 ReleaseOneSubDevice() CameraID=0 Subdevice=0 refCount already 0!
07-11 13:53:50.836 4726 4726 E CamX : [ERROR][SENSOR ] camxsensornode.cpp:265 ReleaseOneSubDevice() CameraID=0 Subdevice=1 refCount already 0!
07-11 13:53:50.836 4726 4726 E CamX : [ERROR][SENSOR ] camxsensornode.cpp:265 ReleaseOneSubDevice() CameraID=0 Subdevice=2 refCount already 0!
07-11 13:53:50.836 4726 4726 E CamX : [ERROR][SENSOR ] camxsensornode.cpp:265 ReleaseOneSubDevice() CameraID=0 Subdevice=3 refCount already 0!
07-11 13:53:50.836 4726 4726 E CamX : [ERROR][SENSOR ] camxsensornode.cpp:265 ReleaseOneSubDevice() CameraID=0 Subdevice=4 refCount already 0!
07-11 13:53:50.836 4726 4726 E CamX : [ERROR][SENSOR ] camxsensornode.cpp:265 ReleaseOneSubDevice() CameraID=0 Subdevice=5 refCount already 0!
07-11 13:53:50.837 5099 9487 I Camera3-Device: disconnectImpl: X
07-11 13:53:50.838 3556 3556 I hwservicemanager: getTransport: Cannot find entry vendor.lineage.camera.motor@1.0::ICameraMotor/default in either framework or device manifest.
07-11 13:53:50.839 5099 9487 I CameraService: disconnect: Disconnected client for camera 0 for PID 8529
07-11 13:53:50.839 5099 9487 I Camera2Client: Camera 0: Closed
07-11 13:53:50.839 5099 9487 I Camera3-Device: disconnectImpl: E
07-11 13:53:50.839 5099 9487 I Camera2ClientBase: Closed Camera 0. Client was: droidmedia (PID 8529, UID 100000)
07-11 13:53:50.839 5099 9487 I Camera3-Device: disconnectImpl: E
07-11 13:53:50.840 5099 9487 D NuPlayerDriver: reset(0xf175d7c0) at state 6
07-11 13:53:50.841 4846 6808 W AudioFlinger: no wake lock to update, system not ready yet
07-11 13:53:50.849 5099 13231 D NuPlayerDriver: notifyResetComplete(0xf175d7c0)
07-11 13:53:50.849 5099 9487 W AMessage: failed to post message as target looper for handler 0 is gone.
07-11 13:53:50.851 5099 9487 E CameraService: binderDied: Java client's binder died, removing it from the list of active clients
07-11 13:53:51.645 6592 6966 D audio_hw_primary: in_standby: enter: stream (0x3217e500) usecase(20: audio-record)
07-11 13:53:51.665 6592 6966 D audio_hw_primary: disable_audio_route: reset and update mixer path: audio-record
07-11 13:53:51.668 6592 6966 D hardware_info: hw_info_append_hw_type : device_name = handset-stereo-dmic-ef
07-11 13:53:51.668 6592 6966 D audio_hw_primary: disable_snd_device: snd_device(194: handset-stereo-dmic-ef)
07-11 13:53:51.668 6592 6966 D msm8974_platform: platform_split_snd_device: snd_device(194) num devices(0) new_snd_devices(0)
07-11 13:53:51.687 6592 6966 D audio_hw_primary: adev_close_input_stream: enter:stream_handle(0x3217e500)
07-11 13:53:51.688 6592 6966 E soundtrigger: audio_extn_sound_trigger_check_ec_ref_enable: st_dev NULL
07-11 13:53:51.688 6592 6966 E soundtrigger: audio_extn_sound_trigger_update_ec_ref_status: st_dev NULL
07-11 13:53:51.688 6592 6966 D audio_hw_primary: in_standby: enter: stream (0x3217e500) usecase(20: audio-record)
07-11 13:53:52.442 5013 7207 D libsensor-B2SNotifier: Backlight2SlpiNotifier brightness = 492
07-11 13:53:52.466 5013 7207 D libsensor-B2SNotifier: Backlight2SlpiNotifier brightness = 493
07-11 13:53:52.488 5013 7207 D libsensor-B2SNotifier: Backlight2SlpiNotifier brightness = 494
07-11 13:53:52.506 5013 7207 D libsensor-B2SNotifier: Backlight2SlpiNotifier brightness = 495
07-11 13:53:52.517 5013 7207 D libsensor-B2SNotifier: Backlight2SlpiNotifier brightness = 496
07-11 13:53:52.533 5013 7207 D libsensor-B2SNotifier: Backlight2SlpiNotifier brightness = 497
07-11 13:53:52.544 5013 7207 D libsensor-B2SNotifier: Backlight2SlpiNotifier brightness = 498
07-11 13:53:52.562 5013 7207 D libsensor-B2SNotifier: Backlight2SlpiNotifier brightness = 499
07-11 13:53:52.580 5013 7207 D libsensor-B2SNotifier: Backlight2SlpiNotifier brightness = 500
07-11 13:53:52.598 5013 7207 D libsensor-B2SNotifier: Backlight2SlpiNotifier brightness = 501
07-11 13:53:52.614 5013 7207 D libsensor-B2SNotifier: Backlight2SlpiNotifier brightness = 502
07-11 13:53:52.629 5013 7207 D libsensor-B2SNotifier: Backlight2SlpiNotifier brightness = 504
07-11 13:53:52.646 5013 7207 D libsensor-B2SNotifier: Backlight2SlpiNotifier brightness = 505
07-11 13:53:52.663 5013 7207 D libsensor-B2SNotifier: Backlight2SlpiNotifier brightness = 506
07-11 13:53:52.679 5013 7207 D libsensor-B2SNotifier: Backlight2SlpiNotifier brightness = 507
07-11 13:53:52.696 5013 7207 D libsensor-B2SNotifier: Backlight2SlpiNotifier brightness = 508
07-11 13:53:52.712 5013 7207 D libsensor-B2SNotifier: Backlight2SlpiNotifier brightness = 509
07-11 13:53:52.729 5013 7207 D libsensor-B2SNotifier: Backlight2SlpiNotifier brightness = 510
07-11 13:53:52.746 5013 7207 D libsensor-B2SNotifier: Backlight2SlpiNotifier brightness = 511
07-11 13:53:52.763 5013 7207 D libsensor-B2SNotifier: Backlight2SlpiNotifier brightness = 512
07-11 13:53:52.781 5013 7207 D libsensor-B2SNotifier: Backlight2SlpiNotifier brightness = 513
07-11 13:53:52.801 5013 7207 D libsensor-B2SNotifier: Backlight2SlpiNotifier brightness = 514
07-11 13:53:52.813 6722 6810 E SDM : HWCSession::ForceMaxFrameRate: ForceMaxFrameRate failed: max_frame_rate is 0!
07-11 13:53:52.817 5013 7207 D libsensor-B2SNotifier: Backlight2SlpiNotifier brightness = 515
07-11 13:53:52.834 5013 7207 D libsensor-B2SNotifier: Backlight2SlpiNotifier brightness = 516
07-11 13:53:52.848 5013 7207 D libsensor-B2SNotifier: Backlight2SlpiNotifier brightness = 517
07-11 13:53:52.865 5013 7207 D libsensor-B2SNotifier: Backlight2SlpiNotifier brightness = 518
07-11 13:53:52.882 5013 7207 D libsensor-B2SNotifier: Backlight2SlpiNotifier brightness = 519
07-11 13:53:52.898 5013 7207 D libsensor-B2SNotifier: Backlight2SlpiNotifier brightness = 520
07-11 13:53:52.919 5013 7207 D libsensor-B2SNotifier: Backlight2SlpiNotifier brightness = 501
07-11 13:53:52.932 5013 7207 D libsensor-B2SNotifier: Backlight2SlpiNotifier brightness = 433
07-11 13:53:52.962 5013 7207 D libsensor-B2SNotifier: Backlight2SlpiNotifier brightness = 297
07-11 13:53:52.980 5013 7207 D libsensor-B2SNotifier: Backlight2SlpiNotifier brightness = 205
07-11 13:53:52.993 5013 7207 D libsensor-B2SNotifier: Backlight2SlpiNotifier brightness = 128
07-11 13:53:53.011 5013 7207 D libsensor-B2SNotifier: Backlight2SlpiNotifier brightness = 84
07-11 13:53:53.016 4749 12426 I chatty : uid=1027 nfc@1.2-service expire 5 lines
07-11 13:53:53.023 4749 12428 I chatty : uid=1027 nfc@1.2-service expire 1 line
07-11 13:53:53.023 4749 12426 I chatty : uid=1027 nfc@1.2-service expire 2 lines
07-11 13:53:53.024 4749 4749 I chatty : uid=1027 nfc@1.2-service expire 1 line
07-11 13:53:53.027 5013 7207 D libsensor-B2SNotifier: Backlight2SlpiNotifier brightness = 84
07-11 13:53:53.035 4749 12426 D NxpTml : PN54X - Invoking I2C Write.....
07-11 13:53:53.037 4749 12426 D NxpNciX : len = 8 > 20020501A0070100
07-11 13:53:53.037 4749 12426 D NxpTml : PN54X - I2C Write successful.....
07-11 13:53:53.037 4749 12426 D NxpTml : PN54X - Posting Fresh Write message.....
07-11 13:53:53.037 4749 12426 D NxpTml : PN54X - Tml Writer Thread Running................
07-11 13:53:53.037 4749 12428 D NxpHal : write successful status = 0x0
07-11 13:53:53.037 4749 4749 D NxpHal : Response timer started
07-11 13:53:53.037 4749 4749 D NxpHal : Waiting after ext cmd sent
07-11 13:53:53.099 4749 12425 D NxpTml : PN54X - I2C Read successful.....len = 5
07-11 13:53:53.099 4749 12425 D NxpNciR : len = 5 > 4002020000
07-11 13:53:53.099 4749 12425 D NxpTml : PN54X - Posting read message.....
07-11 13:53:53.100 4749 12428 D NxpHal : read successful status = 0x0
07-11 13:53:53.100 4749 12428 D NxpHal : phNxpNciHal_print_res_status: response status =STATUS_OK
07-11 13:53:53.100 4749 4749 D NxpHal : Response timer stopped
07-11 13:53:53.100 4749 4749 D NxpHal : Checking response
07-11 13:53:53.100 4749 12425 D NxpTml : PN54X - Read requested.....
07-11 13:53:53.100 4749 12425 D NxpTml : PN54X - Invoking I2C Read.....
07-11 13:53:53.100 4749 12426 D NxpTml : PN54X - Write requested.....
07-11 13:53:53.100 4749 12426 D NxpTml : PN54X - Invoking I2C Write.....
07-11 13:53:53.103 4749 12426 D NxpNciX : len = 4 > 20000100
07-11 13:53:53.103 4749 12426 D NxpTml : PN54X - I2C Write successful.....
07-11 13:53:53.103 4749 12426 D NxpTml : PN54X - Posting Fresh Write message.....
07-11 13:53:53.103 4749 12426 D NxpTml : PN54X - Tml Writer Thread Running................
07-11 13:53:53.103 4749 12428 D NxpHal : write successful status = 0x0
07-11 13:53:53.103 4749 4749 D NxpHal : Response timer started
07-11 13:53:53.103 4749 4749 D NxpHal : Waiting after ext cmd sent
07-11 13:53:53.103 4749 12425 D NxpTml : PN54X - I2C Read successful.....len = 4
07-11 13:53:53.103 4749 12425 D NxpNciR : len = 4 > 40000100
07-11 13:53:53.103 4749 12425 D NxpTml : PN54X - Posting read message.....
07-11 13:53:53.103 4749 12428 D NxpHal : read successful status = 0x0
07-11 13:53:53.103 4749 12428 D NxpHal : CORE_RESET_RSP NCI2.0
07-11 13:53:53.103 4749 4749 D NxpHal : Response timer stopped
07-11 13:53:53.103 4749 12425 D NxpTml : PN54X - Read requested.....
07-11 13:53:53.103 4749 4749 D NxpHal : Response timer started
07-11 13:53:53.103 4749 12425 D NxpTml : PN54X - Invoking I2C Read.....
07-11 13:53:53.104 4749 12425 D NxpTml : PN54X - I2C Read successful.....len = 13
07-11 13:53:53.104 4749 12425 D NxpNciR : len = 13 > 60000A020020040500A4011018
07-11 13:53:53.104 4749 12425 D NxpTml : PN54X - Posting read message.....
07-11 13:53:53.104 4749 12428 D NxpHal : read successful status = 0x0
07-11 13:53:53.104 4749 12428 D NxpHal : CORE_RESET_NTF NCI2.0 reason CORE_RESET_CMD received !
07-11 13:53:53.104 4749 12428 D NxpHal : NxpNci> FW Version: 1.10.18
07-11 13:53:53.104 4749 12428 E NxpHal : Ignoring read , HAL close triggered
07-11 13:53:53.104 4749 4749 D NxpHal : Response timer stopped
07-11 13:53:53.104 4749 4749 D NxpHal : Checking response
07-11 13:53:53.105 4749 12428 D NxpHal : Terminating phNxpNciHal client thread...
07-11 13:53:53.105 4749 12428 D NxpHal : NxpNciHal thread stopped
07-11 13:53:53.105 4749 12425 D NxpTml : PN54X - read request NOT enabled
07-11 13:53:53.106 4749 12426 D NxpTml : PN54X - Write request NOT enabled
07-11 13:53:53.118 4749 4749 D NxpTml : bThreadDone == 0
07-11 13:53:53.132 4749 4749 D NxpHal : phNxpNciHal_close - phOsalNfc_DeInit completed
07-11 13:53:53.132 4749 4749 D NxpHal : Failed to deallocate (list empty)
07-11 13:53:53.132 4749 4749 D NxpHal : Node dump:
07-11 13:53:53.132 4749 4749 D NxpHal : Failed to deallocate (list empty)
07-11 13:53:53.132 4749 4749 D NxpHal : Node dump:
