07-11 02:04:26.661 4631 6286 I CamX : [ INFO][CORE ] camxpipeline.h:439 NotifyNodePartialMetadataDone() [ZSLPreviewRaw_0] All nodes complete partial metadata with requestId: 677.
07-11 02:04:26.661 4631 6286 I CHIUSECASE: [INFO ] chxadvancedcamerausecase.cpp:6642 ParseResultMetadata() ParseResultMetadata: isValid=0, IHDRTrigger=0
07-11 02:04:26.661 4631 6286 D CHIUSECASE: [FULL ] chxadvancedcamerausecase.cpp:3741 IsFlashRequired() isFlashRequired value 0
07-11 02:04:26.661 4631 6286 D CHIUSECASE: [FULL ] chxadvancedcamerausecase.cpp:8757 FindFeatureToProcessResult() ProcessResult SessionId 1 frameNum 676 feature type: 1
07-11 02:04:26.661 4631 6286 D CHIUSECASE: [FULL ] chxfeaturezsl.cpp:1517 GetResultFrameInfo() FeatureZSL AppFrameNum: 676 <--> 676
07-11 02:04:26.661 4631 6286 D CHIUSECASE: [FULL ] chxusecase.cpp:2621 CheckIfMetaDataHasBeenSent() CheckIfMetadata for resultFrameIndexChi=164 Sent=0
07-11 02:04:26.661 4631 6286 D CHIUSECASE: [FULL ] chxusecase.cpp:2597 CheckIfPartialDataCanBeSent() CheckIfMetadata for resultFrameIndexChi=164 Sent=1
07-11 02:04:26.661 4631 6286 D CHIUSECASE: [FULL ] chxusecase.cpp:3078 UpdateAppPartialResultMetadataFromDriver() PMD is being created for resultID=164 resultFrameNumber:676
07-11 02:04:26.661 4631 6286 I CHIUSECASE: [VERBOSE] chxmetadata.cpp:2045 GetAndroidFrameworkOutputMetadata() [CMB_DEBUG_AFWO] Get framework output index 0 address 0x78f9f4ad40 sparse 0
07-11 02:04:26.661 4631 6286 D CHIUSECASE: [FULL ] chxadvancedcamerausecase.cpp:5026 ProcessAndReturnPartialMetadataFinishedResults() Frame 676: Returning Partial metadata result 1 for app frame 676 m_nextAppResultFrame=676 m_lastAppRequestFrame=681
07-11 02:04:26.661 4631 6286 I CHIUSECASE: [INFO ] chxusecase.cpp:1776 ReturnFrameworkResult() chiOriginalOverrideFrameNum: 676 frame_number: 676 resultFrameIndexF: 164 FW: 676, Buffer Count: 1 RESULT: 0x78f9f4ad40
07-11 02:04:26.661 4631 6286 D CHIUSECASE: [FULL ] chxusecaseutils.cpp:567 IsQuadCFASensor() i:0, sensor mode:16
07-11 02:04:26.661 4631 6286 D CHIUSECASE: [FULL ] chxusecase.cpp:705 OverrideResultMetaForQCFA() AE region, origin (0, 0, 0, 0) <==> new (0, 0, 0, 0)
07-11 02:04:26.661 4631 6286 D CHIUSECASE: [FULL ] chxusecase.cpp:727 OverrideResultMetaForQCFA() AF region, origin (4208, 3160, 7816, 5928) <==> new (2104, 1580, 3908, 2964)
07-11 02:04:26.661 4631 6286 D CHIUSECASE: [FULL ] chxusecase.cpp:1803 ReturnFrameworkResult() m_numberOfPendingOutputBuffers = 1
07-11 02:04:26.661 4631 6286 D CHIUSECASE: [FULL ] chxusecase.cpp:1809 ReturnFrameworkResult() pResult->num_output_buffers 0 pending buffers 1
07-11 02:04:26.661 4631 6286 D CHIUSECASE: [FULL ] chxusecase.cpp:2411 HandleMetadataResultReturn() Sending metadata for [FrameNum=676 and override FrameNum=676] with totalexpectedCount=2 partialResultCount=1
07-11 02:04:26.661 4631 6286 D CHIUSECASE: [FULL ] chxusecase.cpp:2664 SetMetaDataHasBeenSent() Metadata for sender 0 with resultFrameIndexChi=164 Sent=1
07-11 02:04:26.661 4631 6286 I CamX : [ INFO][HAL ] camxhal3.cpp:1289 process_capture_result() frame_number 676
07-11 02:04:26.661 4631 6286 I CamX : [ INFO][HAL ] camxhal3.cpp:1290 process_capture_result() num_output_buffers 0
07-11 02:04:26.661 4631 6286 I CamX : [ INFO][HAL ] camxhal3.cpp:1291 process_capture_result() output_buffers 0x0
07-11 02:04:26.661 4631 6286 I CamX : [ INFO][HAL ] camxhal3.cpp:1308 process_capture_result() input_buffer 0x0
07-11 02:04:26.661 4631 6286 I CamX : [ INFO][HAL ] camxhal3.cpp:1315 process_capture_result() partial_result 1
07-11 02:04:26.661 4631 6286 I CamX : [ INFO][HAL ] camxhal3.cpp:1316 process_capture_result() result 0x78f9f4ad40,cb=0x78fac1f008
07-11 02:04:26.661 4631 6286 I CamX : [ INFO][HAL ] camxhal3.cpp:1318 process_capture_result() num_physcam_metadata 0
07-11 02:04:26.662 4631 6286 D CHIUSECASE: [FULL ] chxutils.cpp:806 ResetMetadata() Metadata entry capacity : 256, data capacity: 262144, metaSize: 266288
07-11 02:04:26.662 4631 6286 I CHIUSECASE: [VERBOSE] chxmetadata.cpp:2080 ReleaseAndroidFrameworkOutputMetadata() [CMB_DEBUG_AFWO] Release framework output index 0
07-11 02:04:26.662 4631 4797 I CamX : [ INFO][CORE ] camxpipeline.cpp:2820 CSLMessageHandler() frameMessage:requestID=678, linkhdl:0xf6010b, frameCount=688, timestamp=35145687964687, monoTimestamp=35145687964687
07-11 02:04:26.662 4631 4797 I CamX : [ INFO][CORE ] camxpipeline.cpp:2820 CSLMessageHandler() frameMessage:requestID=678, linkhdl:0xf6010b, frameCount=688, timestamp=35142605552624, monoTimestamp=35142605552624
07-11 02:04:26.662 4631 4797 D CHIUSECASE: [FULL ] chxadvancedcamerausecase.cpp:8857 GetFeatureFromRequestMapping() Look for feature with current index 165 sessionId 1 requestId 677 pFeature 0x78fa1f0440 type 1
07-11 02:04:26.662 4631 4797 D CHIUSECASE: [FULL ] chxadvancedcamerausecase.cpp:7052 ProcessMessage() ZSL Chi Notify SOF frameNum 688 framework frameNum 677, timestamp 35142605552624
07-11 02:04:26.662 4631 4797 D CHIUSECASE: [FULL ] chxfeaturezsl.cpp:1075 ProcessMessage() FeatureZSL Chi Notify SOF frameNum 688 framework frameNum 677, timestamp 35142605552624
07-11 02:04:26.663 4631 4797 D CHIUSECASE: [FULL ] chxadvancedcamerausecase.cpp:8857 GetFeatureFromRequestMapping() Look for feature with current index 165 sessionId 1 requestId 677 pFeature 0x78fa1f0440 type 1
07-11 02:04:26.663 4631 4797 D CHIUSECASE: [FULL ] chxadvancedcamerausecase.cpp:7079 ProcessMessage() Shutter notify Realtime ReqId to AppFrameNum: 677 <--> 677
07-11 02:04:26.663 4631 4797 D CHIUSECASE: [FULL ] chxusecase.cpp:1906 ReturnFrameworkMessage() ResultFrame = 677 FrameIdx = 165 type = 2
07-11 02:04:26.663 4631 4797 D CHIUSECASE: [FULL ] chxusecase.cpp:1929 ReturnFrameworkMessage() Override ResultFrame = 677 m_lastAppMessageFrameReceived = 677 m_nextAppMessageFrame=677
07-11 02:04:26.663 4631 4797 D CHIUSECASE: [FULL ] chxusecase.cpp:1936 ReturnFrameworkMessage() frameIndex = 165 messageAvailable = 1
07-11 02:04:26.663 4631 4797 I CamX : [ INFO][HAL ] camxhal3.cpp:1342 notify() type 00000002
07-11 02:04:26.663 4631 4797 I CamX : [ INFO][HAL ] camxhal3.cpp:1351 notify() frame_number 677
07-11 02:04:26.663 4631 4797 I CamX : [ INFO][HAL ] camxhal3.cpp:1352 notify() timestamp 35142573545472
07-11 02:04:26.663 4631 6286 I CamX : [ INFO][CORE ] camxnode.cpp:2592 ProcessMetadataDone() Node::ZSLPreviewRaw_ChiNodeWrapper1 : Type :255 ProcessMetadataDone 677
07-11 02:04:26.663 4631 6286 I CamX : [ INFO][CORE ] camxpipeline.h:403 NotifyNodeMetadataDone() [ZSLPreviewRaw_0] All nodes complete metadata with requestId: 677.
07-11 02:04:26.663 4631 6286 I CamX : [ INFO][CORE ] camxpipeline.cpp:2204 ProcessMetadataRequestIdDone() ZSLPreviewRaw_0 Notify metadata for request id 677 and sequenceId 676 timestamp = 35142540101721
07-11 02:04:26.663 4631 6286 I CamX : [ INFO][CORE ] camxsession.cpp:3420 InjectResult() Inject result added metadata in result holder for sequence ID : 676
07-11 02:04:26.663 4631 6284 I CamX : [ INFO][HAL ] camxsession.cpp:2387 ProcessResultMetadata() Finalized metadata result for Sequence ID 676 mapped to framework id 676 pipeline 0 reqId 677
07-11 02:04:26.663 4631 6284 I CamX : [ INFO][CORE ] camxsession.cpp:2626 ProcessResults() Processing Result - SequenceId 676 Framenumber 676 - earlyMetadata 0 metadataReady 1 bufferReady 1 isCancelled 0
07-11 02:04:26.663 4631 6284 I CHIUSECASE: [INFO ] chxadvancedcamerausecase.cpp:6642 ParseResultMetadata() ParseResultMetadata: isValid=0, IHDRTrigger=0
07-11 02:04:26.663 4631 6284 D CHIUSECASE: [FULL ] chxadvancedcamerausecase.cpp:3741 IsFlashRequired() isFlashRequired value 0
07-11 02:04:26.664 4631 6284 D CHIUSECASE: [FULL ] chxadvancedcamerausecase.cpp:8757 FindFeatureToProcessResult() ProcessResult SessionId 1 frameNum 676 feature type: 1
07-11 02:04:26.664 4631 6284 D CHIUSECASE: [FULL ] chxfeaturezsl.cpp:1517 GetResultFrameInfo() FeatureZSL AppFrameNum: 676 <--> 676
07-11 02:04:26.664 4631 6284 I CHIUSECASE: [INFO ] chxfeaturezsl.cpp:814 ProcessResult() Realtime frame 676. Metadata: 0x78f10722a0 NumBuffers: 1 Timestamp: 35142540101721 Sent: 0
07-11 02:04:26.664 4631 6287 I CamX : [ INFO][CORE ] camxnode.cpp:2628 ProcessRequestIdDone() Node::ZSLPreviewRaw_ChiNodeWrapper1 : 255 ProcessRequestIdDone 677
07-11 02:04:26.664 4631 6284 I CHIUSECASE: [VERBOSE] chxmetadata.cpp:1909 ReleaseHolder() [CMB_DEBUG] Release buffer 0 client 0 subclient 0, frameNum 0 refCount 691 handle 0x78f11a5f80 0x78f1073500
07-11 02:04:26.664 4631 6284 I CHIUSECASE: [INFO ] chxutils.cpp:1775 GetFlashFiredState() Utils flashfired state Value 2
07-11 02:04:26.664 4631 6284 I CHIUSECASE: [VERBOSE] chxmetadata.cpp:2045 GetAndroidFrameworkOutputMetadata() [CMB_DEBUG_AFWO] Get framework output index 0 address 0x78f9f4ad40 sparse 0
07-11 02:04:26.664 4631 6284 D CHIUSECASE: [FULL ] chxusecase.cpp:2621 CheckIfMetaDataHasBeenSent() CheckIfMetadata for resultFrameIndexChi=164 Sent=1
07-11 02:04:26.664 4631 6284 D CHIUSECASE: [FULL ] chxusecase.cpp:2597 CheckIfPartialDataCanBeSent() CheckIfMetadata for resultFrameIndexChi=164 Sent=0
07-11 02:04:26.664 4631 6284 D CHIUSECASE: [FULL ] chxusecase.cpp:3136 UpdateAppResultMetadata() Partial Data has been sent and meta data needs to be filtered for tags=18
07-11 02:04:26.664 4631 6284 I CHIUSECASE: [INFO ] chxfeaturezsl.cpp:896 ProcessResult() Reserve metadata for frame 676. sessionId 1
07-11 02:04:26.664 4631 6284 I CHIUSECASE: [VERBOSE] chxadvancedcamerausecase.cpp:2709 FillMetadataForRDIQueue() set primary35mmEFL vendor tag, zoom 1.000000 35mmEFL 24.166754
07-11 02:04:26.664 4631 6284 I CHIUSECASE: [VERBOSE] chxmetadata.cpp:1909 ReleaseHolder() [CMB_DEBUG] Release buffer 5 client 3 subclient 0, frameNum 673 refCount 1 handle 0x78fad3d600 0x78f1072000
07-11 02:04:26.664 4631 6287 I CamX : [ INFO][CORE ] camxpipeline.cpp:3671 NotifyNodeRequestIdDone() All nodes in pipeline ZSLPreviewRaw complete with requestId: 677.
07-11 02:04:26.664 4631 6284 I CHIUSECASE: [INFO ] chxadvancedcamerausecase.cpp:2543 UpdateBufferReadyForRDIQueue() validBufferLength:3, framenumber:676, pipeline:1,lastReady:676,firstValid:674,cnt:3
07-11 02:04:26.664 4631 6284 D CHIUSECASE: [FULL ] chxadvancedcamerausecase.cpp:4771 ProcessAndReturnFinishedResults() Frame 676: metadataAvailable: 1, metadataReturn: 1, bufferReturn 0, inBufferReturn 0
07-11 02:04:26.664 4631 6284 D CHIUSECASE: [FULL ] chxadvancedcamerausecase.cpp:4790 ProcessAndReturnFinishedResults() Frame 676: Returning metadata result 2/2 for app frame 676 m_nextAppResultFrame=676 m_lastAppRequestFrame=681
07-11 02:04:26.664 4631 6284 I CHIUSECASE: [INFO ] chxadvancedcamerausecase.cpp:10114 RemosaicInjectReturnResult() [Meta DEBUG] Set xiaomi.remosaic.detected 0
07-11 02:04:26.664 4631 6284 I CHIUSECASE: [INFO ] chxusecase.cpp:1776 ReturnFrameworkResult() chiOriginalOverrideFrameNum: 676 frame_number: 676 resultFrameIndexF: 164 FW: 676, Buffer Count: 1 RESULT: 0x78f9f4ad40
07-11 02:04:26.664 4631 6284 D CHIUSECASE: [FULL ] chxusecaseutils.cpp:567 IsQuadCFASensor() i:0, sensor mode:16
07-11 02:04:26.664 4631 6284 D CHIUSECASE: [FULL ] chxusecase.cpp:683 OverrideResultMetaForQCFA() crop region, origin (0, 0, 12032, 9024) <==> new (0, 0, 6016, 4512)
07-11 02:04:26.664 4631 6284 D CHIUSECASE: [FULL ] chxusecase.cpp:1803 ReturnFrameworkResult() m_numberOfPendingOutputBuffers = 1
07-11 02:04:26.664 4631 6284 D CHIUSECASE: [FULL ] chxusecase.cpp:1809 ReturnFrameworkResult() pResult->num_output_buffers 0 pending buffers 1
07-11 02:04:26.664 4631 6284 D CHIUSECASE: [FULL ] chxusecase.cpp:2411 HandleMetadataResultReturn() Sending metadata for [FrameNum=676 and override FrameNum=676] with totalexpectedCount=2 partialResultCount=2
07-11 02:04:26.664 4631 6284 D CHIUSECASE: [FULL ] chxusecase.cpp:2621 CheckIfMetaDataHasBeenSent() CheckIfMetadata for resultFrameIndexChi=164 Sent=1
07-11 02:04:26.664 4631 6284 D CHIUSECASE: [FULL ] chxusecase.cpp:2664 SetMetaDataHasBeenSent() Metadata for sender 2 with resultFrameIndexChi=164 Sent=1
07-11 02:04:26.665 4631 6284 D CHIUSECASE: [FULL ] chxusecase.cpp:2504 HandleMetadataResultReturn() Partial Result Completed for framenumber=676
07-11 02:04:26.665 4631 6284 I CamX : [ INFO][HAL ] camxhal3.cpp:1289 process_capture_result() frame_number 676
07-11 02:04:26.665 4631 6284 I CamX : [ INFO][HAL ] camxhal3.cpp:1290 process_capture_result() num_output_buffers 0
07-11 02:04:26.665 4631 6284 I CamX : [ INFO][HAL ] camxhal3.cpp:1291 process_capture_result() output_buffers 0x0
07-11 02:04:26.665 4631 6284 I CamX : [ INFO][HAL ] camxhal3.cpp:1308 process_capture_result() input_buffer 0x0
07-11 02:04:26.665 4631 6284 I CamX : [ INFO][HAL ] camxhal3.cpp:1315 process_capture_result() partial_result 2
07-11 02:04:26.665 4631 6284 I CamX : [ INFO][HAL ] camxhal3.cpp:1316 process_capture_result() result 0x78f9f4ad40,cb=0x78fac1f008
07-11 02:04:26.665 4631 6284 I CamX : [ INFO][HAL ] camxhal3.cpp:1318 process_capture_result() num_physcam_metadata 0
07-11 02:04:26.665 4631 6287 I CamX : [ INFO][CORE ] camxpipeline.cpp:2327 SinkPortFenceSignaled() ZSLPreviewRaw_0 Reporting stream done for stream=0, sequenceId=676, Buffer type=0 handle=0x78f1d8df18
07-11 02:04:26.665 4631 6287 I CamX : [ INFO][CORE ] camxsession.cpp:3482 InjectResult() Inject result added request 676 output buffer in result holder:Stream 0x78f0cd3aa8 Fmt: 34 W: 1920 H: 1080
07-11 02:04:26.666 4631 6284 D CHIUSECASE: [FULL ] chxutils.cpp:806 ResetMetadata() Metadata entry capacity : 256, data capacity: 262144, metaSize: 266288
07-11 02:04:26.667 4631 6284 I CHIUSECASE: [VERBOSE] chxmetadata.cpp:2080 ReleaseAndroidFrameworkOutputMetadata() [CMB_DEBUG_AFWO] Release framework output index 0
07-11 02:04:26.667 4631 6284 I CamX : [ INFO][CORE ] camxsession.cpp:3719 AdvanceMinExpectedResult() Session 0x78fac279c0: Can't advance because of buffer[0] for sequence Id: 676
07-11 02:04:26.667 4631 6284 I CamX : [ INFO][CORE ] camxsession.cpp:3837 AdvanceMinExpectedResult() Session 0x78fac279c0: Results processed, current queue state: minResultIdExpected = 677, maxResultIdExpected= 681, minSequenceIdExpected: 676, maxSequenceIdExpected: 680, and numResultsPending: 5
07-11 02:04:26.667 4631 6284 I CamX : [ INFO][CORE ] camxsession.cpp:2626 ProcessResults() Processing Result - SequenceId 676 Framenumber 676 - earlyMetadata 0 metadataReady 0 bufferReady 1 isCancelled 0
07-11 02:04:26.667 4631 6284 D CHIUSECASE: [FULL ] chxadvancedcamerausecase.cpp:8757 FindFeatureToProcessResult() ProcessResult SessionId 1 frameNum 676 feature type: 1
07-11 02:04:26.667 4631 6284 D CHIUSECASE: [FULL ] chxfeaturezsl.cpp:1517 GetResultFrameInfo() FeatureZSL AppFrameNum: 676 <--> 676
07-11 02:04:26.667 4631 6284 I CHIUSECASE: [INFO ] chxfeaturezsl.cpp:814 ProcessResult() Realtime frame 676. Metadata: 0x0 NumBuffers: 1 Timestamp: 35142540101721 Sent: 1
07-11 02:04:26.667 4631 6284 D CHIUSECASE: [FULL ] chxadvancedcamerausecase.cpp:4771 ProcessAndReturnFinishedResults() Frame 676: metadataAvailable: 0, metadataReturn: 0, bufferReturn 1, inBufferReturn 0
07-11 02:04:26.667 4631 6284 D CHIUSECASE: [FULL ] chxusecase.cpp:2639 CheckIfAnyPartialMetaDataHasBeenSent() CheckIfAnyPartialMetaDataHasBeenSent for resultFrameIndexChi=164 Sent=1
07-11 02:04:26.667 4631 6284 D CHIUSECASE: [FULL ] chxadvancedcamerausecase.cpp:4865 ProcessAndReturnFinishedResults() Frame 676: Returning buffer result for 1 output buffers for app frame 676
07-11 02:04:26.667 4631 6284 D CHIUSECASE: [FULL ] chxadvancedcamerausecase.cpp:4872 ProcessAndReturnFinishedResults() Stream 0x78f0cd3aa8, W: 1920, H: 1080
07-11 02:04:26.667 4631 6284 I CHIUSECASE: [INFO ] chxusecase.cpp:1776 ReturnFrameworkResult() chiOriginalOverrideFrameNum: 676 frame_number: 676 resultFrameIndexF: 164 FW: 676, Buffer Count: 1 RESULT: 0x0
07-11 02:04:26.667 4631 6284 D CHIUSECASE: [FULL ] chxusecase.cpp:1803 ReturnFrameworkResult() m_numberOfPendingOutputBuffers = 0
07-11 02:04:26.667 4631 6284 D CHIUSECASE: [FULL ] chxusecase.cpp:1809 ReturnFrameworkResult() pResult->num_output_buffers 1 pending buffers 0
07-11 02:04:26.667 4631 6284 D CHIUSECASE: [FULL ] chxusecase.cpp:1822 ReturnFrameworkResult() pStreamBuffer 0x78faaaa080, i 0, j 0 buffer 0x78f1d8df18
07-11 02:04:26.667 4631 6284 I CamX : [ INFO][HAL ] camxhaldevice.cpp:254 ProcessCaptureResult() Returning framework result Frame: 676, Metadata: 0x0, Stream 0x78f0cd3aa8, Fmt: 34 Width: 1920 Height: 1080
07-11 02:04:26.667 4631 6284 I CamX : [ INFO][HAL ] camxhal3.cpp:1289 process_capture_result() frame_number 676
07-11 02:04:26.667 4631 6284 I CamX : [ INFO][HAL ] camxhal3.cpp:1290 process_capture_result() num_output_buffers 1
07-11 02:04:26.667 4631 6284 I CamX : [ INFO][HAL ] camxhal3.cpp:1291 process_capture_result() output_buffers 0x790be61300
07-11 02:04:26.667 4631 6284 I CamX : [ INFO][HAL ] camxhal3.cpp:1296 process_capture_result() output_buffers[0] : 0x790be61300 - info
07-11 02:04:26.667 4631 6284 I CamX : [ INFO][HAL ] camxhal3.cpp:1297 process_capture_result() buffer : 0x78f1d8df18
07-11 02:04:26.667 4631 6284 I CamX : [ INFO][HAL ] camxhal3.cpp:1298 process_capture_result() status : 00000000
07-11 02:04:26.667 4631 6284 I CamX : [ INFO][HAL ] camxhal3.cpp:1299 process_capture_result() stream : 0x78f0cd3aa8
07-11 02:04:26.667 4631 6284 I CamX : [ INFO][HAL ] camxhal3.cpp:1308 process_capture_result() input_buffer 0x0
07-11 02:04:26.667 4631 6284 I CamX : [ INFO][HAL ] camxhal3.cpp:1315 process_capture_result() partial_result 0
07-11 02:04:26.667 4631 6284 I CamX : [ INFO][HAL ] camxhal3.cpp:1316 process_capture_result() result 0x0,cb=0x78fac1f008
07-11 02:04:26.667 4631 6284 I CamX : [ INFO][HAL ] camxhal3.cpp:1318 process_capture_result() num_physcam_metadata 0
07-11 02:04:26.668 4631 6284 D CHIUSECASE: [FULL ] chxadvancedcamerausecase.cpp:4949 ProcessAndReturnFinishedResults() Advanced next result frame to 677
07-11 02:04:26.668 4631 6284 I CamX : [ INFO][CORE ] camxsession.cpp:3773 AdvanceMinExpectedResult() Session 0x78fac279c0: Results processed for sequenceId: 676
07-11 02:04:26.668 4631 6284 I CamX : [ INFO][CORE ] camxsession.cpp:5559 IsDoneProcessing() Session 0x78fac279c0 is not done processing, Waiting for pipeline: ZSLPreviewRaw:0
07-11 02:04:26.668 4631 6284 I CamX : [ INFO][CORE ] camxsession.cpp:5610 NotifyProcessingDone() Session 0x78fac279c0 is not done processing, Waiting for m_livePendingRequests
07-11 02:04:26.668 4631 6284 I CamX : [ INFO][CORE ] camxsession.cpp:3719 AdvanceMinExpectedResult() Session 0x78fac279c0: Can't advance because of buffer[0] for sequence Id: 677
07-11 02:04:26.668 4631 6284 I CamX : [ INFO][CORE ] camxsession.cpp:3837 AdvanceMinExpectedResult() Session 0x78fac279c0: Results processed, current queue state: minResultIdExpected = 678, maxResultIdExpected= 681, minSequenceIdExpected: 677, maxSequenceIdExpected: 680, and numResultsPending: 4
07-11 02:04:26.668 4631 6284 I CamX : [ INFO][HAL ] camxsession.cpp:5222 ProcessMetabufferPendingQueue() Pending Queue pipeline ZSLPreviewRaw_0 request 677 old = 674 last 677 delay 3
07-11 02:04:26.668 4631 7004 I CamX : [ INFO][CORE ] camxsession.cpp:1864 ProcessCaptureRequest() AttachMetabuffer in pipeline ZSLPreviewRaw_0 InputMetaBuffer 0x78f10735e0 OutputMetaBuffer 0x78f2d85f20 reqId 682
07-11 02:04:26.668 4631 6284 E CamX : [ERROR][META ] camxmetabuffer.cpp:2970 ReleaseReference() Cannot find metabuffer 0x78f1072000 refCnt 689 cur 0x78f1073500
07-11 02:04:26.669 4631 6284 D CHIUSECASE: [FULL ] chxadvancedcamerausecase.cpp:8857 GetFeatureFromRequestMapping() Look for feature with current index 161 sessionId 1 requestId 673 pFeature 0x78fa1f0440 type 1
07-11 02:04:26.669 4631 6284 D CHIUSECASE: [FULL ] chxadvancedcamerausecase.cpp:8857 GetFeatureFromRequestMapping() Look for feature with current index 161 sessionId 1 requestId 673 pFeature 0x78fa1f0440 type 1
07-11 02:04:26.669 4631 6284 D CHIUSECASE: [FULL ] chxfeaturezsl.cpp:1092 ProcessMessage() FeatureZSL MetaBuffer Done frameNum 673 i/p metadata 0x78f1073500 o/p metadata 0x78f1072000
07-11 02:04:26.671 5001 16841 I GenericSource: start
07-11 02:04:26.676 4631 7004 I CamX : [ INFO][CORE ] camxsession.cpp:2250 ProcessCaptureRequest() Pipeline: ZSLPreviewRaw_0 Added Sequence ID 681 CHI framenumber 681 to request queue and launched job with request id 682
07-11 02:04:26.677 4631 6281 I CamX : [ INFO][CORE ] camxnode.cpp:2592 ProcessMetadataDone() Node::ZSLPreviewRaw_FDExtManager0 : Type :22 ProcessMetadataDone 678
07-11 02:04:26.677 4631 6281 E CamX : [ERROR][SW_PROC] camxswprocess_tonemap.cpp:305 SWProcessApplyFixedGTM() Applying Fixed GTM, width: 0, height: 640, stride: 360, gamma: 1.100000, gain: 1.000000
07-11 02:04:26.677 4631 6287 I CamX : [ INFO][CORE ] camxsession.cpp:2786 ProcessRequest() ZSLPreviewRaw_0: Sequence ID 681 assigned for frameworkframeNumber 681, RequestId: 682 and m_requestQueueDepth 8
07-11 02:04:26.677 4631 6287 I CamX : [ INFO][CORE ] camxpipeline.cpp:906 OpenRequest() pipeline[0] CSLOpenRequest for CSLSyncID: 682, requestId: 682 with syncmode:FALSE
07-11 02:04:26.677 4631 6287 I CamX : [ INFO][CORE ] camxsession.cpp:3008 ProcessRequest() pipeline[0] OpenRequest called for request id = 682 withCSLSyncID 682
07-11 02:04:26.678 4631 6287 I CamX : [ INFO][CORE ] camxnode.cpp:2592 ProcessMetadataDone() Node::ZSLPreviewRaw_ChiNodeWrapper0 : Type :255 ProcessMetadataDone 682
07-11 02:04:26.678 4631 6287 I CamX : [ INFO][CORE ] camxnode.cpp:2628 ProcessRequestIdDone() Node::ZSLPreviewRaw_ChiNodeWrapper0 : 255 ProcessRequestIdDone 682
07-11 02:04:26.678 4631 6287 I CamX : [ INFO][CORE ] camxnode.cpp:5575 SetupRequestOutputPortFence() CreatePrivateFence...Node: fa9f6980, Node::ZSLPreviewRaw_ChiNodeWrapper2, fence: f052d8e0(83), ImgBuf:0x0 reqId:682 result: 0
07-11 02:04:26.678 4631 6287 I CamX : [ INFO][CORE ] camxnode.cpp:5575 SetupRequestOutputPortFence() CreatePrivateFence...Node: faa11d40, Node::ZSLPreviewRaw_ChiNodeWrapper4, fence: f052dee0(85), ImgBuf:0x0 reqId:682 result: 0
07-11 02:04:26.678 4631 6287 I CamX : [ INFO][CORE ] camxnode.cpp:5575 SetupRequestOutputPortFence() CreatePrivateFence...Node: faa2cf00, Node::ZSLPreviewRaw_ChiNodeWrapper5, fence: f052e4e0(90), ImgBuf:0x0 reqId:682 result: 0
07-11 02:04:26.678 4631 6287 I CamX : [ INFO][CORE ] camxnode.cpp:5575 SetupRequestOutputPortFence() CreatePrivateFence...Node: faa47d40, Node::ZSLPreviewRaw_ChiNodeWrapper6, fence: f052eae0(94), ImgBuf:0x0 reqId:682 result: 0
07-11 02:04:26.678 4631 6287 I CamX : [ INFO][CORE ] camxnode.cpp:5575 SetupRequestOutputPortFence() CreatePrivateFence...Node: faa62a80, Node::ZSLPreviewRaw_ChiNodeWrapper7, fence: f05b40e0(100), ImgBuf:0x0 reqId:682 result: 0
07-11 02:04:26.678 4631 6287 I CamX : [ INFO][CORE ] camxnode.cpp:5575 SetupRequestOutputPortFence() CreatePrivateFence...Node: faa7d300, Node::ZSLPreviewRaw_ChiNodeWrapper9, fence: f05b49e0(108), ImgBuf:0x0 reqId:682 result: 0
07-11 02:04:26.679 4631 6284 I CamX : [ INFO][CORE ] camxpipeline.cpp:2327 SinkPortFenceSignaled() ZSLPreviewRaw_0 Reporting stream done for stream=3, sequenceId=677, Buffer type=2 handle=0x78f052cc00
07-11 02:04:26.679 4631 6286 I CamX : [ INFO][CORE ] camxnode.cpp:7635 GetMultiCameraInfo() Node::ZSLPreviewRaw_FDExtManager0 : MultiCamera vendor tags data not available 0x0 -241066348p 0x7909fc7f20
07-11 02:04:26.679 4631 6284 I CamX : [ INFO][CORE ] camxsession.cpp:3482 InjectResult() Inject result added request 677 output buffer in result holder:Stream 0x7919a691e0 Fmt: 37 W: 6016 H: 4512
07-11 02:04:26.679 4631 6284 I CamX : [ INFO][CORE ] camxnode.cpp:2628 ProcessRequestIdDone() Node::ZSLPreviewRaw_IFE0 : 65536 ProcessRequestIdDone 678
07-11 02:04:26.679 4631 6287 I CamX : [ INFO][CORE ] camxnode.cpp:7635 GetMultiCameraInfo() Node::ZSLPreviewRaw_IPE0 : MultiCamera vendor tags data not available 0x0 -241066348p 0x7909ec4a80
07-11 02:04:26.679 4631 6286 I CamX : [ INFO][CORE ] camxsession.cpp:3719 AdvanceMinExpectedResult() Session 0x78fac279c0: Can't advance because of buffer[0] for sequence Id: 677
07-11 02:04:26.679 4631 6286 I CamX : [ INFO][CORE ] camxsession.cpp:3837 AdvanceMinExpectedResult() Session 0x78fac279c0: Results processed, current queue state: minResultIdExpected = 678, maxResultIdExpected= 682, minSequenceIdExpected: 677, maxSequenceIdExpected: 681, and numResultsPending: 5
07-11 02:04:26.679 4631 6286 I CamX : [ INFO][CORE ] camxnode.cpp:2592 ProcessMetadataDone() Node::ZSLPreviewRaw_LRME0 : Type :65541 ProcessMetadataDone 678
07-11 02:04:26.680 4631 6281 I CamX : [ INFO][CORE ] camxnode.cpp:2628 ProcessRequestIdDone() Node::ZSLPreviewRaw_FDExtManager0 : 22 ProcessRequestIdDone 678
07-11 02:04:26.680 5001 16846 I OMXClient: IOmx service obtained
07-11 02:04:26.680 4631 6287 I CamX : [ INFO][CORE ] camxnode.cpp:2592 ProcessMetadataDone() Node::ZSLPreviewRaw_StatsParse0 : Type :9 ProcessMetadataDone 681
07-11 02:04:26.680 4631 6287 I CamX : [ INFO][CORE ] camxnode.cpp:2628 ProcessRequestIdDone() Node::ZSLPreviewRaw_StatsParse0 : 9 ProcessRequestIdDone 681
07-11 02:04:26.680 4631 6282 I CamX : [ INFO][CORE ] camxnode.cpp:2592 ProcessMetadataDone() Node::ZSLPreviewRaw_AWB0 : Type :12 ProcessMetadataDone 681
07-11 02:04:26.680 5177 5294 I OMXMaster: makeComponentInstance(OMX.google.vorbis.decoder) in android.hardwar process
07-11 02:04:26.680 4631 6282 I CamX : [ INFO][CORE ] camxnode.cpp:2628 ProcessRequestIdDone() Node::ZSLPreviewRaw_AWB0 : 12 ProcessRequestIdDone 681
07-11 02:04:26.681 4631 6286 I CamX : [ INFO][CORE ] camxnode.cpp:2628 ProcessRequestIdDone() Node::ZSLPreviewRaw_LRME0 : 65541 ProcessRequestIdDone 678
07-11 02:04:26.681 4631 6286 I CamX : [ INFO][CORE ] camxnode.cpp:2592 ProcessMetadataDone() Node::ZSLPreviewRaw_RANSAC0 : Type :65542 ProcessMetadataDone 678
07-11 02:04:26.681 4631 6286 I CamX : [ INFO][CORE ] camxnode.cpp:2628 ProcessRequestIdDone() Node::ZSLPreviewRaw_RANSAC0 : 65542 ProcessRequestIdDone 678
07-11 02:04:26.681 4631 6282 I CamX : [ INFO][CORE ] camxnode.cpp:7635 GetMultiCameraInfo() Node::ZSLPreviewRaw_IPE0 : MultiCamera vendor tags data not available 0x0 -241202476p 0x790a3b5b40
07-11 02:04:26.682 4631 6282 I CamX : [ INFO][CORE ] camxnode.cpp:2947 GetDataListFromMetadataPool() Main Property 30000018 Node::PropertyIDFOVCFrameInfo Not Published for Request 678 ZSLPreviewRaw_IPE0
07-11 02:04:26.682 4631 6285 I CamX : [ INFO][CORE ] camxnode.cpp:2986 GetDataListFromMetadataPool() Usecase Property 50000015 Node::PropertyIDUsecaseChiTuningModeParameter Not Published for Request 681 ZSLPreviewRaw_AutoFocus0
07-11 02:04:26.682 4631 6281 I CamX : [ INFO][CORE ] camxnode.cpp:2592 ProcessMetadataDone() Node::ZSLPreviewRaw_Stats0 : Type :1 ProcessMetadataDone 681
07-11 02:04:26.682 4631 6281 I CamX : [ INFO][CORE ] camxnode.cpp:2628 ProcessRequestIdDone() Node::ZSLPreviewRaw_Stats0 : 1 ProcessRequestIdDone 681
07-11 02:04:26.683 4631 6285 I CamX : [ INFO][CORE ] camxpipeline.cpp:2183 ProcessMetadataRequestIdDone() SensorTimestamp not yet published for 681
07-11 02:04:26.683 4631 6285 I CamX : [ INFO][CORE ] camxpipeline.cpp:2204 ProcessMetadataRequestIdDone() ZSLPreviewRaw_0 Notify early metadata for request id 681 and sequenceId 680 timestamp = 35142642664899
07-11 02:04:26.683 4631 6285 I CamX : [ INFO][HAL ] camxsession.cpp:3432 InjectResult() Inject result added early metadata in result holder for sequence ID : 680
07-11 02:04:26.683 4631 6287 I CamX : [ INFO][CORE ] camxsession.cpp:3719 AdvanceMinExpectedResult() Session 0x78fac279c0: Can't advance because of buffer[0] for sequence Id: 677
07-11 02:04:26.683 4631 6287 I CamX : [ INFO][CORE ] camxsession.cpp:3837 AdvanceMinExpectedResult() Session 0x78fac279c0: Results processed, current queue state: minResultIdExpected = 678, maxResultIdExpected= 682, minSequenceIdExpected: 677, maxSequenceIdExpected: 681, and numResultsPending: 5
07-11 02:04:26.684 4631 6286 I CamX : [ INFO][CORE ] camxnode.cpp:2592 ProcessMetadataDone() Node::ZSLPreviewRaw_Sensor0 : Type :0 ProcessMetadataDone 681
07-11 02:04:26.684 4631 6286 I CamX : [ INFO][CORE ] camxnode.cpp:2628 ProcessRequestIdDone() Node::ZSLPreviewRaw_Sensor0 : 0 ProcessRequestIdDone 681
07-11 02:04:26.684 4631 6282 I CamX : [ INFO][CORE ] camxnode.cpp:2592 ProcessMetadataDone() Node::ZSLPreviewRaw_IPE0 : Type :65538 ProcessMetadataDone 678
07-11 02:04:26.684 4631 6285 I CamX : [ INFO][CORE ] camxnode.cpp:7635 GetMultiCameraInfo() Node::ZSLPreviewRaw_IFE0 : MultiCamera vendor tags data not available 0x0 -241066348p 0x790a0bed30
07-11 02:04:26.684 4631 6287 I CamX : [ INFO][CORE ] camxnode.cpp:2592 ProcessMetadataDone() Node::ZSLPreviewRaw_AutoFocus0 : Type :5 ProcessMetadataDone 681
07-11 02:04:26.684 4631 6287 I CamX : [ INFO][CORE ] camxnode.cpp:2628 ProcessRequestIdDone() Node::ZSLPreviewRaw_AutoFocus0 : 5 ProcessRequestIdDone 681
07-11 02:04:26.684 5177 5294 E OMXNodeInstance: setConfig(0xf666bde0:google.vorbis.decoder, ConfigPriority(0x6f800002)) ERROR: Undefined(0x80001001)
07-11 02:04:26.684 5001 16846 I ACodec : codec does not support config priority (err -2147483648)
07-11 02:04:26.685 5001 16846 I MediaCodec: MediaCodec will operate in async mode
07-11 02:04:26.688 4631 6285 I CamX : [ INFO][CORE ] camxpipeline.h:517 NotifyNodeConfigDone() [ZSLPreviewRaw_0] All nodes complete stream config with requestId: 681., config done count 681
07-11 02:04:26.688 4631 6285 I CamX : [ INFO][CORE ] camxnode.cpp:2592 ProcessMetadataDone() Node::ZSLPreviewRaw_IFE0 : Type :65536 ProcessMetadataDone 681
07-11 02:04:26.693 4631 6281 I CamX : [ INFO][CORE ] camxnode.cpp:2628 ProcessRequestIdDone() Node::ZSLPreviewRaw_IPE0 : 65538 ProcessRequestIdDone 678
07-11 02:04:26.693 4631 6281 E CamX : [ERROR][CORE ] camxnode.cpp:2773 GetDataCountFromPipeline() Node::ZSLPreviewRaw_ChiNodeWrapper9 Attempting to get metadata count for tag 80b00001 when unpublished
07-11 02:04:26.693 4631 6281 I CamX : [ INFO][CORE ] camxnode.cpp:2592 ProcessMetadataDone() Node::ZSLPreviewRaw_ChiNodeWrapper9 : Type :255 ProcessMetadataDone 678
07-11 02:04:26.694 4631 6287 I CamX : [ INFO][CORE ] camxnode.cpp:2628 ProcessRequestIdDone() Node::ZSLPreviewRaw_ChiNodeWrapper9 : 255 ProcessRequestIdDone 678
07-11 02:04:26.694 4631 6287 E CHIARCSOFTDISTORTIONCORRECTION: ProcessRequest():735 ProcessRequest getCameraRole failed
07-11 02:04:26.694 4631 6287 I CamX : [ INFO][CORE ] camxnode.cpp:2592 ProcessMetadataDone() Node::ZSLPreviewRaw_ChiNodeWrapper7 : Type :255 ProcessMetadataDone 678
07-11 02:04:26.694 4631 6286 I CamX : [ INFO][CORE ] camxnode.cpp:2628 ProcessRequestIdDone() Node::ZSLPreviewRaw_ChiNodeWrapper7 : 255 ProcessRequestIdDone 678
07-11 02:04:26.694 4631 6286 I CamX : [ INFO][CORE ] camxnode.cpp:2592 ProcessMetadataDone() Node::ZSLPreviewRaw_ChiNodeWrapper6 : Type :255 ProcessMetadataDone 678
07-11 02:04:26.695 4631 6287 I CamX : [ INFO][CORE ] camxnode.cpp:2628 ProcessRequestIdDone() Node::ZSLPreviewRaw_ChiNodeWrapper6 : 255 ProcessRequestIdDone 678
07-11 02:04:26.695 4631 6287 I CamX : [ INFO][CORE ] camxnode.cpp:2592 ProcessMetadataDone() Node::ZSLPreviewRaw_ChiNodeWrapper5 : Type :255 ProcessMetadataDone 678
07-11 02:04:26.696 4631 4797 I CamX : [ INFO][CORE ] camxpipeline.cpp:2820 CSLMessageHandler() frameMessage:requestID=679, linkhdl:0xf6010b, frameCount=689, timestamp=35145721277708, monoTimestamp=35145721277708
07-11 02:04:26.696 4631 4797 I CamX : [ INFO][CORE ] camxpipeline.cpp:2820 CSLMessageHandler() frameMessage:requestID=679, linkhdl:0xf6010b, frameCount=689, timestamp=35142638753043, monoTimestamp=35142638753043
07-11 02:04:26.696 4631 4797 D CHIUSECASE: [FULL ] chxadvancedcamerausecase.cpp:8857 GetFeatureFromRequestMapping() Look for feature with current index 166 sessionId 1 requestId 678 pFeature 0x78fa1f0440 type 1
07-11 02:04:26.696 4631 4797 D CHIUSECASE: [FULL ] chxadvancedcamerausecase.cpp:7052 ProcessMessage() ZSL Chi Notify SOF frameNum 689 framework frameNum 678, timestamp 35142638753043
07-11 02:04:26.696 4631 4797 D CHIUSECASE: [FULL ] chxfeaturezsl.cpp:1075 ProcessMessage() FeatureZSL Chi Notify SOF frameNum 689 framework frameNum 678, timestamp 35142638753043
07-11 02:04:26.696 4631 4797 D CHIUSECASE: [FULL ] chxadvancedcamerausecase.cpp:8857 GetFeatureFromRequestMapping() Look for feature with current index 166 sessionId 1 requestId 678 pFeature 0x78fa1f0440 type 1
07-11 02:04:26.696 4631 4797 D CHIUSECASE: [FULL ] chxadvancedcamerausecase.cpp:7079 ProcessMessage() Shutter notify Realtime ReqId to AppFrameNum: 678 <--> 678
07-11 02:04:26.696 4631 4797 D CHIUSECASE: [FULL ] chxusecase.cpp:1906 ReturnFrameworkMessage() ResultFrame = 678 FrameIdx = 166 type = 2
07-11 02:04:26.696 4631 4797 D CHIUSECASE: [FULL ] chxusecase.cpp:1929 ReturnFrameworkMessage() Override ResultFrame = 678 m_lastAppMessageFrameReceived = 678 m_nextAppMessageFrame=678
07-11 02:04:26.696 4631 4797 D CHIUSECASE: [FULL ] chxusecase.cpp:1936 ReturnFrameworkMessage() frameIndex = 166 messageAvailable = 1
07-11 02:04:26.696 4631 4797 I CamX : [ INFO][HAL ] camxhal3.cpp:1342 notify() type 00000002
07-11 02:04:26.696 4631 4797 I CamX : [ INFO][HAL ] camxhal3.cpp:1351 notify() frame_number 678
07-11 02:04:26.696 4631 4797 I CamX : [ INFO][HAL ] camxhal3.cpp:1352 notify() timestamp 35142606745891
07-11 02:04:26.696 4631 6286 I CamX : [ INFO][CORE ] camxnode.cpp:2628 ProcessRequestIdDone() Node::ZSLPreviewRaw_ChiNodeWrapper5 : 255 ProcessRequestIdDone 678
07-11 02:04:26.696 4631 6286 E CamX : [ERROR][CORE ] camxnode.cpp:2773 GetDataCountFromPipeline() Node::ZSLPreviewRaw_ChiNodeWrapper4 Attempting to get metadata count for tag 805f0004 when unpublished
07-11 02:04:26.697 4631 6286 I CamX : [ INFO][CORE ] camxnode.cpp:2592 ProcessMetadataDone() Node::ZSLPreviewRaw_ChiNodeWrapper4 : Type :255 ProcessMetadataDone 678
07-11 02:04:26.697 4631 6284 I CamX : [ INFO][CORE ] camxnode.cpp:2628 ProcessRequestIdDone() Node::ZSLPreviewRaw_ChiNodeWrapper4 : 255 ProcessRequestIdDone 678
07-11 02:04:26.697 4631 6284 I CamX : [ INFO][CORE ] camxnode.cpp:2592 ProcessMetadataDone() Node::ZSLPreviewRaw_ChiNodeWrapper2 : Type :255 ProcessMetadataDone 678
07-11 02:04:26.697 4631 6286 I CamX : [ INFO][CORE ] camxnode.cpp:2628 ProcessRequestIdDone() Node::ZSLPreviewRaw_ChiNodeWrapper2 : 255 ProcessRequestIdDone 678
07-11 02:04:26.698 4631 6286 I CamX : [ INFO][CORE ] camxpipeline.h:439 NotifyNodePartialMetadataDone() [ZSLPreviewRaw_0] All nodes complete partial metadata with requestId: 678.
07-11 02:04:26.698 4631 6286 I CHIUSECASE: [INFO ] chxadvancedcamerausecase.cpp:6642 ParseResultMetadata() ParseResultMetadata: isValid=0, IHDRTrigger=0
07-11 02:04:26.698 4631 6286 D CHIUSECASE: [FULL ] chxadvancedcamerausecase.cpp:3741 IsFlashRequired() isFlashRequired value 0
07-11 02:04:26.698 4631 6286 D CHIUSECASE: [FULL ] chxadvancedcamerausecase.cpp:8757 FindFeatureToProcessResult() ProcessResult SessionId 1 frameNum 677 feature type: 1
07-11 02:04:26.698 4631 6286 D CHIUSECASE: [FULL ] chxfeaturezsl.cpp:1517 GetResultFrameInfo() FeatureZSL AppFrameNum: 677 <--> 677
07-11 02:04:26.698 4631 6286 D CHIUSECASE: [FULL ] chxusecase.cpp:2621 CheckIfMetaDataHasBeenSent() CheckIfMetadata for resultFrameIndexChi=165 Sent=0
07-11 02:04:26.698 4631 6286 D CHIUSECASE: [FULL ] chxusecase.cpp:2597 CheckIfPartialDataCanBeSent() CheckIfMetadata for resultFrameIndexChi=165 Sent=1
07-11 02:04:26.698 4631 6286 D CHIUSECASE: [FULL ] chxusecase.cpp:3078 UpdateAppPartialResultMetadataFromDriver() PMD is being created for resultID=165 resultFrameNumber:677
07-11 02:04:26.698 4631 6286 I CHIUSECASE: [VERBOSE] chxmetadata.cpp:2045 GetAndroidFrameworkOutputMetadata() [CMB_DEBUG_AFWO] Get framework output index 0 address 0x78f9f4ad40 sparse 0
07-11 02:04:26.698 4631 6286 D CHIUSECASE: [FULL ] chxadvancedcamerausecase.cpp:5026 ProcessAndReturnPartialMetadataFinishedResults() Frame 677: Returning Partial metadata result 1 for app frame 677 m_nextAppResultFrame=677 m_lastAppRequestFrame=681
07-11 02:04:26.698 4631 6286 I CHIUSECASE: [INFO ] chxusecase.cpp:1776 ReturnFrameworkResult() chiOriginalOverrideFrameNum: 677 frame_number: 677 resultFrameIndexF: 165 FW: 677, Buffer Count: 1 RESULT: 0x78f9f4ad40
07-11 02:04:26.698 4631 6286 D CHIUSECASE: [FULL ] chxusecaseutils.cpp:567 IsQuadCFASensor() i:0, sensor mode:16
07-11 02:04:26.698 4631 6286 D CHIUSECASE: [FULL ] chxusecase.cpp:705 OverrideResultMetaForQCFA() AE region, origin (0, 0, 0, 0) <==> new (0, 0, 0, 0)
07-11 02:04:26.698 4631 6286 D CHIUSECASE: [FULL ] chxusecase.cpp:727 OverrideResultMetaForQCFA() AF region, origin (4208, 3160, 7816, 5928) <==> new (2104, 1580, 3908, 2964)
07-11 02:04:26.698 4631 6286 D CHIUSECASE: [FULL ] chxusecase.cpp:1803 ReturnFrameworkResult() m_numberOfPendingOutputBuffers = 1
07-11 02:04:26.698 4631 6286 D CHIUSECASE: [FULL ] chxusecase.cpp:1809 ReturnFrameworkResult() pResult->num_output_buffers 0 pending buffers 1
07-11 02:04:26.698 4631 6286 D CHIUSECASE: [FULL ] chxusecase.cpp:2411 HandleMetadataResultReturn() Sending metadata for [FrameNum=677 and override FrameNum=677] with totalexpectedCount=2 partialResultCount=1
07-11 02:04:26.698 4631 6286 D CHIUSECASE: [FULL ] chxusecase.cpp:2664 SetMetaDataHasBeenSent() Metadata for sender 0 with resultFrameIndexChi=165 Sent=1
07-11 02:04:26.698 4631 6286 I CamX : [ INFO][HAL ] camxhal3.cpp:1289 process_capture_result() frame_number 677
07-11 02:04:26.698 4631 6286 I CamX : [ INFO][HAL ] camxhal3.cpp:1290 process_capture_result() num_output_buffers 0
07-11 02:04:26.698 4631 6286 I CamX : [ INFO][HAL ] camxhal3.cpp:1291 process_capture_result() output_buffers 0x0
07-11 02:04:26.698 4631 6286 I CamX : [ INFO][HAL ] camxhal3.cpp:1308 process_capture_result() input_buffer 0x0
07-11 02:04:26.698 4631 6286 I CamX : [ INFO][HAL ] camxhal3.cpp:1315 process_capture_result() partial_result 1
07-11 02:04:26.698 4631 6286 I CamX : [ INFO][HAL ] camxhal3.cpp:1316 process_capture_result() result 0x78f9f4ad40,cb=0x78fac1f008
07-11 02:04:26.698 4631 6286 I CamX : [ INFO][HAL ] camxhal3.cpp:1318 process_capture_result() num_physcam_metadata 0
07-11 02:04:26.698 4631 6286 D CHIUSECASE: [FULL ] chxutils.cpp:806 ResetMetadata() Metadata entry capacity : 256, data capacity: 262144, metaSize: 266288
07-11 02:04:26.699 4631 6286 I CHIUSECASE: [VERBOSE] chxmetadata.cpp:2080 ReleaseAndroidFrameworkOutputMetadata() [CMB_DEBUG_AFWO] Release framework output index 0
07-11 02:04:26.700 4631 6286 I CamX : [ INFO][CORE ] camxnode.cpp:2592 ProcessMetadataDone() Node::ZSLPreviewRaw_ChiNodeWrapper1 : Type :255 ProcessMetadataDone 678
07-11 02:04:26.700 4631 6286 I CamX : [ INFO][CORE ] camxpipeline.h:403 NotifyNodeMetadataDone() [ZSLPreviewRaw_0] All nodes complete metadata with requestId: 678.
07-11 02:04:26.701 4631 6286 I CamX : [ INFO][CORE ] camxpipeline.cpp:2204 ProcessMetadataRequestIdDone() ZSLPreviewRaw_0 Notify metadata for request id 678 and sequenceId 677 timestamp = 35142573545472
07-11 02:04:26.701 4631 6286 I CamX : [ INFO][CORE ] camxsession.cpp:3420 InjectResult() Inject result added metadata in result holder for sequence ID : 677
07-11 02:04:26.701 4631 6286 I CamX : [ INFO][HAL ] camxsession.cpp:2387 ProcessResultMetadata() Finalized metadata result for Sequence ID 677 mapped to framework id 677 pipeline 0 reqId 678
07-11 02:04:26.701 4631 6286 I CamX : [ INFO][CORE ] camxsession.cpp:2626 ProcessResults() Processing Result - SequenceId 677 Framenumber 677 - earlyMetadata 0 metadataReady 1 bufferReady 1 isCancelled 0
07-11 02:04:26.701 4631 6286 I CHIUSECASE: [INFO ] chxadvancedcamerausecase.cpp:6642 ParseResultMetadata() ParseResultMetadata: isValid=0, IHDRTrigger=0
07-11 02:04:26.701 4631 6286 D CHIUSECASE: [FULL ] chxadvancedcamerausecase.cpp:3741 IsFlashRequired() isFlashRequired value 0
07-11 02:04:26.701 4631 6286 D CHIUSECASE: [FULL ] chxadvancedcamerausecase.cpp:8757 FindFeatureToProcessResult() ProcessResult SessionId 1 frameNum 677 feature type: 1
07-11 02:04:26.701 4631 6286 D CHIUSECASE: [FULL ] chxfeaturezsl.cpp:1517 GetResultFrameInfo() FeatureZSL AppFrameNum: 677 <--> 677
07-11 02:04:26.701 4631 6286 I CHIUSECASE: [INFO ] chxfeaturezsl.cpp:814 ProcessResult() Realtime frame 677. Metadata: 0x78f2d85ba0 NumBuffers: 1 Timestamp: 35142573545472 Sent: 0
07-11 02:04:26.701 4631 6286 I CHIUSECASE: [VERBOSE] chxmetadata.cpp:1909 ReleaseHolder() [CMB_DEBUG] Release buffer 0 client 0 subclient 0, frameNum 0 refCount 689 handle 0x78f11a5f80 0x78f1073500
07-11 02:04:26.701 4631 6286 I CHIUSECASE: [INFO ] chxutils.cpp:1775 GetFlashFiredState() Utils flashfired state Value 2
07-11 02:04:26.701 4631 6286 I CHIUSECASE: [VERBOSE] chxmetadata.cpp:2045 GetAndroidFrameworkOutputMetadata() [CMB_DEBUG_AFWO] Get framework output index 0 address 0x78f9f4ad40 sparse 0
07-11 02:04:26.701 4631 6286 D CHIUSECASE: [FULL ] chxusecase.cpp:2621 CheckIfMetaDataHasBeenSent() CheckIfMetadata for resultFrameIndexChi=165 Sent=1
07-11 02:04:26.701 4631 6286 D CHIUSECASE: [FULL ] chxusecase.cpp:2597 CheckIfPartialDataCanBeSent() CheckIfMetadata for resultFrameIndexChi=165 Sent=0
07-11 02:04:26.701 4631 6286 D CHIUSECASE: [FULL ] chxusecase.cpp:3136 UpdateAppResultMetadata() Partial Data has been sent and meta data needs to be filtered for tags=18
07-11 02:04:26.702 4631 6286 I CHIUSECASE: [INFO ] chxfeaturezsl.cpp:896 ProcessResult() Reserve metadata for frame 677. sessionId 1
07-11 02:04:26.702 4631 6286 I CHIUSECASE: [VERBOSE] chxadvancedcamerausecase.cpp:2709 FillMetadataForRDIQueue() set primary35mmEFL vendor tag, zoom 1.000000 35mmEFL 24.166754
07-11 02:04:26.702 4631 6286 I CHIUSECASE: [VERBOSE] chxmetadata.cpp:1909 ReleaseHolder() [CMB_DEBUG] Release buffer 6 client 3 subclient 0, frameNum 674 refCount 1 handle 0x78fad3d880 0x78f10720e0
07-11 02:04:26.702 4631 6286 I CHIUSECASE: [INFO ] chxadvancedcamerausecase.cpp:2543 UpdateBufferReadyForRDIQueue() validBufferLength:3, framenumber:677, pipeline:1,lastReady:677,firstValid:675,cnt:3
07-11 02:04:26.702 4631 6286 D CHIUSECASE: [FULL ] chxadvancedcamerausecase.cpp:4771 ProcessAndReturnFinishedResults() Frame 677: metadataAvailable: 1, metadataReturn: 1, bufferReturn 0, inBufferReturn 0
07-11 02:04:26.702 4631 6286 D CHIUSECASE: [FULL ] chxadvancedcamerausecase.cpp:4790 ProcessAndReturnFinishedResults() Frame 677: Returning metadata result 2/2 for app frame 677 m_nextAppResultFrame=677 m_lastAppRequestFrame=681
07-11 02:04:26.702 4631 6286 I CHIUSECASE: [INFO ] chxadvancedcamerausecase.cpp:10114 RemosaicInjectReturnResult() [Meta DEBUG] Set xiaomi.remosaic.detected 0
07-11 02:04:26.702 4631 6286 I CHIUSECASE: [INFO ] chxusecase.cpp:1776 ReturnFrameworkResult() chiOriginalOverrideFrameNum: 677 frame_number: 677 resultFrameIndexF: 165 FW: 677, Buffer Count: 1 RESULT: 0x78f9f4ad40
07-11 02:04:26.702 4631 6286 D CHIUSECASE: [FULL ] chxusecaseutils.cpp:567 IsQuadCFASensor() i:0, sensor mode:16
07-11 02:04:26.702 4631 6286 D CHIUSECASE: [FULL ] chxusecase.cpp:683 OverrideResultMetaForQCFA() crop region, origin (0, 0, 12032, 9024) <==> new (0, 0, 6016, 4512)
07-11 02:04:26.702 4631 6286 D CHIUSECASE: [FULL ] chxusecase.cpp:1803 ReturnFrameworkResult() m_numberOfPendingOutputBuffers = 1
07-11 02:04:26.702 4631 6286 D CHIUSECASE: [FULL ] chxusecase.cpp:1809 ReturnFrameworkResult() pResult->num_output_buffers 0 pending buffers 1
07-11 02:04:26.702 4631 6286 D CHIUSECASE: [FULL ] chxusecase.cpp:2411 HandleMetadataResultReturn() Sending metadata for [FrameNum=677 and override FrameNum=677] with totalexpectedCount=2 partialResultCount=2
07-11 02:04:26.702 4631 6286 D CHIUSECASE: [FULL ] chxusecase.cpp:2621 CheckIfMetaDataHasBeenSent() CheckIfMetadata for resultFrameIndexChi=165 Sent=1
07-11 02:04:26.702 4631 6286 D CHIUSECASE: [FULL ] chxusecase.cpp:2664 SetMetaDataHasBeenSent() Metadata for sender 2 with resultFrameIndexChi=165 Sent=1
07-11 02:04:26.702 4631 6286 D CHIUSECASE: [FULL ] chxusecase.cpp:2504 HandleMetadataResultReturn() Partial Result Completed for framenumber=677
07-11 02:04:26.702 4631 6286 I CamX : [ INFO][HAL ] camxhal3.cpp:1289 process_capture_result() frame_number 677
07-11 02:04:26.702 4631 6286 I CamX : [ INFO][HAL ] camxhal3.cpp:1290 process_capture_result() num_output_buffers 0
07-11 02:04:26.702 4631 6286 I CamX : [ INFO][HAL ] camxhal3.cpp:1291 process_capture_result() output_buffers 0x0
07-11 02:04:26.702 4631 6286 I CamX : [ INFO][HAL ] camxhal3.cpp:1308 process_capture_result() input_buffer 0x0
07-11 02:04:26.702 4631 6286 I CamX : [ INFO][HAL ] camxhal3.cpp:1315 process_capture_result() partial_result 2
07-11 02:04:26.702 4631 6286 I CamX : [ INFO][HAL ] camxhal3.cpp:1316 process_capture_result() result 0x78f9f4ad40,cb=0x78fac1f008
07-11 02:04:26.702 4631 6286 I CamX : [ INFO][HAL ] camxhal3.cpp:1318 process_capture_result() num_physcam_metadata 0
07-11 02:04:26.703 4631 6285 I CamX : [ INFO][CORE ] camxnode.cpp:2628 ProcessRequestIdDone() Node::ZSLPreviewRaw_ChiNodeWrapper1 : 255 ProcessRequestIdDone 678
07-11 02:04:26.703 4631 6285 I CamX : [ INFO][CORE ] camxpipeline.cpp:3671 NotifyNodeRequestIdDone() All nodes in pipeline ZSLPreviewRaw complete with requestId: 678.
07-11 02:04:26.704 4631 6285 I CamX : [ INFO][CORE ] camxpipeline.cpp:2327 SinkPortFenceSignaled() ZSLPreviewRaw_0 Reporting stream done for stream=0, sequenceId=677, Buffer type=0 handle=0x78fac264f8
07-11 02:04:26.704 4631 6285 I CamX : [ INFO][CORE ] camxsession.cpp:3482 InjectResult() Inject result added request 677 output buffer in result holder:Stream 0x78f0cd3aa8 Fmt: 34 W: 1920 H: 1080
07-11 02:04:26.704 4631 6286 D CHIUSECASE: [FULL ] chxutils.cpp:806 ResetMetadata() Metadata entry capacity : 256, data capacity: 262144, metaSize: 266288
07-11 02:04:26.704 4631 6286 I CHIUSECASE: [VERBOSE] chxmetadata.cpp:2080 ReleaseAndroidFrameworkOutputMetadata() [CMB_DEBUG_AFWO] Release framework output index 0
07-11 02:04:26.704 4631 6286 I CamX : [ INFO][CORE ] camxsession.cpp:3719 AdvanceMinExpectedResult() Session 0x78fac279c0: Can't advance because of buffer[0] for sequence Id: 677
07-11 02:04:26.704 4631 6286 I CamX : [ INFO][CORE ] camxsession.cpp:3837 AdvanceMinExpectedResult() Session 0x78fac279c0: Results processed, current queue state: minResultIdExpected = 678, maxResultIdExpected= 682, minSequenceIdExpected: 677, maxSequenceIdExpected: 681, and numResultsPending: 5
07-11 02:04:26.704 4631 6286 I CamX : [ INFO][CORE ] camxsession.cpp:2626 ProcessResults() Processing Result - SequenceId 677 Framenumber 677 - earlyMetadata 0 metadataReady 0 bufferReady 1 isCancelled 0
07-11 02:04:26.704 4631 6286 D CHIUSECASE: [FULL ] chxadvancedcamerausecase.cpp:8757 FindFeatureToProcessResult() ProcessResult SessionId 1 frameNum 677 feature type: 1
07-11 02:04:26.705 4631 6286 D CHIUSECASE: [FULL ] chxfeaturezsl.cpp:1517 GetResultFrameInfo() FeatureZSL AppFrameNum: 677 <--> 677
07-11 02:04:26.705 4631 6286 I CHIUSECASE: [INFO ] chxfeaturezsl.cpp:814 ProcessResult() Realtime frame 677. Metadata: 0x0 NumBuffers: 1 Timestamp: 35142573545472 Sent: 1
07-11 02:04:26.705 4631 6286 D CHIUSECASE: [FULL ] chxadvancedcamerausecase.cpp:4771 ProcessAndReturnFinishedResults() Frame 677: metadataAvailable: 0, metadataReturn: 0, bufferReturn 1, inBufferReturn 0
07-11 02:04:26.705 4631 6286 D CHIUSECASE: [FULL ] chxusecase.cpp:2639 CheckIfAnyPartialMetaDataHasBeenSent() CheckIfAnyPartialMetaDataHasBeenSent for resultFrameIndexChi=165 Sent=1
07-11 02:04:26.705 4631 6286 D CHIUSECASE: [FULL ] chxadvancedcamerausecase.cpp:4865 ProcessAndReturnFinishedResults() Frame 677: Returning buffer result for 1 output buffers for app frame 677
07-11 02:04:26.705 4631 6286 D CHIUSECASE: [FULL ] chxadvancedcamerausecase.cpp:4872 ProcessAndReturnFinishedResults() Stream 0x78f0cd3aa8, W: 1920, H: 1080
07-11 02:04:26.705 4631 6286 I CHIUSECASE: [INFO ] chxusecase.cpp:1776 ReturnFrameworkResult() chiOriginalOverrideFrameNum: 677 frame_number: 677 resultFrameIndexF: 165 FW: 677, Buffer Count: 1 RESULT: 0x0
07-11 02:04:26.705 4631 6286 D CHIUSECASE: [FULL ] chxusecase.cpp:1803 ReturnFrameworkResult() m_numberOfPendingOutputBuffers = 0
07-11 02:04:26.705 4631 6286 D CHIUSECASE: [FULL ] chxusecase.cpp:1809 ReturnFrameworkResult() pResult->num_output_buffers 1 pending buffers 0
07-11 02:04:26.705 4631 6286 D CHIUSECASE: [FULL ] chxusecase.cpp:1822 ReturnFrameworkResult() pStreamBuffer 0x78faaaa100, i 0, j 0 buffer 0x78fac264f8
07-11 02:04:26.705 4631 6286 I CamX : [ INFO][HAL ] camxhaldevice.cpp:254 ProcessCaptureResult() Returning framework result Frame: 677, Metadata: 0x0, Stream 0x78f0cd3aa8, Fmt: 34 Width: 1920 Height: 1080
07-11 02:04:26.705 4631 6286 I CamX : [ INFO][HAL ] camxhal3.cpp:1289 process_capture_result() frame_number 677
07-11 02:04:26.705 4631 6286 I CamX : [ INFO][HAL ] camxhal3.cpp:1290 process_capture_result() num_output_buffers 1
07-11 02:04:26.705 4631 6286 I CamX : [ INFO][HAL ] camxhal3.cpp:1291 process_capture_result() output_buffers 0x790be61380
07-11 02:04:26.705 4631 6286 I CamX : [ INFO][HAL ] camxhal3.cpp:1296 process_capture_result() output_buffers[0] : 0x790be61380 - info
07-11 02:04:26.705 4631 6286 I CamX : [ INFO][HAL ] camxhal3.cpp:1297 process_capture_result() buffer : 0x78fac264f8
07-11 02:04:26.705 4631 6286 I CamX : [ INFO][HAL ] camxhal3.cpp:1298 process_capture_result() status : 00000000
07-11 02:04:26.705 4631 6286 I CamX : [ INFO][HAL ] camxhal3.cpp:1299 process_capture_result() stream : 0x78f0cd3aa8
07-11 02:04:26.705 4631 6286 I CamX : [ INFO][HAL ] camxhal3.cpp:1308 process_capture_result() input_buffer 0x0
07-11 02:04:26.705 4631 6286 I CamX : [ INFO][HAL ] camxhal3.cpp:1315 process_capture_result() partial_result 0
07-11 02:04:26.705 4631 6286 I CamX : [ INFO][HAL ] camxhal3.cpp:1316 process_capture_result() result 0x0,cb=0x78fac1f008
07-11 02:04:26.705 4631 6286 I CamX : [ INFO][HAL ] camxhal3.cpp:1318 process_capture_result() num_physcam_metadata 0
07-11 02:04:26.708 4631 6286 D CHIUSECASE: [FULL ] chxadvancedcamerausecase.cpp:4949 ProcessAndReturnFinishedResults() Advanced next result frame to 678
07-11 02:04:26.708 4631 6286 I CamX : [ INFO][CORE ] camxsession.cpp:3773 AdvanceMinExpectedResult() Session 0x78fac279c0: Results processed for sequenceId: 677
