07-11 02:04:25.336 4631 6287 I CamX : [ INFO][CORE ] camxsession.cpp:3420 InjectResult() Inject result added metadata in result holder for sequence ID : 636
07-11 02:04:25.336 4631 6284 I CamX : [ INFO][HAL ] camxsession.cpp:2387 ProcessResultMetadata() Finalized metadata result for Sequence ID 636 mapped to framework id 636 pipeline 0 reqId 637
07-11 02:04:25.336 4631 6284 I CamX : [ INFO][CORE ] camxsession.cpp:2626 ProcessResults() Processing Result - SequenceId 636 Framenumber 636 - earlyMetadata 0 metadataReady 1 bufferReady 1 isCancelled 0
07-11 02:04:25.336 4631 6284 I CHIUSECASE: [INFO ] chxadvancedcamerausecase.cpp:6642 ParseResultMetadata() ParseResultMetadata: isValid=0, IHDRTrigger=0
07-11 02:04:25.336 4631 6287 I CamX : [ INFO][CORE ] camxnode.cpp:2628 ProcessRequestIdDone() Node::ZSLPreviewRaw_ChiNodeWrapper1 : 255 ProcessRequestIdDone 637
07-11 02:04:25.336 4631 6284 D CHIUSECASE: [FULL ] chxadvancedcamerausecase.cpp:3741 IsFlashRequired() isFlashRequired value 0
07-11 02:04:25.336 4631 6284 D CHIUSECASE: [FULL ] chxadvancedcamerausecase.cpp:8757 FindFeatureToProcessResult() ProcessResult SessionId 1 frameNum 636 feature type: 1
07-11 02:04:25.336 4631 6284 D CHIUSECASE: [FULL ] chxfeaturezsl.cpp:1517 GetResultFrameInfo() FeatureZSL AppFrameNum: 636 <--> 636
07-11 02:04:25.336 4631 6284 I CHIUSECASE: [INFO ] chxfeaturezsl.cpp:814 ProcessResult() Realtime frame 636. Metadata: 0x78f2d85f20 NumBuffers: 1 Timestamp: 35141207595518 Sent: 0
07-11 02:04:25.336 4631 6284 I CHIUSECASE: [VERBOSE] chxmetadata.cpp:1909 ReleaseHolder() [CMB_DEBUG] Release buffer 0 client 0 subclient 0, frameNum 0 refCount 659 handle 0x78f11a5f80 0x78f1073500
07-11 02:04:25.336 4631 6284 I CHIUSECASE: [INFO ] chxutils.cpp:1775 GetFlashFiredState() Utils flashfired state Value 2
07-11 02:04:25.336 4631 6287 I CamX : [ INFO][CORE ] camxpipeline.cpp:3671 NotifyNodeRequestIdDone() All nodes in pipeline ZSLPreviewRaw complete with requestId: 637.
07-11 02:04:25.336 4631 6284 I CHIUSECASE: [VERBOSE] chxmetadata.cpp:2045 GetAndroidFrameworkOutputMetadata() [CMB_DEBUG_AFWO] Get framework output index 0 address 0x78f9f4ad40 sparse 0
07-11 02:04:25.336 4631 6284 D CHIUSECASE: [FULL ] chxusecase.cpp:2621 CheckIfMetaDataHasBeenSent() CheckIfMetadata for resultFrameIndexChi=124 Sent=1
07-11 02:04:25.336 4631 6284 D CHIUSECASE: [FULL ] chxusecase.cpp:2597 CheckIfPartialDataCanBeSent() CheckIfMetadata for resultFrameIndexChi=124 Sent=0
07-11 02:04:25.336 4631 6284 D CHIUSECASE: [FULL ] chxusecase.cpp:3136 UpdateAppResultMetadata() Partial Data has been sent and meta data needs to be filtered for tags=18
07-11 02:04:25.337 4631 6287 I CamX : [ INFO][CORE ] camxpipeline.cpp:2327 SinkPortFenceSignaled() ZSLPreviewRaw_0 Reporting stream done for stream=0, sequenceId=636, Buffer type=0 handle=0x78f1d8df18
07-11 02:04:25.337 4631 6287 I CamX : [ INFO][CORE ] camxsession.cpp:3482 InjectResult() Inject result added request 636 output buffer in result holder:Stream 0x78f0cd3aa8 Fmt: 34 W: 1920 H: 1080
07-11 02:04:25.337 4631 6284 I CHIUSECASE: [INFO ] chxfeaturezsl.cpp:896 ProcessResult() Reserve metadata for frame 636. sessionId 1
07-11 02:04:25.337 4631 6284 I CHIUSECASE: [VERBOSE] chxadvancedcamerausecase.cpp:2709 FillMetadataForRDIQueue() set primary35mmEFL vendor tag, zoom 1.000000 35mmEFL 24.166754
07-11 02:04:25.337 4631 6284 I CHIUSECASE: [VERBOSE] chxmetadata.cpp:1909 ReleaseHolder() [CMB_DEBUG] Release buffer 1 client 3 subclient 0, frameNum 633 refCount 1 handle 0x78fad3cc00 0x78f2d85c80
07-11 02:04:25.337 4631 6284 I CHIUSECASE: [INFO ] chxadvancedcamerausecase.cpp:2543 UpdateBufferReadyForRDIQueue() validBufferLength:3, framenumber:636, pipeline:1,lastReady:636,firstValid:634,cnt:3
07-11 02:04:25.337 4631 6284 D CHIUSECASE: [FULL ] chxadvancedcamerausecase.cpp:4771 ProcessAndReturnFinishedResults() Frame 636: metadataAvailable: 1, metadataReturn: 1, bufferReturn 0, inBufferReturn 0
07-11 02:04:25.337 4631 6284 D CHIUSECASE: [FULL ] chxadvancedcamerausecase.cpp:4790 ProcessAndReturnFinishedResults() Frame 636: Returning metadata result 2/2 for app frame 636 m_nextAppResultFrame=636 m_lastAppRequestFrame=641
07-11 02:04:25.337 4631 6284 I CHIUSECASE: [INFO ] chxadvancedcamerausecase.cpp:10114 RemosaicInjectReturnResult() [Meta DEBUG] Set xiaomi.remosaic.detected 0
07-11 02:04:25.337 4631 6284 I CHIUSECASE: [INFO ] chxusecase.cpp:1776 ReturnFrameworkResult() chiOriginalOverrideFrameNum: 636 frame_number: 636 resultFrameIndexF: 124 FW: 636, Buffer Count: 1 RESULT: 0x78f9f4ad40
07-11 02:04:25.337 4631 6284 D CHIUSECASE: [FULL ] chxusecaseutils.cpp:567 IsQuadCFASensor() i:0, sensor mode:16
07-11 02:04:25.337 4631 6284 D CHIUSECASE: [FULL ] chxusecase.cpp:683 OverrideResultMetaForQCFA() crop region, origin (0, 0, 12032, 9024) <==> new (0, 0, 6016, 4512)
07-11 02:04:25.337 4631 6284 D CHIUSECASE: [FULL ] chxusecase.cpp:1803 ReturnFrameworkResult() m_numberOfPendingOutputBuffers = 1
07-11 02:04:25.337 4631 6284 D CHIUSECASE: [FULL ] chxusecase.cpp:1809 ReturnFrameworkResult() pResult->num_output_buffers 0 pending buffers 1
07-11 02:04:25.337 4631 6284 D CHIUSECASE: [FULL ] chxusecase.cpp:2411 HandleMetadataResultReturn() Sending metadata for [FrameNum=636 and override FrameNum=636] with totalexpectedCount=2 partialResultCount=2
07-11 02:04:25.337 4631 6284 D CHIUSECASE: [FULL ] chxusecase.cpp:2621 CheckIfMetaDataHasBeenSent() CheckIfMetadata for resultFrameIndexChi=124 Sent=1
07-11 02:04:25.337 4631 6284 D CHIUSECASE: [FULL ] chxusecase.cpp:2664 SetMetaDataHasBeenSent() Metadata for sender 2 with resultFrameIndexChi=124 Sent=1
07-11 02:04:25.337 4631 6284 D CHIUSECASE: [FULL ] chxusecase.cpp:2504 HandleMetadataResultReturn() Partial Result Completed for framenumber=636
07-11 02:04:25.337 4631 6284 I CamX : [ INFO][HAL ] camxhal3.cpp:1289 process_capture_result() frame_number 636
07-11 02:04:25.337 4631 6284 I CamX : [ INFO][HAL ] camxhal3.cpp:1290 process_capture_result() num_output_buffers 0
07-11 02:04:25.337 4631 6284 I CamX : [ INFO][HAL ] camxhal3.cpp:1291 process_capture_result() output_buffers 0x0
07-11 02:04:25.337 4631 6284 I CamX : [ INFO][HAL ] camxhal3.cpp:1308 process_capture_result() input_buffer 0x0
07-11 02:04:25.337 4631 6284 I CamX : [ INFO][HAL ] camxhal3.cpp:1315 process_capture_result() partial_result 2
07-11 02:04:25.337 4631 6284 I CamX : [ INFO][HAL ] camxhal3.cpp:1316 process_capture_result() result 0x78f9f4ad40,cb=0x78fac1f008
07-11 02:04:25.337 4631 6284 I CamX : [ INFO][HAL ] camxhal3.cpp:1318 process_capture_result() num_physcam_metadata 0
07-11 02:04:25.339 4631 6284 D CHIUSECASE: [FULL ] chxutils.cpp:806 ResetMetadata() Metadata entry capacity : 256, data capacity: 262144, metaSize: 266288
07-11 02:04:25.339 4631 6284 I CHIUSECASE: [VERBOSE] chxmetadata.cpp:2080 ReleaseAndroidFrameworkOutputMetadata() [CMB_DEBUG_AFWO] Release framework output index 0
07-11 02:04:25.339 4631 6284 I CamX : [ INFO][CORE ] camxsession.cpp:3719 AdvanceMinExpectedResult() Session 0x78fac279c0: Can't advance because of buffer[0] for sequence Id: 636
07-11 02:04:25.339 4631 6284 I CamX : [ INFO][CORE ] camxsession.cpp:3837 AdvanceMinExpectedResult() Session 0x78fac279c0: Results processed, current queue state: minResultIdExpected = 637, maxResultIdExpected= 641, minSequenceIdExpected: 636, maxSequenceIdExpected: 640, and numResultsPending: 5
07-11 02:04:25.339 4631 6284 I CamX : [ INFO][CORE ] camxsession.cpp:2626 ProcessResults() Processing Result - SequenceId 636 Framenumber 636 - earlyMetadata 0 metadataReady 0 bufferReady 1 isCancelled 0
07-11 02:04:25.339 4631 6284 D CHIUSECASE: [FULL ] chxadvancedcamerausecase.cpp:8757 FindFeatureToProcessResult() ProcessResult SessionId 1 frameNum 636 feature type: 1
07-11 02:04:25.339 4631 6284 D CHIUSECASE: [FULL ] chxfeaturezsl.cpp:1517 GetResultFrameInfo() FeatureZSL AppFrameNum: 636 <--> 636
07-11 02:04:25.339 4631 6284 I CHIUSECASE: [INFO ] chxfeaturezsl.cpp:814 ProcessResult() Realtime frame 636. Metadata: 0x0 NumBuffers: 1 Timestamp: 35141207595518 Sent: 1
07-11 02:04:25.339 4631 6284 D CHIUSECASE: [FULL ] chxadvancedcamerausecase.cpp:4771 ProcessAndReturnFinishedResults() Frame 636: metadataAvailable: 0, metadataReturn: 0, bufferReturn 1, inBufferReturn 0
07-11 02:04:25.339 4631 6284 D CHIUSECASE: [FULL ] chxusecase.cpp:2639 CheckIfAnyPartialMetaDataHasBeenSent() CheckIfAnyPartialMetaDataHasBeenSent for resultFrameIndexChi=124 Sent=1
07-11 02:04:25.339 4631 6284 D CHIUSECASE: [FULL ] chxadvancedcamerausecase.cpp:4865 ProcessAndReturnFinishedResults() Frame 636: Returning buffer result for 1 output buffers for app frame 636
07-11 02:04:25.339 4631 6284 D CHIUSECASE: [FULL ] chxadvancedcamerausecase.cpp:4872 ProcessAndReturnFinishedResults() Stream 0x78f0cd3aa8, W: 1920, H: 1080
07-11 02:04:25.339 4631 6284 I CHIUSECASE: [INFO ] chxusecase.cpp:1776 ReturnFrameworkResult() chiOriginalOverrideFrameNum: 636 frame_number: 636 resultFrameIndexF: 124 FW: 636, Buffer Count: 1 RESULT: 0x0
07-11 02:04:25.339 4631 6284 D CHIUSECASE: [FULL ] chxusecase.cpp:1803 ReturnFrameworkResult() m_numberOfPendingOutputBuffers = 0
07-11 02:04:25.339 4631 6284 D CHIUSECASE: [FULL ] chxusecase.cpp:1809 ReturnFrameworkResult() pResult->num_output_buffers 1 pending buffers 0
07-11 02:04:25.339 4631 6284 D CHIUSECASE: [FULL ] chxusecase.cpp:1822 ReturnFrameworkResult() pStreamBuffer 0x790becf400, i 0, j 0 buffer 0x78f1d8df18
07-11 02:04:25.339 4631 6284 I CamX : [ INFO][HAL ] camxhaldevice.cpp:254 ProcessCaptureResult() Returning framework result Frame: 636, Metadata: 0x0, Stream 0x78f0cd3aa8, Fmt: 34 Width: 1920 Height: 1080
07-11 02:04:25.340 4631 6284 I CamX : [ INFO][HAL ] camxhal3.cpp:1289 process_capture_result() frame_number 636
07-11 02:04:25.340 4631 6284 I CamX : [ INFO][HAL ] camxhal3.cpp:1290 process_capture_result() num_output_buffers 1
07-11 02:04:25.340 4631 6284 I CamX : [ INFO][HAL ] camxhal3.cpp:1291 process_capture_result() output_buffers 0x790be5ef00
07-11 02:04:25.340 4631 6284 I CamX : [ INFO][HAL ] camxhal3.cpp:1296 process_capture_result() output_buffers[0] : 0x790be5ef00 - info
07-11 02:04:25.340 4631 6284 I CamX : [ INFO][HAL ] camxhal3.cpp:1297 process_capture_result() buffer : 0x78f1d8df18
07-11 02:04:25.340 4631 6284 I CamX : [ INFO][HAL ] camxhal3.cpp:1298 process_capture_result() status : 00000000
07-11 02:04:25.340 4631 6284 I CamX : [ INFO][HAL ] camxhal3.cpp:1299 process_capture_result() stream : 0x78f0cd3aa8
07-11 02:04:25.340 4631 6284 I CamX : [ INFO][HAL ] camxhal3.cpp:1308 process_capture_result() input_buffer 0x0
07-11 02:04:25.340 4631 6284 I CamX : [ INFO][HAL ] camxhal3.cpp:1315 process_capture_result() partial_result 0
07-11 02:04:25.340 4631 6284 I CamX : [ INFO][HAL ] camxhal3.cpp:1316 process_capture_result() result 0x0,cb=0x78fac1f008
07-11 02:04:25.340 4631 6284 I CamX : [ INFO][HAL ] camxhal3.cpp:1318 process_capture_result() num_physcam_metadata 0
07-11 02:04:25.341 4631 6284 D CHIUSECASE: [FULL ] chxadvancedcamerausecase.cpp:4949 ProcessAndReturnFinishedResults() Advanced next result frame to 637
07-11 02:04:25.341 4631 6284 I CamX : [ INFO][CORE ] camxsession.cpp:3773 AdvanceMinExpectedResult() Session 0x78fac279c0: Results processed for sequenceId: 636
07-11 02:04:25.341 4631 6284 I CamX : [ INFO][CORE ] camxsession.cpp:5559 IsDoneProcessing() Session 0x78fac279c0 is not done processing, Waiting for pipeline: ZSLPreviewRaw:0
07-11 02:04:25.341 4631 6284 I CamX : [ INFO][CORE ] camxsession.cpp:5610 NotifyProcessingDone() Session 0x78fac279c0 is not done processing, Waiting for m_livePendingRequests
07-11 02:04:25.341 4631 6284 I CamX : [ INFO][CORE ] camxsession.cpp:3719 AdvanceMinExpectedResult() Session 0x78fac279c0: Can't advance because of buffer[0] for sequence Id: 637
07-11 02:04:25.341 4631 6284 I CamX : [ INFO][CORE ] camxsession.cpp:3837 AdvanceMinExpectedResult() Session 0x78fac279c0: Results processed, current queue state: minResultIdExpected = 638, maxResultIdExpected= 641, minSequenceIdExpected: 637, maxSequenceIdExpected: 640, and numResultsPending: 4
07-11 02:04:25.341 4631 6284 I CamX : [ INFO][HAL ] camxsession.cpp:5222 ProcessMetabufferPendingQueue() Pending Queue pipeline ZSLPreviewRaw_0 request 637 old = 634 last 637 delay 3
07-11 02:04:25.341 4631 6284 E CamX : [ERROR][META ] camxmetabuffer.cpp:2970 ReleaseReference() Cannot find metabuffer 0x78f2d85c80 refCnt 657 cur 0x78f1073500
07-11 02:04:25.341 4631 6284 D CHIUSECASE: [FULL ] chxadvancedcamerausecase.cpp:8857 GetFeatureFromRequestMapping() Look for feature with current index 121 sessionId 1 requestId 633 pFeature 0x78fa1f0440 type 1
07-11 02:04:25.341 4631 6284 D CHIUSECASE: [FULL ] chxadvancedcamerausecase.cpp:8857 GetFeatureFromRequestMapping() Look for feature with current index 121 sessionId 1 requestId 633 pFeature 0x78fa1f0440 type 1
07-11 02:04:25.341 4631 6284 D CHIUSECASE: [FULL ] chxfeaturezsl.cpp:1092 ProcessMessage() FeatureZSL MetaBuffer Done frameNum 633 i/p metadata 0x78f1073500 o/p metadata 0x78f2d85c80
07-11 02:04:25.342 4631 7004 I CamX : [ INFO][CORE ] camxsession.cpp:1864 ProcessCaptureRequest() AttachMetabuffer in pipeline ZSLPreviewRaw_0 InputMetaBuffer 0x78f1073500 OutputMetaBuffer 0x78f2d85ba0 reqId 642
07-11 02:04:25.342 4631 7004 I CamX : [ INFO][CORE ] camxsession.cpp:2250 ProcessCaptureRequest() Pipeline: ZSLPreviewRaw_0 Added Sequence ID 641 CHI framenumber 641 to request queue and launched job with request id 642
07-11 02:04:25.343 4631 7004 I CamX : [ INFO][HAL ] camxhal3.cpp:1127 process_capture_request() frame_number 642
07-11 02:04:25.343 4631 7004 I CamX : [ INFO][HAL ] camxhal3.cpp:1128 process_capture_request() num_output_buffers 1
07-11 02:04:25.343 4631 7004 I CamX : [ INFO][HAL ] camxhal3.cpp:1129 process_capture_request() output_buffers 0x78f1e10200
07-11 02:04:25.343 4631 7004 I CamX : [ INFO][HAL ] camxhal3.cpp:1134 process_capture_request() output_buffers[0] : 0x78f1e10200 - info
07-11 02:04:25.343 4631 7004 I CamX : [ INFO][HAL ] camxhal3.cpp:1135 process_capture_request() buffer : 0x78f19a0cb8
07-11 02:04:25.343 4631 7004 I CamX : [ INFO][HAL ] camxhal3.cpp:1136 process_capture_request() status : 00000000
07-11 02:04:25.343 4631 7004 I CamX : [ INFO][HAL ] camxhal3.cpp:1137 process_capture_request() stream : 0x78f0cd3aa8
07-11 02:04:25.343 4631 7004 I CamX : [ INFO][HAL ] camxhal3.cpp:1147 process_capture_request() input_buffer 0x0
07-11 02:04:25.343 4631 7004 I CamX : [ INFO][HAL ] camxhal3.cpp:1154 process_capture_request() settings 0x0
07-11 02:04:25.343 4631 7004 I CamX : [ INFO][HAL ] camxhaldevice.cpp:1249 ProcessCaptureRequest() CHIModule: Original framework framenumber 642 contains 1 output buffers
07-11 02:04:25.343 4631 7004 I CHIUSECASE: [INFO ] chxextensionmodule.cpp:2853 OverrideProcessRequest() flush enabled, frame 642 m_aFlushInProgress[0]: 0
07-11 02:04:25.343 4631 7004 D CHIUSECASE: [FULL ] chxusecase.cpp:370 ProcessCaptureRequest() Saving buffer for CHI Frame: 642, requestFrame: 642, NumBuff: 1 resultFrameIndexChi: 130
07-11 02:04:25.343 4631 7004 D CHIUSECASE: [FULL ] chxusecase.cpp:402 ProcessCaptureRequest() SAVING frame: 642 resultFrameIndexChi: 130
07-11 02:04:25.343 4631 6285 I CamX : [ INFO][CORE ] camxsession.cpp:2786 ProcessRequest() ZSLPreviewRaw_0: Sequence ID 641 assigned for frameworkframeNumber 641, RequestId: 642 and m_requestQueueDepth 8
07-11 02:04:25.343 4631 7004 D CHIUSECASE: [FULL ] chxadvancedcamerausecase.cpp:6379 ExecuteCaptureRequest() AdvancedCameraUsecase::ExecuteCaptureRequest 642 130
07-11 02:04:25.343 4631 7004 D CHIUSECASE: [FULL ] chxusecase.cpp:2049 UpdateFeatureModeIndex() UpdateFeatureModeIndex E
07-11 02:04:25.343 4631 7004 D CHIUSECASE: [FULL ] chxfeaturezsl.cpp:337 ExecuteProcessRequest() Featurezsl::ExecuteProcessRequest, frameNum:642, setting:0x0 NumFaces 0 OperationMode 0x0
07-11 02:04:25.343 4631 7004 I CHIUSECASE: [INFO ] chxfeaturezsl.cpp:522 ExecuteProcessRequest() Featurezsl::ExecuteProcessRequest OperationMode = 0, cameraID = 0
07-11 02:04:25.343 4631 6285 I CamX : [ INFO][CORE ] camxpipeline.cpp:906 OpenRequest() pipeline[0] CSLOpenRequest for CSLSyncID: 642, requestId: 642 with syncmode:FALSE
07-11 02:04:25.343 4631 7004 I CHIUSECASE: [VERBOSE] chxmetadata.cpp:1774 GetInput() [CMB_DEBUG] Get Buffer index 0 from client 0 subclient 0 frameNumber 642 orig 0 handle 0x78f11a5f80 0x78f1073500
07-11 02:04:25.343 4631 6285 I CamX : [ INFO][CORE ] camxsession.cpp:3008 ProcessRequest() pipeline[0] OpenRequest called for request id = 642 withCSLSyncID 642
07-11 02:04:25.343 4631 7004 D CHIUSECASE: [FULL ] chxutils.cpp:1972 FillTuningModeDataThirdParty() SensorMode 1
07-11 02:04:25.343 4631 7004 D CHIUSECASE: [FULL ] chxutils.cpp:1926 GetFeature1Mode() Utils Feature1 mode 0
07-11 02:04:25.343 4631 7004 I CHIUSECASE: [INFO ] chxutils.cpp:2005 FillTuningModeDataThirdParty() ThirdParty SensorMode 1, Usecase:0, feature1:0, feature2:17, scene:18, effect:0
07-11 02:04:25.343 4631 7004 D CHIUSECASE: [FULL ] chxfeaturezsl.cpp:605 ExecuteProcessRequest() FeatureZSL Realtime AppFrameNum to ReqId: 642 <--> 642
07-11 02:04:25.343 4631 7004 E CamX : [ERROR][META ] camxmetabuffer.cpp:2810 AddReference() Exceeds the max number(150) of clients 0
07-11 02:04:25.343 4631 7004 I CHIUSECASE: [VERBOSE] chxmetadata.cpp:1774 GetInput() [CMB_DEBUG] Get Buffer index 0 from client 0 subclient 0 frameNumber 642 orig 0 handle 0x78f11a5f80 0x78f1073500
07-11 02:04:25.343 4631 7004 I CHIUSECASE: [VERBOSE] chxmetadata.cpp:1583 GetFreeHolder() [CMB_DEBUG] Zero ref 1 from client 3 subclient 0 frameNumber 633 handle 0x78fad3cc00 0x78f2d85c80
07-11 02:04:25.343 4631 7004 I CHIUSECASE: [VERBOSE] chxmetadata.cpp:1663 GetFreeHolder() [CMB_DEBUG] Get Buffer index 1 from client 3 subclient 0 frameNumber 642 handle 0x78fad3cc00 0x78f2d85c80
07-11 02:04:25.343 4631 7004 D CHIUSECASE: [FULL ] chxadvancedcamerausecase.cpp:8832 SetRequestToFeatureMapping() Current index 130 RequestCount 642 sessionId 1 requestId 642 pFeature 0x78fa1f0440 type 1
07-11 02:04:25.343 4631 7004 I CHIUSECASE: [INFO ] chxusecase.cpp:3282 SubmitRequest() logicCamera: 0
07-11 02:04:25.343 4631 7004 I CHIUSECASE: [INFO ] chxextensionmodule.cpp:3748 SubmitRequest() logicCamera: 0
07-11 02:04:25.343 4631 6285 I CamX : [ INFO][CORE ] camxnode.cpp:2592 ProcessMetadataDone() Node::ZSLPreviewRaw_ChiNodeWrapper0 : Type :255 ProcessMetadataDone 642
07-11 02:04:25.343 4631 6285 I CamX : [ INFO][CORE ] camxnode.cpp:2628 ProcessRequestIdDone() Node::ZSLPreviewRaw_ChiNodeWrapper0 : 255 ProcessRequestIdDone 642
07-11 02:04:25.343 4631 6282 I CamX : [ INFO][CORE ] camxnode.cpp:2592 ProcessMetadataDone() Node::ZSLPreviewRaw_FDExtManager0 : Type :22 ProcessMetadataDone 638
07-11 02:04:25.343 4631 6282 E CamX : [ERROR][SW_PROC] camxswprocess_tonemap.cpp:305 SWProcessApplyFixedGTM() Applying Fixed GTM, width: 0, height: 640, stride: 360, gamma: 1.100000, gain: 1.000000
07-11 02:04:25.343 4631 6285 I CamX : [ INFO][CORE ] camxnode.cpp:5575 SetupRequestOutputPortFence() CreatePrivateFence...Node: fa9f6980, Node::ZSLPreviewRaw_ChiNodeWrapper2, fence: f052d8e0(84), ImgBuf:0x0 reqId:642 result: 0
07-11 02:04:25.344 4631 6285 I CamX : [ INFO][CORE ] camxnode.cpp:5575 SetupRequestOutputPortFence() CreatePrivateFence...Node: faa11d40, Node::ZSLPreviewRaw_ChiNodeWrapper4, fence: f052dee0(88), ImgBuf:0x0 reqId:642 result: 0
07-11 02:04:25.344 4631 6285 I CamX : [ INFO][CORE ] camxnode.cpp:5575 SetupRequestOutputPortFence() CreatePrivateFence...Node: faa2cf00, Node::ZSLPreviewRaw_ChiNodeWrapper5, fence: f052e4e0(91), ImgBuf:0x0 reqId:642 result: 0
07-11 02:04:25.344 4631 6285 I CamX : [ INFO][CORE ] camxnode.cpp:5575 SetupRequestOutputPortFence() CreatePrivateFence...Node: faa47d40, Node::ZSLPreviewRaw_ChiNodeWrapper6, fence: f052eae0(95), ImgBuf:0x0 reqId:642 result: 0
07-11 02:04:25.344 4631 6285 I CamX : [ INFO][CORE ] camxnode.cpp:5575 SetupRequestOutputPortFence() CreatePrivateFence...Node: faa62a80, Node::ZSLPreviewRaw_ChiNodeWrapper7, fence: f05b40e0(107), ImgBuf:0x0 reqId:642 result: 0
07-11 02:04:25.344 4631 6285 I CamX : [ INFO][CORE ] camxnode.cpp:5575 SetupRequestOutputPortFence() CreatePrivateFence...Node: faa7d300, Node::ZSLPreviewRaw_ChiNodeWrapper9, fence: f05b49e0(112), ImgBuf:0x0 reqId:642 result: 0
07-11 02:04:25.345 4631 6285 I CamX : [ INFO][CORE ] camxnode.cpp:7635 GetMultiCameraInfo() Node::ZSLPreviewRaw_FDExtManager0 : MultiCamera vendor tags data not available 0x0 -241202476p 0x790a0c4f20
07-11 02:04:25.345 4631 6282 I CamX : [ INFO][CORE ] camxnode.cpp:7635 GetMultiCameraInfo() Node::ZSLPreviewRaw_IPE0 : MultiCamera vendor tags data not available 0x0 -241202476p 0x790a3b5a80
07-11 02:04:25.346 4631 6284 I CamX : [ INFO][CORE ] camxnode.cpp:2628 ProcessRequestIdDone() Node::ZSLPreviewRaw_FDExtManager0 : 22 ProcessRequestIdDone 638
07-11 02:04:25.346 4631 6284 I CamX : [ INFO][CORE ] camxpipeline.cpp:2327 SinkPortFenceSignaled() ZSLPreviewRaw_0 Reporting stream done for stream=3, sequenceId=637, Buffer type=2 handle=0x78f22ff900
07-11 02:04:25.346 4631 6284 I CamX : [ INFO][CORE ] camxsession.cpp:3482 InjectResult() Inject result added request 637 output buffer in result holder:Stream 0x7919a691e0 Fmt: 37 W: 6016 H: 4512
07-11 02:04:25.346 4631 6285 I CamX : [ INFO][CORE ] camxsession.cpp:3719 AdvanceMinExpectedResult() Session 0x78fac279c0: Can't advance because of buffer[0] for sequence Id: 637
07-11 02:04:25.346 4631 6285 I CamX : [ INFO][CORE ] camxsession.cpp:3837 AdvanceMinExpectedResult() Session 0x78fac279c0: Results processed, current queue state: minResultIdExpected = 638, maxResultIdExpected= 642, minSequenceIdExpected: 637, maxSequenceIdExpected: 641, and numResultsPending: 5
07-11 02:04:25.346 4631 6284 I CamX : [ INFO][CORE ] camxnode.cpp:2628 ProcessRequestIdDone() Node::ZSLPreviewRaw_IFE0 : 65536 ProcessRequestIdDone 638
07-11 02:04:25.347 4631 6282 I CamX : [ INFO][CORE ] camxnode.cpp:2592 ProcessMetadataDone() Node::ZSLPreviewRaw_LRME0 : Type :65541 ProcessMetadataDone 638
07-11 02:04:25.348 4631 6286 I CamX : [ INFO][CORE ] camxnode.cpp:2592 ProcessMetadataDone() Node::ZSLPreviewRaw_StatsParse0 : Type :9 ProcessMetadataDone 641
07-11 02:04:25.348 4631 6282 I CamX : [ INFO][CORE ] camxnode.cpp:2592 ProcessMetadataDone() Node::ZSLPreviewRaw_AWB0 : Type :12 ProcessMetadataDone 641
07-11 02:04:25.348 4631 6286 I CamX : [ INFO][CORE ] camxnode.cpp:2628 ProcessRequestIdDone() Node::ZSLPreviewRaw_StatsParse0 : 9 ProcessRequestIdDone 641
07-11 02:04:25.348 4631 6282 I CamX : [ INFO][CORE ] camxnode.cpp:2628 ProcessRequestIdDone() Node::ZSLPreviewRaw_AWB0 : 12 ProcessRequestIdDone 641
07-11 02:04:25.348 4631 6284 I CamX : [ INFO][CORE ] camxnode.cpp:2628 ProcessRequestIdDone() Node::ZSLPreviewRaw_LRME0 : 65541 ProcessRequestIdDone 638
07-11 02:04:25.349 4631 6284 I CamX : [ INFO][CORE ] camxnode.cpp:2592 ProcessMetadataDone() Node::ZSLPreviewRaw_RANSAC0 : Type :65542 ProcessMetadataDone 638
07-11 02:04:25.349 4631 6284 I CamX : [ INFO][CORE ] camxnode.cpp:2628 ProcessRequestIdDone() Node::ZSLPreviewRaw_RANSAC0 : 65542 ProcessRequestIdDone 638
07-11 02:04:25.349 4631 6284 I CamX : [ INFO][CORE ] camxnode.cpp:7635 GetMultiCameraInfo() Node::ZSLPreviewRaw_IPE0 : MultiCamera vendor tags data not available 0x0 -241202476p 0x790a1bbb40
07-11 02:04:25.349 4631 6284 I CamX : [ INFO][CORE ] camxnode.cpp:2947 GetDataListFromMetadataPool() Main Property 30000018 Node::PropertyIDFOVCFrameInfo Not Published for Request 638 ZSLPreviewRaw_IPE0
07-11 02:04:25.350 4631 6285 I CamX : [ INFO][CORE ] camxnode.cpp:2592 ProcessMetadataDone() Node::ZSLPreviewRaw_Stats0 : Type :1 ProcessMetadataDone 641
07-11 02:04:25.350 4631 6285 I CamX : [ INFO][CORE ] camxnode.cpp:2628 ProcessRequestIdDone() Node::ZSLPreviewRaw_Stats0 : 1 ProcessRequestIdDone 641
07-11 02:04:25.351 4631 6284 I CamX : [ INFO][CORE ] camxnode.cpp:2592 ProcessMetadataDone() Node::ZSLPreviewRaw_IPE0 : Type :65538 ProcessMetadataDone 638
07-11 02:04:25.354 4631 6281 I CamX : [ INFO][CORE ] camxnode.cpp:2986 GetDataListFromMetadataPool() Usecase Property 50000015 Node::PropertyIDUsecaseChiTuningModeParameter Not Published for Request 641 ZSLPreviewRaw_AutoFocus0
07-11 02:04:25.356 4631 6286 I CamX : [ INFO][CORE ] camxpipeline.cpp:2183 ProcessMetadataRequestIdDone() SensorTimestamp not yet published for 641
07-11 02:04:25.356 4631 6286 I CamX : [ INFO][CORE ] camxpipeline.cpp:2204 ProcessMetadataRequestIdDone() ZSLPreviewRaw_0 Notify early metadata for request id 641 and sequenceId 640 timestamp = 35141315632207
07-11 02:04:25.356 4631 6286 I CamX : [ INFO][HAL ] camxsession.cpp:3432 InjectResult() Inject result added early metadata in result holder for sequence ID : 640
07-11 02:04:25.356 4631 6285 I CamX : [ INFO][CORE ] camxsession.cpp:3719 AdvanceMinExpectedResult() Session 0x78fac279c0: Can't advance because of buffer[0] for sequence Id: 637
07-11 02:04:25.356 4631 6285 I CamX : [ INFO][CORE ] camxsession.cpp:3837 AdvanceMinExpectedResult() Session 0x78fac279c0: Results processed, current queue state: minResultIdExpected = 638, maxResultIdExpected= 642, minSequenceIdExpected: 637, maxSequenceIdExpected: 641, and numResultsPending: 5
07-11 02:04:25.357 4631 6285 I CamX : [ INFO][CORE ] camxnode.cpp:7635 GetMultiCameraInfo() Node::ZSLPreviewRaw_IFE0 : MultiCamera vendor tags data not available 0x0 -241202476p 0x790a0bed30
07-11 02:04:25.357 4631 6286 I CamX : [ INFO][CORE ] camxnode.cpp:2592 ProcessMetadataDone() Node::ZSLPreviewRaw_Sensor0 : Type :0 ProcessMetadataDone 641
07-11 02:04:25.357 4631 6286 I CamX : [ INFO][CORE ] camxnode.cpp:2628 ProcessRequestIdDone() Node::ZSLPreviewRaw_Sensor0 : 0 ProcessRequestIdDone 641
07-11 02:04:25.357 4631 6281 I CamX : [ INFO][CORE ] camxnode.cpp:2592 ProcessMetadataDone() Node::ZSLPreviewRaw_AutoFocus0 : Type :5 ProcessMetadataDone 641
07-11 02:04:25.357 4631 6281 I CamX : [ INFO][CORE ] camxnode.cpp:2628 ProcessRequestIdDone() Node::ZSLPreviewRaw_AutoFocus0 : 5 ProcessRequestIdDone 641
07-11 02:04:25.360 4631 6282 I CamX : [ INFO][CORE ] camxnode.cpp:2628 ProcessRequestIdDone() Node::ZSLPreviewRaw_IPE0 : 65538 ProcessRequestIdDone 638
07-11 02:04:25.360 4631 6282 E CamX : [ERROR][CORE ] camxnode.cpp:2773 GetDataCountFromPipeline() Node::ZSLPreviewRaw_ChiNodeWrapper9 Attempting to get metadata count for tag 80b00001 when unpublished
07-11 02:04:25.360 4631 6282 I CamX : [ INFO][CORE ] camxnode.cpp:2592 ProcessMetadataDone() Node::ZSLPreviewRaw_ChiNodeWrapper9 : Type :255 ProcessMetadataDone 638
07-11 02:04:25.360 4631 6286 I CamX : [ INFO][CORE ] camxnode.cpp:2628 ProcessRequestIdDone() Node::ZSLPreviewRaw_ChiNodeWrapper9 : 255 ProcessRequestIdDone 638
07-11 02:04:25.360 4631 6285 I CamX : [ INFO][CORE ] camxpipeline.h:517 NotifyNodeConfigDone() [ZSLPreviewRaw_0] All nodes complete stream config with requestId: 641., config done count 641
07-11 02:04:25.360 4631 6285 I CamX : [ INFO][CORE ] camxnode.cpp:2592 ProcessMetadataDone() Node::ZSLPreviewRaw_IFE0 : Type :65536 ProcessMetadataDone 641
07-11 02:04:25.361 4631 6287 E CHIARCSOFTDISTORTIONCORRECTION: ProcessRequest():735 ProcessRequest getCameraRole failed
07-11 02:04:25.361 4631 6287 I CamX : [ INFO][CORE ] camxnode.cpp:2592 ProcessMetadataDone() Node::ZSLPreviewRaw_ChiNodeWrapper7 : Type :255 ProcessMetadataDone 638
07-11 02:04:25.361 4631 6282 I CamX : [ INFO][CORE ] camxnode.cpp:2628 ProcessRequestIdDone() Node::ZSLPreviewRaw_ChiNodeWrapper7 : 255 ProcessRequestIdDone 638
07-11 02:04:25.361 4631 6282 I CamX : [ INFO][CORE ] camxnode.cpp:2592 ProcessMetadataDone() Node::ZSLPreviewRaw_ChiNodeWrapper6 : Type :255 ProcessMetadataDone 638
07-11 02:04:25.361 4631 6284 I CamX : [ INFO][CORE ] camxnode.cpp:2628 ProcessRequestIdDone() Node::ZSLPreviewRaw_ChiNodeWrapper6 : 255 ProcessRequestIdDone 638
07-11 02:04:25.362 4631 6284 I CamX : [ INFO][CORE ] camxnode.cpp:2592 ProcessMetadataDone() Node::ZSLPreviewRaw_ChiNodeWrapper5 : Type :255 ProcessMetadataDone 638
07-11 02:04:25.362 4631 6282 I CamX : [ INFO][CORE ] camxnode.cpp:2628 ProcessRequestIdDone() Node::ZSLPreviewRaw_ChiNodeWrapper5 : 255 ProcessRequestIdDone 638
07-11 02:04:25.362 4631 6282 E CamX : [ERROR][CORE ] camxnode.cpp:2773 GetDataCountFromPipeline() Node::ZSLPreviewRaw_ChiNodeWrapper4 Attempting to get metadata count for tag 805f0004 when unpublished
07-11 02:04:25.362 4631 6282 I CamX : [ INFO][CORE ] camxnode.cpp:2592 ProcessMetadataDone() Node::ZSLPreviewRaw_ChiNodeWrapper4 : Type :255 ProcessMetadataDone 638
07-11 02:04:25.362 4631 6284 I CamX : [ INFO][CORE ] camxnode.cpp:2628 ProcessRequestIdDone() Node::ZSLPreviewRaw_ChiNodeWrapper4 : 255 ProcessRequestIdDone 638
07-11 02:04:25.362 4631 6284 I CamX : [ INFO][CORE ] camxnode.cpp:2592 ProcessMetadataDone() Node::ZSLPreviewRaw_ChiNodeWrapper2 : Type :255 ProcessMetadataDone 638
07-11 02:04:25.362 4631 6281 I CamX : [ INFO][CORE ] camxnode.cpp:2628 ProcessRequestIdDone() Node::ZSLPreviewRaw_ChiNodeWrapper2 : 255 ProcessRequestIdDone 638
07-11 02:04:25.362 4631 6281 I CamX : [ INFO][CORE ] camxpipeline.h:439 NotifyNodePartialMetadataDone() [ZSLPreviewRaw_0] All nodes complete partial metadata with requestId: 638.
07-11 02:04:25.363 4631 6281 I CHIUSECASE: [INFO ] chxadvancedcamerausecase.cpp:6642 ParseResultMetadata() ParseResultMetadata: isValid=0, IHDRTrigger=0
07-11 02:04:25.363 4631 6281 D CHIUSECASE: [FULL ] chxadvancedcamerausecase.cpp:3741 IsFlashRequired() isFlashRequired value 0
07-11 02:04:25.363 4631 6281 D CHIUSECASE: [FULL ] chxadvancedcamerausecase.cpp:8757 FindFeatureToProcessResult() ProcessResult SessionId 1 frameNum 637 feature type: 1
07-11 02:04:25.363 4631 6281 D CHIUSECASE: [FULL ] chxfeaturezsl.cpp:1517 GetResultFrameInfo() FeatureZSL AppFrameNum: 637 <--> 637
07-11 02:04:25.363 4631 6281 D CHIUSECASE: [FULL ] chxusecase.cpp:2621 CheckIfMetaDataHasBeenSent() CheckIfMetadata for resultFrameIndexChi=125 Sent=0
07-11 02:04:25.363 4631 6281 D CHIUSECASE: [FULL ] chxusecase.cpp:2597 CheckIfPartialDataCanBeSent() CheckIfMetadata for resultFrameIndexChi=125 Sent=1
07-11 02:04:25.363 4631 6281 D CHIUSECASE: [FULL ] chxusecase.cpp:3078 UpdateAppPartialResultMetadataFromDriver() PMD is being created for resultID=125 resultFrameNumber:637
07-11 02:04:25.363 4631 6281 I CHIUSECASE: [VERBOSE] chxmetadata.cpp:2045 GetAndroidFrameworkOutputMetadata() [CMB_DEBUG_AFWO] Get framework output index 0 address 0x78f9f4ad40 sparse 0
07-11 02:04:25.363 4631 6281 D CHIUSECASE: [FULL ] chxadvancedcamerausecase.cpp:5026 ProcessAndReturnPartialMetadataFinishedResults() Frame 637: Returning Partial metadata result 1 for app frame 637 m_nextAppResultFrame=637 m_lastAppRequestFrame=642
07-11 02:04:25.363 4631 6281 I CHIUSECASE: [INFO ] chxusecase.cpp:1776 ReturnFrameworkResult() chiOriginalOverrideFrameNum: 637 frame_number: 637 resultFrameIndexF: 125 FW: 637, Buffer Count: 1 RESULT: 0x78f9f4ad40
07-11 02:04:25.363 4631 6281 D CHIUSECASE: [FULL ] chxusecaseutils.cpp:567 IsQuadCFASensor() i:0, sensor mode:16
07-11 02:04:25.363 4631 6281 D CHIUSECASE: [FULL ] chxusecase.cpp:705 OverrideResultMetaForQCFA() AE region, origin (0, 0, 0, 0) <==> new (0, 0, 0, 0)
07-11 02:04:25.363 4631 6281 D CHIUSECASE: [FULL ] chxusecase.cpp:727 OverrideResultMetaForQCFA() AF region, origin (4208, 3160, 7816, 5928) <==> new (2104, 1580, 3908, 2964)
07-11 02:04:25.363 4631 6281 D CHIUSECASE: [FULL ] chxusecase.cpp:1803 ReturnFrameworkResult() m_numberOfPendingOutputBuffers = 1
07-11 02:04:25.363 4631 6281 D CHIUSECASE: [FULL ] chxusecase.cpp:1809 ReturnFrameworkResult() pResult->num_output_buffers 0 pending buffers 1
07-11 02:04:25.363 4631 6281 D CHIUSECASE: [FULL ] chxusecase.cpp:2411 HandleMetadataResultReturn() Sending metadata for [FrameNum=637 and override FrameNum=637] with totalexpectedCount=2 partialResultCount=1
07-11 02:04:25.363 4631 6281 D CHIUSECASE: [FULL ] chxusecase.cpp:2664 SetMetaDataHasBeenSent() Metadata for sender 0 with resultFrameIndexChi=125 Sent=1
07-11 02:04:25.363 4631 6281 I CamX : [ INFO][HAL ] camxhal3.cpp:1289 process_capture_result() frame_number 637
07-11 02:04:25.363 4631 6281 I CamX : [ INFO][HAL ] camxhal3.cpp:1290 process_capture_result() num_output_buffers 0
07-11 02:04:25.363 4631 6281 I CamX : [ INFO][HAL ] camxhal3.cpp:1291 process_capture_result() output_buffers 0x0
07-11 02:04:25.363 4631 6281 I CamX : [ INFO][HAL ] camxhal3.cpp:1308 process_capture_result() input_buffer 0x0
07-11 02:04:25.363 4631 6281 I CamX : [ INFO][HAL ] camxhal3.cpp:1315 process_capture_result() partial_result 1
07-11 02:04:25.363 4631 6281 I CamX : [ INFO][HAL ] camxhal3.cpp:1316 process_capture_result() result 0x78f9f4ad40,cb=0x78fac1f008
07-11 02:04:25.363 4631 6281 I CamX : [ INFO][HAL ] camxhal3.cpp:1318 process_capture_result() num_physcam_metadata 0
07-11 02:04:25.363 4631 4797 I CamX : [ INFO][CORE ] camxpipeline.cpp:2820 CSLMessageHandler() frameMessage:requestID=639, linkhdl:0xf6010b, frameCount=649, timestamp=35144388757031, monoTimestamp=35144388757031
07-11 02:04:25.363 4631 4797 I CamX : [ INFO][CORE ] camxpipeline.cpp:2820 CSLMessageHandler() frameMessage:requestID=639, linkhdl:0xf6010b, frameCount=649, timestamp=35141306223554, monoTimestamp=35141306223554
07-11 02:04:25.364 4631 6281 D CHIUSECASE: [FULL ] chxutils.cpp:806 ResetMetadata() Metadata entry capacity : 256, data capacity: 262144, metaSize: 266288
07-11 02:04:25.364 4631 6281 I CHIUSECASE: [VERBOSE] chxmetadata.cpp:2080 ReleaseAndroidFrameworkOutputMetadata() [CMB_DEBUG_AFWO] Release framework output index 0
07-11 02:04:25.364 4631 4797 D CHIUSECASE: [FULL ] chxadvancedcamerausecase.cpp:8857 GetFeatureFromRequestMapping() Look for feature with current index 126 sessionId 1 requestId 638 pFeature 0x78fa1f0440 type 1
07-11 02:04:25.364 4631 4797 D CHIUSECASE: [FULL ] chxadvancedcamerausecase.cpp:7052 ProcessMessage() ZSL Chi Notify SOF frameNum 649 framework frameNum 638, timestamp 35141306223554
07-11 02:04:25.364 4631 4797 D CHIUSECASE: [FULL ] chxfeaturezsl.cpp:1075 ProcessMessage() FeatureZSL Chi Notify SOF frameNum 649 framework frameNum 638, timestamp 35141306223554
07-11 02:04:25.364 4631 4797 D CHIUSECASE: [FULL ] chxadvancedcamerausecase.cpp:8857 GetFeatureFromRequestMapping() Look for feature with current index 126 sessionId 1 requestId 638 pFeature 0x78fa1f0440 type 1
07-11 02:04:25.364 4631 4797 D CHIUSECASE: [FULL ] chxadvancedcamerausecase.cpp:7079 ProcessMessage() Shutter notify Realtime ReqId to AppFrameNum: 638 <--> 638
07-11 02:04:25.364 4631 4797 D CHIUSECASE: [FULL ] chxusecase.cpp:1906 ReturnFrameworkMessage() ResultFrame = 638 FrameIdx = 126 type = 2
07-11 02:04:25.364 4631 4797 D CHIUSECASE: [FULL ] chxusecase.cpp:1929 ReturnFrameworkMessage() Override ResultFrame = 638 m_lastAppMessageFrameReceived = 638 m_nextAppMessageFrame=638
07-11 02:04:25.364 4631 4797 D CHIUSECASE: [FULL ] chxusecase.cpp:1936 ReturnFrameworkMessage() frameIndex = 126 messageAvailable = 1
07-11 02:04:25.364 4631 4797 I CamX : [ INFO][HAL ] camxhal3.cpp:1342 notify() type 00000002
07-11 02:04:25.364 4631 4797 I CamX : [ INFO][HAL ] camxhal3.cpp:1351 notify() frame_number 638
07-11 02:04:25.364 4631 4797 I CamX : [ INFO][HAL ] camxhal3.cpp:1352 notify() timestamp 35141274216402
07-11 02:04:25.365 4631 6281 I CamX : [ INFO][CORE ] camxnode.cpp:2592 ProcessMetadataDone() Node::ZSLPreviewRaw_ChiNodeWrapper1 : Type :255 ProcessMetadataDone 638
07-11 02:04:25.365 4631 6281 I CamX : [ INFO][CORE ] camxpipeline.h:403 NotifyNodeMetadataDone() [ZSLPreviewRaw_0] All nodes complete metadata with requestId: 638.
07-11 02:04:25.365 4631 6281 E CamX : [ERROR][META ] camxmetabuffer.cpp:2858 AddReference() Exceeds the max number(150) of clients
07-11 02:04:25.365 4631 6281 I CamX : [ INFO][CORE ] camxpipeline.cpp:2204 ProcessMetadataRequestIdDone() ZSLPreviewRaw_0 Notify metadata for request id 638 and sequenceId 637 timestamp = 35141240953173
07-11 02:04:25.365 4631 6281 I CamX : [ INFO][CORE ] camxsession.cpp:3420 InjectResult() Inject result added metadata in result holder for sequence ID : 637
07-11 02:04:25.365 4631 6281 I CamX : [ INFO][HAL ] camxsession.cpp:2387 ProcessResultMetadata() Finalized metadata result for Sequence ID 637 mapped to framework id 637 pipeline 0 reqId 638
07-11 02:04:25.365 4631 6281 I CamX : [ INFO][CORE ] camxsession.cpp:2626 ProcessResults() Processing Result - SequenceId 637 Framenumber 637 - earlyMetadata 0 metadataReady 1 bufferReady 1 isCancelled 0
07-11 02:04:25.365 4631 6281 I CHIUSECASE: [INFO ] chxadvancedcamerausecase.cpp:6642 ParseResultMetadata() ParseResultMetadata: isValid=0, IHDRTrigger=0
07-11 02:04:25.365 4631 6281 D CHIUSECASE: [FULL ] chxadvancedcamerausecase.cpp:3741 IsFlashRequired() isFlashRequired value 0
07-11 02:04:25.365 4631 6281 D CHIUSECASE: [FULL ] chxadvancedcamerausecase.cpp:8757 FindFeatureToProcessResult() ProcessResult SessionId 1 frameNum 637 feature type: 1
07-11 02:04:25.365 4631 6281 D CHIUSECASE: [FULL ] chxfeaturezsl.cpp:1517 GetResultFrameInfo() FeatureZSL AppFrameNum: 637 <--> 637
07-11 02:04:25.365 4631 6281 I CHIUSECASE: [INFO ] chxfeaturezsl.cpp:814 ProcessResult() Realtime frame 637. Metadata: 0x78f1072000 NumBuffers: 1 Timestamp: 35141240953173 Sent: 0
07-11 02:04:25.365 4631 6284 I CamX : [ INFO][CORE ] camxnode.cpp:2628 ProcessRequestIdDone() Node::ZSLPreviewRaw_ChiNodeWrapper1 : 255 ProcessRequestIdDone 638
07-11 02:04:25.365 4631 6281 I CHIUSECASE: [VERBOSE] chxmetadata.cpp:1909 ReleaseHolder() [CMB_DEBUG] Release buffer 0 client 0 subclient 0, frameNum 0 refCount 660 handle 0x78f11a5f80 0x78f1073500
07-11 02:04:25.366 4631 6281 I CHIUSECASE: [INFO ] chxutils.cpp:1775 GetFlashFiredState() Utils flashfired state Value 2
07-11 02:04:25.366 4631 6281 I CHIUSECASE: [VERBOSE] chxmetadata.cpp:2045 GetAndroidFrameworkOutputMetadata() [CMB_DEBUG_AFWO] Get framework output index 0 address 0x78f9f4ad40 sparse 0
07-11 02:04:25.366 4631 6281 D CHIUSECASE: [FULL ] chxusecase.cpp:2621 CheckIfMetaDataHasBeenSent() CheckIfMetadata for resultFrameIndexChi=125 Sent=1
07-11 02:04:25.366 4631 6281 D CHIUSECASE: [FULL ] chxusecase.cpp:2597 CheckIfPartialDataCanBeSent() CheckIfMetadata for resultFrameIndexChi=125 Sent=0
07-11 02:04:25.366 4631 6281 D CHIUSECASE: [FULL ] chxusecase.cpp:3136 UpdateAppResultMetadata() Partial Data has been sent and meta data needs to be filtered for tags=18
07-11 02:04:25.366 4631 6284 I CamX : [ INFO][CORE ] camxpipeline.cpp:3671 NotifyNodeRequestIdDone() All nodes in pipeline ZSLPreviewRaw complete with requestId: 638.
07-11 02:04:25.366 4631 6284 I CamX : [ INFO][CORE ] camxpipeline.cpp:2327 SinkPortFenceSignaled() ZSLPreviewRaw_0 Reporting stream done for stream=0, sequenceId=637, Buffer type=0 handle=0x78fac264f8
07-11 02:04:25.366 4631 6284 I CamX : [ INFO][CORE ] camxsession.cpp:3482 InjectResult() Inject result added request 637 output buffer in result holder:Stream 0x78f0cd3aa8 Fmt: 34 W: 1920 H: 1080
07-11 02:04:25.366 4631 6281 I CHIUSECASE: [INFO ] chxfeaturezsl.cpp:896 ProcessResult() Reserve metadata for frame 637. sessionId 1
07-11 02:04:25.366 4631 6281 I CHIUSECASE: [VERBOSE] chxadvancedcamerausecase.cpp:2709 FillMetadataForRDIQueue() set primary35mmEFL vendor tag, zoom 1.000000 35mmEFL 24.166754
07-11 02:04:25.367 4631 6281 I CHIUSECASE: [VERBOSE] chxmetadata.cpp:1909 ReleaseHolder() [CMB_DEBUG] Release buffer 2 client 3 subclient 0, frameNum 634 refCount 1 handle 0x78fad3ce80 0x78f2d85d60
07-11 02:04:25.367 4631 6281 I CHIUSECASE: [INFO ] chxadvancedcamerausecase.cpp:2543 UpdateBufferReadyForRDIQueue() validBufferLength:3, framenumber:637, pipeline:1,lastReady:637,firstValid:635,cnt:3
07-11 02:04:25.367 4631 6281 D CHIUSECASE: [FULL ] chxadvancedcamerausecase.cpp:4771 ProcessAndReturnFinishedResults() Frame 637: metadataAvailable: 1, metadataReturn: 1, bufferReturn 0, inBufferReturn 0
07-11 02:04:25.367 4631 6281 D CHIUSECASE: [FULL ] chxadvancedcamerausecase.cpp:4790 ProcessAndReturnFinishedResults() Frame 637: Returning metadata result 2/2 for app frame 637 m_nextAppResultFrame=637 m_lastAppRequestFrame=642
07-11 02:04:25.367 4631 6281 I CHIUSECASE: [INFO ] chxadvancedcamerausecase.cpp:10114 RemosaicInjectReturnResult() [Meta DEBUG] Set xiaomi.remosaic.detected 0
07-11 02:04:25.367 4631 6281 I CHIUSECASE: [INFO ] chxusecase.cpp:1776 ReturnFrameworkResult() chiOriginalOverrideFrameNum: 637 frame_number: 637 resultFrameIndexF: 125 FW: 637, Buffer Count: 1 RESULT: 0x78f9f4ad40
07-11 02:04:25.367 4631 6281 D CHIUSECASE: [FULL ] chxusecaseutils.cpp:567 IsQuadCFASensor() i:0, sensor mode:16
07-11 02:04:25.367 4631 6281 D CHIUSECASE: [FULL ] chxusecase.cpp:683 OverrideResultMetaForQCFA() crop region, origin (0, 0, 12032, 9024) <==> new (0, 0, 6016, 4512)
07-11 02:04:25.367 4631 6281 D CHIUSECASE: [FULL ] chxusecase.cpp:1803 ReturnFrameworkResult() m_numberOfPendingOutputBuffers = 1
07-11 02:04:25.367 4631 6281 D CHIUSECASE: [FULL ] chxusecase.cpp:1809 ReturnFrameworkResult() pResult->num_output_buffers 0 pending buffers 1
07-11 02:04:25.367 4631 6281 D CHIUSECASE: [FULL ] chxusecase.cpp:2411 HandleMetadataResultReturn() Sending metadata for [FrameNum=637 and override FrameNum=637] with totalexpectedCount=2 partialResultCount=2
07-11 02:04:25.367 4631 6281 D CHIUSECASE: [FULL ] chxusecase.cpp:2621 CheckIfMetaDataHasBeenSent() CheckIfMetadata for resultFrameIndexChi=125 Sent=1
07-11 02:04:25.367 4631 6281 D CHIUSECASE: [FULL ] chxusecase.cpp:2664 SetMetaDataHasBeenSent() Metadata for sender 2 with resultFrameIndexChi=125 Sent=1
07-11 02:04:25.367 4631 6281 D CHIUSECASE: [FULL ] chxusecase.cpp:2504 HandleMetadataResultReturn() Partial Result Completed for framenumber=637
07-11 02:04:25.367 4631 6281 I CamX : [ INFO][HAL ] camxhal3.cpp:1289 process_capture_result() frame_number 637
07-11 02:04:25.367 4631 6281 I CamX : [ INFO][HAL ] camxhal3.cpp:1290 process_capture_result() num_output_buffers 0
07-11 02:04:25.367 4631 6281 I CamX : [ INFO][HAL ] camxhal3.cpp:1291 process_capture_result() output_buffers 0x0
07-11 02:04:25.367 4631 6281 I CamX : [ INFO][HAL ] camxhal3.cpp:1308 process_capture_result() input_buffer 0x0
07-11 02:04:25.367 4631 6281 I CamX : [ INFO][HAL ] camxhal3.cpp:1315 process_capture_result() partial_result 2
07-11 02:04:25.367 4631 6281 I CamX : [ INFO][HAL ] camxhal3.cpp:1316 process_capture_result() result 0x78f9f4ad40,cb=0x78fac1f008
07-11 02:04:25.367 4631 6281 I CamX : [ INFO][HAL ] camxhal3.cpp:1318 process_capture_result() num_physcam_metadata 0
07-11 02:04:25.369 4631 6281 D CHIUSECASE: [FULL ] chxutils.cpp:806 ResetMetadata() Metadata entry capacity : 256, data capacity: 262144, metaSize: 266288
07-11 02:04:25.369 4631 6281 I CHIUSECASE: [VERBOSE] chxmetadata.cpp:2080 ReleaseAndroidFrameworkOutputMetadata() [CMB_DEBUG_AFWO] Release framework output index 0
07-11 02:04:25.369 4631 6281 I CamX : [ INFO][CORE ] camxsession.cpp:3719 AdvanceMinExpectedResult() Session 0x78fac279c0: Can't advance because of buffer[0] for sequence Id: 637
07-11 02:04:25.369 4631 6281 I CamX : [ INFO][CORE ] camxsession.cpp:3837 AdvanceMinExpectedResult() Session 0x78fac279c0: Results processed, current queue state: minResultIdExpected = 638, maxResultIdExpected= 642, minSequenceIdExpected: 637, maxSequenceIdExpected: 641, and numResultsPending: 5
07-11 02:04:25.369 4631 6281 I CamX : [ INFO][CORE ] camxsession.cpp:2626 ProcessResults() Processing Result - SequenceId 637 Framenumber 637 - earlyMetadata 0 metadataReady 0 bufferReady 1 isCancelled 0
07-11 02:04:25.369 4631 6281 D CHIUSECASE: [FULL ] chxadvancedcamerausecase.cpp:8757 FindFeatureToProcessResult() ProcessResult SessionId 1 frameNum 637 feature type: 1
07-11 02:04:25.369 4631 6281 D CHIUSECASE: [FULL ] chxfeaturezsl.cpp:1517 GetResultFrameInfo() FeatureZSL AppFrameNum: 637 <--> 637
07-11 02:04:25.369 4631 6281 I CHIUSECASE: [INFO ] chxfeaturezsl.cpp:814 ProcessResult() Realtime frame 637. Metadata: 0x0 NumBuffers: 1 Timestamp: 35141240953173 Sent: 1
07-11 02:04:25.369 4631 6281 D CHIUSECASE: [FULL ] chxadvancedcamerausecase.cpp:4771 ProcessAndReturnFinishedResults() Frame 637: metadataAvailable: 0, metadataReturn: 0, bufferReturn 1, inBufferReturn 0
07-11 02:04:25.369 4631 6281 D CHIUSECASE: [FULL ] chxusecase.cpp:2639 CheckIfAnyPartialMetaDataHasBeenSent() CheckIfAnyPartialMetaDataHasBeenSent for resultFrameIndexChi=125 Sent=1
07-11 02:04:25.369 4631 6281 D CHIUSECASE: [FULL ] chxadvancedcamerausecase.cpp:4865 ProcessAndReturnFinishedResults() Frame 637: Returning buffer result for 1 output buffers for app frame 637
07-11 02:04:25.369 4631 6281 D CHIUSECASE: [FULL ] chxadvancedcamerausecase.cpp:4872 ProcessAndReturnFinishedResults() Stream 0x78f0cd3aa8, W: 1920, H: 1080
07-11 02:04:25.369 4631 6281 I CHIUSECASE: [INFO ] chxusecase.cpp:1776 ReturnFrameworkResult() chiOriginalOverrideFrameNum: 637 frame_number: 637 resultFrameIndexF: 125 FW: 637, Buffer Count: 1 RESULT: 0x0
07-11 02:04:25.369 4631 6281 D CHIUSECASE: [FULL ] chxusecase.cpp:1803 ReturnFrameworkResult() m_numberOfPendingOutputBuffers = 0
07-11 02:04:25.369 4631 6281 D CHIUSECASE: [FULL ] chxusecase.cpp:1809 ReturnFrameworkResult() pResult->num_output_buffers 1 pending buffers 0
07-11 02:04:25.369 4631 6281 D CHIUSECASE: [FULL ] chxusecase.cpp:1822 ReturnFrameworkResult() pStreamBuffer 0x790becf480, i 0, j 0 buffer 0x78fac264f8
07-11 02:04:25.369 4631 6281 I CamX : [ INFO][HAL ] camxhaldevice.cpp:254 ProcessCaptureResult() Returning framework result Frame: 637, Metadata: 0x0, Stream 0x78f0cd3aa8, Fmt: 34 Width: 1920 Height: 1080
07-11 02:04:25.369 4631 6281 I CamX : [ INFO][HAL ] camxhal3.cpp:1289 process_capture_result() frame_number 637
07-11 02:04:25.369 4631 6281 I CamX : [ INFO][HAL ] camxhal3.cpp:1290 process_capture_result() num_output_buffers 1
07-11 02:04:25.369 4631 6281 I CamX : [ INFO][HAL ] camxhal3.cpp:1291 process_capture_result() output_buffers 0x790be5ef80
07-11 02:04:25.369 4631 6281 I CamX : [ INFO][HAL ] camxhal3.cpp:1296 process_capture_result() output_buffers[0] : 0x790be5ef80 - info
07-11 02:04:25.369 4631 6281 I CamX : [ INFO][HAL ] camxhal3.cpp:1297 process_capture_result() buffer : 0x78fac264f8
07-11 02:04:25.369 4631 6281 I CamX : [ INFO][HAL ] camxhal3.cpp:1298 process_capture_result() status : 00000000
07-11 02:04:25.369 4631 6281 I CamX : [ INFO][HAL ] camxhal3.cpp:1299 process_capture_result() stream : 0x78f0cd3aa8
07-11 02:04:25.369 4631 6281 I CamX : [ INFO][HAL ] camxhal3.cpp:1308 process_capture_result() input_buffer 0x0
07-11 02:04:25.369 4631 6281 I CamX : [ INFO][HAL ] camxhal3.cpp:1315 process_capture_result() partial_result 0
07-11 02:04:25.369 4631 6281 I CamX : [ INFO][HAL ] camxhal3.cpp:1316 process_capture_result() result 0x0,cb=0x78fac1f008
07-11 02:04:25.369 4631 6281 I CamX : [ INFO][HAL ] camxhal3.cpp:1318 process_capture_result() num_physcam_metadata 0
07-11 02:04:25.370 4631 6281 D CHIUSECASE: [FULL ] chxadvancedcamerausecase.cpp:4949 ProcessAndReturnFinishedResults() Advanced next result frame to 638
07-11 02:04:25.370 4631 6281 I CamX : [ INFO][CORE ] camxsession.cpp:3773 AdvanceMinExpectedResult() Session 0x78fac279c0: Results processed for sequenceId: 637
07-11 02:04:25.370 4631 6281 I CamX : [ INFO][CORE ] camxsession.cpp:5559 IsDoneProcessing() Session 0x78fac279c0 is not done processing, Waiting for pipeline: ZSLPreviewRaw:0
07-11 02:04:25.370 4631 6281 I CamX : [ INFO][CORE ] camxsession.cpp:5610 NotifyProcessingDone() Session 0x78fac279c0 is not done processing, Waiting for m_livePendingRequests
07-11 02:04:25.370 4631 6281 I CamX : [ INFO][CORE ] camxsession.cpp:3719 AdvanceMinExpectedResult() Session 0x78fac279c0: Can't advance because of buffer[0] for sequence Id: 638
07-11 02:04:25.370 4631 6281 I CamX : [ INFO][CORE ] camxsession.cpp:3837 AdvanceMinExpectedResult() Session 0x78fac279c0: Results processed, current queue state: minResultIdExpected = 639, maxResultIdExpected= 642, minSequenceIdExpected: 638, maxSequenceIdExpected: 641, and numResultsPending: 4
07-11 02:04:25.370 4631 6281 I CamX : [ INFO][HAL ] camxsession.cpp:5222 ProcessMetabufferPendingQueue() Pending Queue pipeline ZSLPreviewRaw_0 request 638 old = 635 last 638 delay 3
07-11 02:04:25.370 4631 6281 E CamX : [ERROR][META ] camxmetabuffer.cpp:2970 ReleaseReference() Cannot find metabuffer 0x78f2d85d60 refCnt 658 cur 0x78f1073500
07-11 02:04:25.370 4631 7004 I CamX : [ INFO][CORE ] camxsession.cpp:1864 ProcessCaptureRequest() AttachMetabuffer in pipeline ZSLPreviewRaw_0 InputMetaBuffer 0x78f1073500 OutputMetaBuffer 0x78f2d85c80 reqId 643
07-11 02:04:25.370 4631 6281 D CHIUSECASE: [FULL ] chxadvancedcamerausecase.cpp:8857 GetFeatureFromRequestMapping() Look for feature with current index 122 sessionId 1 requestId 634 pFeature 0x78fa1f0440 type 1
07-11 02:04:25.370 4631 6281 D CHIUSECASE: [FULL ] chxadvancedcamerausecase.cpp:8857 GetFeatureFromRequestMapping() Look for feature with current index 122 sessionId 1 requestId 634 pFeature 0x78fa1f0440 type 1
07-11 02:04:25.370 4631 6281 D CHIUSECASE: [FULL ] chxfeaturezsl.cpp:1092 ProcessMessage() FeatureZSL MetaBuffer Done frameNum 634 i/p metadata 0x78f1073500 o/p metadata 0x78f2d85d60
07-11 02:04:25.370 4631 7004 I CamX : [ INFO][CORE ] camxsession.cpp:2250 ProcessCaptureRequest() Pipeline: ZSLPreviewRaw_0 Added Sequence ID 642 CHI framenumber 642 to request queue and launched job with request id 643
07-11 02:04:25.371 4631 7004 I CamX : [ INFO][HAL ] camxhal3.cpp:1127 process_capture_request() frame_number 643
07-11 02:04:25.371 4631 6281 I CamX : [ INFO][CORE ] camxsession.cpp:2786 ProcessRequest() ZSLPreviewRaw_0: Sequence ID 642 assigned for frameworkframeNumber 642, RequestId: 643 and m_requestQueueDepth 8
07-11 02:04:25.371 4631 7004 I CamX : [ INFO][HAL ] camxhal3.cpp:1128 process_capture_request() num_output_buffers 1
07-11 02:04:25.371 4631 6281 I CamX : [ INFO][CORE ] camxpipeline.cpp:906 OpenRequest() pipeline[0] CSLOpenRequest for CSLSyncID: 643, requestId: 643 with syncmode:FALSE
07-11 02:04:25.371 4631 7004 I CamX : [ INFO][HAL ] camxhal3.cpp:1129 process_capture_request() output_buffers 0x78f1e10200
