07-11 02:04:26.436 4631 6284 D CHIUSECASE: [FULL ] chxusecase.cpp:3136 UpdateAppResultMetadata() Partial Data has been sent and meta data needs to be filtered for tags=18
07-11 02:04:26.436 4631 6285 I CamX : [ INFO][CORE ] camxpipeline.cpp:3671 NotifyNodeRequestIdDone() All nodes in pipeline ZSLPreviewRaw complete with requestId: 670.
07-11 02:04:26.437 4631 6285 I CamX : [ INFO][CORE ] camxpipeline.cpp:2327 SinkPortFenceSignaled() ZSLPreviewRaw_0 Reporting stream done for stream=0, sequenceId=669, Buffer type=0 handle=0x78fac264f8
07-11 02:04:26.437 4631 6285 I CamX : [ INFO][CORE ] camxsession.cpp:3482 InjectResult() Inject result added request 669 output buffer in result holder:Stream 0x78f0cd3aa8 Fmt: 34 W: 1920 H: 1080
07-11 02:04:26.437 4631 6284 I CHIUSECASE: [INFO ] chxfeaturezsl.cpp:896 ProcessResult() Reserve metadata for frame 669. sessionId 1
07-11 02:04:26.437 4631 6284 I CHIUSECASE: [VERBOSE] chxadvancedcamerausecase.cpp:2709 FillMetadataForRDIQueue() set primary35mmEFL vendor tag, zoom 1.000000 35mmEFL 24.166754
07-11 02:04:26.437 4631 6284 I CHIUSECASE: [VERBOSE] chxmetadata.cpp:1909 ReleaseHolder() [CMB_DEBUG] Release buffer 7 client 3 subclient 0, frameNum 666 refCount 1 handle 0x78fad3db00 0x78f10721c0
07-11 02:04:26.437 4631 6284 I CHIUSECASE: [INFO ] chxadvancedcamerausecase.cpp:2543 UpdateBufferReadyForRDIQueue() validBufferLength:3, framenumber:669, pipeline:1,lastReady:669,firstValid:667,cnt:3
07-11 02:04:26.437 4631 6284 D CHIUSECASE: [FULL ] chxadvancedcamerausecase.cpp:4771 ProcessAndReturnFinishedResults() Frame 669: metadataAvailable: 1, metadataReturn: 1, bufferReturn 0, inBufferReturn 0
07-11 02:04:26.437 4631 6284 D CHIUSECASE: [FULL ] chxadvancedcamerausecase.cpp:4790 ProcessAndReturnFinishedResults() Frame 669: Returning metadata result 2/2 for app frame 669 m_nextAppResultFrame=669 m_lastAppRequestFrame=674
07-11 02:04:26.437 4631 6284 I CHIUSECASE: [INFO ] chxadvancedcamerausecase.cpp:10114 RemosaicInjectReturnResult() [Meta DEBUG] Set xiaomi.remosaic.detected 0
07-11 02:04:26.437 4631 6284 I CHIUSECASE: [INFO ] chxusecase.cpp:1776 ReturnFrameworkResult() chiOriginalOverrideFrameNum: 669 frame_number: 669 resultFrameIndexF: 157 FW: 669, Buffer Count: 1 RESULT: 0x78f9f4ad40
07-11 02:04:26.437 4631 6284 D CHIUSECASE: [FULL ] chxusecaseutils.cpp:567 IsQuadCFASensor() i:0, sensor mode:16
07-11 02:04:26.437 4631 6284 D CHIUSECASE: [FULL ] chxusecase.cpp:683 OverrideResultMetaForQCFA() crop region, origin (0, 0, 12032, 9024) <==> new (0, 0, 6016, 4512)
07-11 02:04:26.437 4631 6284 D CHIUSECASE: [FULL ] chxusecase.cpp:1803 ReturnFrameworkResult() m_numberOfPendingOutputBuffers = 1
07-11 02:04:26.437 4631 6284 D CHIUSECASE: [FULL ] chxusecase.cpp:1809 ReturnFrameworkResult() pResult->num_output_buffers 0 pending buffers 1
07-11 02:04:26.437 4631 6284 D CHIUSECASE: [FULL ] chxusecase.cpp:2411 HandleMetadataResultReturn() Sending metadata for [FrameNum=669 and override FrameNum=669] with totalexpectedCount=2 partialResultCount=2
07-11 02:04:26.437 4631 6284 D CHIUSECASE: [FULL ] chxusecase.cpp:2621 CheckIfMetaDataHasBeenSent() CheckIfMetadata for resultFrameIndexChi=157 Sent=1
07-11 02:04:26.437 4631 6284 D CHIUSECASE: [FULL ] chxusecase.cpp:2664 SetMetaDataHasBeenSent() Metadata for sender 2 with resultFrameIndexChi=157 Sent=1
07-11 02:04:26.437 4631 6284 D CHIUSECASE: [FULL ] chxusecase.cpp:2504 HandleMetadataResultReturn() Partial Result Completed for framenumber=669
07-11 02:04:26.437 4631 6284 I CamX : [ INFO][HAL ] camxhal3.cpp:1289 process_capture_result() frame_number 669
07-11 02:04:26.437 4631 6284 I CamX : [ INFO][HAL ] camxhal3.cpp:1290 process_capture_result() num_output_buffers 0
07-11 02:04:26.437 4631 6284 I CamX : [ INFO][HAL ] camxhal3.cpp:1291 process_capture_result() output_buffers 0x0
07-11 02:04:26.437 4631 6284 I CamX : [ INFO][HAL ] camxhal3.cpp:1308 process_capture_result() input_buffer 0x0
07-11 02:04:26.437 4631 6284 I CamX : [ INFO][HAL ] camxhal3.cpp:1315 process_capture_result() partial_result 2
07-11 02:04:26.437 4631 6284 I CamX : [ INFO][HAL ] camxhal3.cpp:1316 process_capture_result() result 0x78f9f4ad40,cb=0x78fac1f008
07-11 02:04:26.437 4631 6284 I CamX : [ INFO][HAL ] camxhal3.cpp:1318 process_capture_result() num_physcam_metadata 0
07-11 02:04:26.439 4631 6284 D CHIUSECASE: [FULL ] chxutils.cpp:806 ResetMetadata() Metadata entry capacity : 256, data capacity: 262144, metaSize: 266288
07-11 02:04:26.439 4631 6284 I CHIUSECASE: [VERBOSE] chxmetadata.cpp:2080 ReleaseAndroidFrameworkOutputMetadata() [CMB_DEBUG_AFWO] Release framework output index 0
07-11 02:04:26.439 4631 6284 I CamX : [ INFO][CORE ] camxsession.cpp:3719 AdvanceMinExpectedResult() Session 0x78fac279c0: Can't advance because of buffer[0] for sequence Id: 669
07-11 02:04:26.439 5716 6910 D msm8974_platform: platform_set_channel_map mixer_ctl_name:Playback Channel Map0
07-11 02:04:26.439 4631 6284 I CamX : [ INFO][CORE ] camxsession.cpp:3837 AdvanceMinExpectedResult() Session 0x78fac279c0: Results processed, current queue state: minResultIdExpected = 670, maxResultIdExpected= 674, minSequenceIdExpected: 669, maxSequenceIdExpected: 673, and numResultsPending: 5
07-11 02:04:26.439 4631 6284 I CamX : [ INFO][CORE ] camxsession.cpp:2626 ProcessResults() Processing Result - SequenceId 669 Framenumber 669 - earlyMetadata 0 metadataReady 0 bufferReady 1 isCancelled 0
07-11 02:04:26.439 4631 6284 D CHIUSECASE: [FULL ] chxadvancedcamerausecase.cpp:8757 FindFeatureToProcessResult() ProcessResult SessionId 1 frameNum 669 feature type: 1
07-11 02:04:26.439 4631 6284 D CHIUSECASE: [FULL ] chxfeaturezsl.cpp:1517 GetResultFrameInfo() FeatureZSL AppFrameNum: 669 <--> 669
07-11 02:04:26.439 4631 6284 I CHIUSECASE: [INFO ] chxfeaturezsl.cpp:814 ProcessResult() Realtime frame 669. Metadata: 0x0 NumBuffers: 1 Timestamp: 35142306916555 Sent: 1
07-11 02:04:26.439 5716 6910 D msm8974_platform: platform_set_channel_map: set mapping(1 2 0 0 0 0 0 0) for channel:2
07-11 02:04:26.439 4631 6284 D CHIUSECASE: [FULL ] chxadvancedcamerausecase.cpp:4771 ProcessAndReturnFinishedResults() Frame 669: metadataAvailable: 0, metadataReturn: 0, bufferReturn 1, inBufferReturn 0
07-11 02:04:26.439 4631 6284 D CHIUSECASE: [FULL ] chxusecase.cpp:2639 CheckIfAnyPartialMetaDataHasBeenSent() CheckIfAnyPartialMetaDataHasBeenSent for resultFrameIndexChi=157 Sent=1
07-11 02:04:26.439 4631 6284 D CHIUSECASE: [FULL ] chxadvancedcamerausecase.cpp:4865 ProcessAndReturnFinishedResults() Frame 669: Returning buffer result for 1 output buffers for app frame 669
07-11 02:04:26.439 4631 6284 D CHIUSECASE: [FULL ] chxadvancedcamerausecase.cpp:4872 ProcessAndReturnFinishedResults() Stream 0x78f0cd3aa8, W: 1920, H: 1080
07-11 02:04:26.439 4631 6284 I CHIUSECASE: [INFO ] chxusecase.cpp:1776 ReturnFrameworkResult() chiOriginalOverrideFrameNum: 669 frame_number: 669 resultFrameIndexF: 157 FW: 669, Buffer Count: 1 RESULT: 0x0
07-11 02:04:26.439 4631 6284 D CHIUSECASE: [FULL ] chxusecase.cpp:1803 ReturnFrameworkResult() m_numberOfPendingOutputBuffers = 0
07-11 02:04:26.439 4631 6284 D CHIUSECASE: [FULL ] chxusecase.cpp:1809 ReturnFrameworkResult() pResult->num_output_buffers 1 pending buffers 0
07-11 02:04:26.439 4631 6284 D CHIUSECASE: [FULL ] chxusecase.cpp:1822 ReturnFrameworkResult() pStreamBuffer 0x790bf30d00, i 0, j 0 buffer 0x78fac264f8
07-11 02:04:26.439 4631 6284 I CamX : [ INFO][HAL ] camxhaldevice.cpp:254 ProcessCaptureResult() Returning framework result Frame: 669, Metadata: 0x0, Stream 0x78f0cd3aa8, Fmt: 34 Width: 1920 Height: 1080
07-11 02:04:26.440 4631 6284 I CamX : [ INFO][HAL ] camxhal3.cpp:1289 process_capture_result() frame_number 669
07-11 02:04:26.440 4631 6284 I CamX : [ INFO][HAL ] camxhal3.cpp:1290 process_capture_result() num_output_buffers 1
07-11 02:04:26.440 4631 6284 I CamX : [ INFO][HAL ] camxhal3.cpp:1291 process_capture_result() output_buffers 0x790be5ff80
07-11 02:04:26.440 4631 6284 I CamX : [ INFO][HAL ] camxhal3.cpp:1296 process_capture_result() output_buffers[0] : 0x790be5ff80 - info
07-11 02:04:26.440 4631 6284 I CamX : [ INFO][HAL ] camxhal3.cpp:1297 process_capture_result() buffer : 0x78fac264f8
07-11 02:04:26.440 4631 6284 I CamX : [ INFO][HAL ] camxhal3.cpp:1298 process_capture_result() status : 00000000
07-11 02:04:26.440 4631 6284 I CamX : [ INFO][HAL ] camxhal3.cpp:1299 process_capture_result() stream : 0x78f0cd3aa8
07-11 02:04:26.440 4631 6284 I CamX : [ INFO][HAL ] camxhal3.cpp:1308 process_capture_result() input_buffer 0x0
07-11 02:04:26.440 4631 6284 I CamX : [ INFO][HAL ] camxhal3.cpp:1315 process_capture_result() partial_result 0
07-11 02:04:26.440 4631 6284 I CamX : [ INFO][HAL ] camxhal3.cpp:1316 process_capture_result() result 0x0,cb=0x78fac1f008
07-11 02:04:26.440 4631 6284 I CamX : [ INFO][HAL ] camxhal3.cpp:1318 process_capture_result() num_physcam_metadata 0
07-11 02:04:26.440 4631 6284 D CHIUSECASE: [FULL ] chxadvancedcamerausecase.cpp:4949 ProcessAndReturnFinishedResults() Advanced next result frame to 670
07-11 02:04:26.441 4631 6284 I CamX : [ INFO][CORE ] camxsession.cpp:3773 AdvanceMinExpectedResult() Session 0x78fac279c0: Results processed for sequenceId: 669
07-11 02:04:26.441 4631 6284 I CamX : [ INFO][CORE ] camxsession.cpp:5559 IsDoneProcessing() Session 0x78fac279c0 is not done processing, Waiting for pipeline: ZSLPreviewRaw:0
07-11 02:04:26.441 4631 6284 I CamX : [ INFO][CORE ] camxsession.cpp:5610 NotifyProcessingDone() Session 0x78fac279c0 is not done processing, Waiting for m_livePendingRequests
07-11 02:04:26.441 4631 6284 I CamX : [ INFO][CORE ] camxsession.cpp:3719 AdvanceMinExpectedResult() Session 0x78fac279c0: Can't advance because of buffer[0] for sequence Id: 670
07-11 02:04:26.441 4631 7004 I CamX : [ INFO][CORE ] camxsession.cpp:1864 ProcessCaptureRequest() AttachMetabuffer in pipeline ZSLPreviewRaw_0 InputMetaBuffer 0x78f1073500 OutputMetaBuffer 0x78f10720e0 reqId 675
07-11 02:04:26.441 4631 6284 I CamX : [ INFO][CORE ] camxsession.cpp:3837 AdvanceMinExpectedResult() Session 0x78fac279c0: Results processed, current queue state: minResultIdExpected = 671, maxResultIdExpected= 674, minSequenceIdExpected: 670, maxSequenceIdExpected: 673, and numResultsPending: 4
07-11 02:04:26.441 4631 6284 I CamX : [ INFO][HAL ] camxsession.cpp:5222 ProcessMetabufferPendingQueue() Pending Queue pipeline ZSLPreviewRaw_0 request 670 old = 667 last 670 delay 3
07-11 02:04:26.441 4631 6284 E CamX : [ERROR][META ] camxmetabuffer.cpp:2970 ReleaseReference() Cannot find metabuffer 0x78f10721c0 refCnt 691 cur 0x78f1073500
07-11 02:04:26.441 4631 7004 I CamX : [ INFO][CORE ] camxsession.cpp:2250 ProcessCaptureRequest() Pipeline: ZSLPreviewRaw_0 Added Sequence ID 674 CHI framenumber 674 to request queue and launched job with request id 675
07-11 02:04:26.441 4631 6284 D CHIUSECASE: [FULL ] chxadvancedcamerausecase.cpp:8857 GetFeatureFromRequestMapping() Look for feature with current index 154 sessionId 1 requestId 666 pFeature 0x78fa1f0440 type 1
07-11 02:04:26.441 4631 6284 D CHIUSECASE: [FULL ] chxadvancedcamerausecase.cpp:8857 GetFeatureFromRequestMapping() Look for feature with current index 154 sessionId 1 requestId 666 pFeature 0x78fa1f0440 type 1
07-11 02:04:26.441 4631 6284 D CHIUSECASE: [FULL ] chxfeaturezsl.cpp:1092 ProcessMessage() FeatureZSL MetaBuffer Done frameNum 666 i/p metadata 0x78f1073500 o/p metadata 0x78f10721c0
07-11 02:04:26.441 5716 6910 D audio_hw_primary: check_and_set_karaok_parameters: is karaok rx device 0, is karaok tx device 0
07-11 02:04:26.442 4631 6284 I CamX : [ INFO][CORE ] camxsession.cpp:2786 ProcessRequest() ZSLPreviewRaw_0: Sequence ID 674 assigned for frameworkframeNumber 674, RequestId: 675 and m_requestQueueDepth 8
07-11 02:04:26.442 4631 6284 I CamX : [ INFO][CORE ] camxpipeline.cpp:906 OpenRequest() pipeline[0] CSLOpenRequest for CSLSyncID: 675, requestId: 675 with syncmode:FALSE
07-11 02:04:26.442 4631 6284 I CamX : [ INFO][CORE ] camxsession.cpp:3008 ProcessRequest() pipeline[0] OpenRequest called for request id = 675 withCSLSyncID 675
07-11 02:04:26.442 4631 7004 I CamX : [ INFO][HAL ] camxhal3.cpp:1127 process_capture_request() frame_number 675
07-11 02:04:26.442 4631 6284 I CamX : [ INFO][CORE ] camxnode.cpp:2592 ProcessMetadataDone() Node::ZSLPreviewRaw_ChiNodeWrapper0 : Type :255 ProcessMetadataDone 675
07-11 02:04:26.442 4631 7004 I CamX : [ INFO][HAL ] camxhal3.cpp:1128 process_capture_request() num_output_buffers 1
07-11 02:04:26.442 4631 7004 I CamX : [ INFO][HAL ] camxhal3.cpp:1129 process_capture_request() output_buffers 0x78f1e10200
07-11 02:04:26.442 4631 6284 I CamX : [ INFO][CORE ] camxnode.cpp:2628 ProcessRequestIdDone() Node::ZSLPreviewRaw_ChiNodeWrapper0 : 255 ProcessRequestIdDone 675
07-11 02:04:26.442 4631 7004 I CamX : [ INFO][HAL ] camxhal3.cpp:1134 process_capture_request() output_buffers[0] : 0x78f1e10200 - info
07-11 02:04:26.442 4631 7004 I CamX : [ INFO][HAL ] camxhal3.cpp:1135 process_capture_request() buffer : 0x78f1d8def8
07-11 02:04:26.442 4631 7004 I CamX : [ INFO][HAL ] camxhal3.cpp:1136 process_capture_request() status : 00000000
07-11 02:04:26.442 4631 7004 I CamX : [ INFO][HAL ] camxhal3.cpp:1137 process_capture_request() stream : 0x78f0cd3aa8
07-11 02:04:26.442 4631 7004 I CamX : [ INFO][HAL ] camxhal3.cpp:1147 process_capture_request() input_buffer 0x0
07-11 02:04:26.442 5716 6910 D audio_hw_primary: start_output_stream: exit
07-11 02:04:26.442 4631 7004 I CamX : [ INFO][HAL ] camxhal3.cpp:1154 process_capture_request() settings 0x0
07-11 02:04:26.442 4631 6284 I CamX : [ INFO][CORE ] camxnode.cpp:5575 SetupRequestOutputPortFence() CreatePrivateFence...Node: fa9f6980, Node::ZSLPreviewRaw_ChiNodeWrapper2, fence: f052d940(78), ImgBuf:0x0 reqId:675 result: 0
07-11 02:04:26.442 5716 6910 D audio_hw_primary: check_and_set_karaok_parameters: is karaok rx device 0, is karaok tx device 0
07-11 02:04:26.442 4631 7004 I CamX : [ INFO][HAL ] camxhaldevice.cpp:1249 ProcessCaptureRequest() CHIModule: Original framework framenumber 675 contains 1 output buffers
07-11 02:04:26.442 5716 6910 D msm8974_platform: platform_split_snd_device: snd_device(2) num devices(0) new_snd_devices(0)
07-11 02:04:26.442 4631 7004 I CHIUSECASE: [INFO ] chxextensionmodule.cpp:2853 OverrideProcessRequest() flush enabled, frame 675 m_aFlushInProgress[0]: 0
07-11 02:04:26.442 4631 6284 I CamX : [ INFO][CORE ] camxnode.cpp:5575 SetupRequestOutputPortFence() CreatePrivateFence...Node: faa11d40, Node::ZSLPreviewRaw_ChiNodeWrapper4, fence: f052df40(80), ImgBuf:0x0 reqId:675 result: 0
07-11 02:04:26.442 5716 6910 I msm8974_platform: platform_get_custom_mtmx_params: no matching param with id 0 ip_ch 2 op_ch 2 uc_id 0 snd_dev 2
07-11 02:04:26.442 4631 7004 D CHIUSECASE: [FULL ] chxusecase.cpp:370 ProcessCaptureRequest() Saving buffer for CHI Frame: 675, requestFrame: 675, NumBuff: 1 resultFrameIndexChi: 163
07-11 02:04:26.442 4631 7004 D CHIUSECASE: [FULL ] chxusecase.cpp:402 ProcessCaptureRequest() SAVING frame: 675 resultFrameIndexChi: 163
07-11 02:04:26.442 4631 6284 I CamX : [ INFO][CORE ] camxnode.cpp:5575 SetupRequestOutputPortFence() CreatePrivateFence...Node: faa2cf00, Node::ZSLPreviewRaw_ChiNodeWrapper5, fence: f052e540(87), ImgBuf:0x0 reqId:675 result: 0
07-11 02:04:26.442 4631 7004 D CHIUSECASE: [FULL ] chxadvancedcamerausecase.cpp:6379 ExecuteCaptureRequest() AdvancedCameraUsecase::ExecuteCaptureRequest 675 163
07-11 02:04:26.442 4631 7004 D CHIUSECASE: [FULL ] chxusecase.cpp:2049 UpdateFeatureModeIndex() UpdateFeatureModeIndex E
07-11 02:04:26.442 4631 7004 D CHIUSECASE: [FULL ] chxfeaturezsl.cpp:337 ExecuteProcessRequest() Featurezsl::ExecuteProcessRequest, frameNum:675, setting:0x0 NumFaces 0 OperationMode 0x0
07-11 02:04:26.442 4631 6284 I CamX : [ INFO][CORE ] camxnode.cpp:5575 SetupRequestOutputPortFence() CreatePrivateFence...Node: faa47d40, Node::ZSLPreviewRaw_ChiNodeWrapper6, fence: f052eb40(92), ImgBuf:0x0 reqId:675 result: 0
07-11 02:04:26.442 4631 6281 I CamX : [ INFO][CORE ] camxnode.cpp:2592 ProcessMetadataDone() Node::ZSLPreviewRaw_FDExtManager0 : Type :22 ProcessMetadataDone 671
07-11 02:04:26.442 4631 7004 I CHIUSECASE: [INFO ] chxfeaturezsl.cpp:522 ExecuteProcessRequest() Featurezsl::ExecuteProcessRequest OperationMode = 0, cameraID = 0
07-11 02:04:26.442 4631 7004 I CHIUSECASE: [VERBOSE] chxmetadata.cpp:1774 GetInput() [CMB_DEBUG] Get Buffer index 0 from client 0 subclient 0 frameNumber 675 orig 0 handle 0x78f11a5f80 0x78f1073500
07-11 02:04:26.442 4631 6284 I CamX : [ INFO][CORE ] camxnode.cpp:5575 SetupRequestOutputPortFence() CreatePrivateFence...Node: faa62a80, Node::ZSLPreviewRaw_ChiNodeWrapper7, fence: f05b4140(96), ImgBuf:0x0 reqId:675 result: 0
07-11 02:04:26.442 4631 7004 D CHIUSECASE: [FULL ] chxutils.cpp:1972 FillTuningModeDataThirdParty() SensorMode 1
07-11 02:04:26.442 4631 6281 E CamX : [ERROR][SW_PROC] camxswprocess_tonemap.cpp:305 SWProcessApplyFixedGTM() Applying Fixed GTM, width: 0, height: 640, stride: 360, gamma: 1.100000, gain: 1.000000
07-11 02:04:26.442 4631 7004 D CHIUSECASE: [FULL ] chxutils.cpp:1926 GetFeature1Mode() Utils Feature1 mode 0
07-11 02:04:26.442 4631 6284 I CamX : [ INFO][CORE ] camxnode.cpp:5575 SetupRequestOutputPortFence() CreatePrivateFence...Node: faa7d300, Node::ZSLPreviewRaw_ChiNodeWrapper9, fence: f05b4a40(131), ImgBuf:0x0 reqId:675 result: 0
07-11 02:04:26.443 4631 7004 I CHIUSECASE: [INFO ] chxutils.cpp:2005 FillTuningModeDataThirdParty() ThirdParty SensorMode 1, Usecase:0, feature1:0, feature2:17, scene:18, effect:0
07-11 02:04:26.443 4631 7004 D CHIUSECASE: [FULL ] chxfeaturezsl.cpp:605 ExecuteProcessRequest() FeatureZSL Realtime AppFrameNum to ReqId: 675 <--> 675
07-11 02:04:26.443 4631 7004 E CamX : [ERROR][META ] camxmetabuffer.cpp:2810 AddReference() Exceeds the max number(150) of clients 0
07-11 02:04:26.443 4631 7004 I CHIUSECASE: [VERBOSE] chxmetadata.cpp:1774 GetInput() [CMB_DEBUG] Get Buffer index 0 from client 0 subclient 0 frameNumber 675 orig 0 handle 0x78f11a5f80 0x78f1073500
07-11 02:04:26.443 4631 7004 I CHIUSECASE: [VERBOSE] chxmetadata.cpp:1583 GetFreeHolder() [CMB_DEBUG] Zero ref 7 from client 3 subclient 0 frameNumber 666 handle 0x78fad3db00 0x78f10721c0
07-11 02:04:26.444 4631 7004 I CHIUSECASE: [VERBOSE] chxmetadata.cpp:1663 GetFreeHolder() [CMB_DEBUG] Get Buffer index 7 from client 3 subclient 0 frameNumber 675 handle 0x78fad3db00 0x78f10721c0
07-11 02:04:26.444 4631 7004 D CHIUSECASE: [FULL ] chxadvancedcamerausecase.cpp:8832 SetRequestToFeatureMapping() Current index 163 RequestCount 675 sessionId 1 requestId 675 pFeature 0x78fa1f0440 type 1
07-11 02:04:26.444 4631 7004 I CHIUSECASE: [INFO ] chxusecase.cpp:3282 SubmitRequest() logicCamera: 0
07-11 02:04:26.444 4631 7004 I CHIUSECASE: [INFO ] chxextensionmodule.cpp:3748 SubmitRequest() logicCamera: 0
07-11 02:04:26.444 4631 6281 I CamX : [ INFO][CORE ] camxnode.cpp:2628 ProcessRequestIdDone() Node::ZSLPreviewRaw_FDExtManager0 : 22 ProcessRequestIdDone 671
07-11 02:04:26.445 4631 6281 I CamX : [ INFO][CORE ] camxnode.cpp:7635 GetMultiCameraInfo() Node::ZSLPreviewRaw_FDExtManager0 : MultiCamera vendor tags data not available 0x0 -241202476p 0x790a4b8f20
07-11 02:04:26.445 4631 6282 I CamX : [ INFO][CORE ] camxpipeline.cpp:2327 SinkPortFenceSignaled() ZSLPreviewRaw_0 Reporting stream done for stream=3, sequenceId=670, Buffer type=2 handle=0x78f1e5c900
07-11 02:04:26.445 4631 6282 I CamX : [ INFO][CORE ] camxsession.cpp:3482 InjectResult() Inject result added request 670 output buffer in result holder:Stream 0x7919a691e0 Fmt: 37 W: 6016 H: 4512
07-11 02:04:26.446 4631 6282 I CamX : [ INFO][CORE ] camxnode.cpp:2628 ProcessRequestIdDone() Node::ZSLPreviewRaw_IFE0 : 65536 ProcessRequestIdDone 671
07-11 02:04:26.446 4631 6281 I CamX : [ INFO][CORE ] camxsession.cpp:3719 AdvanceMinExpectedResult() Session 0x78fac279c0: Can't advance because of buffer[0] for sequence Id: 670
07-11 02:04:26.446 4631 6281 I CamX : [ INFO][CORE ] camxsession.cpp:3837 AdvanceMinExpectedResult() Session 0x78fac279c0: Results processed, current queue state: minResultIdExpected = 671, maxResultIdExpected= 675, minSequenceIdExpected: 670, maxSequenceIdExpected: 674, and numResultsPending: 5
07-11 02:04:26.446 4631 6282 I CamX : [ INFO][CORE ] camxnode.cpp:2592 ProcessMetadataDone() Node::ZSLPreviewRaw_LRME0 : Type :65541 ProcessMetadataDone 671
07-11 02:04:26.446 4631 6286 I CamX : [ INFO][CORE ] camxnode.cpp:2986 GetDataListFromMetadataPool() Usecase Property 50000015 Node::PropertyIDUsecaseChiTuningModeParameter Not Published for Request 674 ZSLPreviewRaw_AutoFocus0
07-11 02:04:26.447 4631 6284 I CamX : [ INFO][CORE ] camxnode.cpp:7635 GetMultiCameraInfo() Node::ZSLPreviewRaw_IPE0 : MultiCamera vendor tags data not available 0x0 -241202476p 0x790a1bba80
07-11 02:04:26.448 4631 6281 I CamX : [ INFO][CORE ] camxnode.cpp:2592 ProcessMetadataDone() Node::ZSLPreviewRaw_StatsParse0 : Type :9 ProcessMetadataDone 674
07-11 02:04:26.448 4631 6281 I CamX : [ INFO][CORE ] camxnode.cpp:2628 ProcessRequestIdDone() Node::ZSLPreviewRaw_StatsParse0 : 9 ProcessRequestIdDone 674
07-11 02:04:26.448 4631 6287 I CamX : [ INFO][CORE ] camxnode.cpp:2592 ProcessMetadataDone() Node::ZSLPreviewRaw_AWB0 : Type :12 ProcessMetadataDone 674
07-11 02:04:26.448 4631 6287 I CamX : [ INFO][CORE ] camxnode.cpp:2628 ProcessRequestIdDone() Node::ZSLPreviewRaw_AWB0 : 12 ProcessRequestIdDone 674
07-11 02:04:26.448 4631 6287 I CamX : [ INFO][CORE ] camxnode.cpp:2628 ProcessRequestIdDone() Node::ZSLPreviewRaw_LRME0 : 65541 ProcessRequestIdDone 671
07-11 02:04:26.448 4631 6287 I CamX : [ INFO][CORE ] camxnode.cpp:2592 ProcessMetadataDone() Node::ZSLPreviewRaw_RANSAC0 : Type :65542 ProcessMetadataDone 671
07-11 02:04:26.449 4631 6287 I CamX : [ INFO][CORE ] camxnode.cpp:2628 ProcessRequestIdDone() Node::ZSLPreviewRaw_RANSAC0 : 65542 ProcessRequestIdDone 671
07-11 02:04:26.449 4631 6281 I CamX : [ INFO][CORE ] camxnode.cpp:7635 GetMultiCameraInfo() Node::ZSLPreviewRaw_IPE0 : MultiCamera vendor tags data not available 0x0 -241202476p 0x790a4b2b40
07-11 02:04:26.449 4631 6281 I CamX : [ INFO][CORE ] camxnode.cpp:2947 GetDataListFromMetadataPool() Main Property 30000018 Node::PropertyIDFOVCFrameInfo Not Published for Request 671 ZSLPreviewRaw_IPE0
07-11 02:04:26.450 4631 6286 I CamX : [ INFO][CORE ] camxpipeline.cpp:2183 ProcessMetadataRequestIdDone() SensorTimestamp not yet published for 674
07-11 02:04:26.450 4631 6286 I CamX : [ INFO][CORE ] camxpipeline.cpp:2204 ProcessMetadataRequestIdDone() ZSLPreviewRaw_0 Notify early metadata for request id 674 and sequenceId 673 timestamp = 35142409295359
07-11 02:04:26.450 4631 6286 I CamX : [ INFO][HAL ] camxsession.cpp:3432 InjectResult() Inject result added early metadata in result holder for sequence ID : 673
07-11 02:04:26.450 4631 6284 I CamX : [ INFO][CORE ] camxsession.cpp:3719 AdvanceMinExpectedResult() Session 0x78fac279c0: Can't advance because of buffer[0] for sequence Id: 670
07-11 02:04:26.450 4631 6284 I CamX : [ INFO][CORE ] camxsession.cpp:3837 AdvanceMinExpectedResult() Session 0x78fac279c0: Results processed, current queue state: minResultIdExpected = 671, maxResultIdExpected= 675, minSequenceIdExpected: 670, maxSequenceIdExpected: 674, and numResultsPending: 5
07-11 02:04:26.451 4631 6286 I CamX : [ INFO][CORE ] camxnode.cpp:2592 ProcessMetadataDone() Node::ZSLPreviewRaw_AutoFocus0 : Type :5 ProcessMetadataDone 674
07-11 02:04:26.451 4631 6286 I CamX : [ INFO][CORE ] camxnode.cpp:2628 ProcessRequestIdDone() Node::ZSLPreviewRaw_AutoFocus0 : 5 ProcessRequestIdDone 674
07-11 02:04:26.451 4631 6281 I CamX : [ INFO][CORE ] camxnode.cpp:2592 ProcessMetadataDone() Node::ZSLPreviewRaw_IPE0 : Type :65538 ProcessMetadataDone 671
07-11 02:04:26.451 4631 6282 I CamX : [ INFO][CORE ] camxnode.cpp:2592 ProcessMetadataDone() Node::ZSLPreviewRaw_Stats0 : Type :1 ProcessMetadataDone 674
07-11 02:04:26.451 4631 6282 I CamX : [ INFO][CORE ] camxnode.cpp:2628 ProcessRequestIdDone() Node::ZSLPreviewRaw_Stats0 : 1 ProcessRequestIdDone 674
07-11 02:04:26.452 4631 6284 I CamX : [ INFO][CORE ] camxnode.cpp:2592 ProcessMetadataDone() Node::ZSLPreviewRaw_Sensor0 : Type :0 ProcessMetadataDone 674
07-11 02:04:26.452 4631 6284 I CamX : [ INFO][CORE ] camxnode.cpp:2628 ProcessRequestIdDone() Node::ZSLPreviewRaw_Sensor0 : 0 ProcessRequestIdDone 674
07-11 02:04:26.452 4631 6286 I CamX : [ INFO][CORE ] camxnode.cpp:7635 GetMultiCameraInfo() Node::ZSLPreviewRaw_IFE0 : MultiCamera vendor tags data not available 0x0 -241202476p 0x7909fc1d30
07-11 02:04:26.455 4631 6286 I CamX : [ INFO][CORE ] camxpipeline.h:517 NotifyNodeConfigDone() [ZSLPreviewRaw_0] All nodes complete stream config with requestId: 674., config done count 674
07-11 02:04:26.455 4631 6286 I CamX : [ INFO][CORE ] camxnode.cpp:2592 ProcessMetadataDone() Node::ZSLPreviewRaw_IFE0 : Type :65536 ProcessMetadataDone 674
07-11 02:04:26.459 4631 6281 I CamX : [ INFO][CORE ] camxnode.cpp:2628 ProcessRequestIdDone() Node::ZSLPreviewRaw_IPE0 : 65538 ProcessRequestIdDone 671
07-11 02:04:26.459 4631 6281 E CamX : [ERROR][CORE ] camxnode.cpp:2773 GetDataCountFromPipeline() Node::ZSLPreviewRaw_ChiNodeWrapper9 Attempting to get metadata count for tag 80b00001 when unpublished
07-11 02:04:26.459 4631 6281 I CamX : [ INFO][CORE ] camxnode.cpp:2592 ProcessMetadataDone() Node::ZSLPreviewRaw_ChiNodeWrapper9 : Type :255 ProcessMetadataDone 671
07-11 02:04:26.462 4631 6282 I CamX : [ INFO][CORE ] camxnode.cpp:2628 ProcessRequestIdDone() Node::ZSLPreviewRaw_ChiNodeWrapper9 : 255 ProcessRequestIdDone 671
07-11 02:04:26.462 4631 4797 I CamX : [ INFO][CORE ] camxpipeline.cpp:2820 CSLMessageHandler() frameMessage:requestID=672, linkhdl:0xf6010b, frameCount=682, timestamp=35145488086614, monoTimestamp=35145488086614
07-11 02:04:26.462 4631 4797 I CamX : [ INFO][CORE ] camxpipeline.cpp:2820 CSLMessageHandler() frameMessage:requestID=672, linkhdl:0xf6010b, frameCount=682, timestamp=35142405706053, monoTimestamp=35142405706053
07-11 02:04:26.463 4631 4797 D CHIUSECASE: [FULL ] chxadvancedcamerausecase.cpp:8857 GetFeatureFromRequestMapping() Look for feature with current index 159 sessionId 1 requestId 671 pFeature 0x78fa1f0440 type 1
07-11 02:04:26.463 4631 4797 D CHIUSECASE: [FULL ] chxadvancedcamerausecase.cpp:7052 ProcessMessage() ZSL Chi Notify SOF frameNum 682 framework frameNum 671, timestamp 35142405706053
07-11 02:04:26.463 4631 4797 D CHIUSECASE: [FULL ] chxfeaturezsl.cpp:1075 ProcessMessage() FeatureZSL Chi Notify SOF frameNum 682 framework frameNum 671, timestamp 35142405706053
07-11 02:04:26.463 4631 4797 D CHIUSECASE: [FULL ] chxadvancedcamerausecase.cpp:8857 GetFeatureFromRequestMapping() Look for feature with current index 159 sessionId 1 requestId 671 pFeature 0x78fa1f0440 type 1
07-11 02:04:26.463 4631 6282 E CHIARCSOFTDISTORTIONCORRECTION: ProcessRequest():735 ProcessRequest getCameraRole failed
07-11 02:04:26.463 4631 4797 D CHIUSECASE: [FULL ] chxadvancedcamerausecase.cpp:7079 ProcessMessage() Shutter notify Realtime ReqId to AppFrameNum: 671 <--> 671
07-11 02:04:26.463 4631 6282 I CamX : [ INFO][CORE ] camxnode.cpp:2592 ProcessMetadataDone() Node::ZSLPreviewRaw_ChiNodeWrapper7 : Type :255 ProcessMetadataDone 671
07-11 02:04:26.463 4631 4797 D CHIUSECASE: [FULL ] chxusecase.cpp:1906 ReturnFrameworkMessage() ResultFrame = 671 FrameIdx = 159 type = 2
07-11 02:04:26.463 4631 4797 D CHIUSECASE: [FULL ] chxusecase.cpp:1929 ReturnFrameworkMessage() Override ResultFrame = 671 m_lastAppMessageFrameReceived = 671 m_nextAppMessageFrame=671
07-11 02:04:26.463 4631 4797 D CHIUSECASE: [FULL ] chxusecase.cpp:1936 ReturnFrameworkMessage() frameIndex = 159 messageAvailable = 1
07-11 02:04:26.463 4631 4797 I CamX : [ INFO][HAL ] camxhal3.cpp:1342 notify() type 00000002
07-11 02:04:26.463 4631 4797 I CamX : [ INFO][HAL ] camxhal3.cpp:1351 notify() frame_number 671
07-11 02:04:26.463 4631 4797 I CamX : [ INFO][HAL ] camxhal3.cpp:1352 notify() timestamp 35142373698901
07-11 02:04:26.463 4631 6287 I CamX : [ INFO][CORE ] camxnode.cpp:2628 ProcessRequestIdDone() Node::ZSLPreviewRaw_ChiNodeWrapper7 : 255 ProcessRequestIdDone 671
07-11 02:04:26.464 4631 6287 I CamX : [ INFO][CORE ] camxnode.cpp:2592 ProcessMetadataDone() Node::ZSLPreviewRaw_ChiNodeWrapper6 : Type :255 ProcessMetadataDone 671
07-11 02:04:26.464 4631 6282 I CamX : [ INFO][CORE ] camxnode.cpp:2628 ProcessRequestIdDone() Node::ZSLPreviewRaw_ChiNodeWrapper6 : 255 ProcessRequestIdDone 671
07-11 02:04:26.465 4631 6282 I CamX : [ INFO][CORE ] camxnode.cpp:2592 ProcessMetadataDone() Node::ZSLPreviewRaw_ChiNodeWrapper5 : Type :255 ProcessMetadataDone 671
07-11 02:04:26.465 4631 6287 I CamX : [ INFO][CORE ] camxnode.cpp:2628 ProcessRequestIdDone() Node::ZSLPreviewRaw_ChiNodeWrapper5 : 255 ProcessRequestIdDone 671
07-11 02:04:26.465 4631 6287 E CamX : [ERROR][CORE ] camxnode.cpp:2773 GetDataCountFromPipeline() Node::ZSLPreviewRaw_ChiNodeWrapper4 Attempting to get metadata count for tag 805f0004 when unpublished
07-11 02:04:26.465 4631 6287 I CamX : [ INFO][CORE ] camxnode.cpp:2592 ProcessMetadataDone() Node::ZSLPreviewRaw_ChiNodeWrapper4 : Type :255 ProcessMetadataDone 671
07-11 02:04:26.465 4631 6285 I CamX : [ INFO][CORE ] camxnode.cpp:2628 ProcessRequestIdDone() Node::ZSLPreviewRaw_ChiNodeWrapper4 : 255 ProcessRequestIdDone 671
07-11 02:04:26.465 4631 6285 I CamX : [ INFO][CORE ] camxnode.cpp:2592 ProcessMetadataDone() Node::ZSLPreviewRaw_ChiNodeWrapper2 : Type :255 ProcessMetadataDone 671
07-11 02:04:26.466 4631 6284 I CamX : [ INFO][CORE ] camxnode.cpp:2628 ProcessRequestIdDone() Node::ZSLPreviewRaw_ChiNodeWrapper2 : 255 ProcessRequestIdDone 671
07-11 02:04:26.466 4631 6284 I CamX : [ INFO][CORE ] camxpipeline.h:439 NotifyNodePartialMetadataDone() [ZSLPreviewRaw_0] All nodes complete partial metadata with requestId: 671.
07-11 02:04:26.466 4631 6284 I CHIUSECASE: [INFO ] chxadvancedcamerausecase.cpp:6642 ParseResultMetadata() ParseResultMetadata: isValid=0, IHDRTrigger=0
07-11 02:04:26.466 4631 6284 D CHIUSECASE: [FULL ] chxadvancedcamerausecase.cpp:3741 IsFlashRequired() isFlashRequired value 0
07-11 02:04:26.466 4631 6284 D CHIUSECASE: [FULL ] chxadvancedcamerausecase.cpp:8757 FindFeatureToProcessResult() ProcessResult SessionId 1 frameNum 670 feature type: 1
07-11 02:04:26.466 4631 6284 D CHIUSECASE: [FULL ] chxfeaturezsl.cpp:1517 GetResultFrameInfo() FeatureZSL AppFrameNum: 670 <--> 670
07-11 02:04:26.466 4631 6284 D CHIUSECASE: [FULL ] chxusecase.cpp:2621 CheckIfMetaDataHasBeenSent() CheckIfMetadata for resultFrameIndexChi=158 Sent=0
07-11 02:04:26.466 4631 6284 D CHIUSECASE: [FULL ] chxusecase.cpp:2597 CheckIfPartialDataCanBeSent() CheckIfMetadata for resultFrameIndexChi=158 Sent=1
07-11 02:04:26.466 4631 6284 D CHIUSECASE: [FULL ] chxusecase.cpp:3078 UpdateAppPartialResultMetadataFromDriver() PMD is being created for resultID=158 resultFrameNumber:670
07-11 02:04:26.466 4631 6284 I CHIUSECASE: [VERBOSE] chxmetadata.cpp:2045 GetAndroidFrameworkOutputMetadata() [CMB_DEBUG_AFWO] Get framework output index 0 address 0x78f9f4ad40 sparse 0
07-11 02:04:26.466 4631 6284 D CHIUSECASE: [FULL ] chxadvancedcamerausecase.cpp:5026 ProcessAndReturnPartialMetadataFinishedResults() Frame 670: Returning Partial metadata result 1 for app frame 670 m_nextAppResultFrame=670 m_lastAppRequestFrame=675
07-11 02:04:26.466 4631 6284 I CHIUSECASE: [INFO ] chxusecase.cpp:1776 ReturnFrameworkResult() chiOriginalOverrideFrameNum: 670 frame_number: 670 resultFrameIndexF: 158 FW: 670, Buffer Count: 1 RESULT: 0x78f9f4ad40
07-11 02:04:26.466 4631 6284 D CHIUSECASE: [FULL ] chxusecaseutils.cpp:567 IsQuadCFASensor() i:0, sensor mode:16
07-11 02:04:26.466 4631 6284 D CHIUSECASE: [FULL ] chxusecase.cpp:705 OverrideResultMetaForQCFA() AE region, origin (0, 0, 0, 0) <==> new (0, 0, 0, 0)
07-11 02:04:26.466 4631 6284 D CHIUSECASE: [FULL ] chxusecase.cpp:727 OverrideResultMetaForQCFA() AF region, origin (4208, 3160, 7816, 5928) <==> new (2104, 1580, 3908, 2964)
07-11 02:04:26.466 4631 6284 D CHIUSECASE: [FULL ] chxusecase.cpp:1803 ReturnFrameworkResult() m_numberOfPendingOutputBuffers = 1
07-11 02:04:26.466 4631 6284 D CHIUSECASE: [FULL ] chxusecase.cpp:1809 ReturnFrameworkResult() pResult->num_output_buffers 0 pending buffers 1
07-11 02:04:26.466 4631 6284 D CHIUSECASE: [FULL ] chxusecase.cpp:2411 HandleMetadataResultReturn() Sending metadata for [FrameNum=670 and override FrameNum=670] with totalexpectedCount=2 partialResultCount=1
07-11 02:04:26.466 4631 6284 D CHIUSECASE: [FULL ] chxusecase.cpp:2664 SetMetaDataHasBeenSent() Metadata for sender 0 with resultFrameIndexChi=158 Sent=1
07-11 02:04:26.466 4631 6284 I CamX : [ INFO][HAL ] camxhal3.cpp:1289 process_capture_result() frame_number 670
07-11 02:04:26.466 4631 6284 I CamX : [ INFO][HAL ] camxhal3.cpp:1290 process_capture_result() num_output_buffers 0
07-11 02:04:26.466 4631 6284 I CamX : [ INFO][HAL ] camxhal3.cpp:1291 process_capture_result() output_buffers 0x0
07-11 02:04:26.466 4631 6284 I CamX : [ INFO][HAL ] camxhal3.cpp:1308 process_capture_result() input_buffer 0x0
07-11 02:04:26.466 4631 6284 I CamX : [ INFO][HAL ] camxhal3.cpp:1315 process_capture_result() partial_result 1
07-11 02:04:26.466 4631 6284 I CamX : [ INFO][HAL ] camxhal3.cpp:1316 process_capture_result() result 0x78f9f4ad40,cb=0x78fac1f008
07-11 02:04:26.466 4631 6284 I CamX : [ INFO][HAL ] camxhal3.cpp:1318 process_capture_result() num_physcam_metadata 0
07-11 02:04:26.467 4631 6284 D CHIUSECASE: [FULL ] chxutils.cpp:806 ResetMetadata() Metadata entry capacity : 256, data capacity: 262144, metaSize: 266288
07-11 02:04:26.467 4631 6284 I CHIUSECASE: [VERBOSE] chxmetadata.cpp:2080 ReleaseAndroidFrameworkOutputMetadata() [CMB_DEBUG_AFWO] Release framework output index 0
07-11 02:04:26.468 4631 6284 I CamX : [ INFO][CORE ] camxnode.cpp:2592 ProcessMetadataDone() Node::ZSLPreviewRaw_ChiNodeWrapper1 : Type :255 ProcessMetadataDone 671
07-11 02:04:26.468 4631 6284 I CamX : [ INFO][CORE ] camxpipeline.h:403 NotifyNodeMetadataDone() [ZSLPreviewRaw_0] All nodes complete metadata with requestId: 671.
07-11 02:04:26.468 4631 6284 E CamX : [ERROR][META ] camxmetabuffer.cpp:2858 AddReference() Exceeds the max number(150) of clients
07-11 02:04:26.468 4631 6284 I CamX : [ INFO][CORE ] camxpipeline.cpp:2204 ProcessMetadataRequestIdDone() ZSLPreviewRaw_0 Notify metadata for request id 671 and sequenceId 670 timestamp = 35142340256921
07-11 02:04:26.468 4631 6284 I CamX : [ INFO][CORE ] camxsession.cpp:3420 InjectResult() Inject result added metadata in result holder for sequence ID : 670
07-11 02:04:26.468 4631 6282 I CamX : [ INFO][HAL ] camxsession.cpp:2387 ProcessResultMetadata() Finalized metadata result for Sequence ID 670 mapped to framework id 670 pipeline 0 reqId 671
07-11 02:04:26.468 4631 6282 I CamX : [ INFO][CORE ] camxsession.cpp:2626 ProcessResults() Processing Result - SequenceId 670 Framenumber 670 - earlyMetadata 0 metadataReady 1 bufferReady 1 isCancelled 0
07-11 02:04:26.468 4631 6282 I CHIUSECASE: [INFO ] chxadvancedcamerausecase.cpp:6642 ParseResultMetadata() ParseResultMetadata: isValid=0, IHDRTrigger=0
07-11 02:04:26.468 4631 6282 D CHIUSECASE: [FULL ] chxadvancedcamerausecase.cpp:3741 IsFlashRequired() isFlashRequired value 0
07-11 02:04:26.468 4631 6282 D CHIUSECASE: [FULL ] chxadvancedcamerausecase.cpp:8757 FindFeatureToProcessResult() ProcessResult SessionId 1 frameNum 670 feature type: 1
07-11 02:04:26.468 4631 6282 D CHIUSECASE: [FULL ] chxfeaturezsl.cpp:1517 GetResultFrameInfo() FeatureZSL AppFrameNum: 670 <--> 670
07-11 02:04:26.468 4631 6282 I CHIUSECASE: [INFO ] chxfeaturezsl.cpp:814 ProcessResult() Realtime frame 670. Metadata: 0x78f2d85d60 NumBuffers: 1 Timestamp: 35142340256921 Sent: 0
07-11 02:04:26.468 4631 6282 I CHIUSECASE: [VERBOSE] chxmetadata.cpp:1909 ReleaseHolder() [CMB_DEBUG] Release buffer 0 client 0 subclient 0, frameNum 0 refCount 693 handle 0x78f11a5f80 0x78f1073500
07-11 02:04:26.468 4631 6287 I CamX : [ INFO][CORE ] camxnode.cpp:2628 ProcessRequestIdDone() Node::ZSLPreviewRaw_ChiNodeWrapper1 : 255 ProcessRequestIdDone 671
07-11 02:04:26.468 4631 6282 I CHIUSECASE: [INFO ] chxutils.cpp:1775 GetFlashFiredState() Utils flashfired state Value 2
07-11 02:04:26.468 4631 6282 I CHIUSECASE: [VERBOSE] chxmetadata.cpp:2045 GetAndroidFrameworkOutputMetadata() [CMB_DEBUG_AFWO] Get framework output index 0 address 0x78f9f4ad40 sparse 0
07-11 02:04:26.468 4631 6282 D CHIUSECASE: [FULL ] chxusecase.cpp:2621 CheckIfMetaDataHasBeenSent() CheckIfMetadata for resultFrameIndexChi=158 Sent=1
07-11 02:04:26.468 4631 6282 D CHIUSECASE: [FULL ] chxusecase.cpp:2597 CheckIfPartialDataCanBeSent() CheckIfMetadata for resultFrameIndexChi=158 Sent=0
07-11 02:04:26.468 4631 6282 D CHIUSECASE: [FULL ] chxusecase.cpp:3136 UpdateAppResultMetadata() Partial Data has been sent and meta data needs to be filtered for tags=18
07-11 02:04:26.468 4631 6287 I CamX : [ INFO][CORE ] camxpipeline.cpp:3671 NotifyNodeRequestIdDone() All nodes in pipeline ZSLPreviewRaw complete with requestId: 671.
07-11 02:04:26.469 4631 6287 I CamX : [ INFO][CORE ] camxpipeline.cpp:2327 SinkPortFenceSignaled() ZSLPreviewRaw_0 Reporting stream done for stream=0, sequenceId=670, Buffer type=0 handle=0x78f1d10cb8
07-11 02:04:26.469 4631 6287 I CamX : [ INFO][CORE ] camxsession.cpp:3482 InjectResult() Inject result added request 670 output buffer in result holder:Stream 0x78f0cd3aa8 Fmt: 34 W: 1920 H: 1080
07-11 02:04:26.469 4631 6282 I CHIUSECASE: [INFO ] chxfeaturezsl.cpp:896 ProcessResult() Reserve metadata for frame 670. sessionId 1
07-11 02:04:26.469 4631 6282 I CHIUSECASE: [VERBOSE] chxadvancedcamerausecase.cpp:2709 FillMetadataForRDIQueue() set primary35mmEFL vendor tag, zoom 1.000000 35mmEFL 24.166754
07-11 02:04:26.469 4631 6282 I CHIUSECASE: [VERBOSE] chxmetadata.cpp:1909 ReleaseHolder() [CMB_DEBUG] Release buffer 8 client 3 subclient 0, frameNum 667 refCount 1 handle 0x78fad3dd80 0x78f10722a0
07-11 02:04:26.469 4631 6282 I CHIUSECASE: [INFO ] chxadvancedcamerausecase.cpp:2543 UpdateBufferReadyForRDIQueue() validBufferLength:3, framenumber:670, pipeline:1,lastReady:670,firstValid:668,cnt:3
07-11 02:04:26.469 4631 6282 D CHIUSECASE: [FULL ] chxadvancedcamerausecase.cpp:4771 ProcessAndReturnFinishedResults() Frame 670: metadataAvailable: 1, metadataReturn: 1, bufferReturn 0, inBufferReturn 0
07-11 02:04:26.469 4631 6282 D CHIUSECASE: [FULL ] chxadvancedcamerausecase.cpp:4790 ProcessAndReturnFinishedResults() Frame 670: Returning metadata result 2/2 for app frame 670 m_nextAppResultFrame=670 m_lastAppRequestFrame=675
07-11 02:04:26.469 4631 6282 I CHIUSECASE: [INFO ] chxadvancedcamerausecase.cpp:10114 RemosaicInjectReturnResult() [Meta DEBUG] Set xiaomi.remosaic.detected 0
07-11 02:04:26.469 4631 6282 I CHIUSECASE: [INFO ] chxusecase.cpp:1776 ReturnFrameworkResult() chiOriginalOverrideFrameNum: 670 frame_number: 670 resultFrameIndexF: 158 FW: 670, Buffer Count: 1 RESULT: 0x78f9f4ad40
07-11 02:04:26.469 4631 6282 D CHIUSECASE: [FULL ] chxusecaseutils.cpp:567 IsQuadCFASensor() i:0, sensor mode:16
07-11 02:04:26.469 4631 6282 D CHIUSECASE: [FULL ] chxusecase.cpp:683 OverrideResultMetaForQCFA() crop region, origin (0, 0, 12032, 9024) <==> new (0, 0, 6016, 4512)
07-11 02:04:26.469 4631 6282 D CHIUSECASE: [FULL ] chxusecase.cpp:1803 ReturnFrameworkResult() m_numberOfPendingOutputBuffers = 1
07-11 02:04:26.469 4631 6282 D CHIUSECASE: [FULL ] chxusecase.cpp:1809 ReturnFrameworkResult() pResult->num_output_buffers 0 pending buffers 1
07-11 02:04:26.469 4631 6282 D CHIUSECASE: [FULL ] chxusecase.cpp:2411 HandleMetadataResultReturn() Sending metadata for [FrameNum=670 and override FrameNum=670] with totalexpectedCount=2 partialResultCount=2
07-11 02:04:26.469 4631 6282 D CHIUSECASE: [FULL ] chxusecase.cpp:2621 CheckIfMetaDataHasBeenSent() CheckIfMetadata for resultFrameIndexChi=158 Sent=1
07-11 02:04:26.469 4631 6282 D CHIUSECASE: [FULL ] chxusecase.cpp:2664 SetMetaDataHasBeenSent() Metadata for sender 2 with resultFrameIndexChi=158 Sent=1
07-11 02:04:26.469 4631 6282 D CHIUSECASE: [FULL ] chxusecase.cpp:2504 HandleMetadataResultReturn() Partial Result Completed for framenumber=670
07-11 02:04:26.469 4631 6282 I CamX : [ INFO][HAL ] camxhal3.cpp:1289 process_capture_result() frame_number 670
07-11 02:04:26.469 4631 6282 I CamX : [ INFO][HAL ] camxhal3.cpp:1290 process_capture_result() num_output_buffers 0
07-11 02:04:26.469 4631 6282 I CamX : [ INFO][HAL ] camxhal3.cpp:1291 process_capture_result() output_buffers 0x0
07-11 02:04:26.469 4631 6282 I CamX : [ INFO][HAL ] camxhal3.cpp:1308 process_capture_result() input_buffer 0x0
07-11 02:04:26.469 4631 6282 I CamX : [ INFO][HAL ] camxhal3.cpp:1315 process_capture_result() partial_result 2
07-11 02:04:26.469 4631 6282 I CamX : [ INFO][HAL ] camxhal3.cpp:1316 process_capture_result() result 0x78f9f4ad40,cb=0x78fac1f008
07-11 02:04:26.469 4631 6282 I CamX : [ INFO][HAL ] camxhal3.cpp:1318 process_capture_result() num_physcam_metadata 0
07-11 02:04:26.471 4631 6282 D CHIUSECASE: [FULL ] chxutils.cpp:806 ResetMetadata() Metadata entry capacity : 256, data capacity: 262144, metaSize: 266288
07-11 02:04:26.471 4631 6282 I CHIUSECASE: [VERBOSE] chxmetadata.cpp:2080 ReleaseAndroidFrameworkOutputMetadata() [CMB_DEBUG_AFWO] Release framework output index 0
07-11 02:04:26.471 4631 6282 I CamX : [ INFO][CORE ] camxsession.cpp:3719 AdvanceMinExpectedResult() Session 0x78fac279c0: Can't advance because of buffer[0] for sequence Id: 670
07-11 02:04:26.471 4631 6282 I CamX : [ INFO][CORE ] camxsession.cpp:3837 AdvanceMinExpectedResult() Session 0x78fac279c0: Results processed, current queue state: minResultIdExpected = 671, maxResultIdExpected= 675, minSequenceIdExpected: 670, maxSequenceIdExpected: 674, and numResultsPending: 5
07-11 02:04:26.471 4631 6282 I CamX : [ INFO][CORE ] camxsession.cpp:2626 ProcessResults() Processing Result - SequenceId 670 Framenumber 670 - earlyMetadata 0 metadataReady 0 bufferReady 1 isCancelled 0
07-11 02:04:26.471 4631 6282 D CHIUSECASE: [FULL ] chxadvancedcamerausecase.cpp:8757 FindFeatureToProcessResult() ProcessResult SessionId 1 frameNum 670 feature type: 1
07-11 02:04:26.471 4631 6282 D CHIUSECASE: [FULL ] chxfeaturezsl.cpp:1517 GetResultFrameInfo() FeatureZSL AppFrameNum: 670 <--> 670
07-11 02:04:26.471 4631 6282 I CHIUSECASE: [INFO ] chxfeaturezsl.cpp:814 ProcessResult() Realtime frame 670. Metadata: 0x0 NumBuffers: 1 Timestamp: 35142340256921 Sent: 1
07-11 02:04:26.471 4631 6282 D CHIUSECASE: [FULL ] chxadvancedcamerausecase.cpp:4771 ProcessAndReturnFinishedResults() Frame 670: metadataAvailable: 0, metadataReturn: 0, bufferReturn 1, inBufferReturn 0
07-11 02:04:26.471 4631 6282 D CHIUSECASE: [FULL ] chxusecase.cpp:2639 CheckIfAnyPartialMetaDataHasBeenSent() CheckIfAnyPartialMetaDataHasBeenSent for resultFrameIndexChi=158 Sent=1
07-11 02:04:26.471 4631 6282 D CHIUSECASE: [FULL ] chxadvancedcamerausecase.cpp:4865 ProcessAndReturnFinishedResults() Frame 670: Returning buffer result for 1 output buffers for app frame 670
07-11 02:04:26.471 4631 6282 D CHIUSECASE: [FULL ] chxadvancedcamerausecase.cpp:4872 ProcessAndReturnFinishedResults() Stream 0x78f0cd3aa8, W: 1920, H: 1080
07-11 02:04:26.471 4631 6282 I CHIUSECASE: [INFO ] chxusecase.cpp:1776 ReturnFrameworkResult() chiOriginalOverrideFrameNum: 670 frame_number: 670 resultFrameIndexF: 158 FW: 670, Buffer Count: 1 RESULT: 0x0
07-11 02:04:26.471 4631 6282 D CHIUSECASE: [FULL ] chxusecase.cpp:1803 ReturnFrameworkResult() m_numberOfPendingOutputBuffers = 0
07-11 02:04:26.471 4631 6282 D CHIUSECASE: [FULL ] chxusecase.cpp:1809 ReturnFrameworkResult() pResult->num_output_buffers 1 pending buffers 0
07-11 02:04:26.471 4631 6282 D CHIUSECASE: [FULL ] chxusecase.cpp:1822 ReturnFrameworkResult() pStreamBuffer 0x790bf30d80, i 0, j 0 buffer 0x78f1d10cb8
07-11 02:04:26.471 4631 6282 I CamX : [ INFO][HAL ] camxhaldevice.cpp:254 ProcessCaptureResult() Returning framework result Frame: 670, Metadata: 0x0, Stream 0x78f0cd3aa8, Fmt: 34 Width: 1920 Height: 1080
07-11 02:04:26.471 4631 6282 I CamX : [ INFO][HAL ] camxhal3.cpp:1289 process_capture_result() frame_number 670
07-11 02:04:26.471 4631 6282 I CamX : [ INFO][HAL ] camxhal3.cpp:1290 process_capture_result() num_output_buffers 1
07-11 02:04:26.471 4631 6282 I CamX : [ INFO][HAL ] camxhal3.cpp:1291 process_capture_result() output_buffers 0x790be61000
07-11 02:04:26.471 4631 6282 I CamX : [ INFO][HAL ] camxhal3.cpp:1296 process_capture_result() output_buffers[0] : 0x790be61000 - info
07-11 02:04:26.471 4631 6282 I CamX : [ INFO][HAL ] camxhal3.cpp:1297 process_capture_result() buffer : 0x78f1d10cb8
07-11 02:04:26.471 4631 6282 I CamX : [ INFO][HAL ] camxhal3.cpp:1298 process_capture_result() status : 00000000
07-11 02:04:26.471 4631 6282 I CamX : [ INFO][HAL ] camxhal3.cpp:1299 process_capture_result() stream : 0x78f0cd3aa8
07-11 02:04:26.471 4631 6282 I CamX : [ INFO][HAL ] camxhal3.cpp:1308 process_capture_result() input_buffer 0x0
07-11 02:04:26.471 4631 6282 I CamX : [ INFO][HAL ] camxhal3.cpp:1315 process_capture_result() partial_result 0
07-11 02:04:26.471 4631 6282 I CamX : [ INFO][HAL ] camxhal3.cpp:1316 process_capture_result() result 0x0,cb=0x78fac1f008
07-11 02:04:26.471 4631 6282 I CamX : [ INFO][HAL ] camxhal3.cpp:1318 process_capture_result() num_physcam_metadata 0
07-11 02:04:26.472 4631 6282 D CHIUSECASE: [FULL ] chxadvancedcamerausecase.cpp:4949 ProcessAndReturnFinishedResults() Advanced next result frame to 671
07-11 02:04:26.472 4631 6282 I CamX : [ INFO][CORE ] camxsession.cpp:3773 AdvanceMinExpectedResult() Session 0x78fac279c0: Results processed for sequenceId: 670
07-11 02:04:26.472 4631 6282 I CamX : [ INFO][CORE ] camxsession.cpp:5559 IsDoneProcessing() Session 0x78fac279c0 is not done processing, Waiting for pipeline: ZSLPreviewRaw:0
07-11 02:04:26.472 4631 6282 I CamX : [ INFO][CORE ] camxsession.cpp:5610 NotifyProcessingDone() Session 0x78fac279c0 is not done processing, Waiting for m_livePendingRequests
07-11 02:04:26.472 4631 6282 I CamX : [ INFO][CORE ] camxsession.cpp:3719 AdvanceMinExpectedResult() Session 0x78fac279c0: Can't advance because of buffer[0] for sequence Id: 671
07-11 02:04:26.472 4631 6282 I CamX : [ INFO][CORE ] camxsession.cpp:3837 AdvanceMinExpectedResult() Session 0x78fac279c0: Results processed, current queue state: minResultIdExpected = 672, maxResultIdExpected= 675, minSequenceIdExpected: 671, maxSequenceIdExpected: 674, and numResultsPending: 4
07-11 02:04:26.472 4631 6282 I CamX : [ INFO][HAL ] camxsession.cpp:5222 ProcessMetabufferPendingQueue() Pending Queue pipeline ZSLPreviewRaw_0 request 671 old = 668 last 671 delay 3
07-11 02:04:26.472 4631 6282 E CamX : [ERROR][META ] camxmetabuffer.cpp:2970 ReleaseReference() Cannot find metabuffer 0x78f10722a0 refCnt 691 cur 0x78f1073500
07-11 02:04:26.472 4631 6282 D CHIUSECASE: [FULL ] chxadvancedcamerausecase.cpp:8857 GetFeatureFromRequestMapping() Look for feature with current index 155 sessionId 1 requestId 667 pFeature 0x78fa1f0440 type 1
07-11 02:04:26.472 4631 6282 D CHIUSECASE: [FULL ] chxadvancedcamerausecase.cpp:8857 GetFeatureFromRequestMapping() Look for feature with current index 155 sessionId 1 requestId 667 pFeature 0x78fa1f0440 type 1
07-11 02:04:26.472 4631 6282 D CHIUSECASE: [FULL ] chxfeaturezsl.cpp:1092 ProcessMessage() FeatureZSL MetaBuffer Done frameNum 667 i/p metadata 0x78f1073500 o/p metadata 0x78f10722a0
07-11 02:04:26.472 4631 7004 I CamX : [ INFO][CORE ] camxsession.cpp:1864 ProcessCaptureRequest() AttachMetabuffer in pipeline ZSLPreviewRaw_0 InputMetaBuffer 0x78f1073500 OutputMetaBuffer 0x78f10721c0 reqId 676
07-11 02:04:26.472 4631 7004 I CamX : [ INFO][CORE ] camxsession.cpp:2250 ProcessCaptureRequest() Pipeline: ZSLPreviewRaw_0 Added Sequence ID 675 CHI framenumber 675 to request queue and launched job with request id 676
07-11 02:04:26.474 4631 6285 I CamX : [ INFO][CORE ] camxsession.cpp:2786 ProcessRequest() ZSLPreviewRaw_0: Sequence ID 675 assigned for frameworkframeNumber 675, RequestId: 676 and m_requestQueueDepth 8
07-11 02:04:26.474 4631 6285 I CamX : [ INFO][CORE ] camxpipeline.cpp:906 OpenRequest() pipeline[0] CSLOpenRequest for CSLSyncID: 676, requestId: 676 with syncmode:FALSE
07-11 02:04:26.474 4631 6285 I CamX : [ INFO][CORE ] camxsession.cpp:3008 ProcessRequest() pipeline[0] OpenRequest called for request id = 676 withCSLSyncID 676
07-11 02:04:26.474 4631 6285 I CamX : [ INFO][CORE ] camxnode.cpp:2592 ProcessMetadataDone() Node::ZSLPreviewRaw_ChiNodeWrapper0 : Type :255 ProcessMetadataDone 676
07-11 02:04:26.474 4631 6285 I CamX : [ INFO][CORE ] camxnode.cpp:2628 ProcessRequestIdDone() Node::ZSLPreviewRaw_ChiNodeWrapper0 : 255 ProcessRequestIdDone 676
07-11 02:04:26.474 4631 6285 I CamX : [ INFO][CORE ] camxnode.cpp:5575 SetupRequestOutputPortFence() CreatePrivateFence...Node: fa9f6980, Node::ZSLPreviewRaw_ChiNodeWrapper2, fence: f052d9a0(70), ImgBuf:0x0 reqId:676 result: 0
07-11 02:04:26.474 4631 6285 I CamX : [ INFO][CORE ] camxnode.cpp:5575 SetupRequestOutputPortFence() CreatePrivateFence...Node: faa11d40, Node::ZSLPreviewRaw_ChiNodeWrapper4, fence: f052dfa0(73), ImgBuf:0x0 reqId:676 result: 0
07-11 02:04:26.474 4631 6285 I CamX : [ INFO][CORE ] camxnode.cpp:5575 SetupRequestOutputPortFence() CreatePrivateFence...Node: faa2cf00, Node::ZSLPreviewRaw_ChiNodeWrapper5, fence: f052e5a0(75), ImgBuf:0x0 reqId:676 result: 0
07-11 02:04:26.474 4631 6285 I CamX : [ INFO][CORE ] camxnode.cpp:5575 SetupRequestOutputPortFence() CreatePrivateFence...Node: faa47d40, Node::ZSLPreviewRaw_ChiNodeWrapper6, fence: f052eba0(82), ImgBuf:0x0 reqId:676 result: 0
07-11 02:04:26.474 4631 6285 I CamX : [ INFO][CORE ] camxnode.cpp:5575 SetupRequestOutputPortFence() CreatePrivateFence...Node: faa62a80, Node::ZSLPreviewRaw_ChiNodeWrapper7, fence: f05b41a0(135), ImgBuf:0x0 reqId:676 result: 0
07-11 02:04:26.475 4631 6285 I CamX : [ INFO][CORE ] camxnode.cpp:5575 SetupRequestOutputPortFence() CreatePrivateFence...Node: faa7d300, Node::ZSLPreviewRaw_ChiNodeWrapper9, fence: f05b4aa0(137), ImgBuf:0x0 reqId:676 result: 0
