07-11 02:04:26.708 4631 6286 I CamX : [ INFO][CORE ] camxsession.cpp:5559 IsDoneProcessing() Session 0x78fac279c0 is not done processing, Waiting for pipeline: ZSLPreviewRaw:0
07-11 02:04:26.708 4631 6286 I CamX : [ INFO][CORE ] camxsession.cpp:5610 NotifyProcessingDone() Session 0x78fac279c0 is not done processing, Waiting for m_livePendingRequests
07-11 02:04:26.708 4631 6286 I CamX : [ INFO][CORE ] camxsession.cpp:3719 AdvanceMinExpectedResult() Session 0x78fac279c0: Can't advance because of buffer[0] for sequence Id: 678
07-11 02:04:26.708 4631 6286 I CamX : [ INFO][CORE ] camxsession.cpp:3837 AdvanceMinExpectedResult() Session 0x78fac279c0: Results processed, current queue state: minResultIdExpected = 679, maxResultIdExpected= 682, minSequenceIdExpected: 678, maxSequenceIdExpected: 681, and numResultsPending: 4
07-11 02:04:26.708 4631 6286 I CamX : [ INFO][HAL ] camxsession.cpp:5222 ProcessMetabufferPendingQueue() Pending Queue pipeline ZSLPreviewRaw_0 request 678 old = 675 last 678 delay 3
07-11 02:04:26.708 4631 6286 D CHIUSECASE: [FULL ] chxadvancedcamerausecase.cpp:8857 GetFeatureFromRequestMapping() Look for feature with current index 162 sessionId 1 requestId 674 pFeature 0x78fa1f0440 type 1
07-11 02:04:26.708 4631 6286 D CHIUSECASE: [FULL ] chxadvancedcamerausecase.cpp:8857 GetFeatureFromRequestMapping() Look for feature with current index 162 sessionId 1 requestId 674 pFeature 0x78fa1f0440 type 1
07-11 02:04:26.708 4631 6286 D CHIUSECASE: [FULL ] chxfeaturezsl.cpp:1092 ProcessMessage() FeatureZSL MetaBuffer Done frameNum 674 i/p metadata 0x78f1073500 o/p metadata 0x78f10720e0
07-11 02:04:26.708 4631 6287 I CamX : [ INFO][CORE ] camxnode.cpp:2592 ProcessMetadataDone() Node::ZSLPreviewRaw_FDExtManager0 : Type :22 ProcessMetadataDone 679
07-11 02:04:26.708 4631 6287 E CamX : [ERROR][SW_PROC] camxswprocess_tonemap.cpp:305 SWProcessApplyFixedGTM() Applying Fixed GTM, width: 0, height: 640, stride: 360, gamma: 1.100000, gain: 1.000000
07-11 02:04:26.710 4631 6287 I CamX : [ INFO][CORE ] camxnode.cpp:2628 ProcessRequestIdDone() Node::ZSLPreviewRaw_FDExtManager0 : 22 ProcessRequestIdDone 679
07-11 02:04:26.712 4631 6282 I CamX : [ INFO][CORE ] camxpipeline.cpp:2327 SinkPortFenceSignaled() ZSLPreviewRaw_0 Reporting stream done for stream=3, sequenceId=678, Buffer type=2 handle=0x78f1e5c600
07-11 02:04:26.712 4631 6282 I CamX : [ INFO][CORE ] camxsession.cpp:3482 InjectResult() Inject result added request 678 output buffer in result holder:Stream 0x7919a691e0 Fmt: 37 W: 6016 H: 4512
07-11 02:04:26.712 4631 6282 I CamX : [ INFO][CORE ] camxsession.cpp:3719 AdvanceMinExpectedResult() Session 0x78fac279c0: Can't advance because of buffer[0] for sequence Id: 678
07-11 02:04:26.712 4631 6282 I CamX : [ INFO][CORE ] camxsession.cpp:3837 AdvanceMinExpectedResult() Session 0x78fac279c0: Results processed, current queue state: minResultIdExpected = 679, maxResultIdExpected= 682, minSequenceIdExpected: 678, maxSequenceIdExpected: 681, and numResultsPending: 4
07-11 02:04:26.713 4631 6287 I CamX : [ INFO][CORE ] camxnode.cpp:2628 ProcessRequestIdDone() Node::ZSLPreviewRaw_IFE0 : 65536 ProcessRequestIdDone 679
07-11 02:04:26.713 4631 6285 I CamX : [ INFO][CORE ] camxnode.cpp:2592 ProcessMetadataDone() Node::ZSLPreviewRaw_LRME0 : Type :65541 ProcessMetadataDone 679
07-11 02:04:26.714 4631 6284 I CamX : [ INFO][CORE ] camxnode.cpp:2986 GetDataListFromMetadataPool() Usecase Property 50000015 Node::PropertyIDUsecaseChiTuningModeParameter Not Published for Request 682 ZSLPreviewRaw_AutoFocus0
07-11 02:04:26.714 4631 6287 I CamX : [ INFO][CORE ] camxnode.cpp:2592 ProcessMetadataDone() Node::ZSLPreviewRaw_StatsParse0 : Type :9 ProcessMetadataDone 682
07-11 02:04:26.714 4631 6287 I CamX : [ INFO][CORE ] camxnode.cpp:2628 ProcessRequestIdDone() Node::ZSLPreviewRaw_StatsParse0 : 9 ProcessRequestIdDone 682
07-11 02:04:26.715 4631 6287 I CamX : [ INFO][CORE ] camxnode.cpp:2592 ProcessMetadataDone() Node::ZSLPreviewRaw_AWB0 : Type :12 ProcessMetadataDone 682
07-11 02:04:26.715 4631 6287 I CamX : [ INFO][CORE ] camxnode.cpp:2628 ProcessRequestIdDone() Node::ZSLPreviewRaw_AWB0 : 12 ProcessRequestIdDone 682
07-11 02:04:26.716 4631 6281 I CamX : [ INFO][CORE ] camxnode.cpp:2628 ProcessRequestIdDone() Node::ZSLPreviewRaw_LRME0 : 65541 ProcessRequestIdDone 679
07-11 02:04:26.716 4631 6281 I CamX : [ INFO][CORE ] camxnode.cpp:2592 ProcessMetadataDone() Node::ZSLPreviewRaw_RANSAC0 : Type :65542 ProcessMetadataDone 679
07-11 02:04:26.716 4631 6281 I CamX : [ INFO][CORE ] camxnode.cpp:2628 ProcessRequestIdDone() Node::ZSLPreviewRaw_RANSAC0 : 65542 ProcessRequestIdDone 679
07-11 02:04:26.716 4631 6284 I CamX : [ INFO][CORE ] camxnode.cpp:7635 GetMultiCameraInfo() Node::ZSLPreviewRaw_IPE0 : MultiCamera vendor tags data not available 0x0 -241202476p 0x790a1bbb40
07-11 02:04:26.716 4631 6282 I CamX : [ INFO][CORE ] camxnode.cpp:2592 ProcessMetadataDone() Node::ZSLPreviewRaw_AutoFocus0 : Type :5 ProcessMetadataDone 682
07-11 02:04:26.717 4631 6282 I CamX : [ INFO][CORE ] camxnode.cpp:2628 ProcessRequestIdDone() Node::ZSLPreviewRaw_AutoFocus0 : 5 ProcessRequestIdDone 682
07-11 02:04:26.717 4631 6284 I CamX : [ INFO][CORE ] camxnode.cpp:2947 GetDataListFromMetadataPool() Main Property 30000018 Node::PropertyIDFOVCFrameInfo Not Published for Request 679 ZSLPreviewRaw_IPE0
07-11 02:04:26.718 6987 6987 W ServiceUtilities: retreivePackageManager: failed to retrieve native package manager
07-11 02:04:26.718 6987 6987 W ServiceUtilities: doIsAllowed: Playback capture is denied as package manager is not reachable
07-11 02:04:26.718 6988 7117 D audio_hw_primary: adev_get_parameters:vr_audio_mode_on
07-11 02:04:26.718 6988 7117 I audio_hw_primary: getting vr mode to 0
07-11 02:04:26.718 6988 7117 D audio_hw_primary: adev_get_parameters: exit: returns - vr_audio_mode_on=false
07-11 02:04:26.719 6987 6987 I hash_map_utils: key: 'vr_audio_mode_on' value: ''
07-11 02:04:26.719 6987 6987 I AudioPolicyManagerCustom: VR mode is 0, switch to primary output if request is for fast|raw
07-11 02:04:26.719 6987 6987 I AudioPolicyManagerCustom: setting force DEEP buffer now
07-11 02:04:26.719 4631 6284 I CamX : [ INFO][CORE ] camxnode.cpp:2592 ProcessMetadataDone() Node::ZSLPreviewRaw_IPE0 : Type :65538 ProcessMetadataDone 679
07-11 02:04:26.720 6987 6987 D AudioFlinger: Client defaulted notificationFrames to 11025 for frameCount 22050
07-11 02:04:26.721 6987 6987 D AF::TrackHandle: OpPlayAudio: not muting track:55 usage:0 for service UID 100000
07-11 02:04:26.728 4631 6285 I CamX : [ INFO][CORE ] camxnode.cpp:2592 ProcessMetadataDone() Node::ZSLPreviewRaw_Stats0 : Type :1 ProcessMetadataDone 682
07-11 02:04:26.728 4631 6282 I CamX : [ INFO][CORE ] camxnode.cpp:2628 ProcessRequestIdDone() Node::ZSLPreviewRaw_IPE0 : 65538 ProcessRequestIdDone 679
07-11 02:04:26.728 4631 6285 I CamX : [ INFO][CORE ] camxnode.cpp:2628 ProcessRequestIdDone() Node::ZSLPreviewRaw_Stats0 : 1 ProcessRequestIdDone 682
07-11 02:04:26.728 4631 6286 I CamX : [ INFO][CORE ] camxpipeline.cpp:2183 ProcessMetadataRequestIdDone() SensorTimestamp not yet published for 682
07-11 02:04:26.728 4631 6286 I CamX : [ INFO][CORE ] camxpipeline.cpp:2204 ProcessMetadataRequestIdDone() ZSLPreviewRaw_0 Notify early metadata for request id 682 and sequenceId 681 timestamp = 35142687402296
07-11 02:04:26.728 4631 6286 I CamX : [ INFO][HAL ] camxsession.cpp:3432 InjectResult() Inject result added early metadata in result holder for sequence ID : 681
07-11 02:04:26.728 4631 6287 E CamX : [ERROR][CORE ] camxnode.cpp:2773 GetDataCountFromPipeline() Node::ZSLPreviewRaw_ChiNodeWrapper9 Attempting to get metadata count for tag 80b00001 when unpublished
07-11 02:04:26.728 4631 6287 I CamX : [ INFO][CORE ] camxnode.cpp:2592 ProcessMetadataDone() Node::ZSLPreviewRaw_ChiNodeWrapper9 : Type :255 ProcessMetadataDone 679
07-11 02:04:26.728 4631 6285 I CamX : [ INFO][CORE ] camxsession.cpp:3719 AdvanceMinExpectedResult() Session 0x78fac279c0: Can't advance because of buffer[0] for sequence Id: 678
07-11 02:04:26.728 4631 6285 I CamX : [ INFO][CORE ] camxsession.cpp:3837 AdvanceMinExpectedResult() Session 0x78fac279c0: Results processed, current queue state: minResultIdExpected = 679, maxResultIdExpected= 682, minSequenceIdExpected: 678, maxSequenceIdExpected: 681, and numResultsPending: 4
07-11 02:04:26.728 4631 6286 I CamX : [ INFO][CORE ] camxnode.cpp:2592 ProcessMetadataDone() Node::ZSLPreviewRaw_Sensor0 : Type :0 ProcessMetadataDone 682
07-11 02:04:26.728 4631 6286 I CamX : [ INFO][CORE ] camxnode.cpp:2628 ProcessRequestIdDone() Node::ZSLPreviewRaw_Sensor0 : 0 ProcessRequestIdDone 682
07-11 02:04:26.728 4631 6282 I CamX : [ INFO][CORE ] camxnode.cpp:2628 ProcessRequestIdDone() Node::ZSLPreviewRaw_ChiNodeWrapper9 : 255 ProcessRequestIdDone 679
07-11 02:04:26.728 4631 6285 I CamX : [ INFO][CORE ] camxnode.cpp:7635 GetMultiCameraInfo() Node::ZSLPreviewRaw_IFE0 : MultiCamera vendor tags data not available 0x0 -241066348p 0x790a0bed30
07-11 02:04:26.728 4631 6282 E CHIARCSOFTDISTORTIONCORRECTION: ProcessRequest():735 ProcessRequest getCameraRole failed
07-11 02:04:26.728 4631 6282 I CamX : [ INFO][CORE ] camxnode.cpp:2592 ProcessMetadataDone() Node::ZSLPreviewRaw_ChiNodeWrapper7 : Type :255 ProcessMetadataDone 679
07-11 02:04:26.729 4631 6287 I CamX : [ INFO][CORE ] camxnode.cpp:2628 ProcessRequestIdDone() Node::ZSLPreviewRaw_ChiNodeWrapper7 : 255 ProcessRequestIdDone 679
07-11 02:04:26.729 4631 6287 I CamX : [ INFO][CORE ] camxnode.cpp:2592 ProcessMetadataDone() Node::ZSLPreviewRaw_ChiNodeWrapper6 : Type :255 ProcessMetadataDone 679
07-11 02:04:26.729 4631 4797 I CamX : [ INFO][CORE ] camxpipeline.cpp:2820 CSLMessageHandler() frameMessage:requestID=680, linkhdl:0xf6010b, frameCount=690, timestamp=35145754590729, monoTimestamp=35145754590729
07-11 02:04:26.729 4631 4797 I CamX : [ INFO][CORE ] camxpipeline.cpp:2820 CSLMessageHandler() frameMessage:requestID=680, linkhdl:0xf6010b, frameCount=690, timestamp=35142672054294, monoTimestamp=35142672054294
07-11 02:04:26.729 4631 4797 D CHIUSECASE: [FULL ] chxadvancedcamerausecase.cpp:8857 GetFeatureFromRequestMapping() Look for feature with current index 167 sessionId 1 requestId 679 pFeature 0x78fa1f0440 type 1
07-11 02:04:26.729 4631 4797 D CHIUSECASE: [FULL ] chxadvancedcamerausecase.cpp:7052 ProcessMessage() ZSL Chi Notify SOF frameNum 690 framework frameNum 679, timestamp 35142672054294
07-11 02:04:26.729 4631 4797 D CHIUSECASE: [FULL ] chxfeaturezsl.cpp:1075 ProcessMessage() FeatureZSL Chi Notify SOF frameNum 690 framework frameNum 679, timestamp 35142672054294
07-11 02:04:26.729 4631 4797 D CHIUSECASE: [FULL ] chxadvancedcamerausecase.cpp:8857 GetFeatureFromRequestMapping() Look for feature with current index 167 sessionId 1 requestId 679 pFeature 0x78fa1f0440 type 1
07-11 02:04:26.729 4631 4797 D CHIUSECASE: [FULL ] chxadvancedcamerausecase.cpp:7079 ProcessMessage() Shutter notify Realtime ReqId to AppFrameNum: 679 <--> 679
07-11 02:04:26.729 4631 4797 D CHIUSECASE: [FULL ] chxusecase.cpp:1906 ReturnFrameworkMessage() ResultFrame = 679 FrameIdx = 167 type = 2
07-11 02:04:26.729 4631 4797 D CHIUSECASE: [FULL ] chxusecase.cpp:1929 ReturnFrameworkMessage() Override ResultFrame = 679 m_lastAppMessageFrameReceived = 679 m_nextAppMessageFrame=679
07-11 02:04:26.729 4631 4797 D CHIUSECASE: [FULL ] chxusecase.cpp:1936 ReturnFrameworkMessage() frameIndex = 167 messageAvailable = 1
07-11 02:04:26.729 4631 4797 I CamX : [ INFO][HAL ] camxhal3.cpp:1342 notify() type 00000002
07-11 02:04:26.729 4631 4797 I CamX : [ INFO][HAL ] camxhal3.cpp:1351 notify() frame_number 679
07-11 02:04:26.729 4631 4797 I CamX : [ INFO][HAL ] camxhal3.cpp:1352 notify() timestamp 35142640047142
07-11 02:04:26.730 4631 6287 I CamX : [ INFO][CORE ] camxnode.cpp:2628 ProcessRequestIdDone() Node::ZSLPreviewRaw_ChiNodeWrapper6 : 255 ProcessRequestIdDone 679
07-11 02:04:26.731 4631 6287 I CamX : [ INFO][CORE ] camxnode.cpp:2592 ProcessMetadataDone() Node::ZSLPreviewRaw_ChiNodeWrapper5 : Type :255 ProcessMetadataDone 679
07-11 02:04:26.731 4631 6281 I CamX : [ INFO][CORE ] camxnode.cpp:2628 ProcessRequestIdDone() Node::ZSLPreviewRaw_ChiNodeWrapper5 : 255 ProcessRequestIdDone 679
07-11 02:04:26.731 4631 6281 E CamX : [ERROR][CORE ] camxnode.cpp:2773 GetDataCountFromPipeline() Node::ZSLPreviewRaw_ChiNodeWrapper4 Attempting to get metadata count for tag 805f0004 when unpublished
07-11 02:04:26.731 4631 6281 I CamX : [ INFO][CORE ] camxnode.cpp:2592 ProcessMetadataDone() Node::ZSLPreviewRaw_ChiNodeWrapper4 : Type :255 ProcessMetadataDone 679
07-11 02:04:26.732 4631 6285 I CamX : [ INFO][CORE ] camxpipeline.h:517 NotifyNodeConfigDone() [ZSLPreviewRaw_0] All nodes complete stream config with requestId: 682., config done count 682
07-11 02:04:26.732 4631 6285 I CamX : [ INFO][CORE ] camxnode.cpp:2592 ProcessMetadataDone() Node::ZSLPreviewRaw_IFE0 : Type :65536 ProcessMetadataDone 682
07-11 02:04:26.741 4631 6286 I CamX : [ INFO][CORE ] camxnode.cpp:2628 ProcessRequestIdDone() Node::ZSLPreviewRaw_ChiNodeWrapper4 : 255 ProcessRequestIdDone 679
07-11 02:04:26.742 4631 6281 I CamX : [ INFO][CORE ] camxnode.cpp:2592 ProcessMetadataDone() Node::ZSLPreviewRaw_ChiNodeWrapper2 : Type :255 ProcessMetadataDone 679
07-11 02:04:26.742 4631 6286 I CamX : [ INFO][CORE ] camxnode.cpp:2592 ProcessMetadataDone() Node::ZSLPreviewRaw_FDExtManager0 : Type :22 ProcessMetadataDone 680
07-11 02:04:26.742 4631 6286 E CamX : [ERROR][SW_PROC] camxswprocess_tonemap.cpp:305 SWProcessApplyFixedGTM() Applying Fixed GTM, width: 0, height: 640, stride: 360, gamma: 1.100000, gain: 1.000000
07-11 02:04:26.742 4631 6285 I CamX : [ INFO][CORE ] camxnode.cpp:2628 ProcessRequestIdDone() Node::ZSLPreviewRaw_ChiNodeWrapper2 : 255 ProcessRequestIdDone 679
07-11 02:04:26.742 4631 6285 I CamX : [ INFO][CORE ] camxpipeline.h:439 NotifyNodePartialMetadataDone() [ZSLPreviewRaw_0] All nodes complete partial metadata with requestId: 679.
07-11 02:04:26.742 4631 6285 I CHIUSECASE: [INFO ] chxadvancedcamerausecase.cpp:6642 ParseResultMetadata() ParseResultMetadata: isValid=0, IHDRTrigger=0
07-11 02:04:26.742 4631 6285 D CHIUSECASE: [FULL ] chxadvancedcamerausecase.cpp:3741 IsFlashRequired() isFlashRequired value 0
07-11 02:04:26.742 4631 6285 D CHIUSECASE: [FULL ] chxadvancedcamerausecase.cpp:8757 FindFeatureToProcessResult() ProcessResult SessionId 1 frameNum 678 feature type: 1
07-11 02:04:26.742 4631 6285 D CHIUSECASE: [FULL ] chxfeaturezsl.cpp:1517 GetResultFrameInfo() FeatureZSL AppFrameNum: 678 <--> 678
07-11 02:04:26.742 4631 6285 D CHIUSECASE: [FULL ] chxusecase.cpp:2621 CheckIfMetaDataHasBeenSent() CheckIfMetadata for resultFrameIndexChi=166 Sent=0
07-11 02:04:26.742 4631 6285 D CHIUSECASE: [FULL ] chxusecase.cpp:2597 CheckIfPartialDataCanBeSent() CheckIfMetadata for resultFrameIndexChi=166 Sent=1
07-11 02:04:26.742 4631 6285 D CHIUSECASE: [FULL ] chxusecase.cpp:3078 UpdateAppPartialResultMetadataFromDriver() PMD is being created for resultID=166 resultFrameNumber:678
07-11 02:04:26.742 4631 6285 I CHIUSECASE: [VERBOSE] chxmetadata.cpp:2045 GetAndroidFrameworkOutputMetadata() [CMB_DEBUG_AFWO] Get framework output index 0 address 0x78f9f4ad40 sparse 0
07-11 02:04:26.743 4631 6285 D CHIUSECASE: [FULL ] chxadvancedcamerausecase.cpp:5026 ProcessAndReturnPartialMetadataFinishedResults() Frame 678: Returning Partial metadata result 1 for app frame 678 m_nextAppResultFrame=678 m_lastAppRequestFrame=681
07-11 02:04:26.743 4631 6285 I CHIUSECASE: [INFO ] chxusecase.cpp:1776 ReturnFrameworkResult() chiOriginalOverrideFrameNum: 678 frame_number: 678 resultFrameIndexF: 166 FW: 678, Buffer Count: 1 RESULT: 0x78f9f4ad40
07-11 02:04:26.743 4631 6285 D CHIUSECASE: [FULL ] chxusecaseutils.cpp:567 IsQuadCFASensor() i:0, sensor mode:16
07-11 02:04:26.743 4631 6285 D CHIUSECASE: [FULL ] chxusecase.cpp:705 OverrideResultMetaForQCFA() AE region, origin (0, 0, 0, 0) <==> new (0, 0, 0, 0)
07-11 02:04:26.743 4631 6285 D CHIUSECASE: [FULL ] chxusecase.cpp:727 OverrideResultMetaForQCFA() AF region, origin (4208, 3160, 7816, 5928) <==> new (2104, 1580, 3908, 2964)
07-11 02:04:26.743 4631 6285 D CHIUSECASE: [FULL ] chxusecase.cpp:1803 ReturnFrameworkResult() m_numberOfPendingOutputBuffers = 1
07-11 02:04:26.743 4631 6285 D CHIUSECASE: [FULL ] chxusecase.cpp:1809 ReturnFrameworkResult() pResult->num_output_buffers 0 pending buffers 1
07-11 02:04:26.743 4631 6285 D CHIUSECASE: [FULL ] chxusecase.cpp:2411 HandleMetadataResultReturn() Sending metadata for [FrameNum=678 and override FrameNum=678] with totalexpectedCount=2 partialResultCount=1
07-11 02:04:26.743 4631 6285 D CHIUSECASE: [FULL ] chxusecase.cpp:2664 SetMetaDataHasBeenSent() Metadata for sender 0 with resultFrameIndexChi=166 Sent=1
07-11 02:04:26.743 4631 6285 I CamX : [ INFO][HAL ] camxhal3.cpp:1289 process_capture_result() frame_number 678
07-11 02:04:26.743 4631 6285 I CamX : [ INFO][HAL ] camxhal3.cpp:1290 process_capture_result() num_output_buffers 0
07-11 02:04:26.743 4631 6285 I CamX : [ INFO][HAL ] camxhal3.cpp:1291 process_capture_result() output_buffers 0x0
07-11 02:04:26.743 4631 6285 I CamX : [ INFO][HAL ] camxhal3.cpp:1308 process_capture_result() input_buffer 0x0
07-11 02:04:26.743 4631 6285 I CamX : [ INFO][HAL ] camxhal3.cpp:1315 process_capture_result() partial_result 1
07-11 02:04:26.743 4631 6285 I CamX : [ INFO][HAL ] camxhal3.cpp:1316 process_capture_result() result 0x78f9f4ad40,cb=0x78fac1f008
07-11 02:04:26.743 4631 6285 I CamX : [ INFO][HAL ] camxhal3.cpp:1318 process_capture_result() num_physcam_metadata 0
07-11 02:04:26.743 4631 6285 D CHIUSECASE: [FULL ] chxutils.cpp:806 ResetMetadata() Metadata entry capacity : 256, data capacity: 262144, metaSize: 266288
07-11 02:04:26.743 4631 6285 I CHIUSECASE: [VERBOSE] chxmetadata.cpp:2080 ReleaseAndroidFrameworkOutputMetadata() [CMB_DEBUG_AFWO] Release framework output index 0
07-11 02:04:26.745 4631 6282 I CamX : [ INFO][CORE ] camxnode.cpp:2628 ProcessRequestIdDone() Node::ZSLPreviewRaw_FDExtManager0 : 22 ProcessRequestIdDone 680
07-11 02:04:26.745 4631 6285 I CamX : [ INFO][CORE ] camxnode.cpp:2592 ProcessMetadataDone() Node::ZSLPreviewRaw_ChiNodeWrapper1 : Type :255 ProcessMetadataDone 679
07-11 02:04:26.745 4631 6284 I CamX : [ INFO][CORE ] camxpipeline.cpp:2327 SinkPortFenceSignaled() ZSLPreviewRaw_0 Reporting stream done for stream=3, sequenceId=679, Buffer type=2 handle=0x78f1e5c900
07-11 02:04:26.745 4631 6285 I CamX : [ INFO][CORE ] camxpipeline.h:403 NotifyNodeMetadataDone() [ZSLPreviewRaw_0] All nodes complete metadata with requestId: 679.
07-11 02:04:26.745 4631 6284 I CamX : [ INFO][CORE ] camxsession.cpp:3482 InjectResult() Inject result added request 679 output buffer in result holder:Stream 0x7919a691e0 Fmt: 37 W: 6016 H: 4512
07-11 02:04:26.745 4631 6285 I CamX : [ INFO][CORE ] camxpipeline.cpp:2204 ProcessMetadataRequestIdDone() ZSLPreviewRaw_0 Notify metadata for request id 679 and sequenceId 678 timestamp = 35142606745891
07-11 02:04:26.745 4631 6285 I CamX : [ INFO][CORE ] camxsession.cpp:3420 InjectResult() Inject result added metadata in result holder for sequence ID : 678
07-11 02:04:26.746 4631 6282 I CamX : [ INFO][HAL ] camxsession.cpp:2387 ProcessResultMetadata() Finalized metadata result for Sequence ID 678 mapped to framework id 678 pipeline 0 reqId 679
07-11 02:04:26.746 4631 6282 I CamX : [ INFO][CORE ] camxsession.cpp:2626 ProcessResults() Processing Result - SequenceId 678 Framenumber 678 - earlyMetadata 0 metadataReady 1 bufferReady 1 isCancelled 0
07-11 02:04:26.746 4631 6282 I CHIUSECASE: [INFO ] chxadvancedcamerausecase.cpp:6642 ParseResultMetadata() ParseResultMetadata: isValid=0, IHDRTrigger=0
07-11 02:04:26.746 4631 6284 I CamX : [ INFO][CORE ] camxnode.cpp:2628 ProcessRequestIdDone() Node::ZSLPreviewRaw_IFE0 : 65536 ProcessRequestIdDone 680
07-11 02:04:26.746 4631 6282 D CHIUSECASE: [FULL ] chxadvancedcamerausecase.cpp:3741 IsFlashRequired() isFlashRequired value 0
07-11 02:04:26.746 4631 6282 D CHIUSECASE: [FULL ] chxadvancedcamerausecase.cpp:8757 FindFeatureToProcessResult() ProcessResult SessionId 1 frameNum 678 feature type: 1
07-11 02:04:26.746 4631 6282 D CHIUSECASE: [FULL ] chxfeaturezsl.cpp:1517 GetResultFrameInfo() FeatureZSL AppFrameNum: 678 <--> 678
07-11 02:04:26.746 4631 6282 I CHIUSECASE: [INFO ] chxfeaturezsl.cpp:814 ProcessResult() Realtime frame 678. Metadata: 0x78f2d85c80 NumBuffers: 1 Timestamp: 35142606745891 Sent: 0
07-11 02:04:26.746 4631 6282 I CHIUSECASE: [VERBOSE] chxmetadata.cpp:1909 ReleaseHolder() [CMB_DEBUG] Release buffer 0 client 0 subclient 0, frameNum 0 refCount 687 handle 0x78f11a5f80 0x78f1073500
07-11 02:04:26.746 4631 6282 I CHIUSECASE: [INFO ] chxutils.cpp:1775 GetFlashFiredState() Utils flashfired state Value 2
07-11 02:04:26.746 4631 6282 I CHIUSECASE: [VERBOSE] chxmetadata.cpp:2045 GetAndroidFrameworkOutputMetadata() [CMB_DEBUG_AFWO] Get framework output index 0 address 0x78f9f4ad40 sparse 0
07-11 02:04:26.746 4631 6282 D CHIUSECASE: [FULL ] chxusecase.cpp:2621 CheckIfMetaDataHasBeenSent() CheckIfMetadata for resultFrameIndexChi=166 Sent=1
07-11 02:04:26.746 4631 6282 D CHIUSECASE: [FULL ] chxusecase.cpp:2597 CheckIfPartialDataCanBeSent() CheckIfMetadata for resultFrameIndexChi=166 Sent=0
07-11 02:04:26.746 4631 6282 D CHIUSECASE: [FULL ] chxusecase.cpp:3136 UpdateAppResultMetadata() Partial Data has been sent and meta data needs to be filtered for tags=18
07-11 02:04:26.746 4631 6281 I CamX : [ INFO][CORE ] camxnode.cpp:2592 ProcessMetadataDone() Node::ZSLPreviewRaw_LRME0 : Type :65541 ProcessMetadataDone 680
07-11 02:04:26.746 4631 6282 I CHIUSECASE: [INFO ] chxfeaturezsl.cpp:896 ProcessResult() Reserve metadata for frame 678. sessionId 1
07-11 02:04:26.747 4631 6282 I CHIUSECASE: [VERBOSE] chxadvancedcamerausecase.cpp:2709 FillMetadataForRDIQueue() set primary35mmEFL vendor tag, zoom 1.000000 35mmEFL 24.166754
07-11 02:04:26.747 4631 6282 I CHIUSECASE: [VERBOSE] chxmetadata.cpp:1909 ReleaseHolder() [CMB_DEBUG] Release buffer 7 client 3 subclient 0, frameNum 675 refCount 1 handle 0x78fad3db00 0x78f10721c0
07-11 02:04:26.747 4631 6285 I CamX : [ INFO][CORE ] camxnode.cpp:2628 ProcessRequestIdDone() Node::ZSLPreviewRaw_ChiNodeWrapper1 : 255 ProcessRequestIdDone 679
07-11 02:04:26.747 4631 6282 I CHIUSECASE: [INFO ] chxadvancedcamerausecase.cpp:2543 UpdateBufferReadyForRDIQueue() validBufferLength:3, framenumber:678, pipeline:1,lastReady:678,firstValid:676,cnt:3
07-11 02:04:26.747 4631 6282 D CHIUSECASE: [FULL ] chxadvancedcamerausecase.cpp:4771 ProcessAndReturnFinishedResults() Frame 678: metadataAvailable: 1, metadataReturn: 1, bufferReturn 0, inBufferReturn 0
07-11 02:04:26.747 4631 6282 D CHIUSECASE: [FULL ] chxadvancedcamerausecase.cpp:4790 ProcessAndReturnFinishedResults() Frame 678: Returning metadata result 2/2 for app frame 678 m_nextAppResultFrame=678 m_lastAppRequestFrame=681
07-11 02:04:26.747 4631 6282 I CHIUSECASE: [INFO ] chxadvancedcamerausecase.cpp:10114 RemosaicInjectReturnResult() [Meta DEBUG] Set xiaomi.remosaic.detected 0
07-11 02:04:26.747 4631 6282 I CHIUSECASE: [INFO ] chxusecase.cpp:1776 ReturnFrameworkResult() chiOriginalOverrideFrameNum: 678 frame_number: 678 resultFrameIndexF: 166 FW: 678, Buffer Count: 1 RESULT: 0x78f9f4ad40
07-11 02:04:26.747 4631 6282 D CHIUSECASE: [FULL ] chxusecaseutils.cpp:567 IsQuadCFASensor() i:0, sensor mode:16
07-11 02:04:26.747 4631 6282 D CHIUSECASE: [FULL ] chxusecase.cpp:683 OverrideResultMetaForQCFA() crop region, origin (0, 0, 12032, 9024) <==> new (0, 0, 6016, 4512)
07-11 02:04:26.747 4631 6282 D CHIUSECASE: [FULL ] chxusecase.cpp:1803 ReturnFrameworkResult() m_numberOfPendingOutputBuffers = 1
07-11 02:04:26.747 4631 6282 D CHIUSECASE: [FULL ] chxusecase.cpp:1809 ReturnFrameworkResult() pResult->num_output_buffers 0 pending buffers 1
07-11 02:04:26.747 4631 6285 I CamX : [ INFO][CORE ] camxpipeline.cpp:3671 NotifyNodeRequestIdDone() All nodes in pipeline ZSLPreviewRaw complete with requestId: 679.
07-11 02:04:26.747 4631 6282 D CHIUSECASE: [FULL ] chxusecase.cpp:2411 HandleMetadataResultReturn() Sending metadata for [FrameNum=678 and override FrameNum=678] with totalexpectedCount=2 partialResultCount=2
07-11 02:04:26.747 4631 6282 D CHIUSECASE: [FULL ] chxusecase.cpp:2621 CheckIfMetaDataHasBeenSent() CheckIfMetadata for resultFrameIndexChi=166 Sent=1
07-11 02:04:26.747 4631 6282 D CHIUSECASE: [FULL ] chxusecase.cpp:2664 SetMetaDataHasBeenSent() Metadata for sender 2 with resultFrameIndexChi=166 Sent=1
07-11 02:04:26.747 4631 6282 D CHIUSECASE: [FULL ] chxusecase.cpp:2504 HandleMetadataResultReturn() Partial Result Completed for framenumber=678
07-11 02:04:26.747 4631 6282 I CamX : [ INFO][HAL ] camxhal3.cpp:1289 process_capture_result() frame_number 678
07-11 02:04:26.747 6988 7099 E volume_listener: check_and_set_gain_dep_cal: not able to send calibration, NULL function pointer
07-11 02:04:26.747 4631 6282 I CamX : [ INFO][HAL ] camxhal3.cpp:1290 process_capture_result() num_output_buffers 0
07-11 02:04:26.747 4631 6282 I CamX : [ INFO][HAL ] camxhal3.cpp:1291 process_capture_result() output_buffers 0x0
07-11 02:04:26.747 4631 6282 I CamX : [ INFO][HAL ] camxhal3.cpp:1308 process_capture_result() input_buffer 0x0
07-11 02:04:26.747 4631 6282 I CamX : [ INFO][HAL ] camxhal3.cpp:1315 process_capture_result() partial_result 2
07-11 02:04:26.747 4631 6285 I CamX : [ INFO][CORE ] camxpipeline.cpp:2327 SinkPortFenceSignaled() ZSLPreviewRaw_0 Reporting stream done for stream=0, sequenceId=678, Buffer type=0 handle=0x78f1d10cb8
07-11 02:04:26.747 4631 6282 I CamX : [ INFO][HAL ] camxhal3.cpp:1316 process_capture_result() result 0x78f9f4ad40,cb=0x78fac1f008
07-11 02:04:26.747 4631 6285 I CamX : [ INFO][CORE ] camxsession.cpp:3482 InjectResult() Inject result added request 678 output buffer in result holder:Stream 0x78f0cd3aa8 Fmt: 34 W: 1920 H: 1080
07-11 02:04:26.747 4631 6282 I CamX : [ INFO][HAL ] camxhal3.cpp:1318 process_capture_result() num_physcam_metadata 0
07-11 02:04:26.747 4631 6281 I CamX : [ INFO][CORE ] camxnode.cpp:2628 ProcessRequestIdDone() Node::ZSLPreviewRaw_LRME0 : 65541 ProcessRequestIdDone 680
07-11 02:04:26.748 6987 7012 W AudioFlinger: moveEffectChain_l() effect chain for session 0 not on source thread 0x7c3e839740
07-11 02:04:26.748 4631 6281 I CamX : [ INFO][CORE ] camxnode.cpp:2592 ProcessMetadataDone() Node::ZSLPreviewRaw_RANSAC0 : Type :65542 ProcessMetadataDone 680
07-11 02:04:26.748 4631 6281 I CamX : [ INFO][CORE ] camxnode.cpp:2628 ProcessRequestIdDone() Node::ZSLPreviewRaw_RANSAC0 : 65542 ProcessRequestIdDone 680
07-11 02:04:26.748 4631 6284 I CamX : [ INFO][CORE ] camxnode.cpp:7635 GetMultiCameraInfo() Node::ZSLPreviewRaw_IPE0 : MultiCamera vendor tags data not available 0x0 -241066348p 0x790a1bbb40
07-11 02:04:26.748 4631 6284 I CamX : [ INFO][CORE ] camxnode.cpp:2947 GetDataListFromMetadataPool() Main Property 30000018 Node::PropertyIDFOVCFrameInfo Not Published for Request 680 ZSLPreviewRaw_IPE0
07-11 02:04:26.749 4631 6282 D CHIUSECASE: [FULL ] chxutils.cpp:806 ResetMetadata() Metadata entry capacity : 256, data capacity: 262144, metaSize: 266288
07-11 02:04:26.749 4631 6282 I CHIUSECASE: [VERBOSE] chxmetadata.cpp:2080 ReleaseAndroidFrameworkOutputMetadata() [CMB_DEBUG_AFWO] Release framework output index 0
07-11 02:04:26.749 4631 6282 I CamX : [ INFO][CORE ] camxsession.cpp:3719 AdvanceMinExpectedResult() Session 0x78fac279c0: Can't advance because of buffer[0] for sequence Id: 678
07-11 02:04:26.749 4631 6282 I CamX : [ INFO][CORE ] camxsession.cpp:3837 AdvanceMinExpectedResult() Session 0x78fac279c0: Results processed, current queue state: minResultIdExpected = 679, maxResultIdExpected= 682, minSequenceIdExpected: 678, maxSequenceIdExpected: 681, and numResultsPending: 4
07-11 02:04:26.749 4631 6282 I CamX : [ INFO][CORE ] camxsession.cpp:2626 ProcessResults() Processing Result - SequenceId 678 Framenumber 678 - earlyMetadata 0 metadataReady 0 bufferReady 1 isCancelled 0
07-11 02:04:26.749 4631 6282 D CHIUSECASE: [FULL ] chxadvancedcamerausecase.cpp:8757 FindFeatureToProcessResult() ProcessResult SessionId 1 frameNum 678 feature type: 1
07-11 02:04:26.749 4631 6282 D CHIUSECASE: [FULL ] chxfeaturezsl.cpp:1517 GetResultFrameInfo() FeatureZSL AppFrameNum: 678 <--> 678
07-11 02:04:26.749 4631 6282 I CHIUSECASE: [INFO ] chxfeaturezsl.cpp:814 ProcessResult() Realtime frame 678. Metadata: 0x0 NumBuffers: 1 Timestamp: 35142606745891 Sent: 1
07-11 02:04:26.749 4631 6282 D CHIUSECASE: [FULL ] chxadvancedcamerausecase.cpp:4771 ProcessAndReturnFinishedResults() Frame 678: metadataAvailable: 0, metadataReturn: 0, bufferReturn 1, inBufferReturn 0
07-11 02:04:26.749 4631 6282 D CHIUSECASE: [FULL ] chxusecase.cpp:2639 CheckIfAnyPartialMetaDataHasBeenSent() CheckIfAnyPartialMetaDataHasBeenSent for resultFrameIndexChi=166 Sent=1
07-11 02:04:26.749 4631 6282 D CHIUSECASE: [FULL ] chxadvancedcamerausecase.cpp:4865 ProcessAndReturnFinishedResults() Frame 678: Returning buffer result for 1 output buffers for app frame 678
07-11 02:04:26.749 6987 7103 W AudioFlinger: no wake lock to update, system not ready yet
07-11 02:04:26.749 4631 6282 D CHIUSECASE: [FULL ] chxadvancedcamerausecase.cpp:4872 ProcessAndReturnFinishedResults() Stream 0x78f0cd3aa8, W: 1920, H: 1080
07-11 02:04:26.749 4631 6282 I CHIUSECASE: [INFO ] chxusecase.cpp:1776 ReturnFrameworkResult() chiOriginalOverrideFrameNum: 678 frame_number: 678 resultFrameIndexF: 166 FW: 678, Buffer Count: 1 RESULT: 0x0
07-11 02:04:26.749 4631 6282 D CHIUSECASE: [FULL ] chxusecase.cpp:1803 ReturnFrameworkResult() m_numberOfPendingOutputBuffers = 0
07-11 02:04:26.749 4631 6282 D CHIUSECASE: [FULL ] chxusecase.cpp:1809 ReturnFrameworkResult() pResult->num_output_buffers 1 pending buffers 0
07-11 02:04:26.749 4631 6282 D CHIUSECASE: [FULL ] chxusecase.cpp:1822 ReturnFrameworkResult() pStreamBuffer 0x78faaaa180, i 0, j 0 buffer 0x78f1d10cb8
07-11 02:04:26.749 4631 6282 I CamX : [ INFO][HAL ] camxhaldevice.cpp:254 ProcessCaptureResult() Returning framework result Frame: 678, Metadata: 0x0, Stream 0x78f0cd3aa8, Fmt: 34 Width: 1920 Height: 1080
07-11 02:04:26.749 4631 6282 I CamX : [ INFO][HAL ] camxhal3.cpp:1289 process_capture_result() frame_number 678
07-11 02:04:26.749 4631 6282 I CamX : [ INFO][HAL ] camxhal3.cpp:1290 process_capture_result() num_output_buffers 1
07-11 02:04:26.749 4631 6282 I CamX : [ INFO][HAL ] camxhal3.cpp:1291 process_capture_result() output_buffers 0x790be61400
07-11 02:04:26.749 4631 6282 I CamX : [ INFO][HAL ] camxhal3.cpp:1296 process_capture_result() output_buffers[0] : 0x790be61400 - info
07-11 02:04:26.749 4631 6282 I CamX : [ INFO][HAL ] camxhal3.cpp:1297 process_capture_result() buffer : 0x78f1d10cb8
07-11 02:04:26.749 4631 6282 I CamX : [ INFO][HAL ] camxhal3.cpp:1298 process_capture_result() status : 00000000
07-11 02:04:26.749 4631 6282 I CamX : [ INFO][HAL ] camxhal3.cpp:1299 process_capture_result() stream : 0x78f0cd3aa8
07-11 02:04:26.749 4631 6282 I CamX : [ INFO][HAL ] camxhal3.cpp:1308 process_capture_result() input_buffer 0x0
07-11 02:04:26.749 4631 6282 I CamX : [ INFO][HAL ] camxhal3.cpp:1315 process_capture_result() partial_result 0
07-11 02:04:26.749 4631 6282 I CamX : [ INFO][HAL ] camxhal3.cpp:1316 process_capture_result() result 0x0,cb=0x78fac1f008
07-11 02:04:26.749 4631 6282 I CamX : [ INFO][HAL ] camxhal3.cpp:1318 process_capture_result() num_physcam_metadata 0
07-11 02:04:26.750 4631 6282 D CHIUSECASE: [FULL ] chxadvancedcamerausecase.cpp:4949 ProcessAndReturnFinishedResults() Advanced next result frame to 679
07-11 02:04:26.750 4631 6282 I CamX : [ INFO][CORE ] camxsession.cpp:3773 AdvanceMinExpectedResult() Session 0x78fac279c0: Results processed for sequenceId: 678
07-11 02:04:26.750 4631 6282 I CamX : [ INFO][CORE ] camxsession.cpp:5559 IsDoneProcessing() Session 0x78fac279c0 is not done processing, Waiting for pipeline: ZSLPreviewRaw:0
07-11 02:04:26.750 4631 6282 I CamX : [ INFO][CORE ] camxsession.cpp:5610 NotifyProcessingDone() Session 0x78fac279c0 is not done processing, Waiting for m_livePendingRequests
07-11 02:04:26.750 4631 6282 I CamX : [ INFO][CORE ] camxsession.cpp:3719 AdvanceMinExpectedResult() Session 0x78fac279c0: Can't advance because of buffer[0] for sequence Id: 679
07-11 02:04:26.750 4631 6282 I CamX : [ INFO][CORE ] camxsession.cpp:3837 AdvanceMinExpectedResult() Session 0x78fac279c0: Results processed, current queue state: minResultIdExpected = 680, maxResultIdExpected= 682, minSequenceIdExpected: 679, maxSequenceIdExpected: 681, and numResultsPending: 3
07-11 02:04:26.750 4631 6282 I CamX : [ INFO][HAL ] camxsession.cpp:5222 ProcessMetabufferPendingQueue() Pending Queue pipeline ZSLPreviewRaw_0 request 679 old = 676 last 679 delay 3
07-11 02:04:26.751 4631 6282 D CHIUSECASE: [FULL ] chxadvancedcamerausecase.cpp:8857 GetFeatureFromRequestMapping() Look for feature with current index 163 sessionId 1 requestId 675 pFeature 0x78fa1f0440 type 1
07-11 02:04:26.751 4631 6282 D CHIUSECASE: [FULL ] chxadvancedcamerausecase.cpp:8857 GetFeatureFromRequestMapping() Look for feature with current index 163 sessionId 1 requestId 675 pFeature 0x78fa1f0440 type 1
07-11 02:04:26.751 4631 6282 D CHIUSECASE: [FULL ] chxfeaturezsl.cpp:1092 ProcessMessage() FeatureZSL MetaBuffer Done frameNum 675 i/p metadata 0x78f1073500 o/p metadata 0x78f10721c0
07-11 02:04:26.751 4631 6284 I CamX : [ INFO][CORE ] camxnode.cpp:2592 ProcessMetadataDone() Node::ZSLPreviewRaw_IPE0 : Type :65538 ProcessMetadataDone 680
07-11 02:04:26.751 6988 16850 D audio_hw_primary: start_output_stream: enter: stream(0xea6e0800)usecase(0: deep-buffer-playback) devices(0x2) is_haptic_usecase(0)
07-11 02:04:26.753 6988 16850 D audio_hw_primary: Connect to PowerHAL and link to death notification successfully
07-11 02:04:26.754 6988 16850 D audio_hw_primary: select_devices for use case (deep-buffer-playback)
07-11 02:04:26.754 6988 16850 D audio_hw_primary: select_devices: changing use case deep-buffer-playback output device from(0: , acdb -1) to (2: speaker, acdb 10011)
07-11 02:04:26.754 6988 16850 D audio_hw_primary: select_devices: out_snd_device(2: speaker) in_snd_device(0: )
07-11 02:04:26.754 6988 16850 D ultrasound_extn: ultrasound_select_devices_pre ultrasound_enabled:1 usecase(deep-buffer-playback), devices:2 in_snd_device(0, ), out_snd_device(2, speaker)
07-11 02:04:26.755 6988 16850 D ultrasound_extn: ultrasound_select_devices_pre usecase(deep-buffer-playback), chg-to: in_snd_device(0, ), out_snd_device(0, )
07-11 02:04:26.755 6988 16850 D ultrasound_extn: dump_usecase_list: start ======================================
07-11 02:04:26.755 6988 16850 D ultrasound_extn: dump_usecase_list: enter sensor_activated:1 hw_port_enabled:1 suspended:0
07-11 02:04:26.755 6988 16850 D ultrasound_extn: dump_usecase_list: select_devices_pre usecase[#0]:(68, ultrasound-proximity-input) in_dev:(246, ultrasound-input) out_dv:(0, )
07-11 02:04:26.755 6988 16850 D ultrasound_extn: dump_usecase_list: select_devices_pre usecase[#1]:(67, ultrasound-proximity-output) in_dev:(0, ) out_dv:(24, voice-handset)
07-11 02:04:26.755 6988 16850 D ultrasound_extn: dump_usecase_list: select_devices_pre usecase[#2]:(0, deep-buffer-playback) in_dev:(0, ) out_dv:(0, )
07-11 02:04:26.755 6988 16850 D ultrasound_extn: dump_usecase_list: end ======================================
07-11 02:04:26.755 6988 16850 I msm8974_platform: platform_check_and_set_codec_backend_cfg:becf: afe: bitwidth 16, samplerate 48000 channels 2, backend_idx 4 usecase = 0 device (speaker)
07-11 02:04:26.755 6988 16850 D msm8974_platform: platform_split_snd_device: snd_device(2) num devices(1) new_snd_devices(0)
07-11 02:04:26.755 6988 16850 I msm8974_platform: platform_check_and_set_codec_backend_cfg: new_snd_devices[0] is 2
07-11 02:04:26.755 6988 16850 I msm8974_platform: platform_check_codec_backend_cfg:becf: afe: bitwidth 16, samplerate 48000 channels 2, backend_idx 4 usecase = 0 device (speaker)
07-11 02:04:26.755 6988 16850 D msm8974_platform: platform_check_codec_backend_cfg:becf: afe: playback on codec device not supporting native playback set default Sample Rate(48k)
07-11 02:04:26.755 6988 16850 D ultrasound_extn: ultrasound_check_and_set_codec_backend_cfg check use case (deep-buffer-playback), snd_device(2, speaker)
07-11 02:04:26.755 6988 16850 D ultrasound_extn: ultrasound_check_and_set_codec_backend_cfg do not change BE setting for speaker
07-11 02:04:26.755 6988 16850 I msm8974_platform: platform_check_codec_backend_cfg:becf: afe: Codec selected backend: 4 updated bit width: 24 and sample rate: 48000
07-11 02:04:26.755 6988 16850 D audio_hw_primary: check_usecases_codec_backend:becf: force routing 0
07-11 02:04:26.755 6988 16850 E msm8974_platform: platform_check_backends_match: Invalid snd_device =
07-11 02:04:26.755 6988 16850 D audio_hw_primary: check_usecases_codec_backend:becf: (94) check_usecases curr device: speaker, usecase device: backends match 0
07-11 02:04:26.755 6988 16850 D audio_hw_primary: @@: usecase[0xecd4b140]=ultrasound-proximity-input, devices=0x0, uc_info[0xee407450]=deep-buffer-playback
07-11 02:04:26.755 6988 16850 D audio_hw_primary: check_usecases_codec_backend:becf: (94) check_usecases curr device: speaker, usecase device:voice-handset backends match 0
07-11 02:04:26.755 6988 16850 D audio_hw_primary: @@: usecase[0xecd4b190]=ultrasound-proximity-output, devices=0x2, uc_info[0xee407450]=deep-buffer-playback
07-11 02:04:26.755 6988 16850 D audio_hw_primary: @@: uc_derive_snd_device=24, snd_device=2
07-11 02:04:26.755 6988 16850 E msm8974_platform: platform_check_backends_match: Invalid snd_device =
07-11 02:04:26.755 6988 16850 D audio_hw_primary: check_usecases_codec_backend:becf: (94) check_usecases curr device: speaker, usecase device: backends match 0
07-11 02:04:26.755 6988 16850 D audio_hw_primary: @@: usecase[0xee407450]=deep-buffer-playback, devices=0x2, uc_info[0xee407450]=deep-buffer-playback
07-11 02:04:26.755 6988 16850 D audio_hw_primary: check_usecases_codec_backend:becf: check_usecases num.of Usecases to switch 0
07-11 02:04:26.755 6988 16850 D hardware_info: hw_info_append_hw_type : device_name = speaker
07-11 02:04:26.755 6988 16850 D msm8974_platform: platform_split_snd_device: snd_device(2) num devices(0) new_snd_devices(0)
07-11 02:04:26.755 6988 16850 D audio_hw_primary: enable_snd_device: snd_device(2: speaker)[SND_DEVICE_OUT_SPEAKER]
07-11 02:04:26.755 6988 16850 I soundtrigger: audio_extn_sound_trigger_update_device_status: device 0x2 of type 0 for Event 1, with Raise=0
07-11 02:04:26.756 6988 16850 D audio_route: Apply path: speaker
07-11 02:04:26.756 6988 16850 D hardware_info: hw_info_append_hw_type : device_name = vi-feedback
07-11 02:04:26.756 6988 16850 D msm8974_platform: platform_split_snd_device: snd_device(196) num devices(0) new_snd_devices(0)
07-11 02:04:26.756 6988 16850 D audio_hw_primary: enable_snd_device: snd_device(196: vi-feedback)[SND_DEVICE_IN_CAPTURE_VI_FEEDBACK]
07-11 02:04:26.756 6988 16850 I soundtrigger: audio_extn_sound_trigger_update_device_status: device 0xc4 of type 1 for Event 1, with Raise=0
07-11 02:04:26.757 6988 16850 D audio_route: Apply path: vi-feedback
07-11 02:04:26.757 6988 16850 D audio_hw_utils: audio_extn_utils_send_app_type_cfg: usecase->in_snd_device vi-feedback
07-11 02:04:26.757 6988 16850 E voice : voice_is_in_call_rec_stream: input stream is NULL
07-11 02:04:26.757 6988 16850 D msm8974_platform: platform_split_snd_device: snd_device(196) num devices(0) new_snd_devices(0)
07-11 02:04:26.758 6988 16850 E audio_hw_utils: send_app_type_cfg_for_device: Could not get ctl for mixer cmd - Audio Stream Capture 38 App Type Cfg
07-11 02:04:26.758 6988 16850 D msm8974_platform: platform_split_snd_device: snd_device(196) num devices(1) new_snd_devices(0)
07-11 02:04:26.758 6988 16850 E ACDB-LOADER: ACDB -> Not correctly initialized!
07-11 02:04:26.758 6988 16850 D audio_hw_primary: enable_audio_route: apply mixer and update path: spkr-vi-record
07-11 02:04:26.758 6988 16850 D audio_route: Apply path: spkr-vi-record
07-11 02:04:26.759 4631 6285 I CamX : [ INFO][CORE ] camxnode.cpp:2628 ProcessRequestIdDone() Node::ZSLPreviewRaw_IPE0 : 65538 ProcessRequestIdDone 680
07-11 02:04:26.760 4631 6285 E CamX : [ERROR][CORE ] camxnode.cpp:2773 GetDataCountFromPipeline() Node::ZSLPreviewRaw_ChiNodeWrapper9 Attempting to get metadata count for tag 80b00001 when unpublished
07-11 02:04:26.760 4631 6285 I CamX : [ INFO][CORE ] camxnode.cpp:2592 ProcessMetadataDone() Node::ZSLPreviewRaw_ChiNodeWrapper9 : Type :255 ProcessMetadataDone 680
07-11 02:04:26.760 4631 6287 I CamX : [ INFO][CORE ] camxnode.cpp:2628 ProcessRequestIdDone() Node::ZSLPreviewRaw_ChiNodeWrapper9 : 255 ProcessRequestIdDone 680
07-11 02:04:26.760 4631 6287 E CHIARCSOFTDISTORTIONCORRECTION: ProcessRequest():735 ProcessRequest getCameraRole failed
07-11 02:04:26.760 4631 6287 I CamX : [ INFO][CORE ] camxnode.cpp:2592 ProcessMetadataDone() Node::ZSLPreviewRaw_ChiNodeWrapper7 : Type :255 ProcessMetadataDone 680
07-11 02:04:26.760 6988 16850 E audio_hw_tfa98xx_feedback: pcm_dev_tx_id = 38
07-11 02:04:26.760 4631 6281 I CamX : [ INFO][CORE ] camxnode.cpp:2628 ProcessRequestIdDone() Node::ZSLPreviewRaw_ChiNodeWrapper7 : 255 ProcessRequestIdDone 680
07-11 02:04:26.760 6988 16850 E audio_hw_tfa98xx_feedback: audio_extn_tfa98xx_start_feedback: cannot open device '/dev/snd/pcmC0D38c': Device or resource busy
07-11 02:04:26.761 6988 16850 D hardware_info: hw_info_append_hw_type : device_name = vi-feedback
07-11 02:04:26.761 6988 16850 D audio_hw_primary: disable_snd_device: snd_device(196: vi-feedback)
07-11 02:04:26.761 6988 16850 D msm8974_platform: platform_split_snd_device: snd_device(196) num devices(0) new_snd_devices(0)
07-11 02:04:26.761 6988 16850 I soundtrigger: audio_extn_sound_trigger_update_device_status: device 0xc4 of type 1 for Event 0, with Raise=0
07-11 02:04:26.761 6988 16850 D audio_hw_primary: disable_audio_route: reset and update mixer path: spkr-vi-record
07-11 02:04:26.761 4631 6281 I CamX : [ INFO][CORE ] camxnode.cpp:2592 ProcessMetadataDone() Node::ZSLPreviewRaw_ChiNodeWrapper6 : Type :255 ProcessMetadataDone 680
07-11 02:04:26.761 4631 6287 I CamX : [ INFO][CORE ] camxnode.cpp:2628 ProcessRequestIdDone() Node::ZSLPreviewRaw_ChiNodeWrapper6 : 255 ProcessRequestIdDone 680
07-11 02:04:26.762 4631 6287 I CamX : [ INFO][CORE ] camxnode.cpp:2592 ProcessMetadataDone() Node::ZSLPreviewRaw_ChiNodeWrapper5 : Type :255 ProcessMetadataDone 680
07-11 02:04:26.762 4631 4797 I CamX : [ INFO][CORE ] camxpipeline.cpp:2820 CSLMessageHandler() frameMessage:requestID=681, linkhdl:0xf6010b, frameCount=691, timestamp=35145787903750, monoTimestamp=35145787903750
07-11 02:04:26.762 4631 4797 I CamX : [ INFO][CORE ] camxpipeline.cpp:2820 CSLMessageHandler() frameMessage:requestID=681, linkhdl:0xf6010b, frameCount=691, timestamp=35142705397316, monoTimestamp=35142705397316
07-11 02:04:26.763 6988 16850 I audio_hw_utils: audio_extn_utils_update_stream_output_app_type_cfg Allowing 24 and above bits playback on speaker ONLY at default sampling rate
07-11 02:04:26.763 6988 16850 D audio_hw_primary: audio_is_true_native_stream_active:napb: (0) (ultrasound-proximity-output)id (67) sr 96000 bw (16) device voice-handset
07-11 02:04:26.763 6988 16850 D audio_hw_primary: audio_is_true_native_stream_active:napb: (1) (deep-buffer-playback)id (0) sr 48000 bw (16) device speaker
07-11 02:04:26.763 4631 6284 I CamX : [ INFO][CORE ] camxnode.cpp:2628 ProcessRequestIdDone() Node::ZSLPreviewRaw_ChiNodeWrapper5 : 255 ProcessRequestIdDone 680
07-11 02:04:26.763 6988 16850 E soundtrigger: audio_extn_sound_trigger_update_stream_status: invalid input device 0x0, for event 3
07-11 02:04:26.763 6988 16850 D soundtrigger: audio_extn_sound_trigger_update_stream_status: uc_info->id 0 of type 0 for Event 3, with Raise=1
07-11 02:04:26.763 6988 16850 D sound_trigger_hal: sound_trigger_hw_call_back event 3 rx_concurrency_active 0, tx_concurrency_active 2, screen on 1, music on 0
07-11 02:04:26.763 6988 16850 D sound_trigger_hal: pcm_transfer_to_barge_in barge in 0, state 0, force idle 0
07-11 02:04:26.763 6988 16850 D sound_trigger_hal: pcm_transfer_to_barge_in exit barge in 1, state 0, force idle 0
07-11 02:04:26.763 6988 16850 D sound_trigger_hal: sound_trigger_hw_call_back rx_concurrency_active 1, tx_concurrency_active 2, screen on 1, music on 1
07-11 02:04:26.763 6988 16850 D audio_hw_utils: audio_extn_utils_send_app_type_cfg: usecase->out_snd_device speaker
07-11 02:04:26.763 6988 16850 D msm8974_platform: platform_split_snd_device: snd_device(2) num devices(0) new_snd_devices(0)
07-11 02:04:26.763 4631 6284 E CamX : [ERROR][CORE ] camxnode.cpp:2773 GetDataCountFromPipeline() Node::ZSLPreviewRaw_ChiNodeWrapper4 Attempting to get metadata count for tag 805f0004 when unpublished
07-11 02:04:26.763 4631 6284 I CamX : [ INFO][CORE ] camxnode.cpp:2592 ProcessMetadataDone() Node::ZSLPreviewRaw_ChiNodeWrapper4 : Type :255 ProcessMetadataDone 680
07-11 02:04:26.763 4631 4797 D CHIUSECASE: [FULL ] chxadvancedcamerausecase.cpp:8857 GetFeatureFromRequestMapping() Look for feature with current index 168 sessionId 1 requestId 680 pFeature 0x78fa1f0440 type 1
07-11 02:04:26.763 4631 4797 D CHIUSECASE: [FULL ] chxadvancedcamerausecase.cpp:7052 ProcessMessage() ZSL Chi Notify SOF frameNum 691 framework frameNum 680, timestamp 35142705397316
07-11 02:04:26.763 4631 4797 D CHIUSECASE: [FULL ] chxfeaturezsl.cpp:1075 ProcessMessage() FeatureZSL Chi Notify SOF frameNum 691 framework frameNum 680, timestamp 35142705397316
07-11 02:04:26.763 4631 6286 I CamX : [ INFO][CORE ] camxnode.cpp:2628 ProcessRequestIdDone() Node::ZSLPreviewRaw_ChiNodeWrapper4 : 255 ProcessRequestIdDone 680
07-11 02:04:26.764 4631 4797 D CHIUSECASE: [FULL ] chxadvancedcamerausecase.cpp:8857 GetFeatureFromRequestMapping() Look for feature with current index 168 sessionId 1 requestId 680 pFeature 0x78fa1f0440 type 1
07-11 02:04:26.764 4631 4797 D CHIUSECASE: [FULL ] chxadvancedcamerausecase.cpp:7079 ProcessMessage() Shutter notify Realtime ReqId to AppFrameNum: 680 <--> 680
07-11 02:04:26.764 4631 4797 D CHIUSECASE: [FULL ] chxusecase.cpp:1906 ReturnFrameworkMessage() ResultFrame = 680 FrameIdx = 168 type = 2
07-11 02:04:26.764 4631 4797 D CHIUSECASE: [FULL ] chxusecase.cpp:1929 ReturnFrameworkMessage() Override ResultFrame = 680 m_lastAppMessageFrameReceived = 680 m_nextAppMessageFrame=680
07-11 02:04:26.764 4631 4797 D CHIUSECASE: [FULL ] chxusecase.cpp:1936 ReturnFrameworkMessage() frameIndex = 168 messageAvailable = 1
07-11 02:04:26.764 4631 4797 I CamX : [ INFO][HAL ] camxhal3.cpp:1342 notify() type 00000002
07-11 02:04:26.764 4631 6282 I CamX : [ INFO][CORE ] camxnode.cpp:2592 ProcessMetadataDone() Node::ZSLPreviewRaw_ChiNodeWrapper2 : Type :255 ProcessMetadataDone 680
07-11 02:04:26.764 6988 16850 D audio_hw_utils: audio_extn_btsco_get_sample_rate:Not a BT SCO device, need not update sampling rate
07-11 02:04:26.764 6988 16850 I audio_hw_utils: send_app_type_cfg_for_device: change app type from 69936 to 69940
07-11 02:04:26.764 6988 16850 I audio_hw_utils: send_app_type_cfg_for_device PLAYBACK app_type 69940, acdb_dev_id 10011, sample_rate 48000, snd_device_be_idx 43
07-11 02:04:26.764 4631 6285 I CamX : [ INFO][CORE ] camxnode.cpp:2628 ProcessRequestIdDone() Node::ZSLPreviewRaw_ChiNodeWrapper2 : 255 ProcessRequestIdDone 680
07-11 02:04:26.764 4631 6285 I CamX : [ INFO][CORE ] camxpipeline.h:439 NotifyNodePartialMetadataDone() [ZSLPreviewRaw_0] All nodes complete partial metadata with requestId: 680.
07-11 02:04:26.764 4631 6285 I CHIUSECASE: [INFO ] chxadvancedcamerausecase.cpp:6642 ParseResultMetadata() ParseResultMetadata: isValid=0, IHDRTrigger=0
07-11 02:04:26.764 4631 6285 D CHIUSECASE: [FULL ] chxadvancedcamerausecase.cpp:3741 IsFlashRequired() isFlashRequired value 0
07-11 02:04:26.764 4631 4797 I CamX : [ INFO][HAL ] camxhal3.cpp:1351 notify() frame_number 680
07-11 02:04:26.764 4631 4797 I CamX : [ INFO][HAL ] camxhal3.cpp:1352 notify() timestamp 35142673390164
07-11 02:04:26.764 4631 6285 D CHIUSECASE: [FULL ] chxadvancedcamerausecase.cpp:8757 FindFeatureToProcessResult() ProcessResult SessionId 1 frameNum 679 feature type: 1
07-11 02:04:26.764 4631 6285 D CHIUSECASE: [FULL ] chxfeaturezsl.cpp:1517 GetResultFrameInfo() FeatureZSL AppFrameNum: 679 <--> 679
07-11 02:04:26.764 4631 6285 D CHIUSECASE: [FULL ] chxusecase.cpp:2621 CheckIfMetaDataHasBeenSent() CheckIfMetadata for resultFrameIndexChi=167 Sent=0
07-11 02:04:26.764 4631 6285 D CHIUSECASE: [FULL ] chxusecase.cpp:2597 CheckIfPartialDataCanBeSent() CheckIfMetadata for resultFrameIndexChi=167 Sent=1
07-11 02:04:26.765 4631 6285 D CHIUSECASE: [FULL ] chxusecase.cpp:3078 UpdateAppPartialResultMetadataFromDriver() PMD is being created for resultID=167 resultFrameNumber:679
07-11 02:04:26.765 4631 6285 I CHIUSECASE: [VERBOSE] chxmetadata.cpp:2045 GetAndroidFrameworkOutputMetadata() [CMB_DEBUG_AFWO] Get framework output index 0 address 0x78f9f4ad40 sparse 0
07-11 02:04:26.765 4631 6285 D CHIUSECASE: [FULL ] chxadvancedcamerausecase.cpp:5026 ProcessAndReturnPartialMetadataFinishedResults() Frame 679: Returning Partial metadata result 1 for app frame 679 m_nextAppResultFrame=679 m_lastAppRequestFrame=681
07-11 02:04:26.765 4631 6285 I CHIUSECASE: [INFO ] chxusecase.cpp:1776 ReturnFrameworkResult() chiOriginalOverrideFrameNum: 679 frame_number: 679 resultFrameIndexF: 167 FW: 679, Buffer Count: 1 RESULT: 0x78f9f4ad40
07-11 02:04:26.765 4631 6285 D CHIUSECASE: [FULL ] chxusecaseutils.cpp:567 IsQuadCFASensor() i:0, sensor mode:16
07-11 02:04:26.765 4631 6285 D CHIUSECASE: [FULL ] chxusecase.cpp:705 OverrideResultMetaForQCFA() AE region, origin (0, 0, 0, 0) <==> new (0, 0, 0, 0)
07-11 02:04:26.765 4631 6285 D CHIUSECASE: [FULL ] chxusecase.cpp:727 OverrideResultMetaForQCFA() AF region, origin (4208, 3160, 7816, 5928) <==> new (2104, 1580, 3908, 2964)
07-11 02:04:26.765 4631 6285 D CHIUSECASE: [FULL ] chxusecase.cpp:1803 ReturnFrameworkResult() m_numberOfPendingOutputBuffers = 1
