07-11 02:04:26.117 4631 6281 I CamX : [ INFO][CORE ] camxnode.cpp:7635 GetMultiCameraInfo() Node::ZSLPreviewRaw_IFE0 : MultiCamera vendor tags data not available 0x0 -241202476p 0x790a4b2d30
07-11 02:04:26.119 4631 6284 I CamX : [ INFO][CORE ] camxnode.cpp:2592 ProcessMetadataDone() Node::ZSLPreviewRaw_IPE0 : Type :65538 ProcessMetadataDone 661
07-11 02:04:26.120 4631 6281 I CamX : [ INFO][CORE ] camxpipeline.h:517 NotifyNodeConfigDone() [ZSLPreviewRaw_0] All nodes complete stream config with requestId: 664., config done count 664
07-11 02:04:26.120 4631 6281 I CamX : [ INFO][CORE ] camxnode.cpp:2592 ProcessMetadataDone() Node::ZSLPreviewRaw_IFE0 : Type :65536 ProcessMetadataDone 664
07-11 02:04:26.127 4631 6285 I CamX : [ INFO][CORE ] camxnode.cpp:2628 ProcessRequestIdDone() Node::ZSLPreviewRaw_IPE0 : 65538 ProcessRequestIdDone 661
07-11 02:04:26.127 4631 6285 E CamX : [ERROR][CORE ] camxnode.cpp:2773 GetDataCountFromPipeline() Node::ZSLPreviewRaw_ChiNodeWrapper9 Attempting to get metadata count for tag 80b00001 when unpublished
07-11 02:04:26.128 4631 6285 I CamX : [ INFO][CORE ] camxnode.cpp:2592 ProcessMetadataDone() Node::ZSLPreviewRaw_ChiNodeWrapper9 : Type :255 ProcessMetadataDone 661
07-11 02:04:26.128 4631 6287 I CamX : [ INFO][CORE ] camxnode.cpp:2628 ProcessRequestIdDone() Node::ZSLPreviewRaw_ChiNodeWrapper9 : 255 ProcessRequestIdDone 661
07-11 02:04:26.128 4631 6287 E CHIARCSOFTDISTORTIONCORRECTION: ProcessRequest():735 ProcessRequest getCameraRole failed
07-11 02:04:26.128 4631 6287 I CamX : [ INFO][CORE ] camxnode.cpp:2592 ProcessMetadataDone() Node::ZSLPreviewRaw_ChiNodeWrapper7 : Type :255 ProcessMetadataDone 661
07-11 02:04:26.128 4631 6282 I CamX : [ INFO][CORE ] camxnode.cpp:2628 ProcessRequestIdDone() Node::ZSLPreviewRaw_ChiNodeWrapper7 : 255 ProcessRequestIdDone 661
07-11 02:04:26.129 4631 6282 I CamX : [ INFO][CORE ] camxnode.cpp:2592 ProcessMetadataDone() Node::ZSLPreviewRaw_ChiNodeWrapper6 : Type :255 ProcessMetadataDone 661
07-11 02:04:26.129 4631 6281 I CamX : [ INFO][CORE ] camxnode.cpp:2628 ProcessRequestIdDone() Node::ZSLPreviewRaw_ChiNodeWrapper6 : 255 ProcessRequestIdDone 661
07-11 02:04:26.130 4631 6281 I CamX : [ INFO][CORE ] camxnode.cpp:2592 ProcessMetadataDone() Node::ZSLPreviewRaw_ChiNodeWrapper5 : Type :255 ProcessMetadataDone 661
07-11 02:04:26.130 4631 6284 I CamX : [ INFO][CORE ] camxnode.cpp:2628 ProcessRequestIdDone() Node::ZSLPreviewRaw_ChiNodeWrapper5 : 255 ProcessRequestIdDone 661
07-11 02:04:26.130 4631 6284 E CamX : [ERROR][CORE ] camxnode.cpp:2773 GetDataCountFromPipeline() Node::ZSLPreviewRaw_ChiNodeWrapper4 Attempting to get metadata count for tag 805f0004 when unpublished
07-11 02:04:26.130 4631 6284 I CamX : [ INFO][CORE ] camxnode.cpp:2592 ProcessMetadataDone() Node::ZSLPreviewRaw_ChiNodeWrapper4 : Type :255 ProcessMetadataDone 661
07-11 02:04:26.130 4631 6285 I CamX : [ INFO][CORE ] camxnode.cpp:2628 ProcessRequestIdDone() Node::ZSLPreviewRaw_ChiNodeWrapper4 : 255 ProcessRequestIdDone 661
07-11 02:04:26.131 4631 6285 I CamX : [ INFO][CORE ] camxnode.cpp:2592 ProcessMetadataDone() Node::ZSLPreviewRaw_ChiNodeWrapper2 : Type :255 ProcessMetadataDone 661
07-11 02:04:26.131 4631 6286 I CamX : [ INFO][CORE ] camxnode.cpp:2628 ProcessRequestIdDone() Node::ZSLPreviewRaw_ChiNodeWrapper2 : 255 ProcessRequestIdDone 661
07-11 02:04:26.131 4631 6286 I CamX : [ INFO][CORE ] camxpipeline.h:439 NotifyNodePartialMetadataDone() [ZSLPreviewRaw_0] All nodes complete partial metadata with requestId: 661.
07-11 02:04:26.131 4631 6286 I CHIUSECASE: [INFO ] chxadvancedcamerausecase.cpp:6642 ParseResultMetadata() ParseResultMetadata: isValid=0, IHDRTrigger=0
07-11 02:04:26.131 4631 6286 D CHIUSECASE: [FULL ] chxadvancedcamerausecase.cpp:3741 IsFlashRequired() isFlashRequired value 0
07-11 02:04:26.131 4631 6286 D CHIUSECASE: [FULL ] chxadvancedcamerausecase.cpp:8757 FindFeatureToProcessResult() ProcessResult SessionId 1 frameNum 660 feature type: 1
07-11 02:04:26.131 4631 6286 D CHIUSECASE: [FULL ] chxfeaturezsl.cpp:1517 GetResultFrameInfo() FeatureZSL AppFrameNum: 660 <--> 660
07-11 02:04:26.131 4631 6286 D CHIUSECASE: [FULL ] chxusecase.cpp:2621 CheckIfMetaDataHasBeenSent() CheckIfMetadata for resultFrameIndexChi=148 Sent=0
07-11 02:04:26.131 4631 6286 D CHIUSECASE: [FULL ] chxusecase.cpp:2597 CheckIfPartialDataCanBeSent() CheckIfMetadata for resultFrameIndexChi=148 Sent=1
07-11 02:04:26.131 4631 6286 D CHIUSECASE: [FULL ] chxusecase.cpp:3078 UpdateAppPartialResultMetadataFromDriver() PMD is being created for resultID=148 resultFrameNumber:660
07-11 02:04:26.131 4631 6286 I CHIUSECASE: [VERBOSE] chxmetadata.cpp:2045 GetAndroidFrameworkOutputMetadata() [CMB_DEBUG_AFWO] Get framework output index 0 address 0x78f9f4ad40 sparse 0
07-11 02:04:26.131 4631 6286 D CHIUSECASE: [FULL ] chxadvancedcamerausecase.cpp:5026 ProcessAndReturnPartialMetadataFinishedResults() Frame 660: Returning Partial metadata result 1 for app frame 660 m_nextAppResultFrame=660 m_lastAppRequestFrame=665
07-11 02:04:26.131 4631 6286 I CHIUSECASE: [INFO ] chxusecase.cpp:1776 ReturnFrameworkResult() chiOriginalOverrideFrameNum: 660 frame_number: 660 resultFrameIndexF: 148 FW: 660, Buffer Count: 1 RESULT: 0x78f9f4ad40
07-11 02:04:26.131 4631 6286 D CHIUSECASE: [FULL ] chxusecaseutils.cpp:567 IsQuadCFASensor() i:0, sensor mode:16
07-11 02:04:26.131 4631 6286 D CHIUSECASE: [FULL ] chxusecase.cpp:705 OverrideResultMetaForQCFA() AE region, origin (0, 0, 0, 0) <==> new (0, 0, 0, 0)
07-11 02:04:26.131 4631 6286 D CHIUSECASE: [FULL ] chxusecase.cpp:727 OverrideResultMetaForQCFA() AF region, origin (4208, 3160, 7816, 5928) <==> new (2104, 1580, 3908, 2964)
07-11 02:04:26.131 4631 6286 D CHIUSECASE: [FULL ] chxusecase.cpp:1803 ReturnFrameworkResult() m_numberOfPendingOutputBuffers = 1
07-11 02:04:26.131 4631 6286 D CHIUSECASE: [FULL ] chxusecase.cpp:1809 ReturnFrameworkResult() pResult->num_output_buffers 0 pending buffers 1
07-11 02:04:26.131 4631 6286 D CHIUSECASE: [FULL ] chxusecase.cpp:2411 HandleMetadataResultReturn() Sending metadata for [FrameNum=660 and override FrameNum=660] with totalexpectedCount=2 partialResultCount=1
07-11 02:04:26.131 4631 6286 D CHIUSECASE: [FULL ] chxusecase.cpp:2664 SetMetaDataHasBeenSent() Metadata for sender 0 with resultFrameIndexChi=148 Sent=1
07-11 02:04:26.131 4631 6286 I CamX : [ INFO][HAL ] camxhal3.cpp:1289 process_capture_result() frame_number 660
07-11 02:04:26.131 4631 6286 I CamX : [ INFO][HAL ] camxhal3.cpp:1290 process_capture_result() num_output_buffers 0
07-11 02:04:26.131 4631 6286 I CamX : [ INFO][HAL ] camxhal3.cpp:1291 process_capture_result() output_buffers 0x0
07-11 02:04:26.131 4631 6286 I CamX : [ INFO][HAL ] camxhal3.cpp:1308 process_capture_result() input_buffer 0x0
07-11 02:04:26.131 4631 6286 I CamX : [ INFO][HAL ] camxhal3.cpp:1315 process_capture_result() partial_result 1
07-11 02:04:26.131 4631 6286 I CamX : [ INFO][HAL ] camxhal3.cpp:1316 process_capture_result() result 0x78f9f4ad40,cb=0x78fac1f008
07-11 02:04:26.131 4631 6286 I CamX : [ INFO][HAL ] camxhal3.cpp:1318 process_capture_result() num_physcam_metadata 0
07-11 02:04:26.132 4631 6286 D CHIUSECASE: [FULL ] chxutils.cpp:806 ResetMetadata() Metadata entry capacity : 256, data capacity: 262144, metaSize: 266288
07-11 02:04:26.132 4631 6286 I CHIUSECASE: [VERBOSE] chxmetadata.cpp:2080 ReleaseAndroidFrameworkOutputMetadata() [CMB_DEBUG_AFWO] Release framework output index 0
07-11 02:04:26.134 4631 6286 I CamX : [ INFO][CORE ] camxnode.cpp:2592 ProcessMetadataDone() Node::ZSLPreviewRaw_ChiNodeWrapper1 : Type :255 ProcessMetadataDone 661
07-11 02:04:26.134 4631 6286 I CamX : [ INFO][CORE ] camxpipeline.h:403 NotifyNodeMetadataDone() [ZSLPreviewRaw_0] All nodes complete metadata with requestId: 661.
07-11 02:04:26.134 4631 6286 E CamX : [ERROR][META ] camxmetabuffer.cpp:2858 AddReference() Exceeds the max number(150) of clients
07-11 02:04:26.134 4631 6286 I CamX : [ INFO][CORE ] camxpipeline.cpp:2204 ProcessMetadataRequestIdDone() ZSLPreviewRaw_0 Notify metadata for request id 661 and sequenceId 660 timestamp = 35142007098521
07-11 02:04:26.134 4631 6286 I CamX : [ INFO][CORE ] camxsession.cpp:3420 InjectResult() Inject result added metadata in result holder for sequence ID : 660
07-11 02:04:26.134 4631 6285 I CamX : [ INFO][HAL ] camxsession.cpp:2387 ProcessResultMetadata() Finalized metadata result for Sequence ID 660 mapped to framework id 660 pipeline 0 reqId 661
07-11 02:04:26.134 4631 6285 I CamX : [ INFO][CORE ] camxsession.cpp:2626 ProcessResults() Processing Result - SequenceId 660 Framenumber 660 - earlyMetadata 0 metadataReady 1 bufferReady 1 isCancelled 0
07-11 02:04:26.134 4631 6285 I CHIUSECASE: [INFO ] chxadvancedcamerausecase.cpp:6642 ParseResultMetadata() ParseResultMetadata: isValid=0, IHDRTrigger=0
07-11 02:04:26.134 4631 6285 D CHIUSECASE: [FULL ] chxadvancedcamerausecase.cpp:3741 IsFlashRequired() isFlashRequired value 0
07-11 02:04:26.134 4631 6285 D CHIUSECASE: [FULL ] chxadvancedcamerausecase.cpp:8757 FindFeatureToProcessResult() ProcessResult SessionId 1 frameNum 660 feature type: 1
07-11 02:04:26.134 4631 6285 D CHIUSECASE: [FULL ] chxfeaturezsl.cpp:1517 GetResultFrameInfo() FeatureZSL AppFrameNum: 660 <--> 660
07-11 02:04:26.134 4631 6285 I CHIUSECASE: [INFO ] chxfeaturezsl.cpp:814 ProcessResult() Realtime frame 660. Metadata: 0x78f2d85c80 NumBuffers: 1 Timestamp: 35142007098521 Sent: 0
07-11 02:04:26.134 4631 6285 I CHIUSECASE: [VERBOSE] chxmetadata.cpp:1909 ReleaseHolder() [CMB_DEBUG] Release buffer 0 client 0 subclient 0, frameNum 0 refCount 683 handle 0x78f11a5f80 0x78f1073500
07-11 02:04:26.134 4631 6285 I CHIUSECASE: [INFO ] chxutils.cpp:1775 GetFlashFiredState() Utils flashfired state Value 2
07-11 02:04:26.134 4631 6285 I CHIUSECASE: [VERBOSE] chxmetadata.cpp:2045 GetAndroidFrameworkOutputMetadata() [CMB_DEBUG_AFWO] Get framework output index 0 address 0x78f9f4ad40 sparse 0
07-11 02:04:26.134 4631 6284 I CamX : [ INFO][CORE ] camxnode.cpp:2628 ProcessRequestIdDone() Node::ZSLPreviewRaw_ChiNodeWrapper1 : 255 ProcessRequestIdDone 661
07-11 02:04:26.134 4631 6285 D CHIUSECASE: [FULL ] chxusecase.cpp:2621 CheckIfMetaDataHasBeenSent() CheckIfMetadata for resultFrameIndexChi=148 Sent=1
07-11 02:04:26.134 4631 6285 D CHIUSECASE: [FULL ] chxusecase.cpp:2597 CheckIfPartialDataCanBeSent() CheckIfMetadata for resultFrameIndexChi=148 Sent=0
07-11 02:04:26.134 4631 6285 D CHIUSECASE: [FULL ] chxusecase.cpp:3136 UpdateAppResultMetadata() Partial Data has been sent and meta data needs to be filtered for tags=18
07-11 02:04:26.134 4631 6284 I CamX : [ INFO][CORE ] camxpipeline.cpp:3671 NotifyNodeRequestIdDone() All nodes in pipeline ZSLPreviewRaw complete with requestId: 661.
07-11 02:04:26.135 4631 6284 I CamX : [ INFO][CORE ] camxpipeline.cpp:2327 SinkPortFenceSignaled() ZSLPreviewRaw_0 Reporting stream done for stream=0, sequenceId=660, Buffer type=0 handle=0x78f1d8df18
07-11 02:04:26.135 4631 6284 I CamX : [ INFO][CORE ] camxsession.cpp:3482 InjectResult() Inject result added request 660 output buffer in result holder:Stream 0x78f0cd3aa8 Fmt: 34 W: 1920 H: 1080
07-11 02:04:26.135 4631 4797 I CamX : [ INFO][CORE ] camxpipeline.cpp:2820 CSLMessageHandler() frameMessage:requestID=662, linkhdl:0xf6010b, frameCount=672, timestamp=35145154956406, monoTimestamp=35145154956406
07-11 02:04:26.135 4631 4797 I CamX : [ INFO][CORE ] camxpipeline.cpp:2820 CSLMessageHandler() frameMessage:requestID=662, linkhdl:0xf6010b, frameCount=672, timestamp=35142072417393, monoTimestamp=35142072417393
07-11 02:04:26.135 4631 6285 I CHIUSECASE: [INFO ] chxfeaturezsl.cpp:896 ProcessResult() Reserve metadata for frame 660. sessionId 1
07-11 02:04:26.135 4631 6285 I CHIUSECASE: [VERBOSE] chxadvancedcamerausecase.cpp:2709 FillMetadataForRDIQueue() set primary35mmEFL vendor tag, zoom 1.000000 35mmEFL 24.166754
07-11 02:04:26.135 4631 6285 I CHIUSECASE: [VERBOSE] chxmetadata.cpp:1909 ReleaseHolder() [CMB_DEBUG] Release buffer 7 client 3 subclient 0, frameNum 657 refCount 1 handle 0x78fad3db00 0x78f10721c0
07-11 02:04:26.135 4631 6285 I CHIUSECASE: [INFO ] chxadvancedcamerausecase.cpp:2543 UpdateBufferReadyForRDIQueue() validBufferLength:3, framenumber:660, pipeline:1,lastReady:660,firstValid:658,cnt:3
07-11 02:04:26.135 4631 6285 D CHIUSECASE: [FULL ] chxadvancedcamerausecase.cpp:4771 ProcessAndReturnFinishedResults() Frame 660: metadataAvailable: 1, metadataReturn: 1, bufferReturn 0, inBufferReturn 0
07-11 02:04:26.135 4631 6285 D CHIUSECASE: [FULL ] chxadvancedcamerausecase.cpp:4790 ProcessAndReturnFinishedResults() Frame 660: Returning metadata result 2/2 for app frame 660 m_nextAppResultFrame=660 m_lastAppRequestFrame=665
07-11 02:04:26.135 4631 6285 I CHIUSECASE: [INFO ] chxadvancedcamerausecase.cpp:10114 RemosaicInjectReturnResult() [Meta DEBUG] Set xiaomi.remosaic.detected 0
07-11 02:04:26.135 4631 6285 I CHIUSECASE: [INFO ] chxusecase.cpp:1776 ReturnFrameworkResult() chiOriginalOverrideFrameNum: 660 frame_number: 660 resultFrameIndexF: 148 FW: 660, Buffer Count: 1 RESULT: 0x78f9f4ad40
07-11 02:04:26.135 4631 6285 D CHIUSECASE: [FULL ] chxusecaseutils.cpp:567 IsQuadCFASensor() i:0, sensor mode:16
07-11 02:04:26.135 4631 6285 D CHIUSECASE: [FULL ] chxusecase.cpp:683 OverrideResultMetaForQCFA() crop region, origin (0, 0, 12032, 9024) <==> new (0, 0, 6016, 4512)
07-11 02:04:26.135 4631 6285 D CHIUSECASE: [FULL ] chxusecase.cpp:1803 ReturnFrameworkResult() m_numberOfPendingOutputBuffers = 1
07-11 02:04:26.135 4631 6285 D CHIUSECASE: [FULL ] chxusecase.cpp:1809 ReturnFrameworkResult() pResult->num_output_buffers 0 pending buffers 1
07-11 02:04:26.135 4631 6285 D CHIUSECASE: [FULL ] chxusecase.cpp:2411 HandleMetadataResultReturn() Sending metadata for [FrameNum=660 and override FrameNum=660] with totalexpectedCount=2 partialResultCount=2
07-11 02:04:26.135 4631 6285 D CHIUSECASE: [FULL ] chxusecase.cpp:2621 CheckIfMetaDataHasBeenSent() CheckIfMetadata for resultFrameIndexChi=148 Sent=1
07-11 02:04:26.135 4631 6285 D CHIUSECASE: [FULL ] chxusecase.cpp:2664 SetMetaDataHasBeenSent() Metadata for sender 2 with resultFrameIndexChi=148 Sent=1
07-11 02:04:26.135 4631 6285 D CHIUSECASE: [FULL ] chxusecase.cpp:2504 HandleMetadataResultReturn() Partial Result Completed for framenumber=660
07-11 02:04:26.135 4631 6285 I CamX : [ INFO][HAL ] camxhal3.cpp:1289 process_capture_result() frame_number 660
07-11 02:04:26.136 4631 6285 I CamX : [ INFO][HAL ] camxhal3.cpp:1290 process_capture_result() num_output_buffers 0
07-11 02:04:26.136 4631 6285 I CamX : [ INFO][HAL ] camxhal3.cpp:1291 process_capture_result() output_buffers 0x0
07-11 02:04:26.136 4631 6285 I CamX : [ INFO][HAL ] camxhal3.cpp:1308 process_capture_result() input_buffer 0x0
07-11 02:04:26.136 4631 6285 I CamX : [ INFO][HAL ] camxhal3.cpp:1315 process_capture_result() partial_result 2
07-11 02:04:26.136 4631 6285 I CamX : [ INFO][HAL ] camxhal3.cpp:1316 process_capture_result() result 0x78f9f4ad40,cb=0x78fac1f008
07-11 02:04:26.136 4631 6285 I CamX : [ INFO][HAL ] camxhal3.cpp:1318 process_capture_result() num_physcam_metadata 0
07-11 02:04:26.138 4631 6285 D CHIUSECASE: [FULL ] chxutils.cpp:806 ResetMetadata() Metadata entry capacity : 256, data capacity: 262144, metaSize: 266288
07-11 02:04:26.138 4631 6285 I CHIUSECASE: [VERBOSE] chxmetadata.cpp:2080 ReleaseAndroidFrameworkOutputMetadata() [CMB_DEBUG_AFWO] Release framework output index 0
07-11 02:04:26.138 4631 6285 I CamX : [ INFO][CORE ] camxsession.cpp:3719 AdvanceMinExpectedResult() Session 0x78fac279c0: Can't advance because of buffer[0] for sequence Id: 660
07-11 02:04:26.138 4631 6285 I CamX : [ INFO][CORE ] camxsession.cpp:3837 AdvanceMinExpectedResult() Session 0x78fac279c0: Results processed, current queue state: minResultIdExpected = 661, maxResultIdExpected= 665, minSequenceIdExpected: 660, maxSequenceIdExpected: 664, and numResultsPending: 5
07-11 02:04:26.138 4631 4797 D CHIUSECASE: [FULL ] chxadvancedcamerausecase.cpp:8857 GetFeatureFromRequestMapping() Look for feature with current index 149 sessionId 1 requestId 661 pFeature 0x78fa1f0440 type 1
07-11 02:04:26.138 4631 4797 D CHIUSECASE: [FULL ] chxadvancedcamerausecase.cpp:7052 ProcessMessage() ZSL Chi Notify SOF frameNum 672 framework frameNum 661, timestamp 35142072417393
07-11 02:04:26.138 4631 6285 I CamX : [ INFO][CORE ] camxsession.cpp:2626 ProcessResults() Processing Result - SequenceId 660 Framenumber 660 - earlyMetadata 0 metadataReady 0 bufferReady 1 isCancelled 0
07-11 02:04:26.138 4631 4797 D CHIUSECASE: [FULL ] chxfeaturezsl.cpp:1075 ProcessMessage() FeatureZSL Chi Notify SOF frameNum 672 framework frameNum 661, timestamp 35142072417393
07-11 02:04:26.138 4631 6285 D CHIUSECASE: [FULL ] chxadvancedcamerausecase.cpp:8757 FindFeatureToProcessResult() ProcessResult SessionId 1 frameNum 660 feature type: 1
07-11 02:04:26.138 4631 6285 D CHIUSECASE: [FULL ] chxfeaturezsl.cpp:1517 GetResultFrameInfo() FeatureZSL AppFrameNum: 660 <--> 660
07-11 02:04:26.138 4631 6285 I CHIUSECASE: [INFO ] chxfeaturezsl.cpp:814 ProcessResult() Realtime frame 660. Metadata: 0x0 NumBuffers: 1 Timestamp: 35142007098521 Sent: 1
07-11 02:04:26.139 4631 6285 D CHIUSECASE: [FULL ] chxadvancedcamerausecase.cpp:4771 ProcessAndReturnFinishedResults() Frame 660: metadataAvailable: 0, metadataReturn: 0, bufferReturn 1, inBufferReturn 0
07-11 02:04:26.139 4631 6285 D CHIUSECASE: [FULL ] chxusecase.cpp:2639 CheckIfAnyPartialMetaDataHasBeenSent() CheckIfAnyPartialMetaDataHasBeenSent for resultFrameIndexChi=148 Sent=1
07-11 02:04:26.139 4631 6285 D CHIUSECASE: [FULL ] chxadvancedcamerausecase.cpp:4865 ProcessAndReturnFinishedResults() Frame 660: Returning buffer result for 1 output buffers for app frame 660
07-11 02:04:26.139 4631 6285 D CHIUSECASE: [FULL ] chxadvancedcamerausecase.cpp:4872 ProcessAndReturnFinishedResults() Stream 0x78f0cd3aa8, W: 1920, H: 1080
07-11 02:04:26.139 4631 6285 I CHIUSECASE: [INFO ] chxusecase.cpp:1776 ReturnFrameworkResult() chiOriginalOverrideFrameNum: 660 frame_number: 660 resultFrameIndexF: 148 FW: 660, Buffer Count: 1 RESULT: 0x0
07-11 02:04:26.139 4631 6285 D CHIUSECASE: [FULL ] chxusecase.cpp:1803 ReturnFrameworkResult() m_numberOfPendingOutputBuffers = 0
07-11 02:04:26.139 4631 6285 D CHIUSECASE: [FULL ] chxusecase.cpp:1809 ReturnFrameworkResult() pResult->num_output_buffers 1 pending buffers 0
07-11 02:04:26.139 4631 6285 D CHIUSECASE: [FULL ] chxusecase.cpp:1822 ReturnFrameworkResult() pStreamBuffer 0x790bf30600, i 0, j 0 buffer 0x78f1d8df18
07-11 02:04:26.139 4631 6285 I CamX : [ INFO][HAL ] camxhaldevice.cpp:254 ProcessCaptureResult() Returning framework result Frame: 660, Metadata: 0x0, Stream 0x78f0cd3aa8, Fmt: 34 Width: 1920 Height: 1080
07-11 02:04:26.139 4631 6285 I CamX : [ INFO][HAL ] camxhal3.cpp:1289 process_capture_result() frame_number 660
07-11 02:04:26.139 4631 6285 I CamX : [ INFO][HAL ] camxhal3.cpp:1290 process_capture_result() num_output_buffers 1
07-11 02:04:26.139 4631 6285 I CamX : [ INFO][HAL ] camxhal3.cpp:1291 process_capture_result() output_buffers 0x790be5fb00
07-11 02:04:26.139 4631 6285 I CamX : [ INFO][HAL ] camxhal3.cpp:1296 process_capture_result() output_buffers[0] : 0x790be5fb00 - info
07-11 02:04:26.139 4631 6285 I CamX : [ INFO][HAL ] camxhal3.cpp:1297 process_capture_result() buffer : 0x78f1d8df18
07-11 02:04:26.139 4631 6285 I CamX : [ INFO][HAL ] camxhal3.cpp:1298 process_capture_result() status : 00000000
07-11 02:04:26.139 4631 6285 I CamX : [ INFO][HAL ] camxhal3.cpp:1299 process_capture_result() stream : 0x78f0cd3aa8
07-11 02:04:26.139 4631 6285 I CamX : [ INFO][HAL ] camxhal3.cpp:1308 process_capture_result() input_buffer 0x0
07-11 02:04:26.139 4631 6285 I CamX : [ INFO][HAL ] camxhal3.cpp:1315 process_capture_result() partial_result 0
07-11 02:04:26.139 4631 6285 I CamX : [ INFO][HAL ] camxhal3.cpp:1316 process_capture_result() result 0x0,cb=0x78fac1f008
07-11 02:04:26.139 4631 6285 I CamX : [ INFO][HAL ] camxhal3.cpp:1318 process_capture_result() num_physcam_metadata 0
07-11 02:04:26.140 4631 6285 D CHIUSECASE: [FULL ] chxadvancedcamerausecase.cpp:4949 ProcessAndReturnFinishedResults() Advanced next result frame to 661
07-11 02:04:26.140 4631 6285 I CamX : [ INFO][CORE ] camxsession.cpp:3773 AdvanceMinExpectedResult() Session 0x78fac279c0: Results processed for sequenceId: 660
07-11 02:04:26.140 4631 4797 D CHIUSECASE: [FULL ] chxadvancedcamerausecase.cpp:8857 GetFeatureFromRequestMapping() Look for feature with current index 149 sessionId 1 requestId 661 pFeature 0x78fa1f0440 type 1
07-11 02:04:26.140 4631 4797 D CHIUSECASE: [FULL ] chxadvancedcamerausecase.cpp:7079 ProcessMessage() Shutter notify Realtime ReqId to AppFrameNum: 661 <--> 661
07-11 02:04:26.140 4631 4797 D CHIUSECASE: [FULL ] chxusecase.cpp:1906 ReturnFrameworkMessage() ResultFrame = 661 FrameIdx = 149 type = 2
07-11 02:04:26.140 4631 6285 I CamX : [ INFO][CORE ] camxsession.cpp:5559 IsDoneProcessing() Session 0x78fac279c0 is not done processing, Waiting for pipeline: ZSLPreviewRaw:0
07-11 02:04:26.140 4631 4797 D CHIUSECASE: [FULL ] chxusecase.cpp:1929 ReturnFrameworkMessage() Override ResultFrame = 661 m_lastAppMessageFrameReceived = 661 m_nextAppMessageFrame=661
07-11 02:04:26.140 4631 6285 I CamX : [ INFO][CORE ] camxsession.cpp:5610 NotifyProcessingDone() Session 0x78fac279c0 is not done processing, Waiting for m_livePendingRequests
07-11 02:04:26.140 4631 4797 D CHIUSECASE: [FULL ] chxusecase.cpp:1936 ReturnFrameworkMessage() frameIndex = 149 messageAvailable = 1
07-11 02:04:26.140 4631 6285 I CamX : [ INFO][CORE ] camxsession.cpp:3719 AdvanceMinExpectedResult() Session 0x78fac279c0: Can't advance because of buffer[0] for sequence Id: 661
07-11 02:04:26.140 4631 4797 I CamX : [ INFO][HAL ] camxhal3.cpp:1342 notify() type 00000002
07-11 02:04:26.140 4631 6285 I CamX : [ INFO][CORE ] camxsession.cpp:3837 AdvanceMinExpectedResult() Session 0x78fac279c0: Results processed, current queue state: minResultIdExpected = 662, maxResultIdExpected= 665, minSequenceIdExpected: 661, maxSequenceIdExpected: 664, and numResultsPending: 4
07-11 02:04:26.140 4631 4797 I CamX : [ INFO][HAL ] camxhal3.cpp:1351 notify() frame_number 661
07-11 02:04:26.140 4631 6285 I CamX : [ INFO][HAL ] camxsession.cpp:5222 ProcessMetabufferPendingQueue() Pending Queue pipeline ZSLPreviewRaw_0 request 661 old = 658 last 661 delay 3
07-11 02:04:26.140 4631 4797 I CamX : [ INFO][HAL ] camxhal3.cpp:1352 notify() timestamp 35142040410241
07-11 02:04:26.140 4631 6285 E CamX : [ERROR][META ] camxmetabuffer.cpp:2970 ReleaseReference() Cannot find metabuffer 0x78f10721c0 refCnt 681 cur 0x78f1073500
07-11 02:04:26.140 4631 7004 I CamX : [ INFO][CORE ] camxsession.cpp:1864 ProcessCaptureRequest() AttachMetabuffer in pipeline ZSLPreviewRaw_0 InputMetaBuffer 0x78f1073500 OutputMetaBuffer 0x78f10720e0 reqId 666
07-11 02:04:26.140 4631 7004 I CamX : [ INFO][CORE ] camxsession.cpp:2250 ProcessCaptureRequest() Pipeline: ZSLPreviewRaw_0 Added Sequence ID 665 CHI framenumber 665 to request queue and launched job with request id 666
07-11 02:04:26.141 4631 7004 I CamX : [ INFO][HAL ] camxhal3.cpp:1127 process_capture_request() frame_number 666
07-11 02:04:26.141 4631 7004 I CamX : [ INFO][HAL ] camxhal3.cpp:1128 process_capture_request() num_output_buffers 1
07-11 02:04:26.141 4631 7004 I CamX : [ INFO][HAL ] camxhal3.cpp:1129 process_capture_request() output_buffers 0x78f1e10200
07-11 02:04:26.141 4631 7004 I CamX : [ INFO][HAL ] camxhal3.cpp:1134 process_capture_request() output_buffers[0] : 0x78f1e10200 - info
07-11 02:04:26.141 4631 7004 I CamX : [ INFO][HAL ] camxhal3.cpp:1135 process_capture_request() buffer : 0x78f19a0cb8
07-11 02:04:26.141 4631 7004 I CamX : [ INFO][HAL ] camxhal3.cpp:1136 process_capture_request() status : 00000000
07-11 02:04:26.141 4631 7004 I CamX : [ INFO][HAL ] camxhal3.cpp:1137 process_capture_request() stream : 0x78f0cd3aa8
07-11 02:04:26.141 4631 7004 I CamX : [ INFO][HAL ] camxhal3.cpp:1147 process_capture_request() input_buffer 0x0
07-11 02:04:26.141 4631 7004 I CamX : [ INFO][HAL ] camxhal3.cpp:1154 process_capture_request() settings 0x0
07-11 02:04:26.141 4631 7004 I CamX : [ INFO][HAL ] camxhaldevice.cpp:1249 ProcessCaptureRequest() CHIModule: Original framework framenumber 666 contains 1 output buffers
07-11 02:04:26.141 4631 7004 I CHIUSECASE: [INFO ] chxextensionmodule.cpp:2853 OverrideProcessRequest() flush enabled, frame 666 m_aFlushInProgress[0]: 0
07-11 02:04:26.141 4631 7004 D CHIUSECASE: [FULL ] chxusecase.cpp:370 ProcessCaptureRequest() Saving buffer for CHI Frame: 666, requestFrame: 666, NumBuff: 1 resultFrameIndexChi: 154
07-11 02:04:26.141 4631 7004 D CHIUSECASE: [FULL ] chxusecase.cpp:402 ProcessCaptureRequest() SAVING frame: 666 resultFrameIndexChi: 154
07-11 02:04:26.141 4631 7004 D CHIUSECASE: [FULL ] chxadvancedcamerausecase.cpp:6379 ExecuteCaptureRequest() AdvancedCameraUsecase::ExecuteCaptureRequest 666 154
07-11 02:04:26.141 4631 7004 D CHIUSECASE: [FULL ] chxusecase.cpp:2049 UpdateFeatureModeIndex() UpdateFeatureModeIndex E
07-11 02:04:26.141 4631 6285 D CHIUSECASE: [FULL ] chxadvancedcamerausecase.cpp:8857 GetFeatureFromRequestMapping() Look for feature with current index 145 sessionId 1 requestId 657 pFeature 0x78fa1f0440 type 1
07-11 02:04:26.141 4631 7004 D CHIUSECASE: [FULL ] chxfeaturezsl.cpp:337 ExecuteProcessRequest() Featurezsl::ExecuteProcessRequest, frameNum:666, setting:0x0 NumFaces 0 OperationMode 0x0
07-11 02:04:26.141 4631 6285 D CHIUSECASE: [FULL ] chxadvancedcamerausecase.cpp:8857 GetFeatureFromRequestMapping() Look for feature with current index 145 sessionId 1 requestId 657 pFeature 0x78fa1f0440 type 1
07-11 02:04:26.141 4631 7004 I CHIUSECASE: [INFO ] chxfeaturezsl.cpp:522 ExecuteProcessRequest() Featurezsl::ExecuteProcessRequest OperationMode = 0, cameraID = 0
07-11 02:04:26.141 4631 6285 D CHIUSECASE: [FULL ] chxfeaturezsl.cpp:1092 ProcessMessage() FeatureZSL MetaBuffer Done frameNum 657 i/p metadata 0x78f1073500 o/p metadata 0x78f10721c0
07-11 02:04:26.141 4631 7004 I CHIUSECASE: [VERBOSE] chxmetadata.cpp:1774 GetInput() [CMB_DEBUG] Get Buffer index 0 from client 0 subclient 0 frameNumber 666 orig 0 handle 0x78f11a5f80 0x78f1073500
07-11 02:04:26.141 4631 7004 D CHIUSECASE: [FULL ] chxutils.cpp:1972 FillTuningModeDataThirdParty() SensorMode 1
07-11 02:04:26.141 4631 7004 D CHIUSECASE: [FULL ] chxutils.cpp:1926 GetFeature1Mode() Utils Feature1 mode 0
07-11 02:04:26.141 4631 7004 I CHIUSECASE: [INFO ] chxutils.cpp:2005 FillTuningModeDataThirdParty() ThirdParty SensorMode 1, Usecase:0, feature1:0, feature2:17, scene:18, effect:0
07-11 02:04:26.142 4631 7004 D CHIUSECASE: [FULL ] chxfeaturezsl.cpp:605 ExecuteProcessRequest() FeatureZSL Realtime AppFrameNum to ReqId: 666 <--> 666
07-11 02:04:26.142 4631 7004 E CamX : [ERROR][META ] camxmetabuffer.cpp:2810 AddReference() Exceeds the max number(150) of clients 0
07-11 02:04:26.142 4631 7004 I CHIUSECASE: [VERBOSE] chxmetadata.cpp:1774 GetInput() [CMB_DEBUG] Get Buffer index 0 from client 0 subclient 0 frameNumber 666 orig 0 handle 0x78f11a5f80 0x78f1073500
07-11 02:04:26.142 4631 7004 I CHIUSECASE: [VERBOSE] chxmetadata.cpp:1583 GetFreeHolder() [CMB_DEBUG] Zero ref 7 from client 3 subclient 0 frameNumber 657 handle 0x78fad3db00 0x78f10721c0
07-11 02:04:26.142 4631 7004 I CHIUSECASE: [VERBOSE] chxmetadata.cpp:1663 GetFreeHolder() [CMB_DEBUG] Get Buffer index 7 from client 3 subclient 0 frameNumber 666 handle 0x78fad3db00 0x78f10721c0
07-11 02:04:26.142 4631 7004 D CHIUSECASE: [FULL ] chxadvancedcamerausecase.cpp:8832 SetRequestToFeatureMapping() Current index 154 RequestCount 666 sessionId 1 requestId 666 pFeature 0x78fa1f0440 type 1
07-11 02:04:26.142 4631 7004 I CHIUSECASE: [INFO ] chxusecase.cpp:3282 SubmitRequest() logicCamera: 0
07-11 02:04:26.142 4631 7004 I CHIUSECASE: [INFO ] chxextensionmodule.cpp:3748 SubmitRequest() logicCamera: 0
07-11 02:04:26.142 4631 6285 I CamX : [ INFO][CORE ] camxsession.cpp:2786 ProcessRequest() ZSLPreviewRaw_0: Sequence ID 665 assigned for frameworkframeNumber 665, RequestId: 666 and m_requestQueueDepth 8
07-11 02:04:26.142 4631 6285 I CamX : [ INFO][CORE ] camxpipeline.cpp:906 OpenRequest() pipeline[0] CSLOpenRequest for CSLSyncID: 666, requestId: 666 with syncmode:FALSE
07-11 02:04:26.142 4631 6284 I CamX : [ INFO][CORE ] camxnode.cpp:2592 ProcessMetadataDone() Node::ZSLPreviewRaw_FDExtManager0 : Type :22 ProcessMetadataDone 662
07-11 02:04:26.142 4631 6285 I CamX : [ INFO][CORE ] camxsession.cpp:3008 ProcessRequest() pipeline[0] OpenRequest called for request id = 666 withCSLSyncID 666
07-11 02:04:26.142 4631 6284 E CamX : [ERROR][SW_PROC] camxswprocess_tonemap.cpp:305 SWProcessApplyFixedGTM() Applying Fixed GTM, width: 0, height: 640, stride: 360, gamma: 1.100000, gain: 1.000000
07-11 02:04:26.142 4631 6285 I CamX : [ INFO][CORE ] camxnode.cpp:2592 ProcessMetadataDone() Node::ZSLPreviewRaw_ChiNodeWrapper0 : Type :255 ProcessMetadataDone 666
07-11 02:04:26.142 4631 6285 I CamX : [ INFO][CORE ] camxnode.cpp:2628 ProcessRequestIdDone() Node::ZSLPreviewRaw_ChiNodeWrapper0 : 255 ProcessRequestIdDone 666
07-11 02:04:26.143 4631 6285 I CamX : [ INFO][CORE ] camxnode.cpp:5575 SetupRequestOutputPortFence() CreatePrivateFence...Node: fa9f6980, Node::ZSLPreviewRaw_ChiNodeWrapper2, fence: f052d8e0(69), ImgBuf:0x0 reqId:666 result: 0
07-11 02:04:26.143 4631 6285 I CamX : [ INFO][CORE ] camxnode.cpp:5575 SetupRequestOutputPortFence() CreatePrivateFence...Node: faa11d40, Node::ZSLPreviewRaw_ChiNodeWrapper4, fence: f052dee0(71), ImgBuf:0x0 reqId:666 result: 0
07-11 02:04:26.143 4631 6285 I CamX : [ INFO][CORE ] camxnode.cpp:5575 SetupRequestOutputPortFence() CreatePrivateFence...Node: faa2cf00, Node::ZSLPreviewRaw_ChiNodeWrapper5, fence: f052e4e0(74), ImgBuf:0x0 reqId:666 result: 0
07-11 02:04:26.143 4631 6285 I CamX : [ INFO][CORE ] camxnode.cpp:5575 SetupRequestOutputPortFence() CreatePrivateFence...Node: faa47d40, Node::ZSLPreviewRaw_ChiNodeWrapper6, fence: f052eae0(81), ImgBuf:0x0 reqId:666 result: 0
07-11 02:04:26.143 4631 6285 I CamX : [ INFO][CORE ] camxnode.cpp:5575 SetupRequestOutputPortFence() CreatePrivateFence...Node: faa62a80, Node::ZSLPreviewRaw_ChiNodeWrapper7, fence: f05b40e0(105), ImgBuf:0x0 reqId:666 result: 0
07-11 02:04:26.143 4631 6285 I CamX : [ INFO][CORE ] camxnode.cpp:5575 SetupRequestOutputPortFence() CreatePrivateFence...Node: faa7d300, Node::ZSLPreviewRaw_ChiNodeWrapper9, fence: f05b49e0(136), ImgBuf:0x0 reqId:666 result: 0
07-11 02:04:26.144 4631 6286 I CamX : [ INFO][CORE ] camxnode.cpp:7635 GetMultiCameraInfo() Node::ZSLPreviewRaw_FDExtManager0 : MultiCamera vendor tags data not available 0x0 -241202476p 0x7909fc7f20
07-11 02:04:26.144 4631 6282 I CamX : [ INFO][CORE ] camxnode.cpp:2628 ProcessRequestIdDone() Node::ZSLPreviewRaw_FDExtManager0 : 22 ProcessRequestIdDone 662
07-11 02:04:26.146 4631 6284 I CamX : [ INFO][CORE ] camxpipeline.cpp:2327 SinkPortFenceSignaled() ZSLPreviewRaw_0 Reporting stream done for stream=3, sequenceId=661, Buffer type=2 handle=0x78f1e5c900
07-11 02:04:26.146 4631 6284 I CamX : [ INFO][CORE ] camxsession.cpp:3482 InjectResult() Inject result added request 661 output buffer in result holder:Stream 0x7919a691e0 Fmt: 37 W: 6016 H: 4512
07-11 02:04:26.146 4631 6284 I CamX : [ INFO][CORE ] camxnode.cpp:2628 ProcessRequestIdDone() Node::ZSLPreviewRaw_IFE0 : 65536 ProcessRequestIdDone 662
07-11 02:04:26.146 4631 6282 I CamX : [ INFO][CORE ] camxnode.cpp:2592 ProcessMetadataDone() Node::ZSLPreviewRaw_LRME0 : Type :65541 ProcessMetadataDone 662
07-11 02:04:26.147 4631 6286 I CamX : [ INFO][CORE ] camxnode.cpp:2592 ProcessMetadataDone() Node::ZSLPreviewRaw_StatsParse0 : Type :9 ProcessMetadataDone 665
07-11 02:04:26.147 4631 6286 I CamX : [ INFO][CORE ] camxnode.cpp:2628 ProcessRequestIdDone() Node::ZSLPreviewRaw_StatsParse0 : 9 ProcessRequestIdDone 665
07-11 02:04:26.147 4631 6284 I CamX : [ INFO][CORE ] camxnode.cpp:2592 ProcessMetadataDone() Node::ZSLPreviewRaw_AWB0 : Type :12 ProcessMetadataDone 665
07-11 02:04:26.147 4631 6284 I CamX : [ INFO][CORE ] camxnode.cpp:2628 ProcessRequestIdDone() Node::ZSLPreviewRaw_AWB0 : 12 ProcessRequestIdDone 665
07-11 02:04:26.147 4631 6286 I CamX : [ INFO][CORE ] camxnode.cpp:7635 GetMultiCameraInfo() Node::ZSLPreviewRaw_IPE0 : MultiCamera vendor tags data not available 0x0 -241202476p 0x7909fc1a80
07-11 02:04:26.148 4631 6285 I CamX : [ INFO][CORE ] camxsession.cpp:3719 AdvanceMinExpectedResult() Session 0x78fac279c0: Can't advance because of buffer[0] for sequence Id: 661
07-11 02:04:26.148 4631 6285 I CamX : [ INFO][CORE ] camxsession.cpp:3837 AdvanceMinExpectedResult() Session 0x78fac279c0: Results processed, current queue state: minResultIdExpected = 662, maxResultIdExpected= 666, minSequenceIdExpected: 661, maxSequenceIdExpected: 665, and numResultsPending: 5
07-11 02:04:26.148 4631 6284 I CamX : [ INFO][CORE ] camxnode.cpp:2628 ProcessRequestIdDone() Node::ZSLPreviewRaw_LRME0 : 65541 ProcessRequestIdDone 662
07-11 02:04:26.148 4631 6284 I CamX : [ INFO][CORE ] camxnode.cpp:2592 ProcessMetadataDone() Node::ZSLPreviewRaw_RANSAC0 : Type :65542 ProcessMetadataDone 662
07-11 02:04:26.148 4631 6284 I CamX : [ INFO][CORE ] camxnode.cpp:2628 ProcessRequestIdDone() Node::ZSLPreviewRaw_RANSAC0 : 65542 ProcessRequestIdDone 662
07-11 02:04:26.148 4631 6285 I CamX : [ INFO][CORE ] camxnode.cpp:7635 GetMultiCameraInfo() Node::ZSLPreviewRaw_IPE0 : MultiCamera vendor tags data not available 0x0 -241202476p 0x790a0beb40
07-11 02:04:26.148 4631 6287 I CamX : [ INFO][CORE ] camxnode.cpp:2986 GetDataListFromMetadataPool() Usecase Property 50000015 Node::PropertyIDUsecaseChiTuningModeParameter Not Published for Request 665 ZSLPreviewRaw_AutoFocus0
07-11 02:04:26.148 4631 6285 I CamX : [ INFO][CORE ] camxnode.cpp:2947 GetDataListFromMetadataPool() Main Property 30000018 Node::PropertyIDFOVCFrameInfo Not Published for Request 662 ZSLPreviewRaw_IPE0
07-11 02:04:26.150 4631 6281 I CamX : [ INFO][CORE ] camxpipeline.cpp:2183 ProcessMetadataRequestIdDone() SensorTimestamp not yet published for 665
07-11 02:04:26.150 4631 6281 I CamX : [ INFO][CORE ] camxpipeline.cpp:2204 ProcessMetadataRequestIdDone() ZSLPreviewRaw_0 Notify early metadata for request id 665 and sequenceId 664 timestamp = 35142109511596
07-11 02:04:26.150 4631 6281 I CamX : [ INFO][HAL ] camxsession.cpp:3432 InjectResult() Inject result added early metadata in result holder for sequence ID : 664
07-11 02:04:26.150 4631 6287 I CamX : [ INFO][CORE ] camxsession.cpp:3719 AdvanceMinExpectedResult() Session 0x78fac279c0: Can't advance because of buffer[0] for sequence Id: 661
07-11 02:04:26.150 4631 6287 I CamX : [ INFO][CORE ] camxsession.cpp:3837 AdvanceMinExpectedResult() Session 0x78fac279c0: Results processed, current queue state: minResultIdExpected = 662, maxResultIdExpected= 666, minSequenceIdExpected: 661, maxSequenceIdExpected: 665, and numResultsPending: 5
07-11 02:04:26.150 4631 6284 I CamX : [ INFO][CORE ] camxnode.cpp:2592 ProcessMetadataDone() Node::ZSLPreviewRaw_Sensor0 : Type :0 ProcessMetadataDone 665
07-11 02:04:26.150 4631 6284 I CamX : [ INFO][CORE ] camxnode.cpp:2628 ProcessRequestIdDone() Node::ZSLPreviewRaw_Sensor0 : 0 ProcessRequestIdDone 665
07-11 02:04:26.151 4631 6286 I CamX : [ INFO][CORE ] camxnode.cpp:2592 ProcessMetadataDone() Node::ZSLPreviewRaw_AutoFocus0 : Type :5 ProcessMetadataDone 665
07-11 02:04:26.151 4631 6286 I CamX : [ INFO][CORE ] camxnode.cpp:2628 ProcessRequestIdDone() Node::ZSLPreviewRaw_AutoFocus0 : 5 ProcessRequestIdDone 665
07-11 02:04:26.151 4631 6281 I CamX : [ INFO][CORE ] camxnode.cpp:2592 ProcessMetadataDone() Node::ZSLPreviewRaw_Stats0 : Type :1 ProcessMetadataDone 665
07-11 02:04:26.151 4631 6281 I CamX : [ INFO][CORE ] camxnode.cpp:2628 ProcessRequestIdDone() Node::ZSLPreviewRaw_Stats0 : 1 ProcessRequestIdDone 665
07-11 02:04:26.151 4631 6287 I CamX : [ INFO][CORE ] camxnode.cpp:7635 GetMultiCameraInfo() Node::ZSLPreviewRaw_IFE0 : MultiCamera vendor tags data not available 0x0 -241202476p 0x7909ec4d30
07-11 02:04:26.151 4631 6285 I CamX : [ INFO][CORE ] camxnode.cpp:2592 ProcessMetadataDone() Node::ZSLPreviewRaw_IPE0 : Type :65538 ProcessMetadataDone 662
07-11 02:04:26.154 4631 6287 I CamX : [ INFO][CORE ] camxpipeline.h:517 NotifyNodeConfigDone() [ZSLPreviewRaw_0] All nodes complete stream config with requestId: 665., config done count 665
07-11 02:04:26.155 4631 6287 I CamX : [ INFO][CORE ] camxnode.cpp:2592 ProcessMetadataDone() Node::ZSLPreviewRaw_IFE0 : Type :65536 ProcessMetadataDone 665
07-11 02:04:26.160 4631 6284 I CamX : [ INFO][CORE ] camxnode.cpp:2628 ProcessRequestIdDone() Node::ZSLPreviewRaw_IPE0 : 65538 ProcessRequestIdDone 662
07-11 02:04:26.160 4631 6284 E CamX : [ERROR][CORE ] camxnode.cpp:2773 GetDataCountFromPipeline() Node::ZSLPreviewRaw_ChiNodeWrapper9 Attempting to get metadata count for tag 80b00001 when unpublished
07-11 02:04:26.160 4631 6284 I CamX : [ INFO][CORE ] camxnode.cpp:2592 ProcessMetadataDone() Node::ZSLPreviewRaw_ChiNodeWrapper9 : Type :255 ProcessMetadataDone 662
07-11 02:04:26.161 4631 6282 I CamX : [ INFO][CORE ] camxnode.cpp:2628 ProcessRequestIdDone() Node::ZSLPreviewRaw_ChiNodeWrapper9 : 255 ProcessRequestIdDone 662
07-11 02:04:26.161 4631 6282 E CHIARCSOFTDISTORTIONCORRECTION: ProcessRequest():735 ProcessRequest getCameraRole failed
07-11 02:04:26.161 4631 6282 I CamX : [ INFO][CORE ] camxnode.cpp:2592 ProcessMetadataDone() Node::ZSLPreviewRaw_ChiNodeWrapper7 : Type :255 ProcessMetadataDone 662
07-11 02:04:26.161 4631 6286 I CamX : [ INFO][CORE ] camxnode.cpp:2628 ProcessRequestIdDone() Node::ZSLPreviewRaw_ChiNodeWrapper7 : 255 ProcessRequestIdDone 662
07-11 02:04:26.161 4631 6286 I CamX : [ INFO][CORE ] camxnode.cpp:2592 ProcessMetadataDone() Node::ZSLPreviewRaw_ChiNodeWrapper6 : Type :255 ProcessMetadataDone 662
07-11 02:04:26.161 4631 6287 I CamX : [ INFO][CORE ] camxnode.cpp:2628 ProcessRequestIdDone() Node::ZSLPreviewRaw_ChiNodeWrapper6 : 255 ProcessRequestIdDone 662
07-11 02:04:26.162 4631 6287 I CamX : [ INFO][CORE ] camxnode.cpp:2592 ProcessMetadataDone() Node::ZSLPreviewRaw_ChiNodeWrapper5 : Type :255 ProcessMetadataDone 662
07-11 02:04:26.162 4631 6286 I CamX : [ INFO][CORE ] camxnode.cpp:2628 ProcessRequestIdDone() Node::ZSLPreviewRaw_ChiNodeWrapper5 : 255 ProcessRequestIdDone 662
07-11 02:04:26.162 4631 6286 E CamX : [ERROR][CORE ] camxnode.cpp:2773 GetDataCountFromPipeline() Node::ZSLPreviewRaw_ChiNodeWrapper4 Attempting to get metadata count for tag 805f0004 when unpublished
07-11 02:04:26.163 4631 6286 I CamX : [ INFO][CORE ] camxnode.cpp:2592 ProcessMetadataDone() Node::ZSLPreviewRaw_ChiNodeWrapper4 : Type :255 ProcessMetadataDone 662
07-11 02:04:26.163 4631 4797 I CamX : [ INFO][CORE ] camxpipeline.cpp:2820 CSLMessageHandler() frameMessage:requestID=663, linkhdl:0xf6010b, frameCount=673, timestamp=35145188269427, monoTimestamp=35145188269427
07-11 02:04:26.163 4631 4797 I CamX : [ INFO][CORE ] camxpipeline.cpp:2820 CSLMessageHandler() frameMessage:requestID=663, linkhdl:0xf6010b, frameCount=673, timestamp=35142105736769, monoTimestamp=35142105736769
07-11 02:04:26.163 4631 4797 D CHIUSECASE: [FULL ] chxadvancedcamerausecase.cpp:8857 GetFeatureFromRequestMapping() Look for feature with current index 150 sessionId 1 requestId 662 pFeature 0x78fa1f0440 type 1
07-11 02:04:26.163 4631 6281 I CamX : [ INFO][CORE ] camxnode.cpp:2628 ProcessRequestIdDone() Node::ZSLPreviewRaw_ChiNodeWrapper4 : 255 ProcessRequestIdDone 662
07-11 02:04:26.163 4631 4797 D CHIUSECASE: [FULL ] chxadvancedcamerausecase.cpp:7052 ProcessMessage() ZSL Chi Notify SOF frameNum 673 framework frameNum 662, timestamp 35142105736769
07-11 02:04:26.163 4631 4797 D CHIUSECASE: [FULL ] chxfeaturezsl.cpp:1075 ProcessMessage() FeatureZSL Chi Notify SOF frameNum 673 framework frameNum 662, timestamp 35142105736769
07-11 02:04:26.163 4631 4797 D CHIUSECASE: [FULL ] chxadvancedcamerausecase.cpp:8857 GetFeatureFromRequestMapping() Look for feature with current index 150 sessionId 1 requestId 662 pFeature 0x78fa1f0440 type 1
07-11 02:04:26.163 4631 4797 D CHIUSECASE: [FULL ] chxadvancedcamerausecase.cpp:7079 ProcessMessage() Shutter notify Realtime ReqId to AppFrameNum: 662 <--> 662
07-11 02:04:26.163 4631 4797 D CHIUSECASE: [FULL ] chxusecase.cpp:1906 ReturnFrameworkMessage() ResultFrame = 662 FrameIdx = 150 type = 2
07-11 02:04:26.163 4631 4797 D CHIUSECASE: [FULL ] chxusecase.cpp:1929 ReturnFrameworkMessage() Override ResultFrame = 662 m_lastAppMessageFrameReceived = 662 m_nextAppMessageFrame=662
07-11 02:04:26.163 4631 4797 D CHIUSECASE: [FULL ] chxusecase.cpp:1936 ReturnFrameworkMessage() frameIndex = 150 messageAvailable = 1
07-11 02:04:26.163 4631 4797 I CamX : [ INFO][HAL ] camxhal3.cpp:1342 notify() type 00000002
07-11 02:04:26.163 4631 4797 I CamX : [ INFO][HAL ] camxhal3.cpp:1351 notify() frame_number 662
07-11 02:04:26.163 4631 6281 I CamX : [ INFO][CORE ] camxnode.cpp:2592 ProcessMetadataDone() Node::ZSLPreviewRaw_ChiNodeWrapper2 : Type :255 ProcessMetadataDone 662
07-11 02:04:26.163 4631 4797 I CamX : [ INFO][HAL ] camxhal3.cpp:1352 notify() timestamp 35142073729617
07-11 02:04:26.167 4631 6287 I CamX : [ INFO][CORE ] camxnode.cpp:2628 ProcessRequestIdDone() Node::ZSLPreviewRaw_ChiNodeWrapper2 : 255 ProcessRequestIdDone 662
07-11 02:04:26.167 4631 6287 I CamX : [ INFO][CORE ] camxpipeline.h:439 NotifyNodePartialMetadataDone() [ZSLPreviewRaw_0] All nodes complete partial metadata with requestId: 662.
07-11 02:04:26.167 4631 6287 I CHIUSECASE: [INFO ] chxadvancedcamerausecase.cpp:6642 ParseResultMetadata() ParseResultMetadata: isValid=0, IHDRTrigger=0
07-11 02:04:26.167 4631 6287 D CHIUSECASE: [FULL ] chxadvancedcamerausecase.cpp:3741 IsFlashRequired() isFlashRequired value 0
07-11 02:04:26.167 4631 6287 D CHIUSECASE: [FULL ] chxadvancedcamerausecase.cpp:8757 FindFeatureToProcessResult() ProcessResult SessionId 1 frameNum 661 feature type: 1
07-11 02:04:26.168 4631 6287 D CHIUSECASE: [FULL ] chxfeaturezsl.cpp:1517 GetResultFrameInfo() FeatureZSL AppFrameNum: 661 <--> 661
07-11 02:04:26.168 4631 6287 D CHIUSECASE: [FULL ] chxusecase.cpp:2621 CheckIfMetaDataHasBeenSent() CheckIfMetadata for resultFrameIndexChi=149 Sent=0
07-11 02:04:26.168 4631 6287 D CHIUSECASE: [FULL ] chxusecase.cpp:2597 CheckIfPartialDataCanBeSent() CheckIfMetadata for resultFrameIndexChi=149 Sent=1
07-11 02:04:26.168 4631 6287 D CHIUSECASE: [FULL ] chxusecase.cpp:3078 UpdateAppPartialResultMetadataFromDriver() PMD is being created for resultID=149 resultFrameNumber:661
07-11 02:04:26.168 4631 6287 I CHIUSECASE: [VERBOSE] chxmetadata.cpp:2045 GetAndroidFrameworkOutputMetadata() [CMB_DEBUG_AFWO] Get framework output index 0 address 0x78f9f4ad40 sparse 0
07-11 02:04:26.168 4631 6287 D CHIUSECASE: [FULL ] chxadvancedcamerausecase.cpp:5026 ProcessAndReturnPartialMetadataFinishedResults() Frame 661: Returning Partial metadata result 1 for app frame 661 m_nextAppResultFrame=661 m_lastAppRequestFrame=666
07-11 02:04:26.168 4631 6287 I CHIUSECASE: [INFO ] chxusecase.cpp:1776 ReturnFrameworkResult() chiOriginalOverrideFrameNum: 661 frame_number: 661 resultFrameIndexF: 149 FW: 661, Buffer Count: 1 RESULT: 0x78f9f4ad40
07-11 02:04:26.168 4631 6287 D CHIUSECASE: [FULL ] chxusecaseutils.cpp:567 IsQuadCFASensor() i:0, sensor mode:16
07-11 02:04:26.168 4631 6287 D CHIUSECASE: [FULL ] chxusecase.cpp:705 OverrideResultMetaForQCFA() AE region, origin (0, 0, 0, 0) <==> new (0, 0, 0, 0)
07-11 02:04:26.168 4631 6287 D CHIUSECASE: [FULL ] chxusecase.cpp:727 OverrideResultMetaForQCFA() AF region, origin (4208, 3160, 7816, 5928) <==> new (2104, 1580, 3908, 2964)
07-11 02:04:26.168 4631 6287 D CHIUSECASE: [FULL ] chxusecase.cpp:1803 ReturnFrameworkResult() m_numberOfPendingOutputBuffers = 1
07-11 02:04:26.168 4631 6287 D CHIUSECASE: [FULL ] chxusecase.cpp:1809 ReturnFrameworkResult() pResult->num_output_buffers 0 pending buffers 1
07-11 02:04:26.168 4631 6287 D CHIUSECASE: [FULL ] chxusecase.cpp:2411 HandleMetadataResultReturn() Sending metadata for [FrameNum=661 and override FrameNum=661] with totalexpectedCount=2 partialResultCount=1
07-11 02:04:26.168 4631 6287 D CHIUSECASE: [FULL ] chxusecase.cpp:2664 SetMetaDataHasBeenSent() Metadata for sender 0 with resultFrameIndexChi=149 Sent=1
07-11 02:04:26.168 4631 6287 I CamX : [ INFO][HAL ] camxhal3.cpp:1289 process_capture_result() frame_number 661
07-11 02:04:26.168 4631 6287 I CamX : [ INFO][HAL ] camxhal3.cpp:1290 process_capture_result() num_output_buffers 0
07-11 02:04:26.168 4631 6287 I CamX : [ INFO][HAL ] camxhal3.cpp:1291 process_capture_result() output_buffers 0x0
07-11 02:04:26.168 4631 6287 I CamX : [ INFO][HAL ] camxhal3.cpp:1308 process_capture_result() input_buffer 0x0
07-11 02:04:26.168 4631 6287 I CamX : [ INFO][HAL ] camxhal3.cpp:1315 process_capture_result() partial_result 1
07-11 02:04:26.168 4631 6287 I CamX : [ INFO][HAL ] camxhal3.cpp:1316 process_capture_result() result 0x78f9f4ad40,cb=0x78fac1f008
07-11 02:04:26.168 4631 6287 I CamX : [ INFO][HAL ] camxhal3.cpp:1318 process_capture_result() num_physcam_metadata 0
07-11 02:04:26.168 4631 6287 D CHIUSECASE: [FULL ] chxutils.cpp:806 ResetMetadata() Metadata entry capacity : 256, data capacity: 262144, metaSize: 266288
07-11 02:04:26.168 4631 6287 I CHIUSECASE: [VERBOSE] chxmetadata.cpp:2080 ReleaseAndroidFrameworkOutputMetadata() [CMB_DEBUG_AFWO] Release framework output index 0
07-11 02:04:26.170 4631 6287 I CamX : [ INFO][CORE ] camxnode.cpp:2592 ProcessMetadataDone() Node::ZSLPreviewRaw_ChiNodeWrapper1 : Type :255 ProcessMetadataDone 662
07-11 02:04:26.171 4631 6287 I CamX : [ INFO][CORE ] camxpipeline.h:403 NotifyNodeMetadataDone() [ZSLPreviewRaw_0] All nodes complete metadata with requestId: 662.
07-11 02:04:26.171 4631 6287 E CamX : [ERROR][META ] camxmetabuffer.cpp:2858 AddReference() Exceeds the max number(150) of clients
07-11 02:04:26.171 4631 6287 I CamX : [ INFO][CORE ] camxpipeline.cpp:2204 ProcessMetadataRequestIdDone() ZSLPreviewRaw_0 Notify metadata for request id 662 and sequenceId 661 timestamp = 35142040410241
07-11 02:04:26.171 4631 6287 I CamX : [ INFO][CORE ] camxsession.cpp:3420 InjectResult() Inject result added metadata in result holder for sequence ID : 661
07-11 02:04:26.171 4631 6286 I CamX : [ INFO][HAL ] camxsession.cpp:2387 ProcessResultMetadata() Finalized metadata result for Sequence ID 661 mapped to framework id 661 pipeline 0 reqId 662
07-11 02:04:26.171 4631 6286 I CamX : [ INFO][CORE ] camxsession.cpp:2626 ProcessResults() Processing Result - SequenceId 661 Framenumber 661 - earlyMetadata 0 metadataReady 1 bufferReady 1 isCancelled 0
07-11 02:04:26.171 4631 6286 I CHIUSECASE: [INFO ] chxadvancedcamerausecase.cpp:6642 ParseResultMetadata() ParseResultMetadata: isValid=0, IHDRTrigger=0
07-11 02:04:26.171 4631 6286 D CHIUSECASE: [FULL ] chxadvancedcamerausecase.cpp:3741 IsFlashRequired() isFlashRequired value 0
07-11 02:04:26.171 4631 6286 D CHIUSECASE: [FULL ] chxadvancedcamerausecase.cpp:8757 FindFeatureToProcessResult() ProcessResult SessionId 1 frameNum 661 feature type: 1
07-11 02:04:26.171 4631 6286 D CHIUSECASE: [FULL ] chxfeaturezsl.cpp:1517 GetResultFrameInfo() FeatureZSL AppFrameNum: 661 <--> 661
07-11 02:04:26.171 4631 6286 I CHIUSECASE: [INFO ] chxfeaturezsl.cpp:814 ProcessResult() Realtime frame 661. Metadata: 0x78f2d85d60 NumBuffers: 1 Timestamp: 35142040410241 Sent: 0
07-11 02:04:26.171 4631 6286 I CHIUSECASE: [VERBOSE] chxmetadata.cpp:1909 ReleaseHolder() [CMB_DEBUG] Release buffer 0 client 0 subclient 0, frameNum 0 refCount 684 handle 0x78f11a5f80 0x78f1073500
07-11 02:04:26.171 4631 6286 I CHIUSECASE: [INFO ] chxutils.cpp:1775 GetFlashFiredState() Utils flashfired state Value 2
07-11 02:04:26.171 4631 6286 I CHIUSECASE: [VERBOSE] chxmetadata.cpp:2045 GetAndroidFrameworkOutputMetadata() [CMB_DEBUG_AFWO] Get framework output index 0 address 0x78f9f4ad40 sparse 0
07-11 02:04:26.171 4631 6286 D CHIUSECASE: [FULL ] chxusecase.cpp:2621 CheckIfMetaDataHasBeenSent() CheckIfMetadata for resultFrameIndexChi=149 Sent=1
07-11 02:04:26.171 4631 6286 D CHIUSECASE: [FULL ] chxusecase.cpp:2597 CheckIfPartialDataCanBeSent() CheckIfMetadata for resultFrameIndexChi=149 Sent=0
07-11 02:04:26.171 4631 6286 D CHIUSECASE: [FULL ] chxusecase.cpp:3136 UpdateAppResultMetadata() Partial Data has been sent and meta data needs to be filtered for tags=18
07-11 02:04:26.172 4631 6286 I CHIUSECASE: [INFO ] chxfeaturezsl.cpp:896 ProcessResult() Reserve metadata for frame 661. sessionId 1
07-11 02:04:26.172 4631 6286 I CHIUSECASE: [VERBOSE] chxadvancedcamerausecase.cpp:2709 FillMetadataForRDIQueue() set primary35mmEFL vendor tag, zoom 1.000000 35mmEFL 24.166754
07-11 02:04:26.172 4631 6286 I CHIUSECASE: [VERBOSE] chxmetadata.cpp:1909 ReleaseHolder() [CMB_DEBUG] Release buffer 8 client 3 subclient 0, frameNum 658 refCount 1 handle 0x78fad3dd80 0x78f10722a0
07-11 02:04:26.172 4631 6286 I CHIUSECASE: [INFO ] chxadvancedcamerausecase.cpp:2543 UpdateBufferReadyForRDIQueue() validBufferLength:3, framenumber:661, pipeline:1,lastReady:661,firstValid:659,cnt:3
07-11 02:04:26.172 4631 6286 D CHIUSECASE: [FULL ] chxadvancedcamerausecase.cpp:4771 ProcessAndReturnFinishedResults() Frame 661: metadataAvailable: 1, metadataReturn: 1, bufferReturn 0, inBufferReturn 0
07-11 02:04:26.172 4631 6286 D CHIUSECASE: [FULL ] chxadvancedcamerausecase.cpp:4790 ProcessAndReturnFinishedResults() Frame 661: Returning metadata result 2/2 for app frame 661 m_nextAppResultFrame=661 m_lastAppRequestFrame=666
07-11 02:04:26.172 4631 6286 I CHIUSECASE: [INFO ] chxadvancedcamerausecase.cpp:10114 RemosaicInjectReturnResult() [Meta DEBUG] Set xiaomi.remosaic.detected 0
07-11 02:04:26.172 4631 6286 I CHIUSECASE: [INFO ] chxusecase.cpp:1776 ReturnFrameworkResult() chiOriginalOverrideFrameNum: 661 frame_number: 661 resultFrameIndexF: 149 FW: 661, Buffer Count: 1 RESULT: 0x78f9f4ad40
07-11 02:04:26.172 4631 6286 D CHIUSECASE: [FULL ] chxusecaseutils.cpp:567 IsQuadCFASensor() i:0, sensor mode:16
