07-11 02:04:26.475 4631 6281 I CamX : [ INFO][CORE ] camxnode.cpp:7635 GetMultiCameraInfo() Node::ZSLPreviewRaw_FDExtManager0 : MultiCamera vendor tags data not available 0x0 -241202476p 0x790a4b8f20
07-11 02:04:26.475 4631 7004 I CamX : [ INFO][HAL ] camxhal3.cpp:1127 process_capture_request() frame_number 676
07-11 02:04:26.475 4631 7004 I CamX : [ INFO][HAL ] camxhal3.cpp:1128 process_capture_request() num_output_buffers 1
07-11 02:04:26.475 4631 7004 I CamX : [ INFO][HAL ] camxhal3.cpp:1129 process_capture_request() output_buffers 0x78f1e10200
07-11 02:04:26.475 4631 7004 I CamX : [ INFO][HAL ] camxhal3.cpp:1134 process_capture_request() output_buffers[0] : 0x78f1e10200 - info
07-11 02:04:26.475 4631 7004 I CamX : [ INFO][HAL ] camxhal3.cpp:1135 process_capture_request() buffer : 0x78f1d8df18
07-11 02:04:26.475 4631 7004 I CamX : [ INFO][HAL ] camxhal3.cpp:1136 process_capture_request() status : 00000000
07-11 02:04:26.475 4631 7004 I CamX : [ INFO][HAL ] camxhal3.cpp:1137 process_capture_request() stream : 0x78f0cd3aa8
07-11 02:04:26.475 4631 7004 I CamX : [ INFO][HAL ] camxhal3.cpp:1147 process_capture_request() input_buffer 0x0
07-11 02:04:26.475 4631 6284 I CamX : [ INFO][CORE ] camxnode.cpp:7635 GetMultiCameraInfo() Node::ZSLPreviewRaw_IPE0 : MultiCamera vendor tags data not available 0x0 -241202476p 0x790a1bba80
07-11 02:04:26.475 4631 7004 I CamX : [ INFO][HAL ] camxhal3.cpp:1154 process_capture_request() settings 0x0
07-11 02:04:26.476 4631 7004 I CamX : [ INFO][HAL ] camxhaldevice.cpp:1249 ProcessCaptureRequest() CHIModule: Original framework framenumber 676 contains 1 output buffers
07-11 02:04:26.476 4631 7004 I CHIUSECASE: [INFO ] chxextensionmodule.cpp:2853 OverrideProcessRequest() flush enabled, frame 676 m_aFlushInProgress[0]: 0
07-11 02:04:26.476 4631 7004 D CHIUSECASE: [FULL ] chxusecase.cpp:370 ProcessCaptureRequest() Saving buffer for CHI Frame: 676, requestFrame: 676, NumBuff: 1 resultFrameIndexChi: 164
07-11 02:04:26.476 4631 7004 D CHIUSECASE: [FULL ] chxusecase.cpp:402 ProcessCaptureRequest() SAVING frame: 676 resultFrameIndexChi: 164
07-11 02:04:26.476 4631 7004 D CHIUSECASE: [FULL ] chxadvancedcamerausecase.cpp:6379 ExecuteCaptureRequest() AdvancedCameraUsecase::ExecuteCaptureRequest 676 164
07-11 02:04:26.476 4631 7004 D CHIUSECASE: [FULL ] chxusecase.cpp:2049 UpdateFeatureModeIndex() UpdateFeatureModeIndex E
07-11 02:04:26.476 4631 7004 D CHIUSECASE: [FULL ] chxfeaturezsl.cpp:337 ExecuteProcessRequest() Featurezsl::ExecuteProcessRequest, frameNum:676, setting:0x0 NumFaces 0 OperationMode 0x0
07-11 02:04:26.476 4631 7004 I CHIUSECASE: [INFO ] chxfeaturezsl.cpp:522 ExecuteProcessRequest() Featurezsl::ExecuteProcessRequest OperationMode = 0, cameraID = 0
07-11 02:04:26.476 4631 6287 I CamX : [ INFO][CORE ] camxnode.cpp:2592 ProcessMetadataDone() Node::ZSLPreviewRaw_FDExtManager0 : Type :22 ProcessMetadataDone 672
07-11 02:04:26.476 4631 7004 I CHIUSECASE: [VERBOSE] chxmetadata.cpp:1774 GetInput() [CMB_DEBUG] Get Buffer index 0 from client 0 subclient 0 frameNumber 676 orig 0 handle 0x78f11a5f80 0x78f1073500
07-11 02:04:26.476 4631 7004 D CHIUSECASE: [FULL ] chxutils.cpp:1972 FillTuningModeDataThirdParty() SensorMode 1
07-11 02:04:26.476 4631 7004 D CHIUSECASE: [FULL ] chxutils.cpp:1926 GetFeature1Mode() Utils Feature1 mode 0
07-11 02:04:26.476 4631 6287 E CamX : [ERROR][SW_PROC] camxswprocess_tonemap.cpp:305 SWProcessApplyFixedGTM() Applying Fixed GTM, width: 0, height: 640, stride: 360, gamma: 1.100000, gain: 1.000000
07-11 02:04:26.476 4631 7004 I CHIUSECASE: [INFO ] chxutils.cpp:2005 FillTuningModeDataThirdParty() ThirdParty SensorMode 1, Usecase:0, feature1:0, feature2:17, scene:18, effect:0
07-11 02:04:26.476 4631 7004 D CHIUSECASE: [FULL ] chxfeaturezsl.cpp:605 ExecuteProcessRequest() FeatureZSL Realtime AppFrameNum to ReqId: 676 <--> 676
07-11 02:04:26.476 4631 7004 E CamX : [ERROR][META ] camxmetabuffer.cpp:2810 AddReference() Exceeds the max number(150) of clients 0
07-11 02:04:26.476 4631 7004 I CHIUSECASE: [VERBOSE] chxmetadata.cpp:1774 GetInput() [CMB_DEBUG] Get Buffer index 0 from client 0 subclient 0 frameNumber 676 orig 0 handle 0x78f11a5f80 0x78f1073500
07-11 02:04:26.476 4631 7004 I CHIUSECASE: [VERBOSE] chxmetadata.cpp:1583 GetFreeHolder() [CMB_DEBUG] Zero ref 8 from client 3 subclient 0 frameNumber 667 handle 0x78fad3dd80 0x78f10722a0
07-11 02:04:26.476 4631 7004 I CHIUSECASE: [VERBOSE] chxmetadata.cpp:1663 GetFreeHolder() [CMB_DEBUG] Get Buffer index 8 from client 3 subclient 0 frameNumber 676 handle 0x78fad3dd80 0x78f10722a0
07-11 02:04:26.476 4631 7004 D CHIUSECASE: [FULL ] chxadvancedcamerausecase.cpp:8832 SetRequestToFeatureMapping() Current index 164 RequestCount 676 sessionId 1 requestId 676 pFeature 0x78fa1f0440 type 1
07-11 02:04:26.476 4631 7004 I CHIUSECASE: [INFO ] chxusecase.cpp:3282 SubmitRequest() logicCamera: 0
07-11 02:04:26.476 4631 7004 I CHIUSECASE: [INFO ] chxextensionmodule.cpp:3748 SubmitRequest() logicCamera: 0
07-11 02:04:26.479 4631 6284 I CamX : [ INFO][CORE ] camxpipeline.cpp:2327 SinkPortFenceSignaled() ZSLPreviewRaw_0 Reporting stream done for stream=3, sequenceId=671, Buffer type=2 handle=0x78f2034000
07-11 02:04:26.479 4631 6284 I CamX : [ INFO][CORE ] camxsession.cpp:3482 InjectResult() Inject result added request 671 output buffer in result holder:Stream 0x7919a691e0 Fmt: 37 W: 6016 H: 4512
07-11 02:04:26.479 4631 6284 I CamX : [ INFO][CORE ] camxnode.cpp:2628 ProcessRequestIdDone() Node::ZSLPreviewRaw_IFE0 : 65536 ProcessRequestIdDone 672
07-11 02:04:26.479 4631 6282 I CamX : [ INFO][CORE ] camxsession.cpp:3719 AdvanceMinExpectedResult() Session 0x78fac279c0: Can't advance because of buffer[0] for sequence Id: 671
07-11 02:04:26.479 4631 6282 I CamX : [ INFO][CORE ] camxsession.cpp:3837 AdvanceMinExpectedResult() Session 0x78fac279c0: Results processed, current queue state: minResultIdExpected = 672, maxResultIdExpected= 676, minSequenceIdExpected: 671, maxSequenceIdExpected: 675, and numResultsPending: 5
07-11 02:04:26.479 4631 6286 I CamX : [ INFO][CORE ] camxnode.cpp:2986 GetDataListFromMetadataPool() Usecase Property 50000015 Node::PropertyIDUsecaseChiTuningModeParameter Not Published for Request 675 ZSLPreviewRaw_AutoFocus0
07-11 02:04:26.479 4631 6282 I CamX : [ INFO][CORE ] camxnode.cpp:2592 ProcessMetadataDone() Node::ZSLPreviewRaw_LRME0 : Type :65541 ProcessMetadataDone 672
07-11 02:04:26.479 4631 6287 I CamX : [ INFO][CORE ] camxnode.cpp:2628 ProcessRequestIdDone() Node::ZSLPreviewRaw_FDExtManager0 : 22 ProcessRequestIdDone 672
07-11 02:04:26.480 4631 6284 I CamX : [ INFO][CORE ] camxnode.cpp:2592 ProcessMetadataDone() Node::ZSLPreviewRaw_StatsParse0 : Type :9 ProcessMetadataDone 675
07-11 02:04:26.480 4631 6284 I CamX : [ INFO][CORE ] camxnode.cpp:2628 ProcessRequestIdDone() Node::ZSLPreviewRaw_StatsParse0 : 9 ProcessRequestIdDone 675
07-11 02:04:26.481 4631 6284 I CamX : [ INFO][CORE ] camxnode.cpp:2628 ProcessRequestIdDone() Node::ZSLPreviewRaw_LRME0 : 65541 ProcessRequestIdDone 672
07-11 02:04:26.481 4631 6287 I CamX : [ INFO][CORE ] camxnode.cpp:2592 ProcessMetadataDone() Node::ZSLPreviewRaw_AutoFocus0 : Type :5 ProcessMetadataDone 675
07-11 02:04:26.481 4631 6287 I CamX : [ INFO][CORE ] camxnode.cpp:2628 ProcessRequestIdDone() Node::ZSLPreviewRaw_AutoFocus0 : 5 ProcessRequestIdDone 675
07-11 02:04:26.481 4631 6284 I CamX : [ INFO][CORE ] camxnode.cpp:2592 ProcessMetadataDone() Node::ZSLPreviewRaw_RANSAC0 : Type :65542 ProcessMetadataDone 672
07-11 02:04:26.481 4631 6284 I CamX : [ INFO][CORE ] camxnode.cpp:2628 ProcessRequestIdDone() Node::ZSLPreviewRaw_RANSAC0 : 65542 ProcessRequestIdDone 672
07-11 02:04:26.481 4631 6287 I CamX : [ INFO][CORE ] camxnode.cpp:7635 GetMultiCameraInfo() Node::ZSLPreviewRaw_IPE0 : MultiCamera vendor tags data not available 0x0 -241202476p 0x7909ec4b40
07-11 02:04:26.481 4631 6287 I CamX : [ INFO][CORE ] camxnode.cpp:2947 GetDataListFromMetadataPool() Main Property 30000018 Node::PropertyIDFOVCFrameInfo Not Published for Request 672 ZSLPreviewRaw_IPE0
07-11 02:04:26.482 4631 6284 I CamX : [ INFO][CORE ] camxnode.cpp:2947 GetDataListFromMetadataPool() Main Property 30000002 Node::PropertyIDAWBFrameControl Not Published for Request 675 ZSLPreviewRaw_Sensor0
07-11 02:04:26.482 4631 6281 I CamX : [ INFO][CORE ] camxnode.cpp:2592 ProcessMetadataDone() Node::ZSLPreviewRaw_Stats0 : Type :1 ProcessMetadataDone 675
07-11 02:04:26.482 4631 6281 I CamX : [ INFO][CORE ] camxnode.cpp:2628 ProcessRequestIdDone() Node::ZSLPreviewRaw_Stats0 : 1 ProcessRequestIdDone 675
07-11 02:04:26.482 4631 6284 I CamX : [ INFO][CORE ] camxpipeline.cpp:2183 ProcessMetadataRequestIdDone() SensorTimestamp not yet published for 675
07-11 02:04:26.482 4631 6284 I CamX : [ INFO][CORE ] camxpipeline.cpp:2204 ProcessMetadataRequestIdDone() ZSLPreviewRaw_0 Notify early metadata for request id 675 and sequenceId 674 timestamp = 35142441821406
07-11 02:04:26.482 4631 6284 I CamX : [ INFO][HAL ] camxsession.cpp:3432 InjectResult() Inject result added early metadata in result holder for sequence ID : 674
07-11 02:04:26.482 4631 6285 I CamX : [ INFO][CORE ] camxsession.cpp:3719 AdvanceMinExpectedResult() Session 0x78fac279c0: Can't advance because of buffer[0] for sequence Id: 671
07-11 02:04:26.482 4631 6285 I CamX : [ INFO][CORE ] camxsession.cpp:3837 AdvanceMinExpectedResult() Session 0x78fac279c0: Results processed, current queue state: minResultIdExpected = 672, maxResultIdExpected= 676, minSequenceIdExpected: 671, maxSequenceIdExpected: 675, and numResultsPending: 5
07-11 02:04:26.482 4631 6284 I CamX : [ INFO][CORE ] camxnode.cpp:2592 ProcessMetadataDone() Node::ZSLPreviewRaw_Sensor0 : Type :0 ProcessMetadataDone 675
07-11 02:04:26.482 4631 6284 I CamX : [ INFO][CORE ] camxnode.cpp:2628 ProcessRequestIdDone() Node::ZSLPreviewRaw_Sensor0 : 0 ProcessRequestIdDone 675
07-11 02:04:26.483 4631 6287 I CamX : [ INFO][CORE ] camxnode.cpp:2592 ProcessMetadataDone() Node::ZSLPreviewRaw_IPE0 : Type :65538 ProcessMetadataDone 672
07-11 02:04:26.489 4631 6282 I CamX : [ INFO][CORE ] camxnode.cpp:2592 ProcessMetadataDone() Node::ZSLPreviewRaw_AWB0 : Type :12 ProcessMetadataDone 675
07-11 02:04:26.489 4631 6282 I CamX : [ INFO][CORE ] camxnode.cpp:2628 ProcessRequestIdDone() Node::ZSLPreviewRaw_AWB0 : 12 ProcessRequestIdDone 675
07-11 02:04:26.490 4631 6281 I CamX : [ INFO][CORE ] camxnode.cpp:7635 GetMultiCameraInfo() Node::ZSLPreviewRaw_IFE0 : MultiCamera vendor tags data not available 0x0 -241202476p 0x790a4b2d30
07-11 02:04:26.491 4631 6285 I CamX : [ INFO][CORE ] camxnode.cpp:2628 ProcessRequestIdDone() Node::ZSLPreviewRaw_IPE0 : 65538 ProcessRequestIdDone 672
07-11 02:04:26.492 4631 6285 E CamX : [ERROR][CORE ] camxnode.cpp:2773 GetDataCountFromPipeline() Node::ZSLPreviewRaw_ChiNodeWrapper9 Attempting to get metadata count for tag 80b00001 when unpublished
07-11 02:04:26.492 4631 6285 I CamX : [ INFO][CORE ] camxnode.cpp:2592 ProcessMetadataDone() Node::ZSLPreviewRaw_ChiNodeWrapper9 : Type :255 ProcessMetadataDone 672
07-11 02:04:26.493 4631 6281 I CamX : [ INFO][CORE ] camxpipeline.h:517 NotifyNodeConfigDone() [ZSLPreviewRaw_0] All nodes complete stream config with requestId: 675., config done count 675
07-11 02:04:26.493 4631 6281 I CamX : [ INFO][CORE ] camxnode.cpp:2592 ProcessMetadataDone() Node::ZSLPreviewRaw_IFE0 : Type :65536 ProcessMetadataDone 675
07-11 02:04:26.496 4631 4797 I CamX : [ INFO][CORE ] camxpipeline.cpp:2820 CSLMessageHandler() frameMessage:requestID=673, linkhdl:0xf6010b, frameCount=683, timestamp=35145521399635, monoTimestamp=35145521399635
07-11 02:04:26.496 4631 4797 I CamX : [ INFO][CORE ] camxpipeline.cpp:2820 CSLMessageHandler() frameMessage:requestID=673, linkhdl:0xf6010b, frameCount=683, timestamp=35142438862565, monoTimestamp=35142438862565
07-11 02:04:26.496 4631 4797 D CHIUSECASE: [FULL ] chxadvancedcamerausecase.cpp:8857 GetFeatureFromRequestMapping() Look for feature with current index 160 sessionId 1 requestId 672 pFeature 0x78fa1f0440 type 1
07-11 02:04:26.496 4631 4797 D CHIUSECASE: [FULL ] chxadvancedcamerausecase.cpp:7052 ProcessMessage() ZSL Chi Notify SOF frameNum 683 framework frameNum 672, timestamp 35142438862565
07-11 02:04:26.496 4631 4797 D CHIUSECASE: [FULL ] chxfeaturezsl.cpp:1075 ProcessMessage() FeatureZSL Chi Notify SOF frameNum 683 framework frameNum 672, timestamp 35142438862565
07-11 02:04:26.496 4631 4797 D CHIUSECASE: [FULL ] chxadvancedcamerausecase.cpp:8857 GetFeatureFromRequestMapping() Look for feature with current index 160 sessionId 1 requestId 672 pFeature 0x78fa1f0440 type 1
07-11 02:04:26.496 4631 4797 D CHIUSECASE: [FULL ] chxadvancedcamerausecase.cpp:7079 ProcessMessage() Shutter notify Realtime ReqId to AppFrameNum: 672 <--> 672
07-11 02:04:26.496 4631 4797 D CHIUSECASE: [FULL ] chxusecase.cpp:1906 ReturnFrameworkMessage() ResultFrame = 672 FrameIdx = 160 type = 2
07-11 02:04:26.496 4631 4797 D CHIUSECASE: [FULL ] chxusecase.cpp:1929 ReturnFrameworkMessage() Override ResultFrame = 672 m_lastAppMessageFrameReceived = 672 m_nextAppMessageFrame=672
07-11 02:04:26.496 4631 4797 D CHIUSECASE: [FULL ] chxusecase.cpp:1936 ReturnFrameworkMessage() frameIndex = 160 messageAvailable = 1
07-11 02:04:26.496 4631 4797 I CamX : [ INFO][HAL ] camxhal3.cpp:1342 notify() type 00000002
07-11 02:04:26.496 4631 4797 I CamX : [ INFO][HAL ] camxhal3.cpp:1351 notify() frame_number 672
07-11 02:04:26.496 4631 4797 I CamX : [ INFO][HAL ] camxhal3.cpp:1352 notify() timestamp 35142406855413
07-11 02:04:26.497 4631 6286 I CamX : [ INFO][CORE ] camxnode.cpp:2628 ProcessRequestIdDone() Node::ZSLPreviewRaw_ChiNodeWrapper9 : 255 ProcessRequestIdDone 672
07-11 02:04:26.497 4631 6286 E CHIARCSOFTDISTORTIONCORRECTION: ProcessRequest():735 ProcessRequest getCameraRole failed
07-11 02:04:26.497 4631 6286 I CamX : [ INFO][CORE ] camxnode.cpp:2592 ProcessMetadataDone() Node::ZSLPreviewRaw_ChiNodeWrapper7 : Type :255 ProcessMetadataDone 672
07-11 02:04:26.498 4631 6281 I CamX : [ INFO][CORE ] camxnode.cpp:2628 ProcessRequestIdDone() Node::ZSLPreviewRaw_ChiNodeWrapper7 : 255 ProcessRequestIdDone 672
07-11 02:04:26.499 4631 6285 I CamX : [ INFO][CORE ] camxnode.cpp:2592 ProcessMetadataDone() Node::ZSLPreviewRaw_ChiNodeWrapper6 : Type :255 ProcessMetadataDone 672
07-11 02:04:26.499 4631 6286 I CamX : [ INFO][CORE ] camxnode.cpp:2628 ProcessRequestIdDone() Node::ZSLPreviewRaw_ChiNodeWrapper6 : 255 ProcessRequestIdDone 672
07-11 02:04:26.500 4631 6286 I CamX : [ INFO][CORE ] camxnode.cpp:2592 ProcessMetadataDone() Node::ZSLPreviewRaw_ChiNodeWrapper5 : Type :255 ProcessMetadataDone 672
07-11 02:04:26.500 4631 6282 I CamX : [ INFO][CORE ] camxnode.cpp:2628 ProcessRequestIdDone() Node::ZSLPreviewRaw_ChiNodeWrapper5 : 255 ProcessRequestIdDone 672
07-11 02:04:26.500 4631 6282 E CamX : [ERROR][CORE ] camxnode.cpp:2773 GetDataCountFromPipeline() Node::ZSLPreviewRaw_ChiNodeWrapper4 Attempting to get metadata count for tag 805f0004 when unpublished
07-11 02:04:26.500 4631 6282 I CamX : [ INFO][CORE ] camxnode.cpp:2592 ProcessMetadataDone() Node::ZSLPreviewRaw_ChiNodeWrapper4 : Type :255 ProcessMetadataDone 672
07-11 02:04:26.500 4631 6281 I CamX : [ INFO][CORE ] camxnode.cpp:2628 ProcessRequestIdDone() Node::ZSLPreviewRaw_ChiNodeWrapper4 : 255 ProcessRequestIdDone 672
07-11 02:04:26.501 4631 6281 I CamX : [ INFO][CORE ] camxnode.cpp:2592 ProcessMetadataDone() Node::ZSLPreviewRaw_ChiNodeWrapper2 : Type :255 ProcessMetadataDone 672
07-11 02:04:26.501 4631 6287 I CamX : [ INFO][CORE ] camxnode.cpp:2628 ProcessRequestIdDone() Node::ZSLPreviewRaw_ChiNodeWrapper2 : 255 ProcessRequestIdDone 672
07-11 02:04:26.501 4631 6285 I CamX : [ INFO][CORE ] camxpipeline.h:439 NotifyNodePartialMetadataDone() [ZSLPreviewRaw_0] All nodes complete partial metadata with requestId: 672.
07-11 02:04:26.501 4631 6285 I CHIUSECASE: [INFO ] chxadvancedcamerausecase.cpp:6642 ParseResultMetadata() ParseResultMetadata: isValid=0, IHDRTrigger=0
07-11 02:04:26.501 4631 6285 D CHIUSECASE: [FULL ] chxadvancedcamerausecase.cpp:3741 IsFlashRequired() isFlashRequired value 0
07-11 02:04:26.501 4631 6285 D CHIUSECASE: [FULL ] chxadvancedcamerausecase.cpp:8757 FindFeatureToProcessResult() ProcessResult SessionId 1 frameNum 671 feature type: 1
07-11 02:04:26.501 4631 6285 D CHIUSECASE: [FULL ] chxfeaturezsl.cpp:1517 GetResultFrameInfo() FeatureZSL AppFrameNum: 671 <--> 671
07-11 02:04:26.501 4631 6285 D CHIUSECASE: [FULL ] chxusecase.cpp:2621 CheckIfMetaDataHasBeenSent() CheckIfMetadata for resultFrameIndexChi=159 Sent=0
07-11 02:04:26.501 4631 6285 D CHIUSECASE: [FULL ] chxusecase.cpp:2597 CheckIfPartialDataCanBeSent() CheckIfMetadata for resultFrameIndexChi=159 Sent=1
07-11 02:04:26.501 4631 6285 D CHIUSECASE: [FULL ] chxusecase.cpp:3078 UpdateAppPartialResultMetadataFromDriver() PMD is being created for resultID=159 resultFrameNumber:671
07-11 02:04:26.501 4631 6285 I CHIUSECASE: [VERBOSE] chxmetadata.cpp:2045 GetAndroidFrameworkOutputMetadata() [CMB_DEBUG_AFWO] Get framework output index 0 address 0x78f9f4ad40 sparse 0
07-11 02:04:26.501 4631 6285 D CHIUSECASE: [FULL ] chxadvancedcamerausecase.cpp:5026 ProcessAndReturnPartialMetadataFinishedResults() Frame 671: Returning Partial metadata result 1 for app frame 671 m_nextAppResultFrame=671 m_lastAppRequestFrame=676
07-11 02:04:26.501 4631 6285 I CHIUSECASE: [INFO ] chxusecase.cpp:1776 ReturnFrameworkResult() chiOriginalOverrideFrameNum: 671 frame_number: 671 resultFrameIndexF: 159 FW: 671, Buffer Count: 1 RESULT: 0x78f9f4ad40
07-11 02:04:26.501 4631 6285 D CHIUSECASE: [FULL ] chxusecaseutils.cpp:567 IsQuadCFASensor() i:0, sensor mode:16
07-11 02:04:26.501 4631 6285 D CHIUSECASE: [FULL ] chxusecase.cpp:705 OverrideResultMetaForQCFA() AE region, origin (0, 0, 0, 0) <==> new (0, 0, 0, 0)
07-11 02:04:26.501 4631 6285 D CHIUSECASE: [FULL ] chxusecase.cpp:727 OverrideResultMetaForQCFA() AF region, origin (4208, 3160, 7816, 5928) <==> new (2104, 1580, 3908, 2964)
07-11 02:04:26.501 4631 6285 D CHIUSECASE: [FULL ] chxusecase.cpp:1803 ReturnFrameworkResult() m_numberOfPendingOutputBuffers = 1
07-11 02:04:26.501 4631 6285 D CHIUSECASE: [FULL ] chxusecase.cpp:1809 ReturnFrameworkResult() pResult->num_output_buffers 0 pending buffers 1
07-11 02:04:26.501 4631 6285 D CHIUSECASE: [FULL ] chxusecase.cpp:2411 HandleMetadataResultReturn() Sending metadata for [FrameNum=671 and override FrameNum=671] with totalexpectedCount=2 partialResultCount=1
07-11 02:04:26.501 4631 6285 D CHIUSECASE: [FULL ] chxusecase.cpp:2664 SetMetaDataHasBeenSent() Metadata for sender 0 with resultFrameIndexChi=159 Sent=1
07-11 02:04:26.501 4631 6285 I CamX : [ INFO][HAL ] camxhal3.cpp:1289 process_capture_result() frame_number 671
07-11 02:04:26.501 4631 6285 I CamX : [ INFO][HAL ] camxhal3.cpp:1290 process_capture_result() num_output_buffers 0
07-11 02:04:26.501 4631 6285 I CamX : [ INFO][HAL ] camxhal3.cpp:1291 process_capture_result() output_buffers 0x0
07-11 02:04:26.501 4631 6285 I CamX : [ INFO][HAL ] camxhal3.cpp:1308 process_capture_result() input_buffer 0x0
07-11 02:04:26.501 4631 6285 I CamX : [ INFO][HAL ] camxhal3.cpp:1315 process_capture_result() partial_result 1
07-11 02:04:26.501 4631 6285 I CamX : [ INFO][HAL ] camxhal3.cpp:1316 process_capture_result() result 0x78f9f4ad40,cb=0x78fac1f008
07-11 02:04:26.501 4631 6285 I CamX : [ INFO][HAL ] camxhal3.cpp:1318 process_capture_result() num_physcam_metadata 0
07-11 02:04:26.502 4631 6285 D CHIUSECASE: [FULL ] chxutils.cpp:806 ResetMetadata() Metadata entry capacity : 256, data capacity: 262144, metaSize: 266288
07-11 02:04:26.502 4631 6285 I CHIUSECASE: [VERBOSE] chxmetadata.cpp:2080 ReleaseAndroidFrameworkOutputMetadata() [CMB_DEBUG_AFWO] Release framework output index 0
07-11 02:04:26.504 4631 6285 I CamX : [ INFO][CORE ] camxnode.cpp:2592 ProcessMetadataDone() Node::ZSLPreviewRaw_ChiNodeWrapper1 : Type :255 ProcessMetadataDone 672
07-11 02:04:26.504 4631 6285 I CamX : [ INFO][CORE ] camxpipeline.h:403 NotifyNodeMetadataDone() [ZSLPreviewRaw_0] All nodes complete metadata with requestId: 672.
07-11 02:04:26.504 4631 6285 E CamX : [ERROR][META ] camxmetabuffer.cpp:2858 AddReference() Exceeds the max number(150) of clients
07-11 02:04:26.504 4631 6285 I CamX : [ INFO][CORE ] camxpipeline.cpp:2204 ProcessMetadataRequestIdDone() ZSLPreviewRaw_0 Notify metadata for request id 672 and sequenceId 671 timestamp = 35142373698901
07-11 02:04:26.504 4631 6285 I CamX : [ INFO][CORE ] camxsession.cpp:3420 InjectResult() Inject result added metadata in result holder for sequence ID : 671
07-11 02:04:26.504 4631 6286 I CamX : [ INFO][HAL ] camxsession.cpp:2387 ProcessResultMetadata() Finalized metadata result for Sequence ID 671 mapped to framework id 671 pipeline 0 reqId 672
07-11 02:04:26.504 4631 6286 I CamX : [ INFO][CORE ] camxsession.cpp:2626 ProcessResults() Processing Result - SequenceId 671 Framenumber 671 - earlyMetadata 0 metadataReady 1 bufferReady 1 isCancelled 0
07-11 02:04:26.504 4631 6286 I CHIUSECASE: [INFO ] chxadvancedcamerausecase.cpp:6642 ParseResultMetadata() ParseResultMetadata: isValid=0, IHDRTrigger=0
07-11 02:04:26.504 4631 6286 D CHIUSECASE: [FULL ] chxadvancedcamerausecase.cpp:3741 IsFlashRequired() isFlashRequired value 0
07-11 02:04:26.504 4631 6286 D CHIUSECASE: [FULL ] chxadvancedcamerausecase.cpp:8757 FindFeatureToProcessResult() ProcessResult SessionId 1 frameNum 671 feature type: 1
07-11 02:04:26.504 4631 6286 D CHIUSECASE: [FULL ] chxfeaturezsl.cpp:1517 GetResultFrameInfo() FeatureZSL AppFrameNum: 671 <--> 671
07-11 02:04:26.504 4631 6286 I CHIUSECASE: [INFO ] chxfeaturezsl.cpp:814 ProcessResult() Realtime frame 671. Metadata: 0x78f2d85e40 NumBuffers: 1 Timestamp: 35142373698901 Sent: 0
07-11 02:04:26.504 4631 6286 I CHIUSECASE: [VERBOSE] chxmetadata.cpp:1909 ReleaseHolder() [CMB_DEBUG] Release buffer 0 client 0 subclient 0, frameNum 0 refCount 694 handle 0x78f11a5f80 0x78f1073500
07-11 02:04:26.504 4631 6286 I CHIUSECASE: [INFO ] chxutils.cpp:1775 GetFlashFiredState() Utils flashfired state Value 2
07-11 02:04:26.504 4631 6282 I CamX : [ INFO][CORE ] camxnode.cpp:2628 ProcessRequestIdDone() Node::ZSLPreviewRaw_ChiNodeWrapper1 : 255 ProcessRequestIdDone 672
07-11 02:04:26.504 4631 6286 I CHIUSECASE: [VERBOSE] chxmetadata.cpp:2045 GetAndroidFrameworkOutputMetadata() [CMB_DEBUG_AFWO] Get framework output index 0 address 0x78f9f4ad40 sparse 0
07-11 02:04:26.504 4631 6286 D CHIUSECASE: [FULL ] chxusecase.cpp:2621 CheckIfMetaDataHasBeenSent() CheckIfMetadata for resultFrameIndexChi=159 Sent=1
07-11 02:04:26.504 4631 6286 D CHIUSECASE: [FULL ] chxusecase.cpp:2597 CheckIfPartialDataCanBeSent() CheckIfMetadata for resultFrameIndexChi=159 Sent=0
07-11 02:04:26.504 4631 6286 D CHIUSECASE: [FULL ] chxusecase.cpp:3136 UpdateAppResultMetadata() Partial Data has been sent and meta data needs to be filtered for tags=18
07-11 02:04:26.504 4631 6282 I CamX : [ INFO][CORE ] camxpipeline.cpp:3671 NotifyNodeRequestIdDone() All nodes in pipeline ZSLPreviewRaw complete with requestId: 672.
07-11 02:04:26.505 4631 6282 I CamX : [ INFO][CORE ] camxpipeline.cpp:2327 SinkPortFenceSignaled() ZSLPreviewRaw_0 Reporting stream done for stream=0, sequenceId=671, Buffer type=0 handle=0x78f20121b8
07-11 02:04:26.505 4631 6282 I CamX : [ INFO][CORE ] camxsession.cpp:3482 InjectResult() Inject result added request 671 output buffer in result holder:Stream 0x78f0cd3aa8 Fmt: 34 W: 1920 H: 1080
07-11 02:04:26.505 4631 6286 I CHIUSECASE: [INFO ] chxfeaturezsl.cpp:896 ProcessResult() Reserve metadata for frame 671. sessionId 1
07-11 02:04:26.505 4631 6286 I CHIUSECASE: [VERBOSE] chxadvancedcamerausecase.cpp:2709 FillMetadataForRDIQueue() set primary35mmEFL vendor tag, zoom 1.000000 35mmEFL 24.166754
07-11 02:04:26.505 4631 6286 I CHIUSECASE: [VERBOSE] chxmetadata.cpp:1909 ReleaseHolder() [CMB_DEBUG] Release buffer 0 client 3 subclient 0, frameNum 668 refCount 1 handle 0x78fad3c700 0x78f2d85ba0
07-11 02:04:26.505 4631 6286 I CHIUSECASE: [INFO ] chxadvancedcamerausecase.cpp:2543 UpdateBufferReadyForRDIQueue() validBufferLength:3, framenumber:671, pipeline:1,lastReady:671,firstValid:669,cnt:3
07-11 02:04:26.505 4631 6286 D CHIUSECASE: [FULL ] chxadvancedcamerausecase.cpp:4771 ProcessAndReturnFinishedResults() Frame 671: metadataAvailable: 1, metadataReturn: 1, bufferReturn 0, inBufferReturn 0
07-11 02:04:26.505 4631 6286 D CHIUSECASE: [FULL ] chxadvancedcamerausecase.cpp:4790 ProcessAndReturnFinishedResults() Frame 671: Returning metadata result 2/2 for app frame 671 m_nextAppResultFrame=671 m_lastAppRequestFrame=676
07-11 02:04:26.505 4631 6286 I CHIUSECASE: [INFO ] chxadvancedcamerausecase.cpp:10114 RemosaicInjectReturnResult() [Meta DEBUG] Set xiaomi.remosaic.detected 0
07-11 02:04:26.505 4631 6286 I CHIUSECASE: [INFO ] chxusecase.cpp:1776 ReturnFrameworkResult() chiOriginalOverrideFrameNum: 671 frame_number: 671 resultFrameIndexF: 159 FW: 671, Buffer Count: 1 RESULT: 0x78f9f4ad40
07-11 02:04:26.505 4631 6286 D CHIUSECASE: [FULL ] chxusecaseutils.cpp:567 IsQuadCFASensor() i:0, sensor mode:16
07-11 02:04:26.505 4631 6286 D CHIUSECASE: [FULL ] chxusecase.cpp:683 OverrideResultMetaForQCFA() crop region, origin (0, 0, 12032, 9024) <==> new (0, 0, 6016, 4512)
07-11 02:04:26.505 4631 6286 D CHIUSECASE: [FULL ] chxusecase.cpp:1803 ReturnFrameworkResult() m_numberOfPendingOutputBuffers = 1
07-11 02:04:26.505 4631 6286 D CHIUSECASE: [FULL ] chxusecase.cpp:1809 ReturnFrameworkResult() pResult->num_output_buffers 0 pending buffers 1
07-11 02:04:26.505 4631 6286 D CHIUSECASE: [FULL ] chxusecase.cpp:2411 HandleMetadataResultReturn() Sending metadata for [FrameNum=671 and override FrameNum=671] with totalexpectedCount=2 partialResultCount=2
07-11 02:04:26.505 4631 6286 D CHIUSECASE: [FULL ] chxusecase.cpp:2621 CheckIfMetaDataHasBeenSent() CheckIfMetadata for resultFrameIndexChi=159 Sent=1
07-11 02:04:26.505 4631 6286 D CHIUSECASE: [FULL ] chxusecase.cpp:2664 SetMetaDataHasBeenSent() Metadata for sender 2 with resultFrameIndexChi=159 Sent=1
07-11 02:04:26.505 4631 6286 D CHIUSECASE: [FULL ] chxusecase.cpp:2504 HandleMetadataResultReturn() Partial Result Completed for framenumber=671
07-11 02:04:26.505 4631 6286 I CamX : [ INFO][HAL ] camxhal3.cpp:1289 process_capture_result() frame_number 671
07-11 02:04:26.505 4631 6286 I CamX : [ INFO][HAL ] camxhal3.cpp:1290 process_capture_result() num_output_buffers 0
07-11 02:04:26.505 4631 6286 I CamX : [ INFO][HAL ] camxhal3.cpp:1291 process_capture_result() output_buffers 0x0
07-11 02:04:26.505 4631 6286 I CamX : [ INFO][HAL ] camxhal3.cpp:1308 process_capture_result() input_buffer 0x0
07-11 02:04:26.505 4631 6286 I CamX : [ INFO][HAL ] camxhal3.cpp:1315 process_capture_result() partial_result 2
07-11 02:04:26.505 4631 6286 I CamX : [ INFO][HAL ] camxhal3.cpp:1316 process_capture_result() result 0x78f9f4ad40,cb=0x78fac1f008
07-11 02:04:26.505 4631 6286 I CamX : [ INFO][HAL ] camxhal3.cpp:1318 process_capture_result() num_physcam_metadata 0
07-11 02:04:26.507 4631 6286 D CHIUSECASE: [FULL ] chxutils.cpp:806 ResetMetadata() Metadata entry capacity : 256, data capacity: 262144, metaSize: 266288
07-11 02:04:26.507 4631 6286 I CHIUSECASE: [VERBOSE] chxmetadata.cpp:2080 ReleaseAndroidFrameworkOutputMetadata() [CMB_DEBUG_AFWO] Release framework output index 0
07-11 02:04:26.507 4631 6286 I CamX : [ INFO][CORE ] camxsession.cpp:3719 AdvanceMinExpectedResult() Session 0x78fac279c0: Can't advance because of buffer[0] for sequence Id: 671
07-11 02:04:26.507 4631 6286 I CamX : [ INFO][CORE ] camxsession.cpp:3837 AdvanceMinExpectedResult() Session 0x78fac279c0: Results processed, current queue state: minResultIdExpected = 672, maxResultIdExpected= 676, minSequenceIdExpected: 671, maxSequenceIdExpected: 675, and numResultsPending: 5
07-11 02:04:26.507 4631 6286 I CamX : [ INFO][CORE ] camxsession.cpp:2626 ProcessResults() Processing Result - SequenceId 671 Framenumber 671 - earlyMetadata 0 metadataReady 0 bufferReady 1 isCancelled 0
07-11 02:04:26.507 4631 6286 D CHIUSECASE: [FULL ] chxadvancedcamerausecase.cpp:8757 FindFeatureToProcessResult() ProcessResult SessionId 1 frameNum 671 feature type: 1
07-11 02:04:26.507 4631 6286 D CHIUSECASE: [FULL ] chxfeaturezsl.cpp:1517 GetResultFrameInfo() FeatureZSL AppFrameNum: 671 <--> 671
07-11 02:04:26.507 4631 6286 I CHIUSECASE: [INFO ] chxfeaturezsl.cpp:814 ProcessResult() Realtime frame 671. Metadata: 0x0 NumBuffers: 1 Timestamp: 35142373698901 Sent: 1
07-11 02:04:26.507 4631 6286 D CHIUSECASE: [FULL ] chxadvancedcamerausecase.cpp:4771 ProcessAndReturnFinishedResults() Frame 671: metadataAvailable: 0, metadataReturn: 0, bufferReturn 1, inBufferReturn 0
07-11 02:04:26.508 4631 6286 D CHIUSECASE: [FULL ] chxusecase.cpp:2639 CheckIfAnyPartialMetaDataHasBeenSent() CheckIfAnyPartialMetaDataHasBeenSent for resultFrameIndexChi=159 Sent=1
07-11 02:04:26.508 4631 6286 D CHIUSECASE: [FULL ] chxadvancedcamerausecase.cpp:4865 ProcessAndReturnFinishedResults() Frame 671: Returning buffer result for 1 output buffers for app frame 671
07-11 02:04:26.508 4631 6286 D CHIUSECASE: [FULL ] chxadvancedcamerausecase.cpp:4872 ProcessAndReturnFinishedResults() Stream 0x78f0cd3aa8, W: 1920, H: 1080
07-11 02:04:26.508 4631 6286 I CHIUSECASE: [INFO ] chxusecase.cpp:1776 ReturnFrameworkResult() chiOriginalOverrideFrameNum: 671 frame_number: 671 resultFrameIndexF: 159 FW: 671, Buffer Count: 1 RESULT: 0x0
07-11 02:04:26.508 4631 6286 D CHIUSECASE: [FULL ] chxusecase.cpp:1803 ReturnFrameworkResult() m_numberOfPendingOutputBuffers = 0
07-11 02:04:26.508 4631 6286 D CHIUSECASE: [FULL ] chxusecase.cpp:1809 ReturnFrameworkResult() pResult->num_output_buffers 1 pending buffers 0
07-11 02:04:26.508 4631 6286 D CHIUSECASE: [FULL ] chxusecase.cpp:1822 ReturnFrameworkResult() pStreamBuffer 0x790bf30e00, i 0, j 0 buffer 0x78f20121b8
07-11 02:04:26.508 4631 6286 I CamX : [ INFO][HAL ] camxhaldevice.cpp:254 ProcessCaptureResult() Returning framework result Frame: 671, Metadata: 0x0, Stream 0x78f0cd3aa8, Fmt: 34 Width: 1920 Height: 1080
07-11 02:04:26.508 4631 6286 I CamX : [ INFO][HAL ] camxhal3.cpp:1289 process_capture_result() frame_number 671
07-11 02:04:26.508 4631 6286 I CamX : [ INFO][HAL ] camxhal3.cpp:1290 process_capture_result() num_output_buffers 1
07-11 02:04:26.508 4631 6286 I CamX : [ INFO][HAL ] camxhal3.cpp:1291 process_capture_result() output_buffers 0x790be61080
07-11 02:04:26.508 4631 6286 I CamX : [ INFO][HAL ] camxhal3.cpp:1296 process_capture_result() output_buffers[0] : 0x790be61080 - info
07-11 02:04:26.508 4631 6286 I CamX : [ INFO][HAL ] camxhal3.cpp:1297 process_capture_result() buffer : 0x78f20121b8
07-11 02:04:26.508 4631 6286 I CamX : [ INFO][HAL ] camxhal3.cpp:1298 process_capture_result() status : 00000000
07-11 02:04:26.508 4631 6286 I CamX : [ INFO][HAL ] camxhal3.cpp:1299 process_capture_result() stream : 0x78f0cd3aa8
07-11 02:04:26.508 4631 6286 I CamX : [ INFO][HAL ] camxhal3.cpp:1308 process_capture_result() input_buffer 0x0
07-11 02:04:26.508 4631 6286 I CamX : [ INFO][HAL ] camxhal3.cpp:1315 process_capture_result() partial_result 0
07-11 02:04:26.508 4631 6286 I CamX : [ INFO][HAL ] camxhal3.cpp:1316 process_capture_result() result 0x0,cb=0x78fac1f008
07-11 02:04:26.508 4631 6286 I CamX : [ INFO][HAL ] camxhal3.cpp:1318 process_capture_result() num_physcam_metadata 0
07-11 02:04:26.509 4631 6281 I CamX : [ INFO][CORE ] camxnode.cpp:2592 ProcessMetadataDone() Node::ZSLPreviewRaw_FDExtManager0 : Type :22 ProcessMetadataDone 673
07-11 02:04:26.509 4631 6281 E CamX : [ERROR][SW_PROC] camxswprocess_tonemap.cpp:305 SWProcessApplyFixedGTM() Applying Fixed GTM, width: 0, height: 640, stride: 360, gamma: 1.100000, gain: 1.000000
07-11 02:04:26.509 4631 6286 D CHIUSECASE: [FULL ] chxadvancedcamerausecase.cpp:4949 ProcessAndReturnFinishedResults() Advanced next result frame to 672
07-11 02:04:26.509 4631 6286 I CamX : [ INFO][CORE ] camxsession.cpp:3773 AdvanceMinExpectedResult() Session 0x78fac279c0: Results processed for sequenceId: 671
07-11 02:04:26.509 4631 6286 I CamX : [ INFO][CORE ] camxsession.cpp:5559 IsDoneProcessing() Session 0x78fac279c0 is not done processing, Waiting for pipeline: ZSLPreviewRaw:0
07-11 02:04:26.509 4631 6286 I CamX : [ INFO][CORE ] camxsession.cpp:5610 NotifyProcessingDone() Session 0x78fac279c0 is not done processing, Waiting for m_livePendingRequests
07-11 02:04:26.509 4631 6286 I CamX : [ INFO][CORE ] camxsession.cpp:3719 AdvanceMinExpectedResult() Session 0x78fac279c0: Can't advance because of buffer[0] for sequence Id: 672
07-11 02:04:26.509 4631 6286 I CamX : [ INFO][CORE ] camxsession.cpp:3837 AdvanceMinExpectedResult() Session 0x78fac279c0: Results processed, current queue state: minResultIdExpected = 673, maxResultIdExpected= 676, minSequenceIdExpected: 672, maxSequenceIdExpected: 675, and numResultsPending: 4
07-11 02:04:26.509 4631 6286 I CamX : [ INFO][HAL ] camxsession.cpp:5222 ProcessMetabufferPendingQueue() Pending Queue pipeline ZSLPreviewRaw_0 request 672 old = 669 last 672 delay 3
07-11 02:04:26.509 4631 6286 E CamX : [ERROR][META ] camxmetabuffer.cpp:2970 ReleaseReference() Cannot find metabuffer 0x78f2d85ba0 refCnt 692 cur 0x78f1073500
07-11 02:04:26.509 4631 6286 D CHIUSECASE: [FULL ] chxadvancedcamerausecase.cpp:8857 GetFeatureFromRequestMapping() Look for feature with current index 156 sessionId 1 requestId 668 pFeature 0x78fa1f0440 type 1
07-11 02:04:26.509 4631 6286 D CHIUSECASE: [FULL ] chxadvancedcamerausecase.cpp:8857 GetFeatureFromRequestMapping() Look for feature with current index 156 sessionId 1 requestId 668 pFeature 0x78fa1f0440 type 1
07-11 02:04:26.509 4631 6286 D CHIUSECASE: [FULL ] chxfeaturezsl.cpp:1092 ProcessMessage() FeatureZSL MetaBuffer Done frameNum 668 i/p metadata 0x78f1073500 o/p metadata 0x78f2d85ba0
07-11 02:04:26.510 4631 7004 I CamX : [ INFO][CORE ] camxsession.cpp:1864 ProcessCaptureRequest() AttachMetabuffer in pipeline ZSLPreviewRaw_0 InputMetaBuffer 0x78f1073500 OutputMetaBuffer 0x78f10722a0 reqId 677
07-11 02:04:26.510 4631 7004 I CamX : [ INFO][CORE ] camxsession.cpp:2250 ProcessCaptureRequest() Pipeline: ZSLPreviewRaw_0 Added Sequence ID 676 CHI framenumber 676 to request queue and launched job with request id 677
07-11 02:04:26.510 4631 6281 I CamX : [ INFO][CORE ] camxnode.cpp:2628 ProcessRequestIdDone() Node::ZSLPreviewRaw_FDExtManager0 : 22 ProcessRequestIdDone 673
07-11 02:04:26.511 4631 6282 I CamX : [ INFO][CORE ] camxsession.cpp:2786 ProcessRequest() ZSLPreviewRaw_0: Sequence ID 676 assigned for frameworkframeNumber 676, RequestId: 677 and m_requestQueueDepth 8
07-11 02:04:26.511 4631 6282 I CamX : [ INFO][CORE ] camxpipeline.cpp:906 OpenRequest() pipeline[0] CSLOpenRequest for CSLSyncID: 677, requestId: 677 with syncmode:FALSE
07-11 02:04:26.511 4631 6282 I CamX : [ INFO][CORE ] camxsession.cpp:3008 ProcessRequest() pipeline[0] OpenRequest called for request id = 677 withCSLSyncID 677
07-11 02:04:26.511 4631 6282 I CamX : [ INFO][CORE ] camxnode.cpp:2592 ProcessMetadataDone() Node::ZSLPreviewRaw_ChiNodeWrapper0 : Type :255 ProcessMetadataDone 677
07-11 02:04:26.511 4631 6282 I CamX : [ INFO][CORE ] camxnode.cpp:2628 ProcessRequestIdDone() Node::ZSLPreviewRaw_ChiNodeWrapper0 : 255 ProcessRequestIdDone 677
07-11 02:04:26.511 4631 7004 I CamX : [ INFO][HAL ] camxhal3.cpp:1127 process_capture_request() frame_number 677
07-11 02:04:26.511 4631 7004 I CamX : [ INFO][HAL ] camxhal3.cpp:1128 process_capture_request() num_output_buffers 1
07-11 02:04:26.511 4631 7004 I CamX : [ INFO][HAL ] camxhal3.cpp:1129 process_capture_request() output_buffers 0x78f1e10200
07-11 02:04:26.511 4631 7004 I CamX : [ INFO][HAL ] camxhal3.cpp:1134 process_capture_request() output_buffers[0] : 0x78f1e10200 - info
07-11 02:04:26.511 4631 7004 I CamX : [ INFO][HAL ] camxhal3.cpp:1135 process_capture_request() buffer : 0x78fac264f8
07-11 02:04:26.511 4631 7004 I CamX : [ INFO][HAL ] camxhal3.cpp:1136 process_capture_request() status : 00000000
07-11 02:04:26.511 4631 7004 I CamX : [ INFO][HAL ] camxhal3.cpp:1137 process_capture_request() stream : 0x78f0cd3aa8
07-11 02:04:26.511 4631 7004 I CamX : [ INFO][HAL ] camxhal3.cpp:1147 process_capture_request() input_buffer 0x0
07-11 02:04:26.511 4631 7004 I CamX : [ INFO][HAL ] camxhal3.cpp:1154 process_capture_request() settings 0x0
07-11 02:04:26.511 4631 7004 I CamX : [ INFO][HAL ] camxhaldevice.cpp:1249 ProcessCaptureRequest() CHIModule: Original framework framenumber 677 contains 1 output buffers
07-11 02:04:26.511 4631 6282 I CamX : [ INFO][CORE ] camxnode.cpp:5575 SetupRequestOutputPortFence() CreatePrivateFence...Node: fa9f6980, Node::ZSLPreviewRaw_ChiNodeWrapper2, fence: f052da00(83), ImgBuf:0x0 reqId:677 result: 0
07-11 02:04:26.511 4631 7004 I CHIUSECASE: [INFO ] chxextensionmodule.cpp:2853 OverrideProcessRequest() flush enabled, frame 677 m_aFlushInProgress[0]: 0
07-11 02:04:26.511 4631 6282 I CamX : [ INFO][CORE ] camxnode.cpp:5575 SetupRequestOutputPortFence() CreatePrivateFence...Node: faa11d40, Node::ZSLPreviewRaw_ChiNodeWrapper4, fence: f052e000(85), ImgBuf:0x0 reqId:677 result: 0
07-11 02:04:26.511 4631 7004 D CHIUSECASE: [FULL ] chxusecase.cpp:370 ProcessCaptureRequest() Saving buffer for CHI Frame: 677, requestFrame: 677, NumBuff: 1 resultFrameIndexChi: 165
07-11 02:04:26.511 4631 7004 D CHIUSECASE: [FULL ] chxusecase.cpp:402 ProcessCaptureRequest() SAVING frame: 677 resultFrameIndexChi: 165
07-11 02:04:26.511 4631 7004 D CHIUSECASE: [FULL ] chxadvancedcamerausecase.cpp:6379 ExecuteCaptureRequest() AdvancedCameraUsecase::ExecuteCaptureRequest 677 165
07-11 02:04:26.511 4631 6282 I CamX : [ INFO][CORE ] camxnode.cpp:5575 SetupRequestOutputPortFence() CreatePrivateFence...Node: faa2cf00, Node::ZSLPreviewRaw_ChiNodeWrapper5, fence: f052e600(90), ImgBuf:0x0 reqId:677 result: 0
07-11 02:04:26.511 4631 7004 D CHIUSECASE: [FULL ] chxusecase.cpp:2049 UpdateFeatureModeIndex() UpdateFeatureModeIndex E
07-11 02:04:26.511 4631 7004 D CHIUSECASE: [FULL ] chxfeaturezsl.cpp:337 ExecuteProcessRequest() Featurezsl::ExecuteProcessRequest, frameNum:677, setting:0x0 NumFaces 0 OperationMode 0x0
07-11 02:04:26.511 4631 6282 I CamX : [ INFO][CORE ] camxnode.cpp:5575 SetupRequestOutputPortFence() CreatePrivateFence...Node: faa47d40, Node::ZSLPreviewRaw_ChiNodeWrapper6, fence: f052ec00(94), ImgBuf:0x0 reqId:677 result: 0
07-11 02:04:26.511 4631 7004 I CHIUSECASE: [INFO ] chxfeaturezsl.cpp:522 ExecuteProcessRequest() Featurezsl::ExecuteProcessRequest OperationMode = 0, cameraID = 0
07-11 02:04:26.511 4631 7004 I CHIUSECASE: [VERBOSE] chxmetadata.cpp:1774 GetInput() [CMB_DEBUG] Get Buffer index 0 from client 0 subclient 0 frameNumber 677 orig 0 handle 0x78f11a5f80 0x78f1073500
07-11 02:04:26.511 4631 6282 I CamX : [ INFO][CORE ] camxnode.cpp:5575 SetupRequestOutputPortFence() CreatePrivateFence...Node: faa62a80, Node::ZSLPreviewRaw_ChiNodeWrapper7, fence: f05b4200(100), ImgBuf:0x0 reqId:677 result: 0
07-11 02:04:26.511 4631 7004 D CHIUSECASE: [FULL ] chxutils.cpp:1972 FillTuningModeDataThirdParty() SensorMode 1
07-11 02:04:26.511 4631 7004 D CHIUSECASE: [FULL ] chxutils.cpp:1926 GetFeature1Mode() Utils Feature1 mode 0
07-11 02:04:26.511 4631 6282 I CamX : [ INFO][CORE ] camxnode.cpp:5575 SetupRequestOutputPortFence() CreatePrivateFence...Node: faa7d300, Node::ZSLPreviewRaw_ChiNodeWrapper9, fence: f05b4b00(108), ImgBuf:0x0 reqId:677 result: 0
07-11 02:04:26.511 4631 7004 I CHIUSECASE: [INFO ] chxutils.cpp:2005 FillTuningModeDataThirdParty() ThirdParty SensorMode 1, Usecase:0, feature1:0, feature2:17, scene:18, effect:0
07-11 02:04:26.511 4631 7004 D CHIUSECASE: [FULL ] chxfeaturezsl.cpp:605 ExecuteProcessRequest() FeatureZSL Realtime AppFrameNum to ReqId: 677 <--> 677
07-11 02:04:26.511 4631 7004 E CamX : [ERROR][META ] camxmetabuffer.cpp:2810 AddReference() Exceeds the max number(150) of clients 0
07-11 02:04:26.511 4631 7004 I CHIUSECASE: [VERBOSE] chxmetadata.cpp:1774 GetInput() [CMB_DEBUG] Get Buffer index 0 from client 0 subclient 0 frameNumber 677 orig 0 handle 0x78f11a5f80 0x78f1073500
07-11 02:04:26.511 4631 7004 I CHIUSECASE: [VERBOSE] chxmetadata.cpp:1583 GetFreeHolder() [CMB_DEBUG] Zero ref 0 from client 3 subclient 0 frameNumber 668 handle 0x78fad3c700 0x78f2d85ba0
07-11 02:04:26.511 4631 7004 I CHIUSECASE: [VERBOSE] chxmetadata.cpp:1663 GetFreeHolder() [CMB_DEBUG] Get Buffer index 0 from client 3 subclient 0 frameNumber 677 handle 0x78fad3c700 0x78f2d85ba0
07-11 02:04:26.511 4631 7004 D CHIUSECASE: [FULL ] chxadvancedcamerausecase.cpp:8832 SetRequestToFeatureMapping() Current index 165 RequestCount 677 sessionId 1 requestId 677 pFeature 0x78fa1f0440 type 1
07-11 02:04:26.511 4631 7004 I CHIUSECASE: [INFO ] chxusecase.cpp:3282 SubmitRequest() logicCamera: 0
07-11 02:04:26.511 4631 7004 I CHIUSECASE: [INFO ] chxextensionmodule.cpp:3748 SubmitRequest() logicCamera: 0
07-11 02:04:26.512 4631 6284 I CamX : [ INFO][CORE ] camxnode.cpp:7635 GetMultiCameraInfo() Node::ZSLPreviewRaw_FDExtManager0 : MultiCamera vendor tags data not available 0x0 -241202476p 0x790a1c1f20
07-11 02:04:26.512 4631 6282 I CamX : [ INFO][CORE ] camxnode.cpp:7635 GetMultiCameraInfo() Node::ZSLPreviewRaw_IPE0 : MultiCamera vendor tags data not available 0x0 -241202476p 0x790a3b5a80
07-11 02:04:26.512 4631 6284 I CamX : [ INFO][CORE ] camxpipeline.cpp:2327 SinkPortFenceSignaled() ZSLPreviewRaw_0 Reporting stream done for stream=3, sequenceId=672, Buffer type=2 handle=0x78f2034300
07-11 02:04:26.512 4631 6284 I CamX : [ INFO][CORE ] camxsession.cpp:3482 InjectResult() Inject result added request 672 output buffer in result holder:Stream 0x7919a691e0 Fmt: 37 W: 6016 H: 4512
07-11 02:04:26.513 4631 6282 I CamX : [ INFO][CORE ] camxsession.cpp:3719 AdvanceMinExpectedResult() Session 0x78fac279c0: Can't advance because of buffer[0] for sequence Id: 672
07-11 02:04:26.513 4631 6284 I CamX : [ INFO][CORE ] camxnode.cpp:2628 ProcessRequestIdDone() Node::ZSLPreviewRaw_IFE0 : 65536 ProcessRequestIdDone 673
07-11 02:04:26.513 4631 6282 I CamX : [ INFO][CORE ] camxsession.cpp:3837 AdvanceMinExpectedResult() Session 0x78fac279c0: Results processed, current queue state: minResultIdExpected = 673, maxResultIdExpected= 677, minSequenceIdExpected: 672, maxSequenceIdExpected: 676, and numResultsPending: 5
07-11 02:04:26.513 4631 6286 I CamX : [ INFO][CORE ] camxnode.cpp:2592 ProcessMetadataDone() Node::ZSLPreviewRaw_LRME0 : Type :65541 ProcessMetadataDone 673
07-11 02:04:26.513 4631 6287 I CamX : [ INFO][CORE ] camxnode.cpp:2986 GetDataListFromMetadataPool() Usecase Property 50000015 Node::PropertyIDUsecaseChiTuningModeParameter Not Published for Request 676 ZSLPreviewRaw_AutoFocus0
07-11 02:04:26.513 4631 6284 I CamX : [ INFO][CORE ] camxnode.cpp:2592 ProcessMetadataDone() Node::ZSLPreviewRaw_StatsParse0 : Type :9 ProcessMetadataDone 676
07-11 02:04:26.514 4631 6284 I CamX : [ INFO][CORE ] camxnode.cpp:2628 ProcessRequestIdDone() Node::ZSLPreviewRaw_StatsParse0 : 9 ProcessRequestIdDone 676
07-11 02:04:26.514 4631 6285 I CamX : [ INFO][CORE ] camxnode.cpp:2592 ProcessMetadataDone() Node::ZSLPreviewRaw_AWB0 : Type :12 ProcessMetadataDone 676
07-11 02:04:26.514 4631 6285 I CamX : [ INFO][CORE ] camxnode.cpp:2628 ProcessRequestIdDone() Node::ZSLPreviewRaw_AWB0 : 12 ProcessRequestIdDone 676
07-11 02:04:26.515 4631 6281 I CamX : [ INFO][CORE ] camxnode.cpp:2592 ProcessMetadataDone() Node::ZSLPreviewRaw_AutoFocus0 : Type :5 ProcessMetadataDone 676
07-11 02:04:26.515 4631 6281 I CamX : [ INFO][CORE ] camxnode.cpp:2628 ProcessRequestIdDone() Node::ZSLPreviewRaw_AutoFocus0 : 5 ProcessRequestIdDone 676
07-11 02:04:26.515 4631 6282 I CamX : [ INFO][CORE ] camxnode.cpp:2592 ProcessMetadataDone() Node::ZSLPreviewRaw_Stats0 : Type :1 ProcessMetadataDone 676
07-11 02:04:26.515 4631 6282 I CamX : [ INFO][CORE ] camxnode.cpp:2628 ProcessRequestIdDone() Node::ZSLPreviewRaw_Stats0 : 1 ProcessRequestIdDone 676
07-11 02:04:26.515 4631 6284 I CamX : [ INFO][CORE ] camxpipeline.cpp:2183 ProcessMetadataRequestIdDone() SensorTimestamp not yet published for 676
07-11 02:04:26.515 4631 6284 I CamX : [ INFO][CORE ] camxpipeline.cpp:2204 ProcessMetadataRequestIdDone() ZSLPreviewRaw_0 Notify early metadata for request id 676 and sequenceId 675 timestamp = 35142474949220
07-11 02:04:26.515 4631 6284 I CamX : [ INFO][HAL ] camxsession.cpp:3432 InjectResult() Inject result added early metadata in result holder for sequence ID : 675
07-11 02:04:26.516 4631 6287 I CamX : [ INFO][CORE ] camxsession.cpp:3719 AdvanceMinExpectedResult() Session 0x78fac279c0: Can't advance because of buffer[0] for sequence Id: 672
07-11 02:04:26.516 4631 6287 I CamX : [ INFO][CORE ] camxsession.cpp:3837 AdvanceMinExpectedResult() Session 0x78fac279c0: Results processed, current queue state: minResultIdExpected = 673, maxResultIdExpected= 677, minSequenceIdExpected: 672, maxSequenceIdExpected: 676, and numResultsPending: 5
07-11 02:04:26.516 4631 6282 I CamX : [ INFO][CORE ] camxnode.cpp:7635 GetMultiCameraInfo() Node::ZSLPreviewRaw_IFE0 : MultiCamera vendor tags data not available 0x0 -241202476p 0x790a3b5d30
07-11 02:04:26.516 4631 6284 I CamX : [ INFO][CORE ] camxnode.cpp:2592 ProcessMetadataDone() Node::ZSLPreviewRaw_Sensor0 : Type :0 ProcessMetadataDone 676
07-11 02:04:26.516 4631 6284 I CamX : [ INFO][CORE ] camxnode.cpp:2628 ProcessRequestIdDone() Node::ZSLPreviewRaw_Sensor0 : 0 ProcessRequestIdDone 676
07-11 02:04:26.517 4631 6285 I CamX : [ INFO][CORE ] camxnode.cpp:2628 ProcessRequestIdDone() Node::ZSLPreviewRaw_LRME0 : 65541 ProcessRequestIdDone 673
07-11 02:04:26.517 4631 6285 I CamX : [ INFO][CORE ] camxnode.cpp:2592 ProcessMetadataDone() Node::ZSLPreviewRaw_RANSAC0 : Type :65542 ProcessMetadataDone 673
07-11 02:04:26.517 4631 6285 I CamX : [ INFO][CORE ] camxnode.cpp:2628 ProcessRequestIdDone() Node::ZSLPreviewRaw_RANSAC0 : 65542 ProcessRequestIdDone 673
07-11 02:04:26.517 4631 6284 I CamX : [ INFO][CORE ] camxnode.cpp:7635 GetMultiCameraInfo() Node::ZSLPreviewRaw_IPE0 : MultiCamera vendor tags data not available 0x0 -241202476p 0x790a1bbb40
07-11 02:04:26.518 4631 6284 I CamX : [ INFO][CORE ] camxnode.cpp:2947 GetDataListFromMetadataPool() Main Property 30000018 Node::PropertyIDFOVCFrameInfo Not Published for Request 673 ZSLPreviewRaw_IPE0
07-11 02:04:26.519 4631 6282 I CamX : [ INFO][CORE ] camxpipeline.h:517 NotifyNodeConfigDone() [ZSLPreviewRaw_0] All nodes complete stream config with requestId: 676., config done count 676
07-11 02:04:26.519 4631 6282 I CamX : [ INFO][CORE ] camxnode.cpp:2592 ProcessMetadataDone() Node::ZSLPreviewRaw_IFE0 : Type :65536 ProcessMetadataDone 676
07-11 02:04:26.520 4631 6284 I CamX : [ INFO][CORE ] camxnode.cpp:2592 ProcessMetadataDone() Node::ZSLPreviewRaw_IPE0 : Type :65538 ProcessMetadataDone 673
07-11 02:04:26.529 4631 6286 I CamX : [ INFO][CORE ] camxnode.cpp:2628 ProcessRequestIdDone() Node::ZSLPreviewRaw_IPE0 : 65538 ProcessRequestIdDone 673
07-11 02:04:26.529 4631 6286 E CamX : [ERROR][CORE ] camxnode.cpp:2773 GetDataCountFromPipeline() Node::ZSLPreviewRaw_ChiNodeWrapper9 Attempting to get metadata count for tag 80b00001 when unpublished
07-11 02:04:26.529 4631 4797 I CamX : [ INFO][CORE ] camxpipeline.cpp:2820 CSLMessageHandler() frameMessage:requestID=674, linkhdl:0xf6010b, frameCount=684, timestamp=35145554712656, monoTimestamp=35145554712656
07-11 02:04:26.529 4631 6286 I CamX : [ INFO][CORE ] camxnode.cpp:2592 ProcessMetadataDone() Node::ZSLPreviewRaw_ChiNodeWrapper9 : Type :255 ProcessMetadataDone 673
07-11 02:04:26.529 4631 4797 I CamX : [ INFO][CORE ] camxpipeline.cpp:2820 CSLMessageHandler() frameMessage:requestID=674, linkhdl:0xf6010b, frameCount=684, timestamp=35142472173712, monoTimestamp=35142472173712
07-11 02:04:26.529 4631 4797 D CHIUSECASE: [FULL ] chxadvancedcamerausecase.cpp:8857 GetFeatureFromRequestMapping() Look for feature with current index 161 sessionId 1 requestId 673 pFeature 0x78fa1f0440 type 1
07-11 02:04:26.530 4631 4797 D CHIUSECASE: [FULL ] chxadvancedcamerausecase.cpp:7052 ProcessMessage() ZSL Chi Notify SOF frameNum 684 framework frameNum 673, timestamp 35142472173712
07-11 02:04:26.530 4631 4797 D CHIUSECASE: [FULL ] chxfeaturezsl.cpp:1075 ProcessMessage() FeatureZSL Chi Notify SOF frameNum 684 framework frameNum 673, timestamp 35142472173712
07-11 02:04:26.530 4631 4797 D CHIUSECASE: [FULL ] chxadvancedcamerausecase.cpp:8857 GetFeatureFromRequestMapping() Look for feature with current index 161 sessionId 1 requestId 673 pFeature 0x78fa1f0440 type 1
07-11 02:04:26.530 4631 4797 D CHIUSECASE: [FULL ] chxadvancedcamerausecase.cpp:7079 ProcessMessage() Shutter notify Realtime ReqId to AppFrameNum: 673 <--> 673
07-11 02:04:26.530 4631 4797 D CHIUSECASE: [FULL ] chxusecase.cpp:1906 ReturnFrameworkMessage() ResultFrame = 673 FrameIdx = 161 type = 2
07-11 02:04:26.530 4631 4797 D CHIUSECASE: [FULL ] chxusecase.cpp:1929 ReturnFrameworkMessage() Override ResultFrame = 673 m_lastAppMessageFrameReceived = 673 m_nextAppMessageFrame=673
07-11 02:04:26.530 4631 6285 I CamX : [ INFO][CORE ] camxnode.cpp:2628 ProcessRequestIdDone() Node::ZSLPreviewRaw_ChiNodeWrapper9 : 255 ProcessRequestIdDone 673
07-11 02:04:26.530 4631 4797 D CHIUSECASE: [FULL ] chxusecase.cpp:1936 ReturnFrameworkMessage() frameIndex = 161 messageAvailable = 1
07-11 02:04:26.530 4631 4797 I CamX : [ INFO][HAL ] camxhal3.cpp:1342 notify() type 00000002
07-11 02:04:26.530 4631 4797 I CamX : [ INFO][HAL ] camxhal3.cpp:1351 notify() frame_number 673
07-11 02:04:26.530 4631 4797 I CamX : [ INFO][HAL ] camxhal3.cpp:1352 notify() timestamp 35142440166560
07-11 02:04:26.531 4631 6282 E CHIARCSOFTDISTORTIONCORRECTION: ProcessRequest():735 ProcessRequest getCameraRole failed
07-11 02:04:26.531 4631 6282 I CamX : [ INFO][CORE ] camxnode.cpp:2592 ProcessMetadataDone() Node::ZSLPreviewRaw_ChiNodeWrapper7 : Type :255 ProcessMetadataDone 673
07-11 02:04:26.531 4631 6281 I CamX : [ INFO][CORE ] camxnode.cpp:2628 ProcessRequestIdDone() Node::ZSLPreviewRaw_ChiNodeWrapper7 : 255 ProcessRequestIdDone 673
