07-11 02:04:25.663 4631 6287 E CamX : [ERROR][CORE ] camxnode.cpp:2773 GetDataCountFromPipeline() Node::ZSLPreviewRaw_ChiNodeWrapper9 Attempting to get metadata count for tag 80b00001 when unpublished
07-11 02:04:25.663 4631 6287 I CamX : [ INFO][CORE ] camxnode.cpp:2592 ProcessMetadataDone() Node::ZSLPreviewRaw_ChiNodeWrapper9 : Type :255 ProcessMetadataDone 647
07-11 02:04:25.663 4631 6282 I CamX : [ INFO][CORE ] camxnode.cpp:2628 ProcessRequestIdDone() Node::ZSLPreviewRaw_ChiNodeWrapper9 : 255 ProcessRequestIdDone 647
07-11 02:04:25.663 4631 4797 I CamX : [ INFO][CORE ] camxpipeline.cpp:2820 CSLMessageHandler() frameMessage:requestID=648, linkhdl:0xf6010b, frameCount=658, timestamp=35144688574166, monoTimestamp=35144688574166
07-11 02:04:25.663 4631 4797 I CamX : [ INFO][CORE ] camxpipeline.cpp:2820 CSLMessageHandler() frameMessage:requestID=648, linkhdl:0xf6010b, frameCount=658, timestamp=35141606051409, monoTimestamp=35141606051409
07-11 02:04:25.663 4631 6284 E CHIARCSOFTDISTORTIONCORRECTION: ProcessRequest():735 ProcessRequest getCameraRole failed
07-11 02:04:25.663 4631 4797 D CHIUSECASE: [FULL ] chxadvancedcamerausecase.cpp:8857 GetFeatureFromRequestMapping() Look for feature with current index 135 sessionId 1 requestId 647 pFeature 0x78fa1f0440 type 1
07-11 02:04:25.663 4631 6284 I CamX : [ INFO][CORE ] camxnode.cpp:2592 ProcessMetadataDone() Node::ZSLPreviewRaw_ChiNodeWrapper7 : Type :255 ProcessMetadataDone 647
07-11 02:04:25.663 4631 4797 D CHIUSECASE: [FULL ] chxadvancedcamerausecase.cpp:7052 ProcessMessage() ZSL Chi Notify SOF frameNum 658 framework frameNum 647, timestamp 35141606051409
07-11 02:04:25.663 4631 4797 D CHIUSECASE: [FULL ] chxfeaturezsl.cpp:1075 ProcessMessage() FeatureZSL Chi Notify SOF frameNum 658 framework frameNum 647, timestamp 35141606051409
07-11 02:04:25.663 4631 4797 D CHIUSECASE: [FULL ] chxadvancedcamerausecase.cpp:8857 GetFeatureFromRequestMapping() Look for feature with current index 135 sessionId 1 requestId 647 pFeature 0x78fa1f0440 type 1
07-11 02:04:25.663 4631 6285 I CamX : [ INFO][CORE ] camxnode.cpp:2628 ProcessRequestIdDone() Node::ZSLPreviewRaw_ChiNodeWrapper7 : 255 ProcessRequestIdDone 647
07-11 02:04:25.663 4631 4797 D CHIUSECASE: [FULL ] chxadvancedcamerausecase.cpp:7079 ProcessMessage() Shutter notify Realtime ReqId to AppFrameNum: 647 <--> 647
07-11 02:04:25.663 4631 4797 D CHIUSECASE: [FULL ] chxusecase.cpp:1906 ReturnFrameworkMessage() ResultFrame = 647 FrameIdx = 135 type = 2
07-11 02:04:25.663 4631 4797 D CHIUSECASE: [FULL ] chxusecase.cpp:1929 ReturnFrameworkMessage() Override ResultFrame = 647 m_lastAppMessageFrameReceived = 647 m_nextAppMessageFrame=647
07-11 02:04:25.663 4631 4797 D CHIUSECASE: [FULL ] chxusecase.cpp:1936 ReturnFrameworkMessage() frameIndex = 135 messageAvailable = 1
07-11 02:04:25.663 4631 4797 I CamX : [ INFO][HAL ] camxhal3.cpp:1342 notify() type 00000002
07-11 02:04:25.663 4631 4797 I CamX : [ INFO][HAL ] camxhal3.cpp:1351 notify() frame_number 647
07-11 02:04:25.663 4631 4797 I CamX : [ INFO][HAL ] camxhal3.cpp:1352 notify() timestamp 35141574044257
07-11 02:04:25.663 4631 6285 I CamX : [ INFO][CORE ] camxnode.cpp:2592 ProcessMetadataDone() Node::ZSLPreviewRaw_ChiNodeWrapper6 : Type :255 ProcessMetadataDone 647
07-11 02:04:25.664 4631 6282 I CamX : [ INFO][CORE ] camxnode.cpp:2628 ProcessRequestIdDone() Node::ZSLPreviewRaw_ChiNodeWrapper6 : 255 ProcessRequestIdDone 647
07-11 02:04:25.664 4631 6282 I CamX : [ INFO][CORE ] camxnode.cpp:2592 ProcessMetadataDone() Node::ZSLPreviewRaw_ChiNodeWrapper5 : Type :255 ProcessMetadataDone 647
07-11 02:04:25.664 4631 6286 I CamX : [ INFO][CORE ] camxnode.cpp:2628 ProcessRequestIdDone() Node::ZSLPreviewRaw_ChiNodeWrapper5 : 255 ProcessRequestIdDone 647
07-11 02:04:25.664 4631 6286 E CamX : [ERROR][CORE ] camxnode.cpp:2773 GetDataCountFromPipeline() Node::ZSLPreviewRaw_ChiNodeWrapper4 Attempting to get metadata count for tag 805f0004 when unpublished
07-11 02:04:25.665 4631 6286 I CamX : [ INFO][CORE ] camxnode.cpp:2592 ProcessMetadataDone() Node::ZSLPreviewRaw_ChiNodeWrapper4 : Type :255 ProcessMetadataDone 647
07-11 02:04:25.665 4631 6281 I CamX : [ INFO][CORE ] camxnode.cpp:2628 ProcessRequestIdDone() Node::ZSLPreviewRaw_ChiNodeWrapper4 : 255 ProcessRequestIdDone 647
07-11 02:04:25.665 4631 6281 I CamX : [ INFO][CORE ] camxnode.cpp:2592 ProcessMetadataDone() Node::ZSLPreviewRaw_ChiNodeWrapper2 : Type :255 ProcessMetadataDone 647
07-11 02:04:25.665 4631 6287 I CamX : [ INFO][CORE ] camxnode.cpp:2628 ProcessRequestIdDone() Node::ZSLPreviewRaw_ChiNodeWrapper2 : 255 ProcessRequestIdDone 647
07-11 02:04:25.665 4631 6287 I CamX : [ INFO][CORE ] camxpipeline.h:439 NotifyNodePartialMetadataDone() [ZSLPreviewRaw_0] All nodes complete partial metadata with requestId: 647.
07-11 02:04:25.665 4631 6287 I CHIUSECASE: [INFO ] chxadvancedcamerausecase.cpp:6642 ParseResultMetadata() ParseResultMetadata: isValid=0, IHDRTrigger=0
07-11 02:04:25.665 4631 6287 D CHIUSECASE: [FULL ] chxadvancedcamerausecase.cpp:3741 IsFlashRequired() isFlashRequired value 0
07-11 02:04:25.665 4631 6287 D CHIUSECASE: [FULL ] chxadvancedcamerausecase.cpp:8757 FindFeatureToProcessResult() ProcessResult SessionId 1 frameNum 646 feature type: 1
07-11 02:04:25.665 4631 6287 D CHIUSECASE: [FULL ] chxfeaturezsl.cpp:1517 GetResultFrameInfo() FeatureZSL AppFrameNum: 646 <--> 646
07-11 02:04:25.665 4631 6287 D CHIUSECASE: [FULL ] chxusecase.cpp:2621 CheckIfMetaDataHasBeenSent() CheckIfMetadata for resultFrameIndexChi=134 Sent=0
07-11 02:04:25.665 4631 6287 D CHIUSECASE: [FULL ] chxusecase.cpp:2597 CheckIfPartialDataCanBeSent() CheckIfMetadata for resultFrameIndexChi=134 Sent=1
07-11 02:04:25.665 4631 6287 D CHIUSECASE: [FULL ] chxusecase.cpp:3078 UpdateAppPartialResultMetadataFromDriver() PMD is being created for resultID=134 resultFrameNumber:646
07-11 02:04:25.665 4631 6287 I CHIUSECASE: [VERBOSE] chxmetadata.cpp:2045 GetAndroidFrameworkOutputMetadata() [CMB_DEBUG_AFWO] Get framework output index 0 address 0x78f9f4ad40 sparse 0
07-11 02:04:25.665 4631 6287 D CHIUSECASE: [FULL ] chxadvancedcamerausecase.cpp:5026 ProcessAndReturnPartialMetadataFinishedResults() Frame 646: Returning Partial metadata result 1 for app frame 646 m_nextAppResultFrame=646 m_lastAppRequestFrame=651
07-11 02:04:25.665 4631 6287 I CHIUSECASE: [INFO ] chxusecase.cpp:1776 ReturnFrameworkResult() chiOriginalOverrideFrameNum: 646 frame_number: 646 resultFrameIndexF: 134 FW: 646, Buffer Count: 1 RESULT: 0x78f9f4ad40
07-11 02:04:25.665 4631 6287 D CHIUSECASE: [FULL ] chxusecaseutils.cpp:567 IsQuadCFASensor() i:0, sensor mode:16
07-11 02:04:25.665 4631 6287 D CHIUSECASE: [FULL ] chxusecase.cpp:705 OverrideResultMetaForQCFA() AE region, origin (0, 0, 0, 0) <==> new (0, 0, 0, 0)
07-11 02:04:25.665 4631 6287 D CHIUSECASE: [FULL ] chxusecase.cpp:727 OverrideResultMetaForQCFA() AF region, origin (4208, 3160, 7816, 5928) <==> new (2104, 1580, 3908, 2964)
07-11 02:04:25.665 4631 6287 D CHIUSECASE: [FULL ] chxusecase.cpp:1803 ReturnFrameworkResult() m_numberOfPendingOutputBuffers = 1
07-11 02:04:25.665 4631 6287 D CHIUSECASE: [FULL ] chxusecase.cpp:1809 ReturnFrameworkResult() pResult->num_output_buffers 0 pending buffers 1
07-11 02:04:25.665 4631 6287 D CHIUSECASE: [FULL ] chxusecase.cpp:2411 HandleMetadataResultReturn() Sending metadata for [FrameNum=646 and override FrameNum=646] with totalexpectedCount=2 partialResultCount=1
07-11 02:04:25.665 4631 6287 D CHIUSECASE: [FULL ] chxusecase.cpp:2664 SetMetaDataHasBeenSent() Metadata for sender 0 with resultFrameIndexChi=134 Sent=1
07-11 02:04:25.665 4631 6287 I CamX : [ INFO][HAL ] camxhal3.cpp:1289 process_capture_result() frame_number 646
07-11 02:04:25.665 4631 6287 I CamX : [ INFO][HAL ] camxhal3.cpp:1290 process_capture_result() num_output_buffers 0
07-11 02:04:25.665 4631 6287 I CamX : [ INFO][HAL ] camxhal3.cpp:1291 process_capture_result() output_buffers 0x0
07-11 02:04:25.665 4631 6287 I CamX : [ INFO][HAL ] camxhal3.cpp:1308 process_capture_result() input_buffer 0x0
07-11 02:04:25.665 4631 6287 I CamX : [ INFO][HAL ] camxhal3.cpp:1315 process_capture_result() partial_result 1
07-11 02:04:25.665 4631 6287 I CamX : [ INFO][HAL ] camxhal3.cpp:1316 process_capture_result() result 0x78f9f4ad40,cb=0x78fac1f008
07-11 02:04:25.665 4631 6287 I CamX : [ INFO][HAL ] camxhal3.cpp:1318 process_capture_result() num_physcam_metadata 0
07-11 02:04:25.666 4631 6287 D CHIUSECASE: [FULL ] chxutils.cpp:806 ResetMetadata() Metadata entry capacity : 256, data capacity: 262144, metaSize: 266288
07-11 02:04:25.666 4631 6287 I CHIUSECASE: [VERBOSE] chxmetadata.cpp:2080 ReleaseAndroidFrameworkOutputMetadata() [CMB_DEBUG_AFWO] Release framework output index 0
07-11 02:04:25.667 4631 6287 I CamX : [ INFO][CORE ] camxnode.cpp:2592 ProcessMetadataDone() Node::ZSLPreviewRaw_ChiNodeWrapper1 : Type :255 ProcessMetadataDone 647
07-11 02:04:25.668 4631 6287 I CamX : [ INFO][CORE ] camxpipeline.h:403 NotifyNodeMetadataDone() [ZSLPreviewRaw_0] All nodes complete metadata with requestId: 647.
07-11 02:04:25.668 4631 6287 E CamX : [ERROR][META ] camxmetabuffer.cpp:2858 AddReference() Exceeds the max number(150) of clients
07-11 02:04:25.668 4631 6287 I CamX : [ INFO][CORE ] camxpipeline.cpp:2204 ProcessMetadataRequestIdDone() ZSLPreviewRaw_0 Notify metadata for request id 647 and sequenceId 646 timestamp = 35141540751394
07-11 02:04:25.668 4631 6287 I CamX : [ INFO][CORE ] camxsession.cpp:3420 InjectResult() Inject result added metadata in result holder for sequence ID : 646
07-11 02:04:25.668 4631 6284 I CamX : [ INFO][HAL ] camxsession.cpp:2387 ProcessResultMetadata() Finalized metadata result for Sequence ID 646 mapped to framework id 646 pipeline 0 reqId 647
07-11 02:04:25.668 4631 6284 I CamX : [ INFO][CORE ] camxsession.cpp:2626 ProcessResults() Processing Result - SequenceId 646 Framenumber 646 - earlyMetadata 0 metadataReady 1 bufferReady 1 isCancelled 0
07-11 02:04:25.668 4631 6284 I CHIUSECASE: [INFO ] chxadvancedcamerausecase.cpp:6642 ParseResultMetadata() ParseResultMetadata: isValid=0, IHDRTrigger=0
07-11 02:04:25.668 4631 6284 D CHIUSECASE: [FULL ] chxadvancedcamerausecase.cpp:3741 IsFlashRequired() isFlashRequired value 0
07-11 02:04:25.668 4631 6284 D CHIUSECASE: [FULL ] chxadvancedcamerausecase.cpp:8757 FindFeatureToProcessResult() ProcessResult SessionId 1 frameNum 646 feature type: 1
07-11 02:04:25.668 4631 6284 D CHIUSECASE: [FULL ] chxfeaturezsl.cpp:1517 GetResultFrameInfo() FeatureZSL AppFrameNum: 646 <--> 646
07-11 02:04:25.668 4631 6284 I CHIUSECASE: [INFO ] chxfeaturezsl.cpp:814 ProcessResult() Realtime frame 646. Metadata: 0x78f1072000 NumBuffers: 1 Timestamp: 35141540751394 Sent: 0
07-11 02:04:25.668 4631 6284 I CHIUSECASE: [VERBOSE] chxmetadata.cpp:1909 ReleaseHolder() [CMB_DEBUG] Release buffer 0 client 0 subclient 0, frameNum 0 refCount 669 handle 0x78f11a5f80 0x78f1073500
07-11 02:04:25.668 4631 6284 I CHIUSECASE: [INFO ] chxutils.cpp:1775 GetFlashFiredState() Utils flashfired state Value 2
07-11 02:04:25.668 4631 6284 I CHIUSECASE: [VERBOSE] chxmetadata.cpp:2045 GetAndroidFrameworkOutputMetadata() [CMB_DEBUG_AFWO] Get framework output index 0 address 0x78f9f4ad40 sparse 0
07-11 02:04:25.668 4631 6284 D CHIUSECASE: [FULL ] chxusecase.cpp:2621 CheckIfMetaDataHasBeenSent() CheckIfMetadata for resultFrameIndexChi=134 Sent=1
07-11 02:04:25.668 4631 6284 D CHIUSECASE: [FULL ] chxusecase.cpp:2597 CheckIfPartialDataCanBeSent() CheckIfMetadata for resultFrameIndexChi=134 Sent=0
07-11 02:04:25.668 4631 6284 D CHIUSECASE: [FULL ] chxusecase.cpp:3136 UpdateAppResultMetadata() Partial Data has been sent and meta data needs to be filtered for tags=18
07-11 02:04:25.669 4631 6284 I CHIUSECASE: [INFO ] chxfeaturezsl.cpp:896 ProcessResult() Reserve metadata for frame 646. sessionId 1
07-11 02:04:25.669 4631 6284 I CHIUSECASE: [VERBOSE] chxadvancedcamerausecase.cpp:2709 FillMetadataForRDIQueue() set primary35mmEFL vendor tag, zoom 1.000000 35mmEFL 24.166754
07-11 02:04:25.669 4631 6284 I CHIUSECASE: [VERBOSE] chxmetadata.cpp:1909 ReleaseHolder() [CMB_DEBUG] Release buffer 2 client 3 subclient 0, frameNum 643 refCount 1 handle 0x78fad3ce80 0x78f2d85d60
07-11 02:04:25.669 4631 6284 I CHIUSECASE: [INFO ] chxadvancedcamerausecase.cpp:2543 UpdateBufferReadyForRDIQueue() validBufferLength:3, framenumber:646, pipeline:1,lastReady:646,firstValid:644,cnt:3
07-11 02:04:25.669 4631 6284 D CHIUSECASE: [FULL ] chxadvancedcamerausecase.cpp:4771 ProcessAndReturnFinishedResults() Frame 646: metadataAvailable: 1, metadataReturn: 1, bufferReturn 0, inBufferReturn 0
07-11 02:04:25.669 4631 6284 D CHIUSECASE: [FULL ] chxadvancedcamerausecase.cpp:4790 ProcessAndReturnFinishedResults() Frame 646: Returning metadata result 2/2 for app frame 646 m_nextAppResultFrame=646 m_lastAppRequestFrame=651
07-11 02:04:25.669 4631 6284 I CHIUSECASE: [INFO ] chxadvancedcamerausecase.cpp:10114 RemosaicInjectReturnResult() [Meta DEBUG] Set xiaomi.remosaic.detected 0
07-11 02:04:25.669 4631 6284 I CHIUSECASE: [INFO ] chxusecase.cpp:1776 ReturnFrameworkResult() chiOriginalOverrideFrameNum: 646 frame_number: 646 resultFrameIndexF: 134 FW: 646, Buffer Count: 1 RESULT: 0x78f9f4ad40
07-11 02:04:25.669 4631 6284 D CHIUSECASE: [FULL ] chxusecaseutils.cpp:567 IsQuadCFASensor() i:0, sensor mode:16
07-11 02:04:25.669 4631 6284 D CHIUSECASE: [FULL ] chxusecase.cpp:683 OverrideResultMetaForQCFA() crop region, origin (0, 0, 12032, 9024) <==> new (0, 0, 6016, 4512)
07-11 02:04:25.669 4631 6284 D CHIUSECASE: [FULL ] chxusecase.cpp:1803 ReturnFrameworkResult() m_numberOfPendingOutputBuffers = 1
07-11 02:04:25.669 4631 6284 D CHIUSECASE: [FULL ] chxusecase.cpp:1809 ReturnFrameworkResult() pResult->num_output_buffers 0 pending buffers 1
07-11 02:04:25.669 4631 6284 D CHIUSECASE: [FULL ] chxusecase.cpp:2411 HandleMetadataResultReturn() Sending metadata for [FrameNum=646 and override FrameNum=646] with totalexpectedCount=2 partialResultCount=2
07-11 02:04:25.669 4631 6284 D CHIUSECASE: [FULL ] chxusecase.cpp:2621 CheckIfMetaDataHasBeenSent() CheckIfMetadata for resultFrameIndexChi=134 Sent=1
07-11 02:04:25.669 4631 6284 D CHIUSECASE: [FULL ] chxusecase.cpp:2664 SetMetaDataHasBeenSent() Metadata for sender 2 with resultFrameIndexChi=134 Sent=1
07-11 02:04:25.669 4631 6284 D CHIUSECASE: [FULL ] chxusecase.cpp:2504 HandleMetadataResultReturn() Partial Result Completed for framenumber=646
07-11 02:04:25.669 4631 6284 I CamX : [ INFO][HAL ] camxhal3.cpp:1289 process_capture_result() frame_number 646
07-11 02:04:25.669 4631 6284 I CamX : [ INFO][HAL ] camxhal3.cpp:1290 process_capture_result() num_output_buffers 0
07-11 02:04:25.669 4631 6284 I CamX : [ INFO][HAL ] camxhal3.cpp:1291 process_capture_result() output_buffers 0x0
07-11 02:04:25.669 4631 6284 I CamX : [ INFO][HAL ] camxhal3.cpp:1308 process_capture_result() input_buffer 0x0
07-11 02:04:25.669 4631 6284 I CamX : [ INFO][HAL ] camxhal3.cpp:1315 process_capture_result() partial_result 2
07-11 02:04:25.669 4631 6284 I CamX : [ INFO][HAL ] camxhal3.cpp:1316 process_capture_result() result 0x78f9f4ad40,cb=0x78fac1f008
07-11 02:04:25.669 4631 6284 I CamX : [ INFO][HAL ] camxhal3.cpp:1318 process_capture_result() num_physcam_metadata 0
07-11 02:04:25.671 4631 6284 D CHIUSECASE: [FULL ] chxutils.cpp:806 ResetMetadata() Metadata entry capacity : 256, data capacity: 262144, metaSize: 266288
07-11 02:04:25.671 4631 6284 I CHIUSECASE: [VERBOSE] chxmetadata.cpp:2080 ReleaseAndroidFrameworkOutputMetadata() [CMB_DEBUG_AFWO] Release framework output index 0
07-11 02:04:25.671 4631 6284 I CamX : [ INFO][CORE ] camxsession.cpp:3719 AdvanceMinExpectedResult() Session 0x78fac279c0: Can't advance because of buffer[0] for sequence Id: 646
07-11 02:04:25.671 4631 6284 I CamX : [ INFO][CORE ] camxsession.cpp:3837 AdvanceMinExpectedResult() Session 0x78fac279c0: Results processed, current queue state: minResultIdExpected = 647, maxResultIdExpected= 651, minSequenceIdExpected: 646, maxSequenceIdExpected: 650, and numResultsPending: 5
07-11 02:04:25.673 4631 6286 I CamX : [ INFO][CORE ] camxnode.cpp:2628 ProcessRequestIdDone() Node::ZSLPreviewRaw_ChiNodeWrapper1 : 255 ProcessRequestIdDone 647
07-11 02:04:25.673 4631 6286 I CamX : [ INFO][CORE ] camxpipeline.cpp:3671 NotifyNodeRequestIdDone() All nodes in pipeline ZSLPreviewRaw complete with requestId: 647.
07-11 02:04:25.674 4631 6286 I CamX : [ INFO][CORE ] camxpipeline.cpp:2327 SinkPortFenceSignaled() ZSLPreviewRaw_0 Reporting stream done for stream=0, sequenceId=646, Buffer type=0 handle=0x78f1d10cb8
07-11 02:04:25.674 4631 6286 I CamX : [ INFO][CORE ] camxsession.cpp:3482 InjectResult() Inject result added request 646 output buffer in result holder:Stream 0x78f0cd3aa8 Fmt: 34 W: 1920 H: 1080
07-11 02:04:25.674 4631 6282 I CamX : [ INFO][CORE ] camxsession.cpp:2626 ProcessResults() Processing Result - SequenceId 646 Framenumber 646 - earlyMetadata 0 metadataReady 0 bufferReady 1 isCancelled 0
07-11 02:04:25.674 4631 6282 D CHIUSECASE: [FULL ] chxadvancedcamerausecase.cpp:8757 FindFeatureToProcessResult() ProcessResult SessionId 1 frameNum 646 feature type: 1
07-11 02:04:25.674 4631 6282 D CHIUSECASE: [FULL ] chxfeaturezsl.cpp:1517 GetResultFrameInfo() FeatureZSL AppFrameNum: 646 <--> 646
07-11 02:04:25.674 4631 6282 I CHIUSECASE: [INFO ] chxfeaturezsl.cpp:814 ProcessResult() Realtime frame 646. Metadata: 0x0 NumBuffers: 1 Timestamp: 35141540751394 Sent: 1
07-11 02:04:25.674 4631 6282 D CHIUSECASE: [FULL ] chxadvancedcamerausecase.cpp:4771 ProcessAndReturnFinishedResults() Frame 646: metadataAvailable: 0, metadataReturn: 0, bufferReturn 1, inBufferReturn 0
07-11 02:04:25.674 4631 6282 D CHIUSECASE: [FULL ] chxusecase.cpp:2639 CheckIfAnyPartialMetaDataHasBeenSent() CheckIfAnyPartialMetaDataHasBeenSent for resultFrameIndexChi=134 Sent=1
07-11 02:04:25.674 4631 6282 D CHIUSECASE: [FULL ] chxadvancedcamerausecase.cpp:4865 ProcessAndReturnFinishedResults() Frame 646: Returning buffer result for 1 output buffers for app frame 646
07-11 02:04:25.674 4631 6282 D CHIUSECASE: [FULL ] chxadvancedcamerausecase.cpp:4872 ProcessAndReturnFinishedResults() Stream 0x78f0cd3aa8, W: 1920, H: 1080
07-11 02:04:25.674 4631 6282 I CHIUSECASE: [INFO ] chxusecase.cpp:1776 ReturnFrameworkResult() chiOriginalOverrideFrameNum: 646 frame_number: 646 resultFrameIndexF: 134 FW: 646, Buffer Count: 1 RESULT: 0x0
07-11 02:04:25.674 4631 6282 D CHIUSECASE: [FULL ] chxusecase.cpp:1803 ReturnFrameworkResult() m_numberOfPendingOutputBuffers = 0
07-11 02:04:25.674 4631 6282 D CHIUSECASE: [FULL ] chxusecase.cpp:1809 ReturnFrameworkResult() pResult->num_output_buffers 1 pending buffers 0
07-11 02:04:25.674 4631 6282 D CHIUSECASE: [FULL ] chxusecase.cpp:1822 ReturnFrameworkResult() pStreamBuffer 0x790becf900, i 0, j 0 buffer 0x78f1d10cb8
07-11 02:04:25.674 4631 6282 I CamX : [ INFO][HAL ] camxhaldevice.cpp:254 ProcessCaptureResult() Returning framework result Frame: 646, Metadata: 0x0, Stream 0x78f0cd3aa8, Fmt: 34 Width: 1920 Height: 1080
07-11 02:04:25.674 4631 6282 I CamX : [ INFO][HAL ] camxhal3.cpp:1289 process_capture_result() frame_number 646
07-11 02:04:25.674 4631 6282 I CamX : [ INFO][HAL ] camxhal3.cpp:1290 process_capture_result() num_output_buffers 1
07-11 02:04:25.674 4631 6282 I CamX : [ INFO][HAL ] camxhal3.cpp:1291 process_capture_result() output_buffers 0x790be5f400
07-11 02:04:25.674 4631 6282 I CamX : [ INFO][HAL ] camxhal3.cpp:1296 process_capture_result() output_buffers[0] : 0x790be5f400 - info
07-11 02:04:25.674 4631 6282 I CamX : [ INFO][HAL ] camxhal3.cpp:1297 process_capture_result() buffer : 0x78f1d10cb8
07-11 02:04:25.674 4631 6282 I CamX : [ INFO][HAL ] camxhal3.cpp:1298 process_capture_result() status : 00000000
07-11 02:04:25.674 4631 6282 I CamX : [ INFO][HAL ] camxhal3.cpp:1299 process_capture_result() stream : 0x78f0cd3aa8
07-11 02:04:25.674 4631 6282 I CamX : [ INFO][HAL ] camxhal3.cpp:1308 process_capture_result() input_buffer 0x0
07-11 02:04:25.674 4631 6282 I CamX : [ INFO][HAL ] camxhal3.cpp:1315 process_capture_result() partial_result 0
07-11 02:04:25.674 4631 6282 I CamX : [ INFO][HAL ] camxhal3.cpp:1316 process_capture_result() result 0x0,cb=0x78fac1f008
07-11 02:04:25.674 4631 6282 I CamX : [ INFO][HAL ] camxhal3.cpp:1318 process_capture_result() num_physcam_metadata 0
07-11 02:04:25.675 4631 6282 D CHIUSECASE: [FULL ] chxadvancedcamerausecase.cpp:4949 ProcessAndReturnFinishedResults() Advanced next result frame to 647
07-11 02:04:25.675 4631 6282 I CamX : [ INFO][CORE ] camxsession.cpp:3773 AdvanceMinExpectedResult() Session 0x78fac279c0: Results processed for sequenceId: 646
07-11 02:04:25.675 4631 6282 I CamX : [ INFO][CORE ] camxsession.cpp:5559 IsDoneProcessing() Session 0x78fac279c0 is not done processing, Waiting for pipeline: ZSLPreviewRaw:0
07-11 02:04:25.675 4631 6282 I CamX : [ INFO][CORE ] camxsession.cpp:5610 NotifyProcessingDone() Session 0x78fac279c0 is not done processing, Waiting for m_livePendingRequests
07-11 02:04:25.675 4631 6282 I CamX : [ INFO][CORE ] camxsession.cpp:3719 AdvanceMinExpectedResult() Session 0x78fac279c0: Can't advance because of buffer[0] for sequence Id: 647
07-11 02:04:25.676 4631 6282 I CamX : [ INFO][CORE ] camxsession.cpp:3837 AdvanceMinExpectedResult() Session 0x78fac279c0: Results processed, current queue state: minResultIdExpected = 648, maxResultIdExpected= 651, minSequenceIdExpected: 647, maxSequenceIdExpected: 650, and numResultsPending: 4
07-11 02:04:25.676 4631 6282 I CamX : [ INFO][HAL ] camxsession.cpp:5222 ProcessMetabufferPendingQueue() Pending Queue pipeline ZSLPreviewRaw_0 request 647 old = 644 last 647 delay 3
07-11 02:04:25.676 4631 7004 I CamX : [ INFO][CORE ] camxsession.cpp:1864 ProcessCaptureRequest() AttachMetabuffer in pipeline ZSLPreviewRaw_0 InputMetaBuffer 0x78f1073500 OutputMetaBuffer 0x78f2d85c80 reqId 652
07-11 02:04:25.676 4631 6282 E CamX : [ERROR][META ] camxmetabuffer.cpp:2970 ReleaseReference() Cannot find metabuffer 0x78f2d85d60 refCnt 668 cur 0x78f1073500
07-11 02:04:25.676 4631 7004 I CamX : [ INFO][CORE ] camxsession.cpp:2250 ProcessCaptureRequest() Pipeline: ZSLPreviewRaw_0 Added Sequence ID 651 CHI framenumber 651 to request queue and launched job with request id 652
07-11 02:04:25.676 4631 6282 D CHIUSECASE: [FULL ] chxadvancedcamerausecase.cpp:8857 GetFeatureFromRequestMapping() Look for feature with current index 131 sessionId 1 requestId 643 pFeature 0x78fa1f0440 type 1
07-11 02:04:25.676 4631 6282 D CHIUSECASE: [FULL ] chxadvancedcamerausecase.cpp:8857 GetFeatureFromRequestMapping() Look for feature with current index 131 sessionId 1 requestId 643 pFeature 0x78fa1f0440 type 1
07-11 02:04:25.676 4631 6282 D CHIUSECASE: [FULL ] chxfeaturezsl.cpp:1092 ProcessMessage() FeatureZSL MetaBuffer Done frameNum 643 i/p metadata 0x78f1073500 o/p metadata 0x78f2d85d60
07-11 02:04:25.676 4631 6281 I CamX : [ INFO][CORE ] camxnode.cpp:2592 ProcessMetadataDone() Node::ZSLPreviewRaw_FDExtManager0 : Type :22 ProcessMetadataDone 648
07-11 02:04:25.676 4631 6281 E CamX : [ERROR][SW_PROC] camxswprocess_tonemap.cpp:305 SWProcessApplyFixedGTM() Applying Fixed GTM, width: 0, height: 640, stride: 360, gamma: 1.100000, gain: 1.000000
07-11 02:04:25.677 4631 7004 I CamX : [ INFO][HAL ] camxhal3.cpp:1127 process_capture_request() frame_number 652
07-11 02:04:25.677 4631 7004 I CamX : [ INFO][HAL ] camxhal3.cpp:1128 process_capture_request() num_output_buffers 1
07-11 02:04:25.677 4631 7004 I CamX : [ INFO][HAL ] camxhal3.cpp:1129 process_capture_request() output_buffers 0x78f1e10200
07-11 02:04:25.677 4631 7004 I CamX : [ INFO][HAL ] camxhal3.cpp:1134 process_capture_request() output_buffers[0] : 0x78f1e10200 - info
07-11 02:04:25.677 4631 7004 I CamX : [ INFO][HAL ] camxhal3.cpp:1135 process_capture_request() buffer : 0x78f1d8df18
07-11 02:04:25.677 4631 7004 I CamX : [ INFO][HAL ] camxhal3.cpp:1136 process_capture_request() status : 00000000
07-11 02:04:25.677 4631 7004 I CamX : [ INFO][HAL ] camxhal3.cpp:1137 process_capture_request() stream : 0x78f0cd3aa8
07-11 02:04:25.677 4631 7004 I CamX : [ INFO][HAL ] camxhal3.cpp:1147 process_capture_request() input_buffer 0x0
07-11 02:04:25.677 4631 7004 I CamX : [ INFO][HAL ] camxhal3.cpp:1154 process_capture_request() settings 0x0
07-11 02:04:25.677 4631 7004 I CamX : [ INFO][HAL ] camxhaldevice.cpp:1249 ProcessCaptureRequest() CHIModule: Original framework framenumber 652 contains 1 output buffers
07-11 02:04:25.677 4631 7004 I CHIUSECASE: [INFO ] chxextensionmodule.cpp:2853 OverrideProcessRequest() flush enabled, frame 652 m_aFlushInProgress[0]: 0
07-11 02:04:25.677 4631 7004 D CHIUSECASE: [FULL ] chxusecase.cpp:370 ProcessCaptureRequest() Saving buffer for CHI Frame: 652, requestFrame: 652, NumBuff: 1 resultFrameIndexChi: 140
07-11 02:04:25.677 4631 7004 D CHIUSECASE: [FULL ] chxusecase.cpp:402 ProcessCaptureRequest() SAVING frame: 652 resultFrameIndexChi: 140
07-11 02:04:25.677 4631 7004 D CHIUSECASE: [FULL ] chxadvancedcamerausecase.cpp:6379 ExecuteCaptureRequest() AdvancedCameraUsecase::ExecuteCaptureRequest 652 140
07-11 02:04:25.677 4631 7004 D CHIUSECASE: [FULL ] chxusecase.cpp:2049 UpdateFeatureModeIndex() UpdateFeatureModeIndex E
07-11 02:04:25.678 4631 7004 D CHIUSECASE: [FULL ] chxfeaturezsl.cpp:337 ExecuteProcessRequest() Featurezsl::ExecuteProcessRequest, frameNum:652, setting:0x0 NumFaces 0 OperationMode 0x0
07-11 02:04:25.678 4631 7004 I CHIUSECASE: [INFO ] chxfeaturezsl.cpp:522 ExecuteProcessRequest() Featurezsl::ExecuteProcessRequest OperationMode = 0, cameraID = 0
07-11 02:04:25.678 4631 7004 I CHIUSECASE: [VERBOSE] chxmetadata.cpp:1774 GetInput() [CMB_DEBUG] Get Buffer index 0 from client 0 subclient 0 frameNumber 652 orig 0 handle 0x78f11a5f80 0x78f1073500
07-11 02:04:25.678 4631 7004 D CHIUSECASE: [FULL ] chxutils.cpp:1972 FillTuningModeDataThirdParty() SensorMode 1
07-11 02:04:25.678 4631 7004 D CHIUSECASE: [FULL ] chxutils.cpp:1926 GetFeature1Mode() Utils Feature1 mode 0
07-11 02:04:25.678 4631 7004 I CHIUSECASE: [INFO ] chxutils.cpp:2005 FillTuningModeDataThirdParty() ThirdParty SensorMode 1, Usecase:0, feature1:0, feature2:17, scene:18, effect:0
07-11 02:04:25.678 4631 7004 D CHIUSECASE: [FULL ] chxfeaturezsl.cpp:605 ExecuteProcessRequest() FeatureZSL Realtime AppFrameNum to ReqId: 652 <--> 652
07-11 02:04:25.678 4631 7004 E CamX : [ERROR][META ] camxmetabuffer.cpp:2810 AddReference() Exceeds the max number(150) of clients 0
07-11 02:04:25.678 4631 7004 I CHIUSECASE: [VERBOSE] chxmetadata.cpp:1774 GetInput() [CMB_DEBUG] Get Buffer index 0 from client 0 subclient 0 frameNumber 652 orig 0 handle 0x78f11a5f80 0x78f1073500
07-11 02:04:25.678 4631 6282 I CamX : [ INFO][CORE ] camxsession.cpp:2786 ProcessRequest() ZSLPreviewRaw_0: Sequence ID 651 assigned for frameworkframeNumber 651, RequestId: 652 and m_requestQueueDepth 8
07-11 02:04:25.678 4631 7004 I CHIUSECASE: [VERBOSE] chxmetadata.cpp:1583 GetFreeHolder() [CMB_DEBUG] Zero ref 2 from client 3 subclient 0 frameNumber 643 handle 0x78fad3ce80 0x78f2d85d60
07-11 02:04:25.678 4631 7004 I CHIUSECASE: [VERBOSE] chxmetadata.cpp:1663 GetFreeHolder() [CMB_DEBUG] Get Buffer index 2 from client 3 subclient 0 frameNumber 652 handle 0x78fad3ce80 0x78f2d85d60
07-11 02:04:25.678 4631 7004 D CHIUSECASE: [FULL ] chxadvancedcamerausecase.cpp:8832 SetRequestToFeatureMapping() Current index 140 RequestCount 652 sessionId 1 requestId 652 pFeature 0x78fa1f0440 type 1
07-11 02:04:25.678 4631 6282 I CamX : [ INFO][CORE ] camxpipeline.cpp:906 OpenRequest() pipeline[0] CSLOpenRequest for CSLSyncID: 652, requestId: 652 with syncmode:FALSE
07-11 02:04:25.678 4631 7004 I CHIUSECASE: [INFO ] chxusecase.cpp:3282 SubmitRequest() logicCamera: 0
07-11 02:04:25.678 4631 7004 I CHIUSECASE: [INFO ] chxextensionmodule.cpp:3748 SubmitRequest() logicCamera: 0
07-11 02:04:25.678 4631 6282 I CamX : [ INFO][CORE ] camxsession.cpp:3008 ProcessRequest() pipeline[0] OpenRequest called for request id = 652 withCSLSyncID 652
07-11 02:04:25.678 4631 6282 I CamX : [ INFO][CORE ] camxnode.cpp:2592 ProcessMetadataDone() Node::ZSLPreviewRaw_ChiNodeWrapper0 : Type :255 ProcessMetadataDone 652
07-11 02:04:25.678 4631 6282 I CamX : [ INFO][CORE ] camxnode.cpp:2628 ProcessRequestIdDone() Node::ZSLPreviewRaw_ChiNodeWrapper0 : 255 ProcessRequestIdDone 652
07-11 02:04:25.678 4631 6282 I CamX : [ INFO][CORE ] camxnode.cpp:5575 SetupRequestOutputPortFence() CreatePrivateFence...Node: fa9f6980, Node::ZSLPreviewRaw_ChiNodeWrapper2, fence: f052d9a0(85), ImgBuf:0x0 reqId:652 result: 0
07-11 02:04:25.678 4631 6282 I CamX : [ INFO][CORE ] camxnode.cpp:5575 SetupRequestOutputPortFence() CreatePrivateFence...Node: faa11d40, Node::ZSLPreviewRaw_ChiNodeWrapper4, fence: f052dfa0(90), ImgBuf:0x0 reqId:652 result: 0
07-11 02:04:25.678 4631 6282 I CamX : [ INFO][CORE ] camxnode.cpp:5575 SetupRequestOutputPortFence() CreatePrivateFence...Node: faa2cf00, Node::ZSLPreviewRaw_ChiNodeWrapper5, fence: f052e5a0(94), ImgBuf:0x0 reqId:652 result: 0
07-11 02:04:25.678 4631 6282 I CamX : [ INFO][CORE ] camxnode.cpp:5575 SetupRequestOutputPortFence() CreatePrivateFence...Node: faa47d40, Node::ZSLPreviewRaw_ChiNodeWrapper6, fence: f052eba0(100), ImgBuf:0x0 reqId:652 result: 0
07-11 02:04:25.678 4631 6282 I CamX : [ INFO][CORE ] camxnode.cpp:5575 SetupRequestOutputPortFence() CreatePrivateFence...Node: faa62a80, Node::ZSLPreviewRaw_ChiNodeWrapper7, fence: f05b41a0(108), ImgBuf:0x0 reqId:652 result: 0
07-11 02:04:25.678 4631 6282 I CamX : [ INFO][CORE ] camxnode.cpp:5575 SetupRequestOutputPortFence() CreatePrivateFence...Node: faa7d300, Node::ZSLPreviewRaw_ChiNodeWrapper9, fence: f05b4aa0(114), ImgBuf:0x0 reqId:652 result: 0
07-11 02:04:25.679 4631 6287 I CamX : [ INFO][CORE ] camxnode.cpp:7635 GetMultiCameraInfo() Node::ZSLPreviewRaw_FDExtManager0 : MultiCamera vendor tags data not available 0x0 -241202476p 0x7909ecaf20
07-11 02:04:25.679 4631 6285 I CamX : [ INFO][CORE ] camxnode.cpp:7635 GetMultiCameraInfo() Node::ZSLPreviewRaw_IPE0 : MultiCamera vendor tags data not available 0x0 -241202476p 0x790a0bea80
07-11 02:04:25.679 4631 6281 I CamX : [ INFO][CORE ] camxnode.cpp:2628 ProcessRequestIdDone() Node::ZSLPreviewRaw_FDExtManager0 : 22 ProcessRequestIdDone 648
07-11 02:04:25.679 4631 6285 I CamX : [ INFO][CORE ] camxpipeline.cpp:2327 SinkPortFenceSignaled() ZSLPreviewRaw_0 Reporting stream done for stream=3, sequenceId=647, Buffer type=2 handle=0x78f22ffc00
07-11 02:04:25.679 4631 6285 I CamX : [ INFO][CORE ] camxsession.cpp:3482 InjectResult() Inject result added request 647 output buffer in result holder:Stream 0x7919a691e0 Fmt: 37 W: 6016 H: 4512
07-11 02:04:25.679 4631 6281 I CamX : [ INFO][CORE ] camxsession.cpp:3719 AdvanceMinExpectedResult() Session 0x78fac279c0: Can't advance because of buffer[0] for sequence Id: 647
07-11 02:04:25.679 4631 6285 I CamX : [ INFO][CORE ] camxnode.cpp:2628 ProcessRequestIdDone() Node::ZSLPreviewRaw_IFE0 : 65536 ProcessRequestIdDone 648
07-11 02:04:25.680 4631 6287 I CamX : [ INFO][CORE ] camxnode.cpp:2592 ProcessMetadataDone() Node::ZSLPreviewRaw_LRME0 : Type :65541 ProcessMetadataDone 648
07-11 02:04:25.680 4631 6281 I CamX : [ INFO][CORE ] camxsession.cpp:3837 AdvanceMinExpectedResult() Session 0x78fac279c0: Results processed, current queue state: minResultIdExpected = 648, maxResultIdExpected= 652, minSequenceIdExpected: 647, maxSequenceIdExpected: 651, and numResultsPending: 5
07-11 02:04:25.681 4631 6285 I CamX : [ INFO][CORE ] camxnode.cpp:2592 ProcessMetadataDone() Node::ZSLPreviewRaw_StatsParse0 : Type :9 ProcessMetadataDone 651
07-11 02:04:25.681 4631 6285 I CamX : [ INFO][CORE ] camxnode.cpp:2628 ProcessRequestIdDone() Node::ZSLPreviewRaw_StatsParse0 : 9 ProcessRequestIdDone 651
07-11 02:04:25.681 4631 6281 I CamX : [ INFO][CORE ] camxnode.cpp:2628 ProcessRequestIdDone() Node::ZSLPreviewRaw_LRME0 : 65541 ProcessRequestIdDone 648
07-11 02:04:25.681 4631 6281 I CamX : [ INFO][CORE ] camxnode.cpp:2592 ProcessMetadataDone() Node::ZSLPreviewRaw_RANSAC0 : Type :65542 ProcessMetadataDone 648
07-11 02:04:25.681 4631 6281 I CamX : [ INFO][CORE ] camxnode.cpp:2628 ProcessRequestIdDone() Node::ZSLPreviewRaw_RANSAC0 : 65542 ProcessRequestIdDone 648
07-11 02:04:25.682 4631 6285 I CamX : [ INFO][CORE ] camxnode.cpp:7635 GetMultiCameraInfo() Node::ZSLPreviewRaw_IPE0 : MultiCamera vendor tags data not available 0x0 -241202476p 0x790a0beb40
07-11 02:04:25.682 4631 6285 I CamX : [ INFO][CORE ] camxnode.cpp:2947 GetDataListFromMetadataPool() Main Property 30000018 Node::PropertyIDFOVCFrameInfo Not Published for Request 648 ZSLPreviewRaw_IPE0
07-11 02:04:25.683 4631 6282 I CamX : [ INFO][CORE ] camxnode.cpp:2592 ProcessMetadataDone() Node::ZSLPreviewRaw_Stats0 : Type :1 ProcessMetadataDone 651
07-11 02:04:25.683 4631 6282 I CamX : [ INFO][CORE ] camxnode.cpp:2628 ProcessRequestIdDone() Node::ZSLPreviewRaw_Stats0 : 1 ProcessRequestIdDone 651
07-11 02:04:25.684 4631 6285 I CamX : [ INFO][CORE ] camxnode.cpp:2592 ProcessMetadataDone() Node::ZSLPreviewRaw_IPE0 : Type :65538 ProcessMetadataDone 648
07-11 02:04:25.686 4631 6286 I CamX : [ INFO][CORE ] camxnode.cpp:2986 GetDataListFromMetadataPool() Usecase Property 50000015 Node::PropertyIDUsecaseChiTuningModeParameter Not Published for Request 651 ZSLPreviewRaw_AutoFocus0
07-11 02:04:25.688 4631 6281 I CamX : [ INFO][CORE ] camxnode.cpp:2947 GetDataListFromMetadataPool() Main Property 30000002 Node::PropertyIDAWBFrameControl Not Published for Request 651 ZSLPreviewRaw_Sensor0
07-11 02:04:25.689 4631 6281 I CamX : [ INFO][CORE ] camxnode.cpp:2592 ProcessMetadataDone() Node::ZSLPreviewRaw_Sensor0 : Type :0 ProcessMetadataDone 651
07-11 02:04:25.689 4631 6281 I CamX : [ INFO][CORE ] camxnode.cpp:2628 ProcessRequestIdDone() Node::ZSLPreviewRaw_Sensor0 : 0 ProcessRequestIdDone 651
07-11 02:04:25.689 4631 6282 I CamX : [ INFO][CORE ] camxnode.cpp:2592 ProcessMetadataDone() Node::ZSLPreviewRaw_AutoFocus0 : Type :5 ProcessMetadataDone 651
07-11 02:04:25.689 4631 6282 I CamX : [ INFO][CORE ] camxnode.cpp:2628 ProcessRequestIdDone() Node::ZSLPreviewRaw_AutoFocus0 : 5 ProcessRequestIdDone 651
07-11 02:04:25.690 4631 6287 I CamX : [ INFO][CORE ] camxpipeline.cpp:2183 ProcessMetadataRequestIdDone() SensorTimestamp not yet published for 651
07-11 02:04:25.690 4631 6287 I CamX : [ INFO][CORE ] camxpipeline.cpp:2204 ProcessMetadataRequestIdDone() ZSLPreviewRaw_0 Notify early metadata for request id 651 and sequenceId 650 timestamp = 35141649716724
07-11 02:04:25.690 4631 6287 I CamX : [ INFO][HAL ] camxsession.cpp:3432 InjectResult() Inject result added early metadata in result holder for sequence ID : 650
07-11 02:04:25.690 4631 6285 I CamX : [ INFO][CORE ] camxsession.cpp:3719 AdvanceMinExpectedResult() Session 0x78fac279c0: Can't advance because of buffer[0] for sequence Id: 647
07-11 02:04:25.690 4631 6287 I CamX : [ INFO][CORE ] camxnode.cpp:2592 ProcessMetadataDone() Node::ZSLPreviewRaw_AWB0 : Type :12 ProcessMetadataDone 651
07-11 02:04:25.690 4631 6285 I CamX : [ INFO][CORE ] camxsession.cpp:3837 AdvanceMinExpectedResult() Session 0x78fac279c0: Results processed, current queue state: minResultIdExpected = 648, maxResultIdExpected= 652, minSequenceIdExpected: 647, maxSequenceIdExpected: 651, and numResultsPending: 5
07-11 02:04:25.690 4631 6287 I CamX : [ INFO][CORE ] camxnode.cpp:2628 ProcessRequestIdDone() Node::ZSLPreviewRaw_AWB0 : 12 ProcessRequestIdDone 651
07-11 02:04:25.691 4631 6286 I CamX : [ INFO][CORE ] camxnode.cpp:7635 GetMultiCameraInfo() Node::ZSLPreviewRaw_IFE0 : MultiCamera vendor tags data not available 0x0 -241202476p 0x7909fc1d30
07-11 02:04:25.693 4631 6281 I CamX : [ INFO][CORE ] camxnode.cpp:2628 ProcessRequestIdDone() Node::ZSLPreviewRaw_IPE0 : 65538 ProcessRequestIdDone 648
07-11 02:04:25.693 4631 6281 E CamX : [ERROR][CORE ] camxnode.cpp:2773 GetDataCountFromPipeline() Node::ZSLPreviewRaw_ChiNodeWrapper9 Attempting to get metadata count for tag 80b00001 when unpublished
07-11 02:04:25.693 4631 6281 I CamX : [ INFO][CORE ] camxnode.cpp:2592 ProcessMetadataDone() Node::ZSLPreviewRaw_ChiNodeWrapper9 : Type :255 ProcessMetadataDone 648
07-11 02:04:25.693 4631 6284 I CamX : [ INFO][CORE ] camxnode.cpp:2628 ProcessRequestIdDone() Node::ZSLPreviewRaw_ChiNodeWrapper9 : 255 ProcessRequestIdDone 648
07-11 02:04:25.693 4631 6284 E CHIARCSOFTDISTORTIONCORRECTION: ProcessRequest():735 ProcessRequest getCameraRole failed
07-11 02:04:25.693 4631 6284 I CamX : [ INFO][CORE ] camxnode.cpp:2592 ProcessMetadataDone() Node::ZSLPreviewRaw_ChiNodeWrapper7 : Type :255 ProcessMetadataDone 648
07-11 02:04:25.693 4631 6285 I CamX : [ INFO][CORE ] camxnode.cpp:2628 ProcessRequestIdDone() Node::ZSLPreviewRaw_ChiNodeWrapper7 : 255 ProcessRequestIdDone 648
07-11 02:04:25.694 4631 6285 I CamX : [ INFO][CORE ] camxnode.cpp:2592 ProcessMetadataDone() Node::ZSLPreviewRaw_ChiNodeWrapper6 : Type :255 ProcessMetadataDone 648
07-11 02:04:25.694 4631 6285 I CamX : [ INFO][CORE ] camxnode.cpp:2628 ProcessRequestIdDone() Node::ZSLPreviewRaw_ChiNodeWrapper6 : 255 ProcessRequestIdDone 648
07-11 02:04:25.694 4631 6286 I CamX : [ INFO][CORE ] camxpipeline.h:517 NotifyNodeConfigDone() [ZSLPreviewRaw_0] All nodes complete stream config with requestId: 651., config done count 651
07-11 02:04:25.694 4631 6286 I CamX : [ INFO][CORE ] camxnode.cpp:2592 ProcessMetadataDone() Node::ZSLPreviewRaw_IFE0 : Type :65536 ProcessMetadataDone 651
07-11 02:04:25.694 4631 6284 I CamX : [ INFO][CORE ] camxnode.cpp:2592 ProcessMetadataDone() Node::ZSLPreviewRaw_ChiNodeWrapper5 : Type :255 ProcessMetadataDone 648
07-11 02:04:25.695 4631 6281 I CamX : [ INFO][CORE ] camxnode.cpp:2628 ProcessRequestIdDone() Node::ZSLPreviewRaw_ChiNodeWrapper5 : 255 ProcessRequestIdDone 648
07-11 02:04:25.695 4631 6281 E CamX : [ERROR][CORE ] camxnode.cpp:2773 GetDataCountFromPipeline() Node::ZSLPreviewRaw_ChiNodeWrapper4 Attempting to get metadata count for tag 805f0004 when unpublished
07-11 02:04:25.695 4631 6281 I CamX : [ INFO][CORE ] camxnode.cpp:2592 ProcessMetadataDone() Node::ZSLPreviewRaw_ChiNodeWrapper4 : Type :255 ProcessMetadataDone 648
07-11 02:04:25.695 4631 6286 I CamX : [ INFO][CORE ] camxnode.cpp:2628 ProcessRequestIdDone() Node::ZSLPreviewRaw_ChiNodeWrapper4 : 255 ProcessRequestIdDone 648
07-11 02:04:25.695 4631 6286 I CamX : [ INFO][CORE ] camxnode.cpp:2592 ProcessMetadataDone() Node::ZSLPreviewRaw_ChiNodeWrapper2 : Type :255 ProcessMetadataDone 648
07-11 02:04:25.695 4631 6287 I CamX : [ INFO][CORE ] camxnode.cpp:2628 ProcessRequestIdDone() Node::ZSLPreviewRaw_ChiNodeWrapper2 : 255 ProcessRequestIdDone 648
07-11 02:04:25.695 4631 6287 I CamX : [ INFO][CORE ] camxpipeline.h:439 NotifyNodePartialMetadataDone() [ZSLPreviewRaw_0] All nodes complete partial metadata with requestId: 648.
07-11 02:04:25.695 4631 6287 I CHIUSECASE: [INFO ] chxadvancedcamerausecase.cpp:6642 ParseResultMetadata() ParseResultMetadata: isValid=0, IHDRTrigger=0
07-11 02:04:25.695 4631 6287 D CHIUSECASE: [FULL ] chxadvancedcamerausecase.cpp:3741 IsFlashRequired() isFlashRequired value 0
07-11 02:04:25.696 4631 6287 D CHIUSECASE: [FULL ] chxadvancedcamerausecase.cpp:8757 FindFeatureToProcessResult() ProcessResult SessionId 1 frameNum 647 feature type: 1
07-11 02:04:25.696 4631 6287 D CHIUSECASE: [FULL ] chxfeaturezsl.cpp:1517 GetResultFrameInfo() FeatureZSL AppFrameNum: 647 <--> 647
07-11 02:04:25.696 4631 6287 D CHIUSECASE: [FULL ] chxusecase.cpp:2621 CheckIfMetaDataHasBeenSent() CheckIfMetadata for resultFrameIndexChi=135 Sent=0
07-11 02:04:25.696 4631 6287 D CHIUSECASE: [FULL ] chxusecase.cpp:2597 CheckIfPartialDataCanBeSent() CheckIfMetadata for resultFrameIndexChi=135 Sent=1
07-11 02:04:25.696 4631 6287 D CHIUSECASE: [FULL ] chxusecase.cpp:3078 UpdateAppPartialResultMetadataFromDriver() PMD is being created for resultID=135 resultFrameNumber:647
07-11 02:04:25.696 4631 6287 I CHIUSECASE: [VERBOSE] chxmetadata.cpp:2045 GetAndroidFrameworkOutputMetadata() [CMB_DEBUG_AFWO] Get framework output index 0 address 0x78f9f4ad40 sparse 0
07-11 02:04:25.696 4631 6287 D CHIUSECASE: [FULL ] chxadvancedcamerausecase.cpp:5026 ProcessAndReturnPartialMetadataFinishedResults() Frame 647: Returning Partial metadata result 1 for app frame 647 m_nextAppResultFrame=647 m_lastAppRequestFrame=652
07-11 02:04:25.696 4631 6287 I CHIUSECASE: [INFO ] chxusecase.cpp:1776 ReturnFrameworkResult() chiOriginalOverrideFrameNum: 647 frame_number: 647 resultFrameIndexF: 135 FW: 647, Buffer Count: 1 RESULT: 0x78f9f4ad40
07-11 02:04:25.696 4631 6287 D CHIUSECASE: [FULL ] chxusecaseutils.cpp:567 IsQuadCFASensor() i:0, sensor mode:16
07-11 02:04:25.696 4631 6287 D CHIUSECASE: [FULL ] chxusecase.cpp:705 OverrideResultMetaForQCFA() AE region, origin (0, 0, 0, 0) <==> new (0, 0, 0, 0)
07-11 02:04:25.696 4631 6287 D CHIUSECASE: [FULL ] chxusecase.cpp:727 OverrideResultMetaForQCFA() AF region, origin (4208, 3160, 7816, 5928) <==> new (2104, 1580, 3908, 2964)
07-11 02:04:25.696 4631 6287 D CHIUSECASE: [FULL ] chxusecase.cpp:1803 ReturnFrameworkResult() m_numberOfPendingOutputBuffers = 1
07-11 02:04:25.696 4631 6287 D CHIUSECASE: [FULL ] chxusecase.cpp:1809 ReturnFrameworkResult() pResult->num_output_buffers 0 pending buffers 1
07-11 02:04:25.696 4631 6287 D CHIUSECASE: [FULL ] chxusecase.cpp:2411 HandleMetadataResultReturn() Sending metadata for [FrameNum=647 and override FrameNum=647] with totalexpectedCount=2 partialResultCount=1
07-11 02:04:25.696 4631 6287 D CHIUSECASE: [FULL ] chxusecase.cpp:2664 SetMetaDataHasBeenSent() Metadata for sender 0 with resultFrameIndexChi=135 Sent=1
07-11 02:04:25.696 4631 6287 I CamX : [ INFO][HAL ] camxhal3.cpp:1289 process_capture_result() frame_number 647
07-11 02:04:25.696 4631 6287 I CamX : [ INFO][HAL ] camxhal3.cpp:1290 process_capture_result() num_output_buffers 0
07-11 02:04:25.696 4631 6287 I CamX : [ INFO][HAL ] camxhal3.cpp:1291 process_capture_result() output_buffers 0x0
07-11 02:04:25.696 4631 6287 I CamX : [ INFO][HAL ] camxhal3.cpp:1308 process_capture_result() input_buffer 0x0
07-11 02:04:25.696 4631 6287 I CamX : [ INFO][HAL ] camxhal3.cpp:1315 process_capture_result() partial_result 1
07-11 02:04:25.696 4631 6287 I CamX : [ INFO][HAL ] camxhal3.cpp:1316 process_capture_result() result 0x78f9f4ad40,cb=0x78fac1f008
07-11 02:04:25.696 4631 6287 I CamX : [ INFO][HAL ] camxhal3.cpp:1318 process_capture_result() num_physcam_metadata 0
07-11 02:04:25.696 4631 6287 D CHIUSECASE: [FULL ] chxutils.cpp:806 ResetMetadata() Metadata entry capacity : 256, data capacity: 262144, metaSize: 266288
07-11 02:04:25.696 4631 6287 I CHIUSECASE: [VERBOSE] chxmetadata.cpp:2080 ReleaseAndroidFrameworkOutputMetadata() [CMB_DEBUG_AFWO] Release framework output index 0
07-11 02:04:25.697 4631 4797 I CamX : [ INFO][CORE ] camxpipeline.cpp:2820 CSLMessageHandler() frameMessage:requestID=649, linkhdl:0xf6010b, frameCount=659, timestamp=35144721887187, monoTimestamp=35144721887187
07-11 02:04:25.697 4631 4797 I CamX : [ INFO][CORE ] camxpipeline.cpp:2820 CSLMessageHandler() frameMessage:requestID=649, linkhdl:0xf6010b, frameCount=659, timestamp=35141639385054, monoTimestamp=35141639385054
07-11 02:04:25.697 4631 4797 D CHIUSECASE: [FULL ] chxadvancedcamerausecase.cpp:8857 GetFeatureFromRequestMapping() Look for feature with current index 136 sessionId 1 requestId 648 pFeature 0x78fa1f0440 type 1
07-11 02:04:25.697 4631 4797 D CHIUSECASE: [FULL ] chxadvancedcamerausecase.cpp:7052 ProcessMessage() ZSL Chi Notify SOF frameNum 659 framework frameNum 648, timestamp 35141639385054
07-11 02:04:25.697 4631 4797 D CHIUSECASE: [FULL ] chxfeaturezsl.cpp:1075 ProcessMessage() FeatureZSL Chi Notify SOF frameNum 659 framework frameNum 648, timestamp 35141639385054
07-11 02:04:25.697 4631 4797 D CHIUSECASE: [FULL ] chxadvancedcamerausecase.cpp:8857 GetFeatureFromRequestMapping() Look for feature with current index 136 sessionId 1 requestId 648 pFeature 0x78fa1f0440 type 1
07-11 02:04:25.697 4631 4797 D CHIUSECASE: [FULL ] chxadvancedcamerausecase.cpp:7079 ProcessMessage() Shutter notify Realtime ReqId to AppFrameNum: 648 <--> 648
07-11 02:04:25.697 4631 4797 D CHIUSECASE: [FULL ] chxusecase.cpp:1906 ReturnFrameworkMessage() ResultFrame = 648 FrameIdx = 136 type = 2
07-11 02:04:25.697 4631 4797 D CHIUSECASE: [FULL ] chxusecase.cpp:1929 ReturnFrameworkMessage() Override ResultFrame = 648 m_lastAppMessageFrameReceived = 648 m_nextAppMessageFrame=648
07-11 02:04:25.697 4631 4797 D CHIUSECASE: [FULL ] chxusecase.cpp:1936 ReturnFrameworkMessage() frameIndex = 136 messageAvailable = 1
07-11 02:04:25.697 4631 4797 I CamX : [ INFO][HAL ] camxhal3.cpp:1342 notify() type 00000002
07-11 02:04:25.697 4631 4797 I CamX : [ INFO][HAL ] camxhal3.cpp:1351 notify() frame_number 648
07-11 02:04:25.697 4631 4797 I CamX : [ INFO][HAL ] camxhal3.cpp:1352 notify() timestamp 35141607377902
07-11 02:04:25.698 4631 6287 I CamX : [ INFO][CORE ] camxnode.cpp:2592 ProcessMetadataDone() Node::ZSLPreviewRaw_ChiNodeWrapper1 : Type :255 ProcessMetadataDone 648
07-11 02:04:25.698 4631 6287 I CamX : [ INFO][CORE ] camxpipeline.h:403 NotifyNodeMetadataDone() [ZSLPreviewRaw_0] All nodes complete metadata with requestId: 648.
07-11 02:04:25.698 4631 6287 E CamX : [ERROR][META ] camxmetabuffer.cpp:2858 AddReference() Exceeds the max number(150) of clients
07-11 02:04:25.698 4631 6287 I CamX : [ INFO][CORE ] camxpipeline.cpp:2204 ProcessMetadataRequestIdDone() ZSLPreviewRaw_0 Notify metadata for request id 648 and sequenceId 647 timestamp = 35141574044257
07-11 02:04:25.698 4631 6287 I CamX : [ INFO][CORE ] camxsession.cpp:3420 InjectResult() Inject result added metadata in result holder for sequence ID : 647
07-11 02:04:25.698 4631 6285 I CamX : [ INFO][HAL ] camxsession.cpp:2387 ProcessResultMetadata() Finalized metadata result for Sequence ID 647 mapped to framework id 647 pipeline 0 reqId 648
07-11 02:04:25.698 4631 6285 I CamX : [ INFO][CORE ] camxsession.cpp:2626 ProcessResults() Processing Result - SequenceId 647 Framenumber 647 - earlyMetadata 0 metadataReady 1 bufferReady 1 isCancelled 0
07-11 02:04:25.698 4631 6285 I CHIUSECASE: [INFO ] chxadvancedcamerausecase.cpp:6642 ParseResultMetadata() ParseResultMetadata: isValid=0, IHDRTrigger=0
07-11 02:04:25.698 4631 6285 D CHIUSECASE: [FULL ] chxadvancedcamerausecase.cpp:3741 IsFlashRequired() isFlashRequired value 0
07-11 02:04:25.698 4631 6285 D CHIUSECASE: [FULL ] chxadvancedcamerausecase.cpp:8757 FindFeatureToProcessResult() ProcessResult SessionId 1 frameNum 647 feature type: 1
07-11 02:04:25.698 4631 6285 D CHIUSECASE: [FULL ] chxfeaturezsl.cpp:1517 GetResultFrameInfo() FeatureZSL AppFrameNum: 647 <--> 647
07-11 02:04:25.698 4631 6285 I CHIUSECASE: [INFO ] chxfeaturezsl.cpp:814 ProcessResult() Realtime frame 647. Metadata: 0x78f10720e0 NumBuffers: 1 Timestamp: 35141574044257 Sent: 0
07-11 02:04:25.698 4631 6285 I CHIUSECASE: [VERBOSE] chxmetadata.cpp:1909 ReleaseHolder() [CMB_DEBUG] Release buffer 0 client 0 subclient 0, frameNum 0 refCount 670 handle 0x78f11a5f80 0x78f1073500
07-11 02:04:25.698 4631 6285 I CHIUSECASE: [INFO ] chxutils.cpp:1775 GetFlashFiredState() Utils flashfired state Value 2
07-11 02:04:25.698 4631 6285 I CHIUSECASE: [VERBOSE] chxmetadata.cpp:2045 GetAndroidFrameworkOutputMetadata() [CMB_DEBUG_AFWO] Get framework output index 0 address 0x78f9f4ad40 sparse 0
07-11 02:04:25.698 4631 6285 D CHIUSECASE: [FULL ] chxusecase.cpp:2621 CheckIfMetaDataHasBeenSent() CheckIfMetadata for resultFrameIndexChi=135 Sent=1
07-11 02:04:25.698 4631 6285 D CHIUSECASE: [FULL ] chxusecase.cpp:2597 CheckIfPartialDataCanBeSent() CheckIfMetadata for resultFrameIndexChi=135 Sent=0
07-11 02:04:25.698 4631 6285 D CHIUSECASE: [FULL ] chxusecase.cpp:3136 UpdateAppResultMetadata() Partial Data has been sent and meta data needs to be filtered for tags=18
07-11 02:04:25.699 4631 6285 I CHIUSECASE: [INFO ] chxfeaturezsl.cpp:896 ProcessResult() Reserve metadata for frame 647. sessionId 1
07-11 02:04:25.699 4631 6285 I CHIUSECASE: [VERBOSE] chxadvancedcamerausecase.cpp:2709 FillMetadataForRDIQueue() set primary35mmEFL vendor tag, zoom 1.000000 35mmEFL 24.166754
07-11 02:04:25.699 4631 6285 I CHIUSECASE: [VERBOSE] chxmetadata.cpp:1909 ReleaseHolder() [CMB_DEBUG] Release buffer 3 client 3 subclient 0, frameNum 644 refCount 1 handle 0x78fad3d100 0x78f2d85e40
07-11 02:04:25.699 4631 6285 I CHIUSECASE: [INFO ] chxadvancedcamerausecase.cpp:2543 UpdateBufferReadyForRDIQueue() validBufferLength:3, framenumber:647, pipeline:1,lastReady:647,firstValid:645,cnt:3
07-11 02:04:25.699 4631 6285 D CHIUSECASE: [FULL ] chxadvancedcamerausecase.cpp:4771 ProcessAndReturnFinishedResults() Frame 647: metadataAvailable: 1, metadataReturn: 1, bufferReturn 0, inBufferReturn 0
07-11 02:04:25.699 4631 6285 D CHIUSECASE: [FULL ] chxadvancedcamerausecase.cpp:4790 ProcessAndReturnFinishedResults() Frame 647: Returning metadata result 2/2 for app frame 647 m_nextAppResultFrame=647 m_lastAppRequestFrame=652
07-11 02:04:25.699 4631 6285 I CHIUSECASE: [INFO ] chxadvancedcamerausecase.cpp:10114 RemosaicInjectReturnResult() [Meta DEBUG] Set xiaomi.remosaic.detected 0
07-11 02:04:25.699 4631 6285 I CHIUSECASE: [INFO ] chxusecase.cpp:1776 ReturnFrameworkResult() chiOriginalOverrideFrameNum: 647 frame_number: 647 resultFrameIndexF: 135 FW: 647, Buffer Count: 1 RESULT: 0x78f9f4ad40
07-11 02:04:25.699 4631 6285 D CHIUSECASE: [FULL ] chxusecaseutils.cpp:567 IsQuadCFASensor() i:0, sensor mode:16
07-11 02:04:25.699 4631 6285 D CHIUSECASE: [FULL ] chxusecase.cpp:683 OverrideResultMetaForQCFA() crop region, origin (0, 0, 12032, 9024) <==> new (0, 0, 6016, 4512)
07-11 02:04:25.699 4631 6285 D CHIUSECASE: [FULL ] chxusecase.cpp:1803 ReturnFrameworkResult() m_numberOfPendingOutputBuffers = 1
07-11 02:04:25.699 4631 6285 D CHIUSECASE: [FULL ] chxusecase.cpp:1809 ReturnFrameworkResult() pResult->num_output_buffers 0 pending buffers 1
07-11 02:04:25.699 4631 6285 D CHIUSECASE: [FULL ] chxusecase.cpp:2411 HandleMetadataResultReturn() Sending metadata for [FrameNum=647 and override FrameNum=647] with totalexpectedCount=2 partialResultCount=2
