07-11 02:04:27.075 4631 7004 D CHIUSECASE: [FULL ] chxsensorselectmode.cpp:711 FindBestSensorMode() Select sensor mode 1 condition = 3
07-11 02:04:27.075 4631 7004 I CHIUSECASE: [VERBOSE] chxextensionmodule.h:796 GetMinStreamAspectRatio() m_minAspectRatio = 1.777778
07-11 02:04:27.075 4631 7004 I CHIUSECASE: [VERBOSE] chxsensorselectmode.cpp:190 IsMatchingAspectRatioPreferMin() requestedAspectRatio = 1.777778, modeAspectRatio = 1.333333, minStreamAspectRatio = 1.777778, diff = 0.444444
07-11 02:04:27.075 4631 7004 D CHIUSECASE: [FULL ] chxsensorselectmode.cpp:211 IsMatchingAspectRatioPreferMin() aspectRatioDiff 0.444444 returnValue 1
07-11 02:04:27.075 4631 7004 D CHIUSECASE: [FULL ] chxsensorselectmode.cpp:711 FindBestSensorMode() Select sensor mode 1 condition = 4
07-11 02:04:27.075 4631 7004 D CHIUSECASE: [FULL ] chxsensorselectmode.cpp:64 IsMatchingWidth() FrameDimension.width 6016 optimal width 1920 maxWidth 12288 minWidth 1920
07-11 02:04:27.075 4631 7004 D CHIUSECASE: [FULL ] chxsensorselectmode.cpp:711 FindBestSensorMode() Select sensor mode 1 condition = 5
07-11 02:04:27.075 4631 7004 D CHIUSECASE: [FULL ] chxsensorselectmode.cpp:92 IsMatchingHeight() FrameDimension.height 4512 optimal height 1080 maxHeight 6912 minHeight 1080
07-11 02:04:27.075 4631 7004 D CHIUSECASE: [FULL ] chxsensorselectmode.cpp:711 FindBestSensorMode() Select sensor mode 1 condition = 9
07-11 02:04:27.075 4631 7004 D CHIUSECASE: [FULL ] chxsensorselectmode.cpp:367 IsMatchingDefaultMode() IsMatching Default 1
07-11 02:04:27.075 4631 7004 D CHIUSECASE: [FULL ] chxsensorselectmode.cpp:711 FindBestSensorMode() Select sensor mode 1 condition = 12
07-11 02:04:27.075 4631 7004 D CHIUSECASE: [FULL ] chxsensorselectmode.cpp:329 IsMatchingMaxResolution() selectResolution 27144192 returnValue 1
07-11 02:04:27.075 4631 7004 D CHIUSECASE: [FULL ] chxsensorselectmode.cpp:711 FindBestSensorMode() Select sensor mode 1 condition = 15
07-11 02:04:27.075 4631 7004 D CHIUSECASE: [FULL ] chxsensorselectmode.cpp:255 IsMatchingCapability() Desired sensor mode caps:1, pModeInfo sensor mode caps:1, isFound:1
07-11 02:04:27.075 4631 7004 D CHIUSECASE: [FULL ] chxsensorselectmode.cpp:805 FindBestSensorMode() Selecting mode 1
07-11 02:04:27.075 4631 7004 D CHIUSECASE: [FULL ] chxsensorselectmode.cpp:711 FindBestSensorMode() Select sensor mode 0 condition = 0
07-11 02:04:27.075 4631 7004 D CHIUSECASE: [FULL ] chxsensorselectmode.cpp:783 FindBestSensorMode() Sensor mode 0 Condition 0 doesn't match
07-11 02:04:27.075 4631 7004 E CHIUSECASE: [CONFIG ] chxsensorselectmode.cpp:824 FindBestSensorMode() Selected Usecase: 9, SelectedMode W=6016, H=4512, FPS:30, NumBatchedFrames:1, modeIndex:1
07-11 02:04:27.075 4631 7004 I CHIUSECASE: [INFO ] chxadvancedcamerausecase.cpp:6055 PipelineCreated() AdvancedCameraUsecase pipelineIndex: 0
07-11 02:04:27.075 4631 7004 D CHIUSECASE: [FULL ] chxfeaturezsl.cpp:281 PipelineCreated() FeatureZSL sessionId:0, pipeline index of session:0, pipelineId:0, pipelinetype:0,Sensor widthxheight: 6016 x 4512, InputOptions widthxheight: 1920 x 1080
07-11 02:04:27.075 4631 7004 E CHIUSECASE: [CONFIG ] chxfeaturezsl.cpp:286 PipelineCreated() ZSL pipelineId: 0, Sensor Width x Height: 6016 x 4512,
07-11 02:04:27.075 4631 7004 I CHIUSECASE: [INFO ] chxfeaturezsl.cpp:308 PipelineCreated() rdiStreamIndex:0, fdStreamIndex:-1
07-11 02:04:27.075 4631 7004 D CHIUSECASE: [FULL ] chxadvancedcamerausecase.cpp:431 CreatePipelines() Creating Pipeline ZSLPreviewRawYUV at index 1 for session 1, session's pipeline 0, camera id:0
07-11 02:04:27.075 4631 7004 D CHIUSECASE: [FULL ] chxadvancedcamerausecase.cpp:1550 CreatePipeline() [0] targetname:TARGET_BUFFER_RAW, pStream:0x790bb8e590
07-11 02:04:27.075 4631 7004 D CHIUSECASE: [FULL ] chxadvancedcamerausecase.cpp:1602 CreatePipeline() sinkIdx 0 numStreams 0 pStream 0x790bb8e590 format 37 65536:0 nodePortID 9
07-11 02:04:27.075 4631 7004 D CHIUSECASE: [FULL ] chxadvancedcamerausecase.cpp:1550 CreatePipeline() [1] targetname:TARGET_BUFFER_DISPLAY, pStream:0x78f0cd3aa8
07-11 02:04:27.075 4631 7004 W CHIUSECASE: [WARN ] chxadvancedcamerausecase.cpp:1561 CreatePipeline() Use force stream output buffer format:3
07-11 02:04:27.075 4631 7004 D CHIUSECASE: [FULL ] chxadvancedcamerausecase.cpp:1602 CreatePipeline() sinkIdx 1 numStreams 1 pStream 0x78f0cd3aa8 format 34 65538:1 nodePortID 8
07-11 02:04:27.075 4631 7004 D CHIUSECASE: [FULL ] chxadvancedcamerausecase.cpp:1550 CreatePipeline() [2] targetname:TARGET_BUFFER_VIDEO, pStream:0x78f0642da8
07-11 02:04:27.075 4631 7004 W CHIUSECASE: [WARN ] chxadvancedcamerausecase.cpp:1561 CreatePipeline() Use force stream output buffer format:3
07-11 02:04:27.075 4631 7004 D CHIUSECASE: [FULL ] chxadvancedcamerausecase.cpp:1602 CreatePipeline() sinkIdx 2 numStreams 2 pStream 0x78f0642da8 format 34 65538:1 nodePortID 9
07-11 02:04:27.075 4631 7004 D CHIUSECASE: [FULL ] chxadvancedcamerausecase.cpp:8952 GetSensorModePickHint() pipelineIndex:1, AdvancedPipelineType:7
07-11 02:04:27.075 4631 7004 D CHIUSECASE: [FULL ] chxadvancedcamerausecase.cpp:1640 CreatePipeline() set sensor mode pick hint: 0x78fa775cd8
07-11 02:04:27.075 4631 7004 D CHIUSECASE: [FULL ] chxadvancedcamerausecase.cpp:8952 GetSensorModePickHint() pipelineIndex:1, AdvancedPipelineType:7
07-11 02:04:27.075 4631 7004 I CHIUSECASE: [VERBOSE] chxadvancedcamerausecase.cpp:1652 CreatePipeline() [CSIDBin], CameraCSIDTrigger
07-11 02:04:27.075 4631 7004 I CHIUSECASE: [VERBOSE] chxadvancedcamerausecase.cpp:1418 CameraCSIDTrigger() stream[0] size 6016x4512 type 0 usage 0x0 format 0x25
07-11 02:04:27.075 4631 7004 I CHIUSECASE: [VERBOSE] chxadvancedcamerausecase.cpp:1447 CameraCSIDTrigger() is RAW stream
07-11 02:04:27.075 4631 7004 I CHIUSECASE: [VERBOSE] chxadvancedcamerausecase.cpp:1418 CameraCSIDTrigger() stream[1] size 1920x1080 type 0 usage 0x100 format 0x22
07-11 02:04:27.075 4631 7004 I CHIUSECASE: [VERBOSE] chxadvancedcamerausecase.cpp:1427 CameraCSIDTrigger() is preview stream
07-11 02:04:27.075 4631 7004 I CHIUSECASE: [VERBOSE] chxadvancedcamerausecase.cpp:1418 CameraCSIDTrigger() stream[2] size 1920x1080 type 0 usage 0x10000 format 0x22
07-11 02:04:27.075 4631 7004 I CHIUSECASE: [VERBOSE] chxadvancedcamerausecase.cpp:1433 CameraCSIDTrigger() is video stream
07-11 02:04:27.075 4631 7004 I CHIUSECASE: [VERBOSE] chxmetadata.cpp:649 AddReference() [CMB_DEBUG_REF] add clientName Chi::Pipeline::CreateDescriptor handle 0x78f1072700
07-11 02:04:27.075 4631 7004 E CHIUSECASE: [CONFIG ] chxpipeline.cpp:231 CreateDescriptor() Pipeline[ZSLPreviewRawYUV] : numInputs=0, numOutputs=3
07-11 02:04:27.075 4631 7004 I CamX : [ INFO][HAL ] camxchicontext.cpp:3245 CreatePipelineDescriptor() numBatchedFrames:1 maxFPSValue:30
07-11 02:04:27.075 4631 7004 I CamX : [ INFO][CORE ] camxchicontext.cpp:4442 SetChiStreamInfo() overrideformat: 0x25 consumerUsage: 0x0 producerUsage: 0x20000
07-11 02:04:27.075 4631 7004 I CamX : [ INFO][CORE ] camxchicontext.cpp:4442 SetChiStreamInfo() overrideformat: 0x22 consumerUsage: 0x0 producerUsage: 0x20100
07-11 02:04:27.075 4631 7004 I CamX : [ INFO][CORE ] camxchicontext.cpp:4442 SetChiStreamInfo() overrideformat: 0x22 consumerUsage: 0x0 producerUsage: 0x30022
07-11 02:04:27.076 4631 7004 I CamX : [ INFO][CORE ] camxpipeline.cpp:2997 ConfigureMaxPipelineDelay() FPS:30 StaticSettingPipelinedelay:3 FinalPipelineDelay:3
07-11 02:04:27.076 4631 7004 I CamX : [ INFO][CORE ] camxnode.cpp:921 Initialize() [ZSLPreviewRawYUV] Is node identifier 0(:Sensor):0 bypassable = 0 inplace = 0
07-11 02:04:27.076 4631 7004 I CamX : [ INFO][CORE ] camxnode.cpp:921 Initialize() [ZSLPreviewRawYUV] Is node identifier 1(:Stats):0 bypassable = 0 inplace = 0
07-11 02:04:27.076 4631 7004 I CamX : [ INFO][CORE ] camxnode.cpp:921 Initialize() [ZSLPreviewRawYUV] Is node identifier 12(:AWB):0 bypassable = 0 inplace = 0
07-11 02:04:27.076 4631 7004 I CamX : [ INFO][CORE ] camxnode.cpp:921 Initialize() [ZSLPreviewRawYUV] Is node identifier 22(:FDExtManager):0 bypassable = 0 inplace = 0
07-11 02:04:27.076 4631 7004 I CamX : [ INFO][HAL ] camxchicontext.cpp:3052 InitializeStaticMetadata() Enabled multi camera 1 Logical with front 0
07-11 02:04:27.076 4631 7004 I CamX : [ INFO][CORE ] camxnode.cpp:921 Initialize() [ZSLPreviewRawYUV] Is node identifier 5(:AutoFocus):0 bypassable = 0 inplace = 0
07-11 02:04:27.076 4631 7004 I CamX : [ INFO][CORE ] camxnode.cpp:921 Initialize() [ZSLPreviewRawYUV] Is node identifier 65536(:IFE):0 bypassable = 0 inplace = 0
07-11 02:04:27.076 4631 7004 I CamX : [ INFO][CORE ] camxnode.cpp:593 InitializeSinkPortBufferProperties() Topology: Node::ZSLPreviewRawYUV_IFE0 has a sink port id 9 using format 9 dim 6016x4512
07-11 02:04:27.077 4631 7004 I CamX : [ INFO][CORE ] camxnode.cpp:921 Initialize() [ZSLPreviewRawYUV] Is node identifier 65538(:IPE):1 bypassable = 0 inplace = 0
07-11 02:04:27.077 4631 7004 I CamX : [ INFO][CORE ] camxnode.cpp:593 InitializeSinkPortBufferProperties() Topology: Node::ZSLPreviewRawYUV_IPE1 has a sink port id 8 using format 3 dim 1920x1080
07-11 02:04:27.077 4631 7004 I CamX : [ INFO][CORE ] camxnode.cpp:593 InitializeSinkPortBufferProperties() Topology: Node::ZSLPreviewRawYUV_IPE1 has a sink port id 9 using format 3 dim 1920x1080
07-11 02:04:27.077 4631 7004 I CamX : [ INFO][CORE ] camxnode.cpp:921 Initialize() [ZSLPreviewRawYUV] Is node identifier 65541(:LRME):0 bypassable = 0 inplace = 0
07-11 02:04:27.077 4631 7004 E CamX : [ERROR][CORE ] camxnode.cpp:1358 InitializeCmdBufferManagerList() Node:ZSLPreviewRawYUV_LRME0 failed to init CBM, m_ppCmdBufferManagers:0x0 maxNumCmdBufferManagers:2
07-11 02:04:27.077 4631 7004 I CamX : [ INFO][CORE ] camxnode.cpp:921 Initialize() [ZSLPreviewRawYUV] Is node identifier 65542(:RANSAC):0 bypassable = 0 inplace = 0
07-11 02:04:27.077 4631 7004 I CamX : [ INFO][CORE ] camxnode.cpp:921 Initialize() [ZSLPreviewRawYUV] Is node identifier 9(:StatsParse):0 bypassable = 0 inplace = 0
07-11 02:04:27.077 4631 7004 E CamX : [ERROR][PPROC ] camxipenode.cpp:4473 GetEISMargin() No margin for stabilization type 8
07-11 02:04:27.077 4631 7004 E CamX : [ERROR][Assert ] camxnode.cpp:4836 ProcessInputBufferRequirement(): m_inputPortsData.pInputPorts[input].portId == m_bufferNegotiationData.inputBufferOptions[input].portId
07-11 02:04:27.077 4631 7004 E CamX : [ERROR][Assert ] camxnode.cpp:4836 ProcessInputBufferRequirement(): m_inputPortsData.pInputPorts[input].portId == m_bufferNegotiationData.inputBufferOptions[input].portId
07-11 02:04:27.077 4631 7004 I CHIUSECASE: [VERBOSE] chxmetadata.cpp:680 ReleaseReference() [CMB_DEBUG_REF] release Chi::Pipeline::CreateDescriptor handle 0x78f1072700
07-11 02:04:27.077 4631 7004 D CHIUSECASE: [FULL ] chxpipeline.cpp:165 FindHighestWidthInputIndex() FindHighestWidthInputIndex:: numInputBuffers 0
07-11 02:04:27.077 4631 7004 D CHIUSECASE: [FULL ] chxpipeline.cpp:179 FindHighestWidthInputIndex() FindHighestWidthInputIndex:: max Input Option Index 0
07-11 02:04:27.077 4631 7004 D CHIUSECASE: [FULL ] chxpipeline.cpp:337 CreateDescriptor() input option:6016x4512, upscale:0, override optimal size:0x0, sensor mode caps:1
07-11 02:04:27.077 4631 7004 I CHIUSECASE: [INFO ] chxextensionmodule.h:790 GetSelectedUsecaseId() m_CurrentUsecaseId=12
07-11 02:04:27.077 4631 7004 I CHIUSECASE: [INFO ] chxextensionmodule.h:790 GetSelectedUsecaseId() m_CurrentUsecaseId=12
07-11 02:04:27.077 4631 7004 D CHIUSECASE: [FULL ] chxsensorselectmode.cpp:711 FindBestSensorMode() Select sensor mode 3 condition = 0
07-11 02:04:27.077 4631 7004 D CHIUSECASE: [FULL ] chxsensorselectmode.cpp:783 FindBestSensorMode() Sensor mode 3 Condition 0 doesn't match
07-11 02:04:27.077 4631 7004 D CHIUSECASE: [FULL ] chxsensorselectmode.cpp:711 FindBestSensorMode() Select sensor mode 2 condition = 0
07-11 02:04:27.077 4631 7004 D CHIUSECASE: [FULL ] chxsensorselectmode.cpp:711 FindBestSensorMode() Select sensor mode 2 condition = 3
07-11 02:04:27.077 4631 7004 I CHIUSECASE: [VERBOSE] chxextensionmodule.h:796 GetMinStreamAspectRatio() m_minAspectRatio = 1.777778
07-11 02:04:27.077 4631 7004 I CHIUSECASE: [VERBOSE] chxsensorselectmode.cpp:190 IsMatchingAspectRatioPreferMin() requestedAspectRatio = 1.333333, modeAspectRatio = 1.333333, minStreamAspectRatio = 1.777778, diff = 0.000000
07-11 02:04:27.077 4631 7004 D CHIUSECASE: [FULL ] chxsensorselectmode.cpp:211 IsMatchingAspectRatioPreferMin() aspectRatioDiff 0.000000 returnValue 1
07-11 02:04:27.077 4631 7004 D CHIUSECASE: [FULL ] chxsensorselectmode.cpp:711 FindBestSensorMode() Select sensor mode 2 condition = 4
07-11 02:04:27.077 4631 7004 D CHIUSECASE: [FULL ] chxsensorselectmode.cpp:64 IsMatchingWidth() FrameDimension.width 3008 optimal width 6016 maxWidth 16383 minWidth 6016
07-11 02:04:27.077 4631 7004 D CHIUSECASE: [FULL ] chxsensorselectmode.cpp:783 FindBestSensorMode() Sensor mode 2 Condition 4 doesn't match
07-11 02:04:27.077 4631 7004 D CHIUSECASE: [FULL ] chxsensorselectmode.cpp:711 FindBestSensorMode() Select sensor mode 1 condition = 0
07-11 02:04:27.077 4631 7004 D CHIUSECASE: [FULL ] chxsensorselectmode.cpp:711 FindBestSensorMode() Select sensor mode 1 condition = 3
07-11 02:04:27.077 4631 7004 I CHIUSECASE: [VERBOSE] chxextensionmodule.h:796 GetMinStreamAspectRatio() m_minAspectRatio = 1.777778
07-11 02:04:27.077 4631 7004 I CHIUSECASE: [VERBOSE] chxsensorselectmode.cpp:190 IsMatchingAspectRatioPreferMin() requestedAspectRatio = 1.333333, modeAspectRatio = 1.333333, minStreamAspectRatio = 1.777778, diff = 0.000000
07-11 02:04:27.077 4631 7004 D CHIUSECASE: [FULL ] chxsensorselectmode.cpp:211 IsMatchingAspectRatioPreferMin() aspectRatioDiff 0.000000 returnValue 1
07-11 02:04:27.077 4631 7004 D CHIUSECASE: [FULL ] chxsensorselectmode.cpp:711 FindBestSensorMode() Select sensor mode 1 condition = 4
07-11 02:04:27.077 4631 7004 D CHIUSECASE: [FULL ] chxsensorselectmode.cpp:64 IsMatchingWidth() FrameDimension.width 6016 optimal width 6016 maxWidth 16383 minWidth 6016
07-11 02:04:27.077 4631 7004 D CHIUSECASE: [FULL ] chxsensorselectmode.cpp:711 FindBestSensorMode() Select sensor mode 1 condition = 5
07-11 02:04:27.077 4631 7004 D CHIUSECASE: [FULL ] chxsensorselectmode.cpp:92 IsMatchingHeight() FrameDimension.height 4512 optimal height 4512 maxHeight 16383 minHeight 4512
07-11 02:04:27.077 4631 7004 D CHIUSECASE: [FULL ] chxsensorselectmode.cpp:711 FindBestSensorMode() Select sensor mode 1 condition = 9
07-11 02:04:27.077 4631 7004 D CHIUSECASE: [FULL ] chxsensorselectmode.cpp:367 IsMatchingDefaultMode() IsMatching Default 1
07-11 02:04:27.077 4631 7004 D CHIUSECASE: [FULL ] chxsensorselectmode.cpp:711 FindBestSensorMode() Select sensor mode 1 condition = 12
07-11 02:04:27.077 4631 7004 D CHIUSECASE: [FULL ] chxsensorselectmode.cpp:329 IsMatchingMaxResolution() selectResolution 27144192 returnValue 1
07-11 02:04:27.077 4631 7004 D CHIUSECASE: [FULL ] chxsensorselectmode.cpp:711 FindBestSensorMode() Select sensor mode 1 condition = 15
07-11 02:04:27.077 4631 7004 D CHIUSECASE: [FULL ] chxsensorselectmode.cpp:255 IsMatchingCapability() Desired sensor mode caps:1, pModeInfo sensor mode caps:1, isFound:1
07-11 02:04:27.077 4631 7004 D CHIUSECASE: [FULL ] chxsensorselectmode.cpp:805 FindBestSensorMode() Selecting mode 1
07-11 02:04:27.077 4631 7004 D CHIUSECASE: [FULL ] chxsensorselectmode.cpp:711 FindBestSensorMode() Select sensor mode 0 condition = 0
07-11 02:04:27.077 4631 7004 D CHIUSECASE: [FULL ] chxsensorselectmode.cpp:783 FindBestSensorMode() Sensor mode 0 Condition 0 doesn't match
07-11 02:04:27.077 4631 7004 E CHIUSECASE: [CONFIG ] chxsensorselectmode.cpp:824 FindBestSensorMode() Selected Usecase: 9, SelectedMode W=6016, H=4512, FPS:30, NumBatchedFrames:1, modeIndex:1
07-11 02:04:27.077 4631 7004 I CHIUSECASE: [INFO ] chxadvancedcamerausecase.cpp:6055 PipelineCreated() AdvancedCameraUsecase pipelineIndex: 0
07-11 02:04:27.077 4631 7004 I CHIUSECASE: [INFO ] chxadvancedcamerausecase.cpp:6067 PipelineCreated() Final seleted sensor mode:1, dimension: 6016x4512
07-11 02:04:27.077 4631 7004 D CHIUSECASE: [FULL ] chxfeaturezsl.cpp:281 PipelineCreated() FeatureZSL sessionId:1, pipeline index of session:0, pipelineId:1, pipelinetype:7,Sensor widthxheight: 6016 x 4512, InputOptions widthxheight: 6016 x 4512
07-11 02:04:27.077 4631 7004 E CHIUSECASE: [CONFIG ] chxfeaturezsl.cpp:286 PipelineCreated() ZSL pipelineId: 1, Sensor Width x Height: 6016 x 4512,
07-11 02:04:27.077 4631 7004 I CHIUSECASE: [INFO ] chxfeaturezsl.cpp:292 PipelineCreated() FeatureZSL: Partial Data will be sent from Session:1 Pipeline:0
07-11 02:04:27.077 4631 7004 W CHIUSECASE: [WARN ] chxadvancedcamerausecase.cpp:9037 ConfigRdiStream() RdiStream already configured, m_pRdiStream 0x790bb8e590 wxh:6016x4512
07-11 02:04:27.077 4631 7004 I CHIUSECASE: [INFO ] chxfeaturezsl.cpp:308 PipelineCreated() rdiStreamIndex:0, fdStreamIndex:-1
07-11 02:04:27.077 4631 7004 D CHIUSECASE: [FULL ] chxadvancedcamerausecase.cpp:692 CreateInternalBufferManager() ZSLPreviewRawYUV, TARGET_BUFFER_RAW,Create CHI buffers for targets [0/3], chistream:0x790bb8e590, format:37, 6016x4512
07-11 02:04:27.077 4631 7004 D CHIUSECASE: [FULL ] chxusecaseutils.cpp:2212 Create() Creating BufferManager AdvancedZSLPreviewRawYUV_TARGET_BUFFER_RAW_2
07-11 02:04:27.077 4631 7004 D CHIUSECASE: [FULL ] chxadvancedcamerausecase.cpp:498 StartDeferThread() StartDeferThread
07-11 02:04:27.078 4631 7004 I CHIUSECASE: [INFO ] chxadvancedcamerausecase.cpp:516 StartDeferThread() Create defer thread successful
07-11 02:04:27.078 4631 7004 D CHIUSECASE: [FULL ] chxadvancedcamerausecase.cpp:1055 CreateRTSessions() pipeline name:ZSLPreviewRawYUV
07-11 02:04:27.078 4631 7004 I CHIUSECASE: [INFO ] chxadvancedcamerausecase.cpp:1071 CreateRTSessions() Partial Data will be sent from Session:1
07-11 02:04:27.078 4631 7004 D CHIUSECASE: [FULL ] chxadvancedcamerausecase.cpp:1313 CreateSession() Creating session 1
07-11 02:04:27.078 4631 7004 I CamX : [ INFO][CORE ] camxsession.cpp:776 Initialize() ZSLPreviewRawYUV: CSLAddReference(0xfe0200)
07-11 02:04:27.078 4631 16858 D CHIUSECASE: [FULL ] chxadvancedcamerausecase.cpp:1158 CreateOfflineSessions() Creating offline session 0 in defer thread
07-11 02:04:27.078 4631 16858 I CamX : [ INFO][CORE ] camxsession.cpp:782 Initialize() ZSLSnapshotJpeg: CSLOpen(0x400201)
07-11 02:04:27.080 4631 7004 I CamX : [ INFO][CORE ] camxsession.cpp:700 GetSensorSyncMode() Disable sensor hardware sync for CameraId:0
07-11 02:04:27.080 4631 7004 I CamX : [ INFO][CORE ] camxsession.cpp:1109 Initialize() ZSLPreviewRawYUV: m_requestQueueDepth=8 m_usecaseNumBatchedFrames=1
07-11 02:04:27.081 4631 7004 I CamX : [ INFO][CORE ] camxsession.cpp:620 FinalizePipeline() Finalize for pipeline 0, ZSLPreviewRawYUV !
07-11 02:04:27.081 4631 7004 I CamX : [ INFO][CORE ] camxpipeline.cpp:1566 FinalizePipeline() ZSLPreviewRawYUV_0: CSLAddReference(0xfe0200)
07-11 02:04:27.081 4631 7004 I CamX : [ INFO][CORE ] camxhwenvironment.cpp:415 InitializeSensorHwDeviceCache() storing session handle 0xfe0200
07-11 02:04:27.081 4631 7004 E CamX : [ERROR][SENSOR ] camxsensornode.cpp:3032 ProcessingNodeFinalizeInitialization() camera 0, has ois data tucana_ois, has dependency 1 on tucana_tele4x_ois
07-11 02:04:27.081 4631 7004 E CamX : [ERROR][CORE ] camxnode.cpp:1358 InitializeCmdBufferManagerList() Node:ZSLPreviewRawYUV_Sensor0 failed to init CBM, m_ppCmdBufferManagers:0x0 maxNumCmdBufferManagers:46
07-11 02:04:27.082 4631 16858 I CamX : [ INFO][CORE ] camxsession.cpp:1109 Initialize() ZSLSnapshotJpeg: m_requestQueueDepth=8 m_usecaseNumBatchedFrames=1
07-11 02:04:27.082 4631 7004 I CamX : [ INFO][CORE ] camxnode.cpp:2947 GetDataListFromMetadataPool() Main Property 3000001a Node::PropertyIDSensorCurrentMode Not Published for Request 1 ZSLPreviewRawYUV_IFE0
07-11 02:04:27.083 4631 16858 I CamX : [ INFO][HAL ] camxsession.cpp:5184 ResetMetabufferPendingQueue() MetaBuffer done Maximum delay for ZSLSnapshotJpeg_0 is 0
07-11 02:04:27.083 4631 16858 D CHIUSECASE: [FULL ] chxadvancedcamerausecase.cpp:1178 CreateOfflineSessions() success Creating Session 0
07-11 02:04:27.084 4631 7004 E CamX : [ERROR][ISP ] camxifenode.cpp:8704 FinalizeBufferProperties() ERROR pInputPortRequirement->optimalHeightis 0
07-11 02:04:27.084 4631 7004 E CamX : [ERROR][ISP ] camxifenode.cpp:8704 FinalizeBufferProperties() ERROR pInputPortRequirement->optimalHeightis 0
07-11 02:04:27.084 4631 7004 E CamX : [ERROR][ISP ] camxifenode.cpp:8715 FinalizeBufferProperties() ERROR perOutputPortOptimalHeight is 0
07-11 02:04:27.084 4631 7004 E CamX : [ERROR][Assert ] camxnode.h:1453 IsNonSinkHALBufferOutput(): Failed Check: (FALSE == IsSinkPort(portIndex:0))
07-11 02:04:27.084 4631 7004 E CamX : [ERROR][CORE ] camxnode.cpp:3715 RemoveOutputDeviceIndices() Node::ZSLPreviewRawYUV_IFE0 No device indice found for removal
07-11 02:04:27.084 4631 16858 I CHIUSECASE: [VERBOSE] chxmetadata.cpp:917 AllocateBuffers() [CMB_DEBUG] Buffer count 6 6
07-11 02:04:27.084 4631 7004 E CamX : [ERROR][Assert ] camxnode.h:1453 IsNonSinkHALBufferOutput(): Failed Check: (FALSE == IsSinkPort(portIndex:0))
07-11 02:04:27.084 4631 7004 I chatty : uid=1047(cameraserver) HwBinder:4631_3 identical 1 line
07-11 02:04:27.084 4631 7004 E CamX : [ERROR][Assert ] camxnode.h:1453 IsNonSinkHALBufferOutput(): Failed Check: (FALSE == IsSinkPort(portIndex:0))
07-11 02:04:27.084 4631 7004 E CamX : [ERROR][CORE ] camxnode.cpp:3715 RemoveOutputDeviceIndices() Node::ZSLPreviewRawYUV_IFE0 No device indice found for removal
07-11 02:04:27.084 4631 16858 I CHIUSECASE: [VERBOSE] chxmetadata.cpp:925 AllocateBuffers() [CMB_DEBUG] Allocate buffers for client 0x7919af6de8 6
07-11 02:04:27.084 4631 7004 E CamX : [ERROR][CORE ] camxnode.cpp:3715 RemoveOutputDeviceIndices() Node::ZSLPreviewRawYUV_IFE0 No device indice found for removal
07-11 02:04:27.084 4631 7004 E CamX : [ERROR][Assert ] camxnode.h:1453 IsNonSinkHALBufferOutput(): Failed Check: (FALSE == IsSinkPort(portIndex:0))
07-11 02:04:27.084 4631 16858 I CHIUSECASE: [VERBOSE] chxmetadata.cpp:1440 RegisterSharedClient() [CMB_DEBUG] Register success index 2 id 2 6
07-11 02:04:27.084 4631 7004 E CamX : [ERROR][Assert ] camxnode.h:1453 IsNonSinkHALBufferOutput(): Failed Check: (FALSE == IsSinkPort(portIndex:0))
07-11 02:04:27.084 4631 7004 E CamX : [ERROR][Assert ] camxnode.h:1453 IsNonSinkHALBufferOutput(): Failed Check: (FALSE == IsSinkPort(portIndex:0))
07-11 02:04:27.084 4631 7004 I CamX : [ INFO][CORE ] camxnode.cpp:2947 GetDataListFromMetadataPool() Main Property 3000001a Node::PropertyIDSensorCurrentMode Not Published for Request 1 ZSLPreviewRawYUV_IFE0
07-11 02:04:27.084 4631 7004 E CamX : [ERROR][CORE ] camxnode.cpp:5955 CreateBufferManagers() Node::ZSLPreviewRawYUV_IFE0 invalid type streamConfig
07-11 02:04:27.084 4631 7004 I CamX : [ INFO][CORE ] camxnode.cpp:2947 GetDataListFromMetadataPool() Main Property 3000001a Node::PropertyIDSensorCurrentMode Not Published for Request 1 ZSLPreviewRawYUV_IFE0
07-11 02:04:27.084 4631 7004 E CamX : [ERROR][CORE ] camxnode.cpp:5955 CreateBufferManagers() Node::ZSLPreviewRawYUV_IFE0 invalid type streamConfig
07-11 02:04:27.084 4631 7004 I CamX : [ INFO][CORE ] camxnode.cpp:2947 GetDataListFromMetadataPool() Main Property 3000001a Node::PropertyIDSensorCurrentMode Not Published for Request 1 ZSLPreviewRawYUV_IFE0
07-11 02:04:27.084 4631 7004 E CamX : [ERROR][CORE ] camxnode.cpp:5955 CreateBufferManagers() Node::ZSLPreviewRawYUV_IFE0 invalid type streamConfig
07-11 02:04:27.084 4631 7004 I CamX : [ INFO][CORE ] camxnode.cpp:2947 GetDataListFromMetadataPool() Main Property 3000001a Node::PropertyIDSensorCurrentMode Not Published for Request 1 ZSLPreviewRawYUV_IFE0
07-11 02:04:27.084 4631 7004 E CamX : [ERROR][CORE ] camxnode.cpp:5955 CreateBufferManagers() Node::ZSLPreviewRawYUV_IFE0 invalid type streamConfig
07-11 02:04:27.084 4631 7004 I CamX : [ INFO][CORE ] camxnode.cpp:2947 GetDataListFromMetadataPool() Main Property 3000001a Node::PropertyIDSensorCurrentMode Not Published for Request 1 ZSLPreviewRawYUV_IFE0
07-11 02:04:27.084 4631 7004 E CamX : [ERROR][CORE ] camxnode.cpp:5955 CreateBufferManagers() Node::ZSLPreviewRawYUV_IFE0 invalid type streamConfig
07-11 02:04:27.084 4631 7004 I CamX : [ INFO][CORE ] camxnode.cpp:2947 GetDataListFromMetadataPool() Main Property 3000001a Node::PropertyIDSensorCurrentMode Not Published for Request 1 ZSLPreviewRawYUV_IFE0
07-11 02:04:27.084 4631 7004 E CamX : [ERROR][CORE ] camxnode.cpp:5955 CreateBufferManagers() Node::ZSLPreviewRawYUV_IFE0 invalid type streamConfig
07-11 02:04:27.084 4631 7004 I CamX : [ INFO][CORE ] camxnode.cpp:2947 GetDataListFromMetadataPool() Main Property 3000001a Node::PropertyIDSensorCurrentMode Not Published for Request 1 ZSLPreviewRawYUV_IFE0
07-11 02:04:27.084 4631 7004 E CamX : [ERROR][CORE ] camxnode.cpp:5955 CreateBufferManagers() Node::ZSLPreviewRawYUV_IFE0 invalid type streamConfig
07-11 02:04:27.084 4631 7004 I CamX : [ INFO][CORE ] camxnode.cpp:2947 GetDataListFromMetadataPool() Main Property 3000001a Node::PropertyIDSensorCurrentMode Not Published for Request 1 ZSLPreviewRawYUV_IFE0
07-11 02:04:27.084 4631 7004 E CamX : [ERROR][CORE ] camxnode.cpp:5955 CreateBufferManagers() Node::ZSLPreviewRawYUV_IFE0 invalid type streamConfig
07-11 02:04:27.084 4631 7004 I CamX : [ INFO][CORE ] camxnode.cpp:2947 GetDataListFromMetadataPool() Main Property 3000001a Node::PropertyIDSensorCurrentMode Not Published for Request 1 ZSLPreviewRawYUV_IFE0
07-11 02:04:27.084 4631 7004 E CamX : [ERROR][CORE ] camxnode.cpp:5955 CreateBufferManagers() Node::ZSLPreviewRawYUV_IFE0 invalid type streamConfig
07-11 02:04:27.084 4631 7004 I CamX : [ INFO][CORE ] camxnode.cpp:2947 GetDataListFromMetadataPool() Main Property 3000001a Node::PropertyIDSensorCurrentMode Not Published for Request 1 ZSLPreviewRawYUV_IFE0
07-11 02:04:27.084 4631 7004 E CamX : [ERROR][CORE ] camxnode.cpp:5955 CreateBufferManagers() Node::ZSLPreviewRawYUV_IFE0 invalid type streamConfig
07-11 02:04:27.084 4631 7004 I CamX : [ INFO][CORE ] camxnode.cpp:2947 GetDataListFromMetadataPool() Main Property 3000001a Node::PropertyIDSensorCurrentMode Not Published for Request 1 ZSLPreviewRawYUV_IFE0
07-11 02:04:27.084 4631 7004 E CamX : [ERROR][CORE ] camxnode.cpp:5955 CreateBufferManagers() Node::ZSLPreviewRawYUV_IFE0 invalid type streamConfig
07-11 02:04:27.084 4631 7004 I CamX : [ INFO][CORE ] camxnode.cpp:2947 GetDataListFromMetadataPool() Main Property 3000001a Node::PropertyIDSensorCurrentMode Not Published for Request 1 ZSLPreviewRawYUV_IFE0
07-11 02:04:27.084 4631 7004 E CamX : [ERROR][CORE ] camxnode.cpp:5955 CreateBufferManagers() Node::ZSLPreviewRawYUV_IFE0 invalid type streamConfig
07-11 02:04:27.085 4631 7004 E CamX : [ERROR][Assert ] camxnode.h:1453 IsNonSinkHALBufferOutput(): Failed Check: (FALSE == IsSinkPort(portIndex:14))
07-11 02:04:27.085 4631 7004 I CamX : [ INFO][CORE ] camxnode.cpp:2947 GetDataListFromMetadataPool() Main Property 3000001a Node::PropertyIDSensorCurrentMode Not Published for Request 1 ZSLPreviewRawYUV_IFE0
07-11 02:04:27.085 4631 7004 E CamX : [ERROR][CORE ] camxnode.cpp:5955 CreateBufferManagers() Node::ZSLPreviewRawYUV_IFE0 invalid type streamConfig
07-11 02:04:27.085 4631 7004 E CamX : [ERROR][Assert ] camxnode.h:1453 IsNonSinkHALBufferOutput(): Failed Check: (FALSE == IsSinkPort(portIndex:0))
07-11 02:04:27.085 4631 7004 I CamX : [ INFO][CORE ] camxnode.cpp:2947 GetDataListFromMetadataPool() Main Property 3000001a Node::PropertyIDSensorCurrentMode Not Published for Request 1 ZSLPreviewRawYUV_IPE1
07-11 02:04:27.085 4631 7004 E CamX : [ERROR][CORE ] camxnode.cpp:5955 CreateBufferManagers() Node::ZSLPreviewRawYUV_IPE1 invalid type streamConfig
07-11 02:04:27.085 4631 7004 E CamX : [ERROR][Assert ] camxnode.h:1453 IsNonSinkHALBufferOutput(): Failed Check: (FALSE == IsSinkPort(portIndex:1))
07-11 02:04:27.085 4631 7004 I CamX : [ INFO][CORE ] camxnode.cpp:2947 GetDataListFromMetadataPool() Main Property 3000001a Node::PropertyIDSensorCurrentMode Not Published for Request 1 ZSLPreviewRawYUV_IPE1
07-11 02:04:27.085 4631 7004 E CamX : [ERROR][CORE ] camxnode.cpp:5955 CreateBufferManagers() Node::ZSLPreviewRawYUV_IPE1 invalid type streamConfig
07-11 02:04:27.085 4631 7004 I CamX : [ INFO][CORE ] camxnode.cpp:2947 GetDataListFromMetadataPool() Main Property 3000001a Node::PropertyIDSensorCurrentMode Not Published for Request 1 ZSLPreviewRawYUV_LRME0
07-11 02:04:27.085 4631 7004 E CamX : [ERROR][CORE ] camxnode.cpp:5955 CreateBufferManagers() Node::ZSLPreviewRawYUV_LRME0 invalid type streamConfig
07-11 02:04:27.085 4631 7004 E CamX : [ERROR][SENSOR ] camxpdafdata.cpp:101 PDAFInit() videomode = 1 tuning mode 2
07-11 02:04:27.085 4631 7004 E CamX : [ERROR][Assert ] camxmetadatapool.cpp:1099 GetMetadataByTag(): (!m_pPool->UseMetaBuffers() && (NULL != m_pMetadata)) || (m_pPool->UseMetaBuffers() && (NULL != m_pMetaBuffer)) || (TRUE == IsSlotValid())
07-11 02:04:27.095 4631 7004 E CamX : [ERROR][STATS_AEC] caeccoredatamanager.cpp:1036: InitStatsConfig hist color channel not mapped: 8, forcing to Y 6
07-11 02:04:27.095 4631 7004 E CamX : [ERROR][NONE: ] camxstatsroiprocessor.cpp:430: SetCropWindow AECROI: invalid crop window (0.000000, 0.000000, 0.000000, 0.000000)
07-11 02:04:27.095 4631 7004 I CamX : [ INFO][CORE ] camxnode.cpp:2947 GetDataListFromMetadataPool() Main Property 3000001a Node::PropertyIDSensorCurrentMode Not Published for Request 1 ZSLPreviewRawYUV_Stats0
07-11 02:04:27.096 4631 7004 I CamX : [ INFO][CORE ] camxnode.cpp:2947 GetDataListFromMetadataPool() Main Property 3000001a Node::PropertyIDSensorCurrentMode Not Published for Request 1 ZSLPreviewRawYUV_Stats0
07-11 02:04:27.096 4631 7004 I CamX : [ INFO][HAL ] camxchicontext.cpp:3052 InitializeStaticMetadata() Enabled multi camera 1 Logical with front 0
07-11 02:04:27.096 4631 7004 I CamX : [ INFO][CORE ] camxnode.cpp:2947 GetDataListFromMetadataPool() Main Property 3000001a Node::PropertyIDSensorCurrentMode Not Published for Request 1 ZSLPreviewRawYUV_AWB0
07-11 02:04:27.096 4631 7004 E CamX : [ERROR][Assert ] camxmetadatapool.cpp:1099 GetMetadataByTag(): (!m_pPool->UseMetaBuffers() && (NULL != m_pMetadata)) || (m_pPool->UseMetaBuffers() && (NULL != m_pMetaBuffer)) || (TRUE == IsSlotValid())
07-11 02:04:27.096 4631 7004 I CamX : [ INFO][CORE ] camxnode.cpp:2947 GetDataListFromMetadataPool() Main Property 3000001a Node::PropertyIDSensorCurrentMode Not Published for Request 1 ZSLPreviewRawYUV_FDExtManager0
07-11 02:04:27.104 4631 7004 E CamX : [ERROR][STATS_AF] camxcafioutil.cpp:145 Initialize() GetNcsSensorState 862
07-11 02:04:27.104 4631 7004 E CamX : [ERROR][STATS_AF] camxcafioutil.cpp:4334 SetupNCSLinkForSensor() SR = 52.000000. RR = 30000
07-11 02:04:27.110 4631 7004 I CamX : [ INFO][HAL ] camxchicontext.cpp:3052 InitializeStaticMetadata() Enabled multi camera 1 Logical with front 0
07-11 02:04:27.112 4631 7004 E CamX : [ERROR][Assert ] camxmetadatapool.cpp:1099 GetMetadataByTag(): (!m_pPool->UseMetaBuffers() && (NULL != m_pMetadata)) || (m_pPool->UseMetaBuffers() && (NULL != m_pMetaBuffer)) || (TRUE == IsSlotValid())
07-11 02:04:27.117 6988 16850 E soundtrigger: audio_extn_sound_trigger_update_stream_status: invalid input device 0x0, for event 2
07-11 02:04:27.117 6988 16850 D soundtrigger: audio_extn_sound_trigger_update_stream_status: uc_info->id 0 of type 0 for Event 2, with Raise=1
07-11 02:04:27.117 6988 16850 D sound_trigger_hal: sound_trigger_hw_call_back event 2 rx_concurrency_active 1, tx_concurrency_active 2, screen on 1, music on 1
07-11 02:04:27.117 6988 16850 D sound_trigger_hal: pcm_transfer_to_barge_in barge in 1, state 0, force idle 0
07-11 02:04:27.117 6988 16850 D sound_trigger_hal: pcm_transfer_to_barge_in exit barge in 0, state 0, force idle 0
07-11 02:04:27.117 6988 16850 D sound_trigger_hal: sound_trigger_hw_call_back rx_concurrency_active 0, tx_concurrency_active 2, screen on 1, music on 0
07-11 02:04:27.117 6988 16850 D msm8974_platform: platform_split_snd_device: snd_device(2) num devices(0) new_snd_devices(0)
07-11 02:04:27.117 6988 16850 I msm8974_platform: platform_get_custom_mtmx_params: no matching param with id 0 ip_ch 2 op_ch 2 uc_id 0 snd_dev 2
07-11 02:04:27.118 6988 16850 D hardware_info: hw_info_append_hw_type : device_name = speaker
07-11 02:04:27.118 6988 16850 D audio_hw_primary: disable_snd_device: snd_device(2: speaker)
07-11 02:04:27.118 6988 16850 D msm8974_platform: platform_split_snd_device: snd_device(2) num devices(0) new_snd_devices(0)
07-11 02:04:27.118 6988 16850 D hardware_info: hw_info_append_hw_type : device_name = vi-feedback
07-11 02:04:27.118 6988 16850 E audio_hw_primary: disable_snd_device: device ref cnt is already 0
07-11 02:04:27.118 6988 16850 I soundtrigger: audio_extn_sound_trigger_update_device_status: device 0x2 of type 0 for Event 0, with Raise=0
07-11 02:04:27.119 4631 7004 I CamX : [ INFO][CORE ] camxnode.cpp:2947 GetDataListFromMetadataPool() Main Property 3000000e Node::PropertyIDAFDStatsControl Not Published for Request 1 ZSLPreviewRawYUV_IFE0
07-11 02:04:27.119 4631 7004 E CamX : [ERROR][Assert ] camxifepdpc11.cpp:368 RunCalculation(): NULL != pDMIAddr
07-11 02:04:27.122 4631 7004 E CamX : [ERROR][CORE ] camxnode.cpp:1358 InitializeCmdBufferManagerList() Node:ZSLPreviewRawYUV_IFE0 failed to init CBM, m_ppCmdBufferManagers:0x0 maxNumCmdBufferManagers:8
07-11 02:04:27.128 4631 7004 E CamX : [ERROR][CORE ] camxnode.cpp:1358 InitializeCmdBufferManagerList() Node:ZSLPreviewRawYUV_IPE1 failed to init CBM, m_ppCmdBufferManagers:0x0 maxNumCmdBufferManagers:10
07-11 02:04:27.129 4631 7004 I CamX : [ INFO][CORE ] camxnode.cpp:4526 CreateMultiCmdBufferManager() Buffer Manager Name CBM_ZSLPreviewRawYUV_IPE1_CmdBufferPreLTM
07-11 02:04:27.129 4631 7004 I CamX : [ INFO][CORE ] camxnode.cpp:4526 CreateMultiCmdBufferManager() Buffer Manager Name CBM_ZSLPreviewRawYUV_IPE1_CmdBufferPostLTM
07-11 02:04:27.129 4631 7004 I CamX : [ INFO][CORE ] camxnode.cpp:4526 CreateMultiCmdBufferManager() Buffer Manager Name CBM_ZSLPreviewRawYUV_IPE1_CmdBufferDMIHeader
07-11 02:04:27.131 4631 7004 I CamX : [ INFO][CORE ] camxnode.cpp:4526 CreateMultiCmdBufferManager() Buffer Manager Name CBM_ZSLPreviewRawYUV_IPE1_CmdBufferStriping
07-11 02:04:27.131 4631 7004 I CamX : [ INFO][CORE ] camxnode.cpp:4526 CreateMultiCmdBufferManager() Buffer Manager Name CBM_ZSLPreviewRawYUV_IPE1_CmdBufferBLMemory
07-11 02:04:27.131 4631 7004 I CamX : [ INFO][CORE ] camxnode.cpp:4526 CreateMultiCmdBufferManager() Buffer Manager Name CBM_ZSLPreviewRawYUV_IPE1_CmdBufferFrameProcess
07-11 02:04:27.131 4631 7004 I CamX : [ INFO][CORE ] camxnode.cpp:4526 CreateMultiCmdBufferManager() Buffer Manager Name CBM_ZSLPreviewRawYUV_IPE1_CmdBufferIQSettings
07-11 02:04:27.131 4631 7004 I CamX : [ INFO][CORE ] camxnode.cpp:4526 CreateMultiCmdBufferManager() Buffer Manager Name CBM_ZSLPreviewRawYUV_IPE1_CmdBufferNPS
07-11 02:04:27.149 4631 7004 E CamX : [ERROR][Assert ] camxmetadatapool.cpp:1099 GetMetadataByTag(): (!m_pPool->UseMetaBuffers() && (NULL != m_pMetadata)) || (m_pPool->UseMetaBuffers() && (NULL != m_pMetaBuffer)) || (TRUE == IsSlotValid())
07-11 02:04:27.149 4631 7004 I chatty : uid=1047(cameraserver) HwBinder:4631_3 identical 4 lines
07-11 02:04:27.149 4631 7004 E CamX : [ERROR][Assert ] camxmetadatapool.cpp:1099 GetMetadataByTag(): (!m_pPool->UseMetaBuffers() && (NULL != m_pMetadata)) || (m_pPool->UseMetaBuffers() && (NULL != m_pMetaBuffer)) || (TRUE == IsSlotValid())
07-11 02:04:27.152 4631 7004 I CamX : [ INFO][CORE ] camxpipeline.h:1791 SetPipelineStatus() ZSLPreviewRawYUV_0 status is now PipelineStatus::FINALIZED
07-11 02:04:27.152 4631 7004 I CamX : [ INFO][HAL ] camxsession.cpp:5184 ResetMetabufferPendingQueue() MetaBuffer done Maximum delay for ZSLPreviewRawYUV_0 is 3
07-11 02:04:27.152 4631 7004 D CHIUSECASE: [FULL ] chxadvancedcamerausecase.cpp:1333 CreateSession() success Creating Session 1
07-11 02:04:27.162 4631 7004 I CHIUSECASE: [VERBOSE] chxmetadata.cpp:917 AllocateBuffers() [CMB_DEBUG] Buffer count 29 29
07-11 02:04:27.162 4631 7004 I CHIUSECASE: [VERBOSE] chxmetadata.cpp:925 AllocateBuffers() [CMB_DEBUG] Allocate buffers for client 0x7919af6f78 29
07-11 02:04:27.162 4631 7004 I CHIUSECASE: [VERBOSE] chxmetadata.cpp:1352 RegisterExclusiveClient() [CMB_DEBUG] Register success index 3 id 3 29 usage 2
07-11 02:04:27.167 4631 7004 I CHIUSECASE: [VERBOSE] chxmetadata.cpp:917 AllocateBuffers() [CMB_DEBUG] Buffer count 29 29
07-11 02:04:27.167 4631 7004 I CHIUSECASE: [VERBOSE] chxmetadata.cpp:925 AllocateBuffers() [CMB_DEBUG] Allocate buffers for client 0x7919af6ac8 29
07-11 02:04:27.167 4631 7004 I CHIUSECASE: [VERBOSE] chxmetadata.cpp:1192 InitializeFrameworkInputClient() [CMB_DEBUG] Framework client initialized bufferCount 29
07-11 02:04:27.167 4631 7004 I CHIUSECASE: [INFO ] chxadvancedcamerausecase.cpp:7195 GetMaxRequiredFrameCntForOfflineInput() enabled feature 0,type=1,pipeline=0,RequiredFramesForSnapshot = 2
07-11 02:04:27.167 4631 7004 I CHIUSECASE: [INFO ] chxadvancedcamerausecase.cpp:5893 Initialize() m_rdiStreamIndex:0 validBufferLength:3
07-11 02:04:27.167 4631 7004 I CHIUSECASE: [INFO ] chxadvancedcamerausecase.cpp:5908 Initialize() No FD stream
07-11 02:04:27.167 4631 7004 I CHIUSECASE: [INFO ] chxusecase.cpp:1029 InitXiaomiDebugInfo() init xiaomidebuginfo [info:1,onlysnapshot:0,afc:1,aec:1,awb:1,selftest:0]
07-11 02:04:27.167 4631 7004 E CHIUSECASE: [CONFIG ] chxextensionmodule.cpp:2529 InitializeOverrideSession() Logical cam Id = 0 usecase addr = 0x78fa300640
07-11 02:04:27.167 4631 7004 I CHIUSECASE: [INFO ] chxextensionmodule.cpp:2569 InitializeOverrideSession() m_usecaseMaxFPS: 30 m_CurrentpowerHint: 13
07-11 02:04:27.167 4631 7004 I CHIUSECASE: [INFO ] chxextensionmodule.cpp:2623 InitializeOverrideSession() final m_CurrentpowerHint: 13
07-11 02:04:27.167 4631 7004 D CHIUSECASE: [FULL ] chxextensionmodule.cpp:2033 ModifySettings() Modify Setting pExtend->numTokens=32 Val=40000
07-11 02:04:27.167 4631 7004 D CHIUSECASE: [FULL ] chxextensionmodule.cpp:2047 ModifySettings() Modify Setting pExtend->numTokens=34 Val=0
07-11 02:04:27.168 6988 16850 D audio_hw_primary: out_standby: enter: stream (0xea6e0800) usecase(0: deep-buffer-playback)
07-11 02:04:27.168 6988 16850 D audio_hw_primary: out_standby: exit
07-11 02:04:27.169 15568 16831 I MediaCodecSource: MediaCodecSource (video) started
07-11 02:04:27.171 4631 7002 I CamX : [ INFO][HAL ] camxhal3.cpp:1127 process_capture_request() frame_number 682
07-11 02:04:27.171 4631 7002 I CamX : [ INFO][HAL ] camxhal3.cpp:1128 process_capture_request() num_output_buffers 2
07-11 02:04:27.171 4631 7002 I CamX : [ INFO][HAL ] camxhal3.cpp:1129 process_capture_request() output_buffers 0x7919bbc480
07-11 02:04:27.171 4631 7002 I CamX : [ INFO][HAL ] camxhal3.cpp:1134 process_capture_request() output_buffers[0] : 0x7919bbc480 - info
07-11 02:04:27.171 4631 7002 I CamX : [ INFO][HAL ] camxhal3.cpp:1135 process_capture_request() buffer : 0x78f1d8def8
07-11 02:04:27.171 4631 7002 I CamX : [ INFO][HAL ] camxhal3.cpp:1136 process_capture_request() status : 00000000
07-11 02:04:27.171 4631 7002 I CamX : [ INFO][HAL ] camxhal3.cpp:1137 process_capture_request() stream : 0x78f0cd3aa8
07-11 02:04:27.171 4631 7002 I CamX : [ INFO][HAL ] camxhal3.cpp:1134 process_capture_request() output_buffers[1] : 0x7919bbc4a0 - info
07-11 02:04:27.171 4631 7002 I CamX : [ INFO][HAL ] camxhal3.cpp:1135 process_capture_request() buffer : 0x78e1b40298
07-11 02:04:27.171 4631 7002 I CamX : [ INFO][HAL ] camxhal3.cpp:1136 process_capture_request() status : 00000000
07-11 02:04:27.171 4631 7002 I CamX : [ INFO][HAL ] camxhal3.cpp:1137 process_capture_request() stream : 0x78f0642da8
07-11 02:04:27.171 4631 7002 I CamX : [ INFO][HAL ] camxhal3.cpp:1147 process_capture_request() input_buffer 0x0
07-11 02:04:27.171 4631 7002 I CamX : [ INFO][HAL ] camxhal3.cpp:1154 process_capture_request() settings 0x78edeae000
07-11 02:04:27.171 4631 7002 I CamX : [ INFO][HAL ] camxhaldevice.cpp:1249 ProcessCaptureRequest() CHIModule: Original framework framenumber 682 contains 2 output buffers
07-11 02:04:27.171 4631 7002 I CHIUSECASE: [INFO ] chxextensionmodule.cpp:2853 OverrideProcessRequest() flush enabled, frame 682 m_aFlushInProgress[0]: 0
07-11 02:04:27.171 4631 7002 I CHIUSECASE: [VERBOSE] chxextensionmodule.cpp:2933 OverrideProcessRequest() primaryCameraIdx0 of logicalCamera 0, active array size [6016 4512], focalLength = 6.720000, EFL = 24.166754, zoomRatio = 1.000000
07-11 02:04:27.171 4631 7002 I CHIUSECASE: [INFO ] chxextensionmodule.cpp:3521 FreeLastKnownRequestSetting() Freeing last known request setting logicalCameraId: 0
07-11 02:04:27.171 4631 7002 D CHIUSECASE: [FULL ] chxusecase.cpp:370 ProcessCaptureRequest() Saving buffer for CHI Frame: 0, requestFrame: 682, NumBuff: 2 resultFrameIndexChi: 0
07-11 02:04:27.171 4631 7002 I CHIUSECASE: [INFO ] chxusecase.cpp:390 ProcessCaptureRequest() Setting m_nextAppResultFrame from: 18446744073709551615 to: 0
07-11 02:04:27.171 4631 7002 D CHIUSECASE: [FULL ] chxusecase.cpp:402 ProcessCaptureRequest() SAVING frame: 682 resultFrameIndexChi: 0
07-11 02:04:27.171 4631 7002 D CHIUSECASE: [FULL ] chxusecase.cpp:402 ProcessCaptureRequest() SAVING frame: 682 resultFrameIndexChi: 0
07-11 02:04:27.171 4631 7002 D CHIUSECASE: [FULL ] chxusecaseutils.cpp:567 IsQuadCFASensor() i:0, sensor mode:16
07-11 02:04:27.171 4631 7002 D CHIUSECASE: [FULL ] chxusecase.cpp:597 OverrideInputMetaForQCFA() input meta:0x78fa130940, REAL active array size:12032x9024
07-11 02:04:27.171 4631 7002 D CHIUSECASE: [FULL ] chxusecase.cpp:610 OverrideInputMetaForQCFA() crop region, origin (0, 0, 6016, 4512) <==> new (0, 0, 12032, 9024)
07-11 02:04:27.171 4631 7002 D CHIUSECASE: [FULL ] chxusecase.cpp:628 OverrideInputMetaForQCFA() AE region, origin (0, 0, 0, 0) <==> new (0, 0, 0, 0)
07-11 02:04:27.171 4631 7002 D CHIUSECASE: [FULL ] chxusecase.cpp:646 OverrideInputMetaForQCFA() AF region, origin (0, 0, 0, 0) <==> new (0, 0, 0, 0)
07-11 02:04:27.171 4631 7002 D CHIUSECASE: [FULL ] chxadvancedcamerausecase.cpp:6379 ExecuteCaptureRequest() AdvancedCameraUsecase::ExecuteCaptureRequest 0 0
07-11 02:04:27.171 4631 7002 D CHIUSECASE: [FULL ] chxusecase.cpp:2049 UpdateFeatureModeIndex() UpdateFeatureModeIndex E
07-11 02:04:27.171 4631 7002 D CHIUSECASE: [FULL ] chxadvancedcamerausecase.cpp:9443 ParseAppRequestSetting() AdvancedCameraUsecase ParseAppRequestSetting, frame num:0, setting:0x78fa130940
07-11 02:04:27.172 4631 7002 D CHIUSECASE: [FULL ] chxadvancedcamerausecase.cpp:9716 setMialgoSd() Mialgo SD Enable change: 0 -> 1
07-11 02:04:27.172 4631 7002 D CHIUSECASE: [FULL ] chxfeaturezsl.cpp:337 ExecuteProcessRequest() Featurezsl::ExecuteProcessRequest, frameNum:0, setting:0x78fa130940 NumFaces 0 OperationMode 0x0
07-11 02:04:27.172 4631 7002 I CHIUSECASE: [INFO ] chxfeaturezsl.cpp:522 ExecuteProcessRequest() Featurezsl::ExecuteProcessRequest OperationMode = 0, cameraID = 0
07-11 02:04:27.172 4631 7002 I CHIUSECASE: [VERBOSE] chxmetadata.cpp:1663 GetFreeHolder() [CMB_DEBUG] Get Buffer index 0 from client 0 subclient 0 frameNumber 0 handle 0x78f0b90780 0x78f1077400
07-11 02:04:27.172 4631 7002 D CHIUSECASE: [FULL ] chxutils.cpp:1972 FillTuningModeDataThirdParty() SensorMode 1
07-11 02:04:27.172 4631 7002 D CHIUSECASE: [FULL ] chxutils.cpp:1926 GetFeature1Mode() Utils Feature1 mode 0
07-11 02:04:27.172 4631 7002 I CHIUSECASE: [INFO ] chxutils.cpp:2005 FillTuningModeDataThirdParty() ThirdParty SensorMode 1, Usecase:2, feature1:0, feature2:0, scene:18, effect:0
07-11 02:04:27.172 4631 7002 I CHIUSECASE: [INFO ] chxutils.cpp:1582 FillCameraId() FillCameraId 0
07-11 02:04:27.172 4631 7002 D CHIUSECASE: [FULL ] chxfeaturezsl.cpp:605 ExecuteProcessRequest() FeatureZSL Realtime AppFrameNum to ReqId: 0 <--> 0
07-11 02:04:27.172 4631 7002 I CHIUSECASE: [VERBOSE] chxmetadata.cpp:1774 GetInput() [CMB_DEBUG] Get Buffer index 0 from client 0 subclient 0 frameNumber 0 orig 0 handle 0x78f0b90780 0x78f1077400
07-11 02:04:27.172 4631 7002 I CHIUSECASE: [VERBOSE] chxmetadata.cpp:1663 GetFreeHolder() [CMB_DEBUG] Get Buffer index 0 from client 3 subclient 0 frameNumber 0 handle 0x78faa3df00 0x78f1075aa0
07-11 02:04:27.172 4631 7002 D CHIUSECASE: [FULL ] chxadvancedcamerausecase.cpp:8832 SetRequestToFeatureMapping() Current index 0 RequestCount 0 sessionId 1 requestId 0 pFeature 0x78f9eb7640 type 1
07-11 02:04:27.172 4631 7002 D CHIUSECASE: [FULL ] chxextensionmodule.cpp:4150 GetNumPCRsBeforeStreamOn() EarlyPCR: chiextensionModule 0
07-11 02:04:27.172 4631 7002 I CamX : [ INFO][CORE ] camxpipeline.h:1791 SetPipelineStatus() ZSLPreviewRawYUV_0 status is now PipelineStatus::RESOURCES_ACQUIRED
07-11 02:04:27.172 4631 7002 E CamX : [ERROR][CORE ] camxpipeline.cpp:597 StreamOn() [ZSLPreviewRawYUV_0] StreamingOn for pipeline: 0x78f1cc2800
07-11 02:04:27.205 4631 7002 I CamX : [ INFO][CORE ] camxpipeline.h:1791 SetPipelineStatus() ZSLPreviewRawYUV_0 status is now PipelineStatus::STREAM_ON
07-11 02:04:27.211 6988 16850 D audio_hw_primary: start_output_stream: enter: stream(0xea6e0800)usecase(0: deep-buffer-playback) devices(0x2) is_haptic_usecase(0)
07-11 02:04:27.211 6988 16850 D audio_hw_primary: select_devices for use case (deep-buffer-playback)
07-11 02:04:27.211 6988 16850 D audio_hw_primary: select_devices: out_snd_device(2: speaker) in_snd_device(0: )
07-11 02:04:27.211 6988 16850 D ultrasound_extn: ultrasound_select_devices_pre ultrasound_enabled:1 usecase(deep-buffer-playback), devices:2 in_snd_device(0, ), out_snd_device(2, speaker)
07-11 02:04:27.212 6988 16850 D ultrasound_extn: ultrasound_select_devices_pre usecase(deep-buffer-playback), chg-to: in_snd_device(0, ), out_snd_device(0, )
07-11 02:04:27.212 6988 16850 D ultrasound_extn: dump_usecase_list: start ======================================
07-11 02:04:27.212 6988 16850 D ultrasound_extn: dump_usecase_list: enter sensor_activated:1 hw_port_enabled:1 suspended:0
07-11 02:04:27.212 6988 16850 D ultrasound_extn: dump_usecase_list: select_devices_pre usecase[#0]:(68, ultrasound-proximity-input) in_dev:(246, ultrasound-input) out_dv:(0, )
07-11 02:04:27.212 6988 16850 D ultrasound_extn: dump_usecase_list: select_devices_pre usecase[#1]:(67, ultrasound-proximity-output) in_dev:(0, ) out_dv:(24, voice-handset)
07-11 02:04:27.212 6988 16850 D ultrasound_extn: dump_usecase_list: select_devices_pre usecase[#2]:(0, deep-buffer-playback) in_dev:(0, ) out_dv:(0, )
07-11 02:04:27.212 6988 16850 D ultrasound_extn: dump_usecase_list: end ======================================
07-11 02:04:27.212 6988 16850 I msm8974_platform: platform_check_and_set_codec_backend_cfg:becf: afe: bitwidth 16, samplerate 48000 channels 2, backend_idx 4 usecase = 0 device (speaker)
07-11 02:04:27.212 6988 16850 D msm8974_platform: platform_split_snd_device: snd_device(2) num devices(1) new_snd_devices(0)
07-11 02:04:27.212 6988 16850 I msm8974_platform: platform_check_and_set_codec_backend_cfg: new_snd_devices[0] is 2
07-11 02:04:27.212 6988 16850 I msm8974_platform: platform_check_codec_backend_cfg:becf: afe: bitwidth 16, samplerate 48000 channels 2, backend_idx 4 usecase = 0 device (speaker)
07-11 02:04:27.212 6988 16850 D msm8974_platform: platform_check_codec_backend_cfg:becf: afe: playback on codec device not supporting native playback set default Sample Rate(48k)
07-11 02:04:27.212 6988 16850 D ultrasound_extn: ultrasound_check_and_set_codec_backend_cfg check use case (deep-buffer-playback), snd_device(2, speaker)
07-11 02:04:27.212 6988 16850 D ultrasound_extn: ultrasound_check_and_set_codec_backend_cfg do not change BE setting for speaker
07-11 02:04:27.212 6988 16850 I msm8974_platform: platform_check_codec_backend_cfg:becf: afe: Codec selected backend: 4 updated bit width: 24 and sample rate: 48000
07-11 02:04:27.212 6988 16850 D audio_hw_primary: check_usecases_codec_backend:becf: force routing 0
07-11 02:04:27.212 6988 16850 E msm8974_platform: platform_check_backends_match: Invalid snd_device =
07-11 02:04:27.212 6988 16850 D audio_hw_primary: check_usecases_codec_backend:becf: (94) check_usecases curr device: speaker, usecase device: backends match 0
07-11 02:04:27.212 6988 16850 D audio_hw_primary: @@: usecase[0xecd4b140]=ultrasound-proximity-input, devices=0x0, uc_info[0xee407450]=deep-buffer-playback
07-11 02:04:27.212 6988 16850 D audio_hw_primary: check_usecases_codec_backend:becf: (94) check_usecases curr device: speaker, usecase device:voice-handset backends match 0
07-11 02:04:27.212 6988 16850 D audio_hw_primary: @@: usecase[0xecd4b190]=ultrasound-proximity-output, devices=0x2, uc_info[0xee407450]=deep-buffer-playback
07-11 02:04:27.212 6988 16850 D audio_hw_primary: @@: uc_derive_snd_device=24, snd_device=2
07-11 02:04:27.212 6988 16850 E msm8974_platform: platform_check_backends_match: Invalid snd_device =
07-11 02:04:27.212 6988 16850 D audio_hw_primary: check_usecases_codec_backend:becf: (94) check_usecases curr device: speaker, usecase device: backends match 0
07-11 02:04:27.212 6988 16850 D audio_hw_primary: @@: usecase[0xee407450]=deep-buffer-playback, devices=0x2, uc_info[0xee407450]=deep-buffer-playback
07-11 02:04:27.212 6988 16850 D audio_hw_primary: check_usecases_codec_backend:becf: check_usecases num.of Usecases to switch 0
07-11 02:04:27.212 6988 16850 D hardware_info: hw_info_append_hw_type : device_name = speaker
07-11 02:04:27.212 6988 16850 D msm8974_platform: platform_split_snd_device: snd_device(2) num devices(0) new_snd_devices(0)
07-11 02:04:27.212 6988 16850 D audio_hw_primary: enable_snd_device: snd_device(2: speaker)[SND_DEVICE_OUT_SPEAKER]
07-11 02:04:27.212 6988 16850 I soundtrigger: audio_extn_sound_trigger_update_device_status: device 0x2 of type 0 for Event 1, with Raise=0
07-11 02:04:27.213 6988 16850 D audio_route: Apply path: speaker
07-11 02:04:27.213 6988 16850 D hardware_info: hw_info_append_hw_type : device_name = vi-feedback
07-11 02:04:27.213 6988 16850 D msm8974_platform: platform_split_snd_device: snd_device(196) num devices(0) new_snd_devices(0)
