--------- beginning of system
07-10 16:18:57.657 3566 3566 I vold : Vold 3.0 (the awakening) firing up
07-10 16:18:57.658 3566 3566 D vold : Detected support for: ext4 f2fs ntfs vfat
07-10 16:18:57.659 3562 3578 I QISL : QSEE Interrupt Service Listener Thread is started
07-10 16:18:57.660 3562 3578 I QISL : QSEE Interrupt Service Listener was activated successfully
07-10 16:18:57.660 3566 3566 E vold : Failed open: No such file or directory
07-10 16:18:57.660 3566 3566 W vold : Failed to LOOP_GET_STATUS64 /dev/block/loop7: No such device or address
07-10 16:18:57.660 3566 3566 W vold : Failed to LOOP_GET_STATUS64 /dev/block/loop6: No such device or address
07-10 16:18:57.660 3566 3566 W vold : Failed to LOOP_GET_STATUS64 /dev/block/loop5: No such device or address
07-10 16:18:57.660 3566 3566 W vold : Failed to LOOP_GET_STATUS64 /dev/block/loop3: No such device or address
07-10 16:18:57.660 3566 3566 W vold : Failed to LOOP_GET_STATUS64 /dev/block/loop4: No such device or address
07-10 16:18:57.661 3566 3566 W vold : Failed to LOOP_GET_STATUS64 /dev/block/loop2: No such device or address
07-10 16:18:57.661 3566 3566 W vold : Failed to LOOP_GET_STATUS64 /dev/block/loop1: No such device or address
07-10 16:18:57.661 3566 3566 W vold : Failed to LOOP_GET_STATUS64 /dev/block/loop0: No such device or address
07-10 16:18:57.668 3566 3566 D vold : VoldNativeService::start() completed OK
07-10 16:18:57.699 3566 3593 E NetlinkListener: recvmsg failed (I/O error)
07-10 16:18:57.699 3566 3593 D vold : Disk at 7:40 changed
07-10 16:18:57.699 3566 3593 D vold : Disk at 7:24 changed
07-10 16:18:57.699 3566 3593 D vold : Disk at 7:32 changed
07-10 16:18:57.699 3566 3593 D vold : Disk at 7:16 changed
07-10 16:18:57.699 3566 3593 E NetlinkListener: recvmsg failed (I/O error)
07-10 16:18:57.699 3566 3593 D vold : Disk at 7:8 changed
07-10 16:18:57.701 3566 3593 E NetlinkListener: recvmsg failed (I/O error)
07-10 16:18:57.704 3566 3593 I chatty : uid=0(root) Binder:3566_2 identical 1 line
07-10 16:18:57.707 3566 3593 E NetlinkListener: recvmsg failed (I/O error)
07-10 16:18:57.708 3566 3593 D vold : Disk at 7:0 changed
07-10 16:18:57.709 3566 3593 E NetlinkListener: recvmsg failed (I/O error)
07-10 16:18:59.123 3566 3593 I chatty : uid=0(root) Binder:3566_2 identical 294 lines
07-10 16:18:59.130 3566 3593 E NetlinkListener: recvmsg failed (I/O error)
07-10 16:18:59.592 4705 4705 I irsc_util: Starting irsc tool
07-10 16:18:59.594 4705 4705 I irsc_util: Num of entries:297
07-10 16:18:59.594 4705 4705 I irsc_util: Ending irsc tool
07-10 16:18:59.601 3566 3593 E NetlinkListener: recvmsg failed (I/O error)
07-10 16:19:00.114 3566 3593 I chatty : uid=0(root) Binder:3566_2 identical 50 lines
07-10 16:19:00.120 3566 3593 E NetlinkListener: recvmsg failed (I/O error)
07-10 16:19:00.158 4970 4970 I imsrcsd : Uce Service HAL is starting up...
07-10 16:19:00.163 4970 4970 I imsrcsd : Uce Service HAL loading imsrcsbaseimpl
07-10 16:19:00.237 4970 4970 I imsrcsd : Starting Service for First Time imsbaseimpl
07-10 16:19:00.241 4970 4970 I ServiceManagement: Registered com.qualcomm.qti.uceservice@2.1::IUceService/com.qualcomm.qti.uceservice (start delay of 137ms)
07-10 16:19:00.242 4970 4970 I imsrcsd : ImsRcsBaseImpl CM_IMSCONNECTIONMANAGER_CREATE_CONNECTION Before Registering Service
07-10 16:19:00.254 4970 4970 I ServiceManagement: Registered com.qualcomm.qti.imscmservice@2.2::IImsCmService/qti.ims.connectionmanagerservice (start delay of 151ms)
07-10 16:19:00.254 4970 4970 I imsrcsd : ImsRcsBaseImpl CM_IMSCONNECTIONMANAGER_CREATE_CONNECTION After Registering Service
07-10 16:19:00.263 4970 4970 I ServiceManagement: Registered vendor.qti.ims.callinfo@1.0::IService/default (start delay of 159ms)
07-10 16:19:00.263 4970 4970 I imsrcsd : ImsRcsBaseImpl ImsCallInfo After Registering Service
07-10 16:19:00.410 5132 5132 I iorapd : iorapd (the prefetchening) firing up
07-10 16:19:00.411 5132 5132 W iorapd : Tracing disabled by iorapd.perfetto.enable=false
07-10 16:19:01.403 3566 3593 E NetlinkListener: recvmsg failed (I/O error)
07-10 16:19:05.001 3566 3593 I chatty : uid=0(root) Binder:3566_2 identical 470 lines
07-10 16:19:05.002 3566 3593 E NetlinkListener: recvmsg failed (I/O error)
07-10 16:19:05.151 6805 6805 I imsrcsd : Uce Service HAL is starting up...
07-10 16:19:05.151 6805 6805 I imsrcsd : getAndroidPropValue : vendor.ims.DATA_DAEMON_STATUS[1] --------- beginning of crash
07-10 16:19:05.500 6868 6868 F DEBUG : *** *** *** *** *** *** *** *** *** *** *** *** *** *** *** ***
07-10 16:19:05.500 6868 6868 F DEBUG : LineageOS Version: '17.1-20210516-UNOFFICIAL-tucana'
07-10 16:19:05.500 6868 6868 F DEBUG : Build fingerprint: 'google/walleye/walleye:8.1.0/OPM1.171019.011/4448085:user/release-keys'
07-10 16:19:05.500 6868 6868 F DEBUG : Revision: '0'
07-10 16:19:05.500 6868 6868 F DEBUG : ABI: 'arm'
07-10 16:19:05.500 6868 6868 F DEBUG : Timestamp: 2021-07-10 16:19:05+0300
07-10 16:19:05.500 6868 6868 F DEBUG : pid: 4626, tid: 4626, name: audio@2.0-servi >>> /vendor/bin/hw/android.hardware.audio@2.0-service <<<
07-10 16:19:05.500 6868 6868 F DEBUG : uid: 1041
07-10 16:19:05.500 6868 6868 F DEBUG : signal 35 (), code -1 (SI_QUEUE from pid 4746, uid 1041), fault addr --------
07-10 16:19:05.500 6868 6868 F DEBUG : r0 00000004 r1 c0306201 r2 ffe18248 r3 ffe181a4
07-10 16:19:05.500 6868 6868 F DEBUG : r4 ef4ba260 r5 c0306201 r6 00000000 r7 00000036
07-10 16:19:05.500 6868 6868 F DEBUG : r8 ffe18268 r9 ef4ba260 r10 00000000 r11 ffe18250
07-10 16:19:05.500 6868 6868 F DEBUG : ip ffe18248 sp ffe18190 lr ef46810d pc ef49a424
07-10 16:19:05.635 6868 6868 F DEBUG :
07-10 16:19:05.635 6868 6868 F DEBUG : backtrace:
07-10 16:19:05.635 6868 6868 F DEBUG : #00 pc 00097424 /apex/com.android.runtime/lib/bionic/libc.so (__ioctl+8) (BuildId: 0ed890fabaa2d5c71dbd8eea0c83fadd)
07-10 16:19:05.635 6868 6868 F DEBUG : #01 pc 00065109 /apex/com.android.runtime/lib/bionic/libc.so (ioctl+28) (BuildId: 0ed890fabaa2d5c71dbd8eea0c83fadd)
07-10 16:19:05.635 6868 6868 F DEBUG : #02 pc 0006b0d3 /system/lib/vndk-sp-29/libhidlbase.so (android::hardware::IPCThreadState::getAndExecuteCommand()+358) (BuildId: 52da7d4ec50996444e54d8993ff01165)
07-10 16:19:05.635 6868 6868 F DEBUG : #03 pc 0006c483 /system/lib/vndk-sp-29/libhidlbase.so (android::hardware::IPCThreadState::joinThreadPool(bool)+102) (BuildId: 52da7d4ec50996444e54d8993ff01165)
07-10 16:19:05.635 6868 6868 F DEBUG : #04 pc 00003267 /vendor/bin/hw/android.hardware.audio@2.0-service (main+538) (BuildId: 4d954f06607622ca724bdf8651cf6868)
07-10 16:19:05.635 6868 6868 F DEBUG : #05 pc 00059d1f /apex/com.android.runtime/lib/bionic/libc.so (__libc_init+66) (BuildId: 0ed890fabaa2d5c71dbd8eea0c83fadd)
07-10 16:19:05.635 6868 6868 F DEBUG : #06 pc 00003037 /vendor/bin/hw/android.hardware.audio@2.0-service (_start_main+46) (BuildId: 4d954f06607622ca724bdf8651cf6868)
07-10 16:19:05.635 6868 6868 F DEBUG : #07 pc 00004456
07-10 16:19:06.414 4746 5199 F libc : Fatal signal 6 (SIGABRT), code -1 (SI_QUEUE) in tid 5199 (TimeCheckThread), pid 4746 (audioserver)
07-10 16:19:06.454 6936 6936 F DEBUG : *** *** *** *** *** *** *** *** *** *** *** *** *** *** *** ***
07-10 16:19:06.454 6936 6936 F DEBUG : LineageOS Version: '17.1-20210516-UNOFFICIAL-tucana'
07-10 16:19:06.454 6936 6936 F DEBUG : Build fingerprint: 'google/walleye/walleye:8.1.0/OPM1.171019.011/4448085:user/release-keys'
07-10 16:19:06.454 6936 6936 F DEBUG : Revision: '0'
07-10 16:19:06.454 6936 6936 F DEBUG : ABI: 'arm64'
07-10 16:19:06.454 6936 6936 F DEBUG : Timestamp: 2021-07-10 16:19:06+0300
07-10 16:19:06.454 6936 6936 F DEBUG : pid: 4746, tid: 5199, name: TimeCheckThread >>> /system/bin/audioserver <<<
07-10 16:19:06.455 6936 6936 F DEBUG : uid: 1041
07-10 16:19:06.455 6936 6936 F DEBUG : signal 6 (SIGABRT), code -1 (SI_QUEUE), fault addr --------
07-10 16:19:06.455 6936 6936 F DEBUG : Abort message: 'TimeCheck timeout for IAudioFlinger command 22'
07-10 16:19:06.455 6936 6936 F DEBUG : x0 0000000000000000 x1 000000000000144f x2 0000000000000006 x3 00000077fe10a660
07-10 16:19:06.455 6936 6936 F DEBUG : x4 0c093730110c1d27 x5 0c093730110c1d27 x6 0c093730110c1d27 x7 271d0c113037090c
07-10 16:19:06.455 6936 6936 F DEBUG : x8 00000000000000f0 x9 0b8a7091d49ecc66 x10 0000000000000001 x11 0000000000000000
07-10 16:19:06.455 6936 6936 F DEBUG : x12 fffffff0ffffffdf x13 0000000000000000 x14 0000000000000000 x15 0c093730110c1d27
07-10 16:19:06.455 6936 6936 F DEBUG : x16 0000007886e0e8c0 x17 0000007886dec3b0 x18 00000077fc75c000 x19 000000000000128a
07-10 16:19:06.455 6936 6936 F DEBUG : x20 000000000000144f x21 00000000ffffffff x22 0000007700000000 x23 0000007802c03034
07-10 16:19:06.455 6936 6936 F DEBUG : x24 0000007802c03034 x25 00000077fe10ad50 x26 00000077fe10b020 x27 00000078025fc020
07-10 16:19:06.455 6936 6936 F DEBUG : x28 0000000000000000 x29 00000077fe10a700
07-10 16:19:06.455 6936 6936 F DEBUG : sp 00000077fe10a640 lr 0000007886d9ff48 pc 0000007886d9ff74
07-10 16:19:06.456 6936 6936 F DEBUG :
07-10 16:19:06.456 6936 6936 F DEBUG : backtrace:
07-10 16:19:06.456 6936 6936 F DEBUG : #00 pc 0000000000081f74 /apex/com.android.runtime/lib64/bionic/libc.so (abort+160) (BuildId: bf14cf7a62d1f91755beddd4a937354d)
07-10 16:19:06.456 6936 6936 F DEBUG : #01 pc 00000000000089f8 /system/lib64/liblog.so (__android_log_assert+324) (BuildId: abc9e34f45037deab475aefb9194f1bd)
07-10 16:19:06.456 6936 6936 F DEBUG : #02 pc 0000000000010540 /system/lib64/libmediautils.so (android::TimeCheck::TimeCheckThread::threadLoop()+532) (BuildId: 8bc3a9ee69d10e88e05d37c03fe4d20c)
07-10 16:19:06.456 6936 6936 F DEBUG : #03 pc 000000000001366c /system/lib64/libutils.so (android::Thread::_threadLoop(void*)+288) (BuildId: 59cf3fe4181b87b327cc75164d8ebaa8)
07-10 16:19:06.456 6936 6936 F DEBUG : #04 pc 00000000000e2390 /apex/com.android.runtime/lib64/bionic/libc.so (__pthread_start(void*)+36) (BuildId: bf14cf7a62d1f91755beddd4a937354d)
07-10 16:19:06.456 6936 6936 F DEBUG : #05 pc 0000000000083ab0 /apex/com.android.runtime/lib64/bionic/libc.so (__start_thread+64) (BuildId: bf14cf7a62d1f91755beddd4a937354d)
07-10 16:19:07.833 3566 3593 E NetlinkListener: recvmsg failed (I/O error)
07-10 16:19:08.239 3566 3593 I chatty : uid=0(root) Binder:3566_2 identical 27 lines
07-10 16:19:08.241 3566 3593 E NetlinkListener: recvmsg failed (I/O error)
07-10 16:19:10.151 6805 6805 I imsrcsd : getAndroidPropValue : vendor.ims.modem.multisub.cap[2]
07-10 16:19:10.151 6805 6805 I imsrcsd : Uce Service HAL detected modemVersion[2]
07-10 16:19:10.151 6805 6805 I imsrcsd : Uce Service HAL loading lib-imsrcs-v2
07-10 16:19:10.206 6805 6805 I Diag_Lib: StartImsService
07-10 16:19:10.206 6805 6805 I imsrcsd : ImsServiceMain startService[1]
07-10 16:19:10.210 6805 7158 I ServiceManagement: Registered vendor.qti.ims.callinfo@1.0::IService/default (start delay of 5096ms)
07-10 16:19:10.210 6805 7158 I imsrcsd : ImsServiceMain Running..
07-10 16:19:12.601 3566 3593 E NetlinkListener: recvmsg failed (I/O error)
07-10 18:43:04.933 3566 3593 I chatty : uid=0(root) Binder:3566_2 identical 65535 lines
07-10 20:22:22.166 3566 3593 I chatty : uid=0(root) Binder:3566_2 identical 65535 lines
07-10 21:44:03.798 3566 3593 I chatty : uid=0(root) Binder:3566_2 identical 65535 lines
07-10 21:54:56.084 3566 3593 I chatty : uid=0(root) Binder:3566_2 identical 9983 lines
07-10 21:54:56.091 3566 3593 E NetlinkListener: recvmsg failed (I/O error)
07-10 21:57:01.561 3566 3593 E NetlinkListener: recvmsg failed (I/O error)
07-11 00:34:21.114 3566 3593 I chatty : uid=0(root) Binder:3566_2 identical 58148 lines
07-11 00:34:24.052 3566 3593 E NetlinkListener: recvmsg failed (I/O error)
07-11 00:35:29.061 3566 3593 E NetlinkListener: recvmsg failed (I/O error)
07-11 00:40:32.275 3566 3593 I chatty : uid=0(root) Binder:3566_2 identical 4942 lines
07-11 00:40:33.384 3566 3593 E NetlinkListener: recvmsg failed (I/O error)
07-11 00:41:49.753 3566 3593 E NetlinkListener: recvmsg failed (I/O error)
07-11 01:03:44.422 3566 3593 I chatty : uid=0(root) Binder:3566_2 identical 4637 lines
07-11 01:03:44.435 3566 3593 E NetlinkListener: recvmsg failed (I/O error)
07-11 01:04:46.839 3566 3593 E NetlinkListener: recvmsg failed (I/O error)
07-11 01:15:31.778 3566 3593 I chatty : uid=0(root) Binder:3566_2 identical 3129 lines
07-11 01:15:31.789 3566 3593 E NetlinkListener: recvmsg failed (I/O error)
07-11 01:16:55.142 3566 3593 E NetlinkListener: recvmsg failed (I/O error)
07-11 01:40:16.391 3566 3593 I chatty : uid=0(root) Binder:3566_2 identical 7271 lines
07-11 01:40:16.394 3566 3593 E NetlinkListener: recvmsg failed (I/O error)
07-11 01:41:20.975 3566 3593 E NetlinkListener: recvmsg failed (I/O error) --------- beginning of main
07-11 02:04:22.923 4987 5118 I /system/vendor/bin/mi_thermald: generic_set_level: set generic device battery to 6
07-11 02:04:22.924 4631 6286 I chatty : uid=1047(cameraserver) provider@2.4-se expire 7 lines
07-11 02:04:22.924 4631 6287 I chatty : uid=1047(cameraserver) provider@2.4-se expire 3 lines
07-11 02:04:22.925 4631 6282 I chatty : uid=1047(cameraserver) provider@2.4-se expire 53 lines
07-11 02:04:22.928 4631 7002 I chatty : uid=1047(cameraserver) HwBinder:4631_1 expire 31 lines
07-11 02:04:22.930 4631 6281 I chatty : uid=1047(cameraserver) provider@2.4-se expire 3 lines
07-11 02:04:22.930 4631 6285 I chatty : uid=1047(cameraserver) provider@2.4-se expire 31 lines
07-11 02:04:22.931 4631 4797 I chatty : uid=1047(cameraserver) provider@2.4-se expire 1 line
07-11 02:04:22.936 4631 6284 I chatty : uid=1047(cameraserver) provider@2.4-se expire 17 lines
07-11 02:04:22.938 4631 6285 I chatty : uid=1047(cameraserver) provider@2.4-se expire 9 lines
07-11 02:04:22.940 4631 6282 I chatty : uid=1047(cameraserver) provider@2.4-se expire 96 lines
07-11 02:04:22.944 4631 7002 I chatty : uid=1047(cameraserver) HwBinder:4631_1 expire 31 lines
07-11 02:04:22.947 4631 6287 I chatty : uid=1047(cameraserver) provider@2.4-se expire 4 lines
07-11 02:04:22.947 4631 6286 I chatty : uid=1047(cameraserver) provider@2.4-se expire 10 lines
07-11 02:04:22.965 4631 4797 I chatty : uid=1047(cameraserver) provider@2.4-se expire 15 lines
07-11 02:04:22.981 4631 6281 I chatty : uid=1047(cameraserver) provider@2.4-se expire 52 lines
07-11 02:04:22.998 4631 4797 I chatty : uid=1047(cameraserver) provider@2.4-se expire 11 lines
07-11 02:04:22.998 4631 6282 I chatty : uid=1047(cameraserver) provider@2.4-se expire 10 lines
07-11 02:04:23.001 4631 6284 I chatty : uid=1047(cameraserver) provider@2.4-se expire 86 lines
07-11 02:04:23.002 4631 6287 I chatty : uid=1047(cameraserver) provider@2.4-se expire 11 lines
07-11 02:04:23.007 4631 7002 I chatty : uid=1047(cameraserver) HwBinder:4631_1 expire 31 lines
07-11 02:04:23.010 4631 6286 I chatty : uid=1047(cameraserver) provider@2.4-se expire 4 lines
07-11 02:04:23.017 4631 6285 I chatty : uid=1047(cameraserver) provider@2.4-se expire 5 lines
07-11 02:04:23.020 4631 6287 I chatty : uid=1047(cameraserver) provider@2.4-se expire 10 lines
07-11 02:04:23.020 4631 6286 I chatty : uid=1047(cameraserver) provider@2.4-se expire 7 lines
07-11 02:04:23.021 4631 6282 I chatty : uid=1047(cameraserver) provider@2.4-se expire 16 lines
07-11 02:04:23.023 4631 6281 I chatty : uid=1047(cameraserver) provider@2.4-se expire 2 lines
07-11 02:04:23.031 4631 4797 I chatty : uid=1047(cameraserver) provider@2.4-se expire 13 lines
07-11 02:04:23.038 4631 6284 I chatty : uid=1047(cameraserver) provider@2.4-se expire 122 lines
07-11 02:04:23.048 4631 7002 I chatty : uid=1047(cameraserver) HwBinder:4631_1 expire 43 lines
07-11 02:04:23.051 4631 6284 I chatty : uid=1047(cameraserver) provider@2.4-se expire 8 lines
07-11 02:04:23.051 4631 6286 I chatty : uid=1047(cameraserver) provider@2.4-se expire 5 lines
07-11 02:04:23.052 4631 6281 I chatty : uid=1047(cameraserver) provider@2.4-se expire 8 lines
07-11 02:04:23.052 4631 6285 I chatty : uid=1047(cameraserver) provider@2.4-se expire 80 lines
07-11 02:04:23.053 4631 6282 I chatty : uid=1047(cameraserver) provider@2.4-se expire 6 lines
07-11 02:04:23.053 4631 6287 I chatty : uid=1047(cameraserver) provider@2.4-se expire 50 lines
07-11 02:04:23.064 4631 4797 I chatty : uid=1047(cameraserver) provider@2.4-se expire 26 lines
07-11 02:04:23.075 4631 7002 I chatty : uid=1047(cameraserver) HwBinder:4631_1 expire 19 lines
07-11 02:04:23.075 4631 6287 I chatty : uid=1047(cameraserver) provider@2.4-se expire 116 lines
07-11 02:04:23.077 4631 6286 I chatty : uid=1047(cameraserver) provider@2.4-se expire 15 lines
07-11 02:04:23.081 4631 6284 I chatty : uid=1047(cameraserver) provider@2.4-se expire 8 lines
07-11 02:04:23.082 4631 6281 I chatty : uid=1047(cameraserver) provider@2.4-se expire 8 lines
07-11 02:04:23.083 4631 6282 I chatty : uid=1047(cameraserver) provider@2.4-se expire 10 lines
07-11 02:04:23.095 4631 6285 I chatty : uid=1047(cameraserver) provider@2.4-se expire 20 lines
07-11 02:04:23.112 4631 6287 I chatty : uid=1047(cameraserver) provider@2.4-se expire 29 lines
07-11 02:04:23.113 4631 7002 I chatty : uid=1047(cameraserver) HwBinder:4631_1 expire 31 lines
07-11 02:04:23.115 4631 6286 I chatty : uid=1047(cameraserver) provider@2.4-se expire 10 lines
07-11 02:04:23.115 4631 6282 I chatty : uid=1047(cameraserver) provider@2.4-se expire 90 lines
07-11 02:04:23.118 4631 6284 I chatty : uid=1047(cameraserver) provider@2.4-se expire 4 lines
07-11 02:04:23.131 4631 4797 I chatty : uid=1047(cameraserver) provider@2.4-se expire 26 lines
07-11 02:04:23.147 4631 6282 I chatty : uid=1047(cameraserver) provider@2.4-se expire 82 lines
07-11 02:04:23.147 4631 6285 I chatty : uid=1047(cameraserver) provider@2.4-se expire 16 lines
07-11 02:04:23.148 4631 7002 I chatty : uid=1047(cameraserver) HwBinder:4631_1 expire 31 lines
07-11 02:04:23.149 4631 6284 I chatty : uid=1047(cameraserver) provider@2.4-se expire 31 lines
07-11 02:04:23.151 4631 6286 I chatty : uid=1047(cameraserver) provider@2.4-se expire 9 lines
07-11 02:04:23.152 4631 6281 I chatty : uid=1047(cameraserver) provider@2.4-se expire 5 lines
07-11 02:04:23.163 4631 6287 I chatty : uid=1047(cameraserver) provider@2.4-se expire 14 lines
07-11 02:04:23.168 4631 6284 I chatty : uid=1047(cameraserver) provider@2.4-se expire 75 lines
07-11 02:04:23.173 4631 7002 I chatty : uid=1047(cameraserver) HwBinder:4631_1 expire 31 lines
07-11 02:04:23.175 4631 6282 I chatty : uid=1047(cameraserver) provider@2.4-se expire 10 lines
07-11 02:04:23.181 4631 6285 I chatty : uid=1047(cameraserver) provider@2.4-se expire 8 lines
07-11 02:04:23.181 4631 6286 I chatty : uid=1047(cameraserver) provider@2.4-se expire 41 lines
07-11 02:04:23.183 4631 6281 I chatty : uid=1047(cameraserver) provider@2.4-se expire 7 lines
07-11 02:04:23.198 4631 4797 I chatty : uid=1047(cameraserver) provider@2.4-se expire 13 lines
07-11 02:04:23.205 4631 6281 I chatty : uid=1047(cameraserver) provider@2.4-se expire 89 lines
07-11 02:04:23.206 4631 6282 I chatty : uid=1047(cameraserver) provider@2.4-se expire 26 lines
07-11 02:04:23.210 4631 6287 I chatty : uid=1047(cameraserver) provider@2.4-se expire 12 lines
07-11 02:04:23.211 4631 7002 I chatty : uid=1047(cameraserver) HwBinder:4631_1 expire 31 lines
07-11 02:04:23.214 4631 6284 I chatty : uid=1047(cameraserver) provider@2.4-se expire 15 lines
07-11 02:04:23.215 4631 6286 I chatty : uid=1047(cameraserver) provider@2.4-se expire 14 lines
07-11 02:04:23.221 4631 6285 I chatty : uid=1047(cameraserver) provider@2.4-se expire 12 lines
07-11 02:04:23.231 4631 6282 I chatty : uid=1047(cameraserver) provider@2.4-se expire 41 lines
07-11 02:04:23.231 4631 4797 I chatty : uid=1047(cameraserver) provider@2.4-se expire 14 lines
07-11 02:04:23.233 4631 6284 I chatty : uid=1047(cameraserver) provider@2.4-se expire 82 lines
07-11 02:04:23.233 4631 6287 I chatty : uid=1047(cameraserver) provider@2.4-se expire 7 lines
07-11 02:04:23.238 4631 7002 I chatty : uid=1047(cameraserver) HwBinder:4631_1 expire 2 lines
07-11 02:04:23.240 4631 7004 I chatty : uid=1047(cameraserver) HwBinder:4631_3 expire 29 lines
07-11 02:04:23.249 4631 6281 I chatty : uid=1047(cameraserver) provider@2.4-se expire 7 lines
07-11 02:04:23.251 4631 6286 I chatty : uid=1047(cameraserver) provider@2.4-se expire 19 lines
07-11 02:04:23.264 4631 4797 I chatty : uid=1047(cameraserver) provider@2.4-se expire 12 lines
07-11 02:04:23.267 4631 6284 I chatty : uid=1047(cameraserver) provider@2.4-se expire 96 lines
07-11 02:04:23.268 4631 6285 I chatty : uid=1047(cameraserver) provider@2.4-se expire 5 lines
07-11 02:04:23.269 4631 6287 I chatty : uid=1047(cameraserver) provider@2.4-se expire 27 lines
07-11 02:04:23.272 4631 6282 I chatty : uid=1047(cameraserver) provider@2.4-se expire 8 lines
07-11 02:04:23.277 4631 7004 I chatty : uid=1047(cameraserver) HwBinder:4631_3 expire 60 lines
07-11 02:04:23.283 4631 6284 I chatty : uid=1047(cameraserver) provider@2.4-se expire 4 lines
07-11 02:04:23.284 4631 6285 I chatty : uid=1047(cameraserver) provider@2.4-se expire 83 lines
07-11 02:04:23.284 4631 6281 I chatty : uid=1047(cameraserver) provider@2.4-se expire 36 lines
07-11 02:04:23.285 4631 6282 I chatty : uid=1047(cameraserver) provider@2.4-se expire 7 lines
07-11 02:04:23.287 4631 6287 I chatty : uid=1047(cameraserver) provider@2.4-se expire 15 lines
07-11 02:04:23.298 4631 6286 I chatty : uid=1047(cameraserver) provider@2.4-se expire 6 lines
07-11 02:04:23.298 4631 4797 I chatty : uid=1047(cameraserver) provider@2.4-se expire 26 lines
07-11 02:04:23.314 4631 7004 I chatty : uid=1047(cameraserver) HwBinder:4631_3 expire 11 lines
07-11 02:04:23.314 4631 6287 I chatty : uid=1047(cameraserver) provider@2.4-se expire 49 lines
07-11 02:04:23.314 4631 6285 I chatty : uid=1047(cameraserver) provider@2.4-se expire 9 lines
07-11 02:04:23.315 4631 6281 I chatty : uid=1047(cameraserver) provider@2.4-se expire 5 lines
07-11 02:04:23.316 4631 6282 I chatty : uid=1047(cameraserver) provider@2.4-se expire 12 lines
07-11 02:04:23.317 4631 6286 I chatty : uid=1047(cameraserver) provider@2.4-se expire 84 lines
07-11 02:04:23.318 4631 6284 I chatty : uid=1047(cameraserver) provider@2.4-se expire 80 lines
07-11 02:04:23.341 4631 7004 I chatty : uid=1047(cameraserver) HwBinder:4631_3 expire 22 lines
07-11 02:04:23.341 4631 6286 I chatty : uid=1047(cameraserver) provider@2.4-se expire 14 lines
07-11 02:04:23.342 4631 6281 I chatty : uid=1047(cameraserver) provider@2.4-se expire 45 lines
07-11 02:04:23.349 4631 6285 I chatty : uid=1047(cameraserver) provider@2.4-se expire 6 lines
07-11 02:04:23.351 4631 6282 I chatty : uid=1047(cameraserver) provider@2.4-se expire 11 lines
07-11 02:04:23.353 4631 6287 I chatty : uid=1047(cameraserver) provider@2.4-se expire 12 lines
07-11 02:04:23.364 4631 4797 I chatty : uid=1047(cameraserver) provider@2.4-se expire 26 lines
07-11 02:04:23.376 4631 6284 I chatty : uid=1047(cameraserver) provider@2.4-se expire 27 lines
07-11 02:04:23.378 4631 7004 I chatty : uid=1047(cameraserver) HwBinder:4631_3 expire 31 lines
07-11 02:04:23.379 4631 6282 I chatty : uid=1047(cameraserver) provider@2.4-se expire 35 lines
07-11 02:04:23.380 4631 6281 I chatty : uid=1047(cameraserver) provider@2.4-se expire 33 lines
07-11 02:04:23.385 4631 6286 I chatty : uid=1047(cameraserver) provider@2.4-se expire 12 lines
07-11 02:04:23.387 4631 6285 I chatty : uid=1047(cameraserver) provider@2.4-se expire 40 lines
07-11 02:04:23.391 4631 6287 I chatty : uid=1047(cameraserver) provider@2.4-se expire 14 lines
07-11 02:04:23.392 8264 8306 E SDM : HWCSession::ForceMaxFrameRate: ForceMaxFrameRate failed: max_frame_rate is 0!
07-11 02:04:23.414 8264 8306 E SDM : HWCSession::ForceMaxFrameRate: ForceMaxFrameRate failed: max_frame_rate is 0!
07-11 02:04:23.415 4631 6282 I chatty : uid=1047(cameraserver) provider@2.4-se expire 82 lines
07-11 02:04:23.419 4631 6281 I chatty : uid=1047(cameraserver) provider@2.4-se expire 19 lines
07-11 02:04:23.419 4631 6285 I chatty : uid=1047(cameraserver) provider@2.4-se expire 8 lines
07-11 02:04:23.420 4631 6286 I chatty : uid=1047(cameraserver) provider@2.4-se expire 7 lines
07-11 02:04:23.420 4631 7004 I chatty : uid=1047(cameraserver) HwBinder:4631_3 expire 31 lines
07-11 02:04:23.422 4631 6284 I chatty : uid=1047(cameraserver) provider@2.4-se expire 22 lines
07-11 02:04:23.431 4631 4797 I chatty : uid=1047(cameraserver) provider@2.4-se expire 26 lines
07-11 02:04:23.439 4631 6284 I chatty : uid=1047(cameraserver) provider@2.4-se expire 79 lines
07-11 02:04:23.440 4631 6285 I chatty : uid=1047(cameraserver) provider@2.4-se expire 33 lines
07-11 02:04:23.441 4631 6287 I chatty : uid=1047(cameraserver) provider@2.4-se expire 10 lines
07-11 02:04:23.443 4631 7004 I chatty : uid=1047(cameraserver) HwBinder:4631_3 expire 31 lines
07-11 02:04:23.444 4631 6282 I chatty : uid=1047(cameraserver) provider@2.4-se expire 10 lines
07-11 02:04:23.447 4631 6281 I chatty : uid=1047(cameraserver) provider@2.4-se expire 13 lines
07-11 02:04:23.453 8264 8306 E SDM : HWCSession::ForceMaxFrameRate: ForceMaxFrameRate failed: max_frame_rate is 0!
07-11 02:04:23.460 4631 6286 I chatty : uid=1047(cameraserver) provider@2.4-se expire 12 lines
07-11 02:04:23.466 4631 6285 I chatty : uid=1047(cameraserver) provider@2.4-se expire 18 lines
07-11 02:04:23.468 4631 6287 I chatty : uid=1047(cameraserver) provider@2.4-se expire 92 lines
07-11 02:04:23.468 8264 8306 E SDM : HWCSession::ForceMaxFrameRate: ForceMaxFrameRate failed: max_frame_rate is 0!
07-11 02:04:23.473 4631 7004 I chatty : uid=1047(cameraserver) HwBinder:4631_3 expire 31 lines
07-11 02:04:23.475 4631 6282 I chatty : uid=1047(cameraserver) provider@2.4-se expire 9 lines
07-11 02:04:23.481 4631 6284 I chatty : uid=1047(cameraserver) provider@2.4-se expire 10 lines
07-11 02:04:23.481 4631 6281 I chatty : uid=1047(cameraserver) provider@2.4-se expire 13 lines
07-11 02:04:23.498 4631 4797 I chatty : uid=1047(cameraserver) provider@2.4-se expire 13 lines
07-11 02:04:23.500 4631 6284 I chatty : uid=1047(cameraserver) provider@2.4-se expire 50 lines
07-11 02:04:23.501 4631 6287 I chatty : uid=1047(cameraserver) provider@2.4-se expire 48 lines
07-11 02:04:23.501 4631 6286 I chatty : uid=1047(cameraserver) provider@2.4-se expire 43 lines
07-11 02:04:23.506 4631 6282 I chatty : uid=1047(cameraserver) provider@2.4-se expire 12 lines
07-11 02:04:23.507 8264 8306 E SDM : HWCSession::ForceMaxFrameRate: ForceMaxFrameRate failed: max_frame_rate is 0!
07-11 02:04:23.511 4631 7004 I chatty : uid=1047(cameraserver) HwBinder:4631_3 expire 31 lines
07-11 02:04:23.515 4631 6285 I chatty : uid=1047(cameraserver) provider@2.4-se expire 8 lines
07-11 02:04:23.518 4631 6281 I chatty : uid=1047(cameraserver) provider@2.4-se expire 128 lines
07-11 02:04:23.523 8264 8306 E SDM : HWCSession::ForceMaxFrameRate: ForceMaxFrameRate failed: max_frame_rate is 0!
07-11 02:04:23.529 4631 6282 I chatty : uid=1047(cameraserver) provider@2.4-se expire 11 lines
07-11 02:04:23.533 4631 4797 I chatty : uid=1047(cameraserver) provider@2.4-se expire 13 lines
07-11 02:04:23.535 4631 6285 I chatty : uid=1047(cameraserver) provider@2.4-se expire 4 lines
07-11 02:04:23.539 8264 8306 E SDM : HWCSession::ForceMaxFrameRate: ForceMaxFrameRate failed: max_frame_rate is 0!
07-11 02:04:23.540 4631 6286 I chatty : uid=1047(cameraserver) provider@2.4-se expire 4 lines
07-11 02:04:23.545 4631 7004 I chatty : uid=1047(cameraserver) HwBinder:4631_3 expire 31 lines
07-11 02:04:23.547 4631 6287 I chatty : uid=1047(cameraserver) provider@2.4-se expire 3 lines
07-11 02:04:23.550 4631 6284 I chatty : uid=1047(cameraserver) provider@2.4-se expire 3 lines
07-11 02:04:23.552 4631 6281 I chatty : uid=1047(cameraserver) provider@2.4-se expire 46 lines
07-11 02:04:23.552 4631 6287 I chatty : uid=1047(cameraserver) provider@2.4-se expire 11 lines
07-11 02:04:23.552 4631 6285 I chatty : uid=1047(cameraserver) provider@2.4-se expire 94 lines
07-11 02:04:23.554 4631 6282 I chatty : uid=1047(cameraserver) provider@2.4-se expire 5 lines
07-11 02:04:24.328 4631 6285 I chatty : uid=1047(cameraserver) provider@2.4-se expire 5 lines
07-11 02:04:25.103 4631 6287 I CamX : [ INFO][CORE ] camxnode.cpp:2592 ProcessMetadataDone() Node::ZSLPreviewRaw_ChiNodeWrapper2 : Type :255 ProcessMetadataDone 631
07-11 02:04:25.103 4631 6285 I CamX : [ INFO][CORE ] camxnode.cpp:2628 ProcessRequestIdDone() Node::ZSLPreviewRaw_ChiNodeWrapper2 : 255 ProcessRequestIdDone 631
07-11 02:04:25.103 4631 6285 I CamX : [ INFO][CORE ] camxpipeline.h:439 NotifyNodePartialMetadataDone() [ZSLPreviewRaw_0] All nodes complete partial metadata with requestId: 631.
07-11 02:04:25.103 4631 6285 I CHIUSECASE: [INFO ] chxadvancedcamerausecase.cpp:6642 ParseResultMetadata() ParseResultMetadata: isValid=0, IHDRTrigger=0
07-11 02:04:25.103 4631 6285 D CHIUSECASE: [FULL ] chxadvancedcamerausecase.cpp:3741 IsFlashRequired() isFlashRequired value 0
07-11 02:04:25.103 4631 6285 D CHIUSECASE: [FULL ] chxadvancedcamerausecase.cpp:8757 FindFeatureToProcessResult() ProcessResult SessionId 1 frameNum 630 feature type: 1
07-11 02:04:25.103 4631 6285 D CHIUSECASE: [FULL ] chxfeaturezsl.cpp:1517 GetResultFrameInfo() FeatureZSL AppFrameNum: 630 <--> 630
07-11 02:04:25.103 4631 6285 D CHIUSECASE: [FULL ] chxusecase.cpp:2621 CheckIfMetaDataHasBeenSent() CheckIfMetadata for resultFrameIndexChi=118 Sent=0
07-11 02:04:25.103 4631 6285 D CHIUSECASE: [FULL ] chxusecase.cpp:2597 CheckIfPartialDataCanBeSent() CheckIfMetadata for resultFrameIndexChi=118 Sent=1
07-11 02:04:25.103 4631 6285 D CHIUSECASE: [FULL ] chxusecase.cpp:3078 UpdateAppPartialResultMetadataFromDriver() PMD is being created for resultID=118 resultFrameNumber:630
07-11 02:04:25.103 4631 6285 I CHIUSECASE: [VERBOSE] chxmetadata.cpp:2045 GetAndroidFrameworkOutputMetadata() [CMB_DEBUG_AFWO] Get framework output index 0 address 0x78f9f4ad40 sparse 0
07-11 02:04:25.103 4631 6285 D CHIUSECASE: [FULL ] chxadvancedcamerausecase.cpp:5026 ProcessAndReturnPartialMetadataFinishedResults() Frame 630: Returning Partial metadata result 1 for app frame 630 m_nextAppResultFrame=630 m_lastAppRequestFrame=635
07-11 02:04:25.103 4631 6285 I CHIUSECASE: [INFO ] chxusecase.cpp:1776 ReturnFrameworkResult() chiOriginalOverrideFrameNum: 630 frame_number: 630 resultFrameIndexF: 118 FW: 630, Buffer Count: 1 RESULT: 0x78f9f4ad40
07-11 02:04:25.103 4631 6285 D CHIUSECASE: [FULL ] chxusecaseutils.cpp:567 IsQuadCFASensor() i:0, sensor mode:16
07-11 02:04:25.103 4631 6285 D CHIUSECASE: [FULL ] chxusecase.cpp:705 OverrideResultMetaForQCFA() AE region, origin (0, 0, 0, 0) <==> new (0, 0, 0, 0)
07-11 02:04:25.104 4631 6285 D CHIUSECASE: [FULL ] chxusecase.cpp:727 OverrideResultMetaForQCFA() AF region, origin (4208, 3160, 7816, 5928) <==> new (2104, 1580, 3908, 2964)
07-11 02:04:25.104 4631 6285 D CHIUSECASE: [FULL ] chxusecase.cpp:1803 ReturnFrameworkResult() m_numberOfPendingOutputBuffers = 1
07-11 02:04:25.104 4631 6285 D CHIUSECASE: [FULL ] chxusecase.cpp:1809 ReturnFrameworkResult() pResult->num_output_buffers 0 pending buffers 1
07-11 02:04:25.104 4631 6285 D CHIUSECASE: [FULL ] chxusecase.cpp:2411 HandleMetadataResultReturn() Sending metadata for [FrameNum=630 and override FrameNum=630] with totalexpectedCount=2 partialResultCount=1
07-11 02:04:25.104 4631 6285 D CHIUSECASE: [FULL ] chxusecase.cpp:2664 SetMetaDataHasBeenSent() Metadata for sender 0 with resultFrameIndexChi=118 Sent=1
07-11 02:04:25.104 4631 6285 I CamX : [ INFO][HAL ] camxhal3.cpp:1289 process_capture_result() frame_number 630
07-11 02:04:25.104 4631 6285 I CamX : [ INFO][HAL ] camxhal3.cpp:1290 process_capture_result() num_output_buffers 0
07-11 02:04:25.104 4631 6285 I CamX : [ INFO][HAL ] camxhal3.cpp:1291 process_capture_result() output_buffers 0x0
07-11 02:04:25.104 4631 6285 I CamX : [ INFO][HAL ] camxhal3.cpp:1308 process_capture_result() input_buffer 0x0
07-11 02:04:25.104 4631 6285 I CamX : [ INFO][HAL ] camxhal3.cpp:1315 process_capture_result() partial_result 1
07-11 02:04:25.104 4631 6285 I CamX : [ INFO][HAL ] camxhal3.cpp:1316 process_capture_result() result 0x78f9f4ad40,cb=0x78fac1f008
07-11 02:04:25.104 4631 6285 I CamX : [ INFO][HAL ] camxhal3.cpp:1318 process_capture_result() num_physcam_metadata 0
07-11 02:04:25.104 4631 6285 D CHIUSECASE: [FULL ] chxutils.cpp:806 ResetMetadata() Metadata entry capacity : 256, data capacity: 262144, metaSize: 266288
07-11 02:04:25.104 4631 6285 I CHIUSECASE: [VERBOSE] chxmetadata.cpp:2080 ReleaseAndroidFrameworkOutputMetadata() [CMB_DEBUG_AFWO] Release framework output index 0
07-11 02:04:25.105 4631 6286 I CamX : [ INFO][CORE ] camxpipeline.h:517 NotifyNodeConfigDone() [ZSLPreviewRaw_0] All nodes complete stream config with requestId: 634., config done count 634
07-11 02:04:25.106 4631 6286 I CamX : [ INFO][CORE ] camxnode.cpp:2592 ProcessMetadataDone() Node::ZSLPreviewRaw_IFE0 : Type :65536 ProcessMetadataDone 634
07-11 02:04:25.106 4631 6285 I CamX : [ INFO][CORE ] camxnode.cpp:2592 ProcessMetadataDone() Node::ZSLPreviewRaw_ChiNodeWrapper1 : Type :255 ProcessMetadataDone 631
07-11 02:04:25.106 4631 6285 I CamX : [ INFO][CORE ] camxpipeline.h:403 NotifyNodeMetadataDone() [ZSLPreviewRaw_0] All nodes complete metadata with requestId: 631.
07-11 02:04:25.106 4631 6285 E CamX : [ERROR][META ] camxmetabuffer.cpp:2858 AddReference() Exceeds the max number(150) of clients
07-11 02:04:25.106 4631 6285 I CamX : [ INFO][CORE ] camxpipeline.cpp:2204 ProcessMetadataRequestIdDone() ZSLPreviewRaw_0 Notify metadata for request id 631 and sequenceId 630 timestamp = 35140974397244
07-11 02:04:25.106 4631 6285 I CamX : [ INFO][CORE ] camxsession.cpp:3420 InjectResult() Inject result added metadata in result holder for sequence ID : 630
07-11 02:04:25.106 4631 6287 I CamX : [ INFO][HAL ] camxsession.cpp:2387 ProcessResultMetadata() Finalized metadata result for Sequence ID 630 mapped to framework id 630 pipeline 0 reqId 631
07-11 02:04:25.106 4631 6287 I CamX : [ INFO][CORE ] camxsession.cpp:2626 ProcessResults() Processing Result - SequenceId 630 Framenumber 630 - earlyMetadata 0 metadataReady 1 bufferReady 1 isCancelled 0
07-11 02:04:25.106 4631 6287 I CHIUSECASE: [INFO ] chxadvancedcamerausecase.cpp:6642 ParseResultMetadata() ParseResultMetadata: isValid=0, IHDRTrigger=0
07-11 02:04:25.106 4631 6287 D CHIUSECASE: [FULL ] chxadvancedcamerausecase.cpp:3741 IsFlashRequired() isFlashRequired value 0
07-11 02:04:25.106 4631 6287 D CHIUSECASE: [FULL ] chxadvancedcamerausecase.cpp:8757 FindFeatureToProcessResult() ProcessResult SessionId 1 frameNum 630 feature type: 1
07-11 02:04:25.106 4631 6287 D CHIUSECASE: [FULL ] chxfeaturezsl.cpp:1517 GetResultFrameInfo() FeatureZSL AppFrameNum: 630 <--> 630
07-11 02:04:25.106 4631 6287 I CHIUSECASE: [INFO ] chxfeaturezsl.cpp:814 ProcessResult() Realtime frame 630. Metadata: 0x78f10721c0 NumBuffers: 1 Timestamp: 35140974397244 Sent: 0
07-11 02:04:25.106 4631 6287 I CHIUSECASE: [VERBOSE] chxmetadata.cpp:1909 ReleaseHolder() [CMB_DEBUG] Release buffer 0 client 0 subclient 0, frameNum 0 refCount 653 handle 0x78f11a5f80 0x78f1073500
07-11 02:04:25.106 4631 6287 I CHIUSECASE: [INFO ] chxutils.cpp:1775 GetFlashFiredState() Utils flashfired state Value 2
07-11 02:04:25.106 4631 6287 I CHIUSECASE: [VERBOSE] chxmetadata.cpp:2045 GetAndroidFrameworkOutputMetadata() [CMB_DEBUG_AFWO] Get framework output index 0 address 0x78f9f4ad40 sparse 0
07-11 02:04:25.106 4631 6287 D CHIUSECASE: [FULL ] chxusecase.cpp:2621 CheckIfMetaDataHasBeenSent() CheckIfMetadata for resultFrameIndexChi=118 Sent=1
07-11 02:04:25.106 4631 6287 D CHIUSECASE: [FULL ] chxusecase.cpp:2597 CheckIfPartialDataCanBeSent() CheckIfMetadata for resultFrameIndexChi=118 Sent=0
07-11 02:04:25.106 4631 6284 I CamX : [ INFO][CORE ] camxnode.cpp:2628 ProcessRequestIdDone() Node::ZSLPreviewRaw_ChiNodeWrapper1 : 255 ProcessRequestIdDone 631
07-11 02:04:25.106 4631 6287 D CHIUSECASE: [FULL ] chxusecase.cpp:3136 UpdateAppResultMetadata() Partial Data has been sent and meta data needs to be filtered for tags=18
07-11 02:04:25.106 4631 6284 I CamX : [ INFO][CORE ] camxpipeline.cpp:3671 NotifyNodeRequestIdDone() All nodes in pipeline ZSLPreviewRaw complete with requestId: 631.
07-11 02:04:25.107 4631 6284 I CamX : [ INFO][CORE ] camxpipeline.cpp:2327 SinkPortFenceSignaled() ZSLPreviewRaw_0 Reporting stream done for stream=0, sequenceId=630, Buffer type=0 handle=0x78f1d10cb8
07-11 02:04:25.107 4631 6284 I CamX : [ INFO][CORE ] camxsession.cpp:3482 InjectResult() Inject result added request 630 output buffer in result holder:Stream 0x78f0cd3aa8 Fmt: 34 W: 1920 H: 1080
07-11 02:04:25.107 4631 6287 I CHIUSECASE: [INFO ] chxfeaturezsl.cpp:896 ProcessResult() Reserve metadata for frame 630. sessionId 1
07-11 02:04:25.107 4631 6287 I CHIUSECASE: [VERBOSE] chxadvancedcamerausecase.cpp:2709 FillMetadataForRDIQueue() set primary35mmEFL vendor tag, zoom 1.000000 35mmEFL 24.166754
07-11 02:04:25.107 4631 6287 I CHIUSECASE: [VERBOSE] chxmetadata.cpp:1909 ReleaseHolder() [CMB_DEBUG] Release buffer 4 client 3 subclient 0, frameNum 627 refCount 1 handle 0x78fad3d380 0x78f2d85f20
07-11 02:04:25.107 4631 6287 I CHIUSECASE: [INFO ] chxadvancedcamerausecase.cpp:2543 UpdateBufferReadyForRDIQueue() validBufferLength:3, framenumber:630, pipeline:1,lastReady:630,firstValid:628,cnt:3
07-11 02:04:25.107 4631 6287 D CHIUSECASE: [FULL ] chxadvancedcamerausecase.cpp:4771 ProcessAndReturnFinishedResults() Frame 630: metadataAvailable: 1, metadataReturn: 1, bufferReturn 0, inBufferReturn 0
07-11 02:04:25.107 4631 6287 D CHIUSECASE: [FULL ] chxadvancedcamerausecase.cpp:4790 ProcessAndReturnFinishedResults() Frame 630: Returning metadata result 2/2 for app frame 630 m_nextAppResultFrame=630 m_lastAppRequestFrame=635
07-11 02:04:25.107 4631 6287 I CHIUSECASE: [INFO ] chxadvancedcamerausecase.cpp:10114 RemosaicInjectReturnResult() [Meta DEBUG] Set xiaomi.remosaic.detected 0
07-11 02:04:25.107 4631 6287 I CHIUSECASE: [INFO ] chxusecase.cpp:1776 ReturnFrameworkResult() chiOriginalOverrideFrameNum: 630 frame_number: 630 resultFrameIndexF: 118 FW: 630, Buffer Count: 1 RESULT: 0x78f9f4ad40
07-11 02:04:25.107 4631 6287 D CHIUSECASE: [FULL ] chxusecaseutils.cpp:567 IsQuadCFASensor() i:0, sensor mode:16
07-11 02:04:25.107 4631 6287 D CHIUSECASE: [FULL ] chxusecase.cpp:683 OverrideResultMetaForQCFA() crop region, origin (0, 0, 12032, 9024) <==> new (0, 0, 6016, 4512)
07-11 02:04:25.107 4631 6287 D CHIUSECASE: [FULL ] chxusecase.cpp:1803 ReturnFrameworkResult() m_numberOfPendingOutputBuffers = 1
07-11 02:04:25.107 4631 6287 D CHIUSECASE: [FULL ] chxusecase.cpp:1809 ReturnFrameworkResult() pResult->num_output_buffers 0 pending buffers 1
07-11 02:04:25.107 4631 6287 D CHIUSECASE: [FULL ] chxusecase.cpp:2411 HandleMetadataResultReturn() Sending metadata for [FrameNum=630 and override FrameNum=630] with totalexpectedCount=2 partialResultCount=2
07-11 02:04:25.107 4631 6287 D CHIUSECASE: [FULL ] chxusecase.cpp:2621 CheckIfMetaDataHasBeenSent() CheckIfMetadata for resultFrameIndexChi=118 Sent=1
07-11 02:04:25.107 4631 6287 D CHIUSECASE: [FULL ] chxusecase.cpp:2664 SetMetaDataHasBeenSent() Metadata for sender 2 with resultFrameIndexChi=118 Sent=1
07-11 02:04:25.107 4631 6287 D CHIUSECASE: [FULL ] chxusecase.cpp:2504 HandleMetadataResultReturn() Partial Result Completed for framenumber=630
07-11 02:04:25.107 4631 6287 I CamX : [ INFO][HAL ] camxhal3.cpp:1289 process_capture_result() frame_number 630
07-11 02:04:25.107 4631 6287 I CamX : [ INFO][HAL ] camxhal3.cpp:1290 process_capture_result() num_output_buffers 0
07-11 02:04:25.107 4631 6287 I CamX : [ INFO][HAL ] camxhal3.cpp:1291 process_capture_result() output_buffers 0x0
07-11 02:04:25.107 4631 6287 I CamX : [ INFO][HAL ] camxhal3.cpp:1308 process_capture_result() input_buffer 0x0
07-11 02:04:25.107 4631 6287 I CamX : [ INFO][HAL ] camxhal3.cpp:1315 process_capture_result() partial_result 2
07-11 02:04:25.107 4631 6287 I CamX : [ INFO][HAL ] camxhal3.cpp:1316 process_capture_result() result 0x78f9f4ad40,cb=0x78fac1f008
07-11 02:04:25.107 4631 6287 I CamX : [ INFO][HAL ] camxhal3.cpp:1318 process_capture_result() num_physcam_metadata 0
07-11 02:04:25.109 4631 6287 D CHIUSECASE: [FULL ] chxutils.cpp:806 ResetMetadata() Metadata entry capacity : 256, data capacity: 262144, metaSize: 266288
07-11 02:04:25.109 4631 6287 I CHIUSECASE: [VERBOSE] chxmetadata.cpp:2080 ReleaseAndroidFrameworkOutputMetadata() [CMB_DEBUG_AFWO] Release framework output index 0
07-11 02:04:25.109 4631 6287 I CamX : [ INFO][CORE ] camxsession.cpp:3719 AdvanceMinExpectedResult() Session 0x78fac279c0: Can't advance because of buffer[0] for sequence Id: 630
07-11 02:04:25.109 4631 6287 I CamX : [ INFO][CORE ] camxsession.cpp:3837 AdvanceMinExpectedResult() Session 0x78fac279c0: Results processed, current queue state: minResultIdExpected = 631, maxResultIdExpected= 635, minSequenceIdExpected: 630, maxSequenceIdExpected: 634, and numResultsPending: 5
07-11 02:04:25.109 4631 6287 I CamX : [ INFO][CORE ] camxsession.cpp:2626 ProcessResults() Processing Result - SequenceId 630 Framenumber 630 - earlyMetadata 0 metadataReady 0 bufferReady 1 isCancelled 0
07-11 02:04:25.109 4631 6287 D CHIUSECASE: [FULL ] chxadvancedcamerausecase.cpp:8757 FindFeatureToProcessResult() ProcessResult SessionId 1 frameNum 630 feature type: 1
07-11 02:04:25.109 4631 6287 D CHIUSECASE: [FULL ] chxfeaturezsl.cpp:1517 GetResultFrameInfo() FeatureZSL AppFrameNum: 630 <--> 630
07-11 02:04:25.109 4631 6287 I CHIUSECASE: [INFO ] chxfeaturezsl.cpp:814 ProcessResult() Realtime frame 630. Metadata: 0x0 NumBuffers: 1 Timestamp: 35140974397244 Sent: 1
07-11 02:04:25.109 4631 6287 D CHIUSECASE: [FULL ] chxadvancedcamerausecase.cpp:4771 ProcessAndReturnFinishedResults() Frame 630: metadataAvailable: 0, metadataReturn: 0, bufferReturn 1, inBufferReturn 0
07-11 02:04:25.109 4631 6287 D CHIUSECASE: [FULL ] chxusecase.cpp:2639 CheckIfAnyPartialMetaDataHasBeenSent() CheckIfAnyPartialMetaDataHasBeenSent for resultFrameIndexChi=118 Sent=1
07-11 02:04:25.109 4631 6287 D CHIUSECASE: [FULL ] chxadvancedcamerausecase.cpp:4865 ProcessAndReturnFinishedResults() Frame 630: Returning buffer result for 1 output buffers for app frame 630
07-11 02:04:25.109 4631 6287 D CHIUSECASE: [FULL ] chxadvancedcamerausecase.cpp:4872 ProcessAndReturnFinishedResults() Stream 0x78f0cd3aa8, W: 1920, H: 1080
07-11 02:04:25.109 4631 6287 I CHIUSECASE: [INFO ] chxusecase.cpp:1776 ReturnFrameworkResult() chiOriginalOverrideFrameNum: 630 frame_number: 630 resultFrameIndexF: 118 FW: 630, Buffer Count: 1 RESULT: 0x0
07-11 02:04:25.109 4631 6287 D CHIUSECASE: [FULL ] chxusecase.cpp:1803 ReturnFrameworkResult() m_numberOfPendingOutputBuffers = 0
07-11 02:04:25.109 4631 6287 D CHIUSECASE: [FULL ] chxusecase.cpp:1809 ReturnFrameworkResult() pResult->num_output_buffers 1 pending buffers 0
07-11 02:04:25.109 4631 6287 D CHIUSECASE: [FULL ] chxusecase.cpp:1822 ReturnFrameworkResult() pStreamBuffer 0x790becf080, i 0, j 0 buffer 0x78f1d10cb8
07-11 02:04:25.109 4631 6287 I CamX : [ INFO][HAL ] camxhaldevice.cpp:254 ProcessCaptureResult() Returning framework result Frame: 630, Metadata: 0x0, Stream 0x78f0cd3aa8, Fmt: 34 Width: 1920 Height: 1080
07-11 02:04:25.109 4631 6285 I CamX : [ INFO][CORE ] camxnode.cpp:2592 ProcessMetadataDone() Node::ZSLPreviewRaw_FDExtManager0 : Type :22 ProcessMetadataDone 632
07-11 02:04:25.109 4631 6287 I CamX : [ INFO][HAL ] camxhal3.cpp:1289 process_capture_result() frame_number 630
07-11 02:04:25.109 4631 6287 I CamX : [ INFO][HAL ] camxhal3.cpp:1290 process_capture_result() num_output_buffers 1
07-11 02:04:25.109 4631 6287 I CamX : [ INFO][HAL ] camxhal3.cpp:1291 process_capture_result() output_buffers 0x790be5ec00
07-11 02:04:25.109 4631 6287 I CamX : [ INFO][HAL ] camxhal3.cpp:1296 process_capture_result() output_buffers[0] : 0x790be5ec00 - info
07-11 02:04:25.109 4631 6285 E CamX : [ERROR][SW_PROC] camxswprocess_tonemap.cpp:305 SWProcessApplyFixedGTM() Applying Fixed GTM, width: 0, height: 640, stride: 360, gamma: 1.100000, gain: 1.000000
07-11 02:04:25.109 4631 6287 I CamX : [ INFO][HAL ] camxhal3.cpp:1297 process_capture_result() buffer : 0x78f1d10cb8
07-11 02:04:25.109 4631 6287 I CamX : [ INFO][HAL ] camxhal3.cpp:1298 process_capture_result() status : 00000000
07-11 02:04:25.109 4631 6287 I CamX : [ INFO][HAL ] camxhal3.cpp:1299 process_capture_result() stream : 0x78f0cd3aa8
07-11 02:04:25.109 4631 6287 I CamX : [ INFO][HAL ] camxhal3.cpp:1308 process_capture_result() input_buffer 0x0
07-11 02:04:25.109 4631 6287 I CamX : [ INFO][HAL ] camxhal3.cpp:1315 process_capture_result() partial_result 0
07-11 02:04:25.110 4631 6287 I CamX : [ INFO][HAL ] camxhal3.cpp:1316 process_capture_result() result 0x0,cb=0x78fac1f008
07-11 02:04:25.110 4631 6287 I CamX : [ INFO][HAL ] camxhal3.cpp:1318 process_capture_result() num_physcam_metadata 0
07-11 02:04:25.110 4631 6287 D CHIUSECASE: [FULL ] chxadvancedcamerausecase.cpp:4949 ProcessAndReturnFinishedResults() Advanced next result frame to 631
07-11 02:04:25.110 4631 6287 I CamX : [ INFO][CORE ] camxsession.cpp:3773 AdvanceMinExpectedResult() Session 0x78fac279c0: Results processed for sequenceId: 630
07-11 02:04:25.110 4631 6287 I CamX : [ INFO][CORE ] camxsession.cpp:5559 IsDoneProcessing() Session 0x78fac279c0 is not done processing, Waiting for pipeline: ZSLPreviewRaw:0
07-11 02:04:25.110 4631 6287 I CamX : [ INFO][CORE ] camxsession.cpp:5610 NotifyProcessingDone() Session 0x78fac279c0 is not done processing, Waiting for m_livePendingRequests
07-11 02:04:25.111 4631 6287 I CamX : [ INFO][CORE ] camxsession.cpp:3719 AdvanceMinExpectedResult() Session 0x78fac279c0: Can't advance because of buffer[0] for sequence Id: 631
07-11 02:04:25.111 4631 6285 I CamX : [ INFO][CORE ] camxnode.cpp:2628 ProcessRequestIdDone() Node::ZSLPreviewRaw_FDExtManager0 : 22 ProcessRequestIdDone 632
07-11 02:04:25.111 4631 6287 I CamX : [ INFO][CORE ] camxsession.cpp:3837 AdvanceMinExpectedResult() Session 0x78fac279c0: Results processed, current queue state: minResultIdExpected = 632, maxResultIdExpected= 635, minSequenceIdExpected: 631, maxSequenceIdExpected: 634, and numResultsPending: 4
07-11 02:04:25.111 4631 6287 I CamX : [ INFO][HAL ] camxsession.cpp:5222 ProcessMetabufferPendingQueue() Pending Queue pipeline ZSLPreviewRaw_0 request 631 old = 628 last 631 delay 3
07-11 02:04:25.111 4631 7004 I CamX : [ INFO][CORE ] camxsession.cpp:1864 ProcessCaptureRequest() AttachMetabuffer in pipeline ZSLPreviewRaw_0 InputMetaBuffer 0x78f1073500 OutputMetaBuffer 0x78f2d85e40 reqId 636
07-11 02:04:25.111 4631 6287 E CamX : [ERROR][META ] camxmetabuffer.cpp:2970 ReleaseReference() Cannot find metabuffer 0x78f2d85f20 refCnt 652 cur 0x78f1073500
07-11 02:04:25.111 4631 7004 I CamX : [ INFO][CORE ] camxsession.cpp:2250 ProcessCaptureRequest() Pipeline: ZSLPreviewRaw_0 Added Sequence ID 635 CHI framenumber 635 to request queue and launched job with request id 636
07-11 02:04:25.111 4631 6287 D CHIUSECASE: [FULL ] chxadvancedcamerausecase.cpp:8857 GetFeatureFromRequestMapping() Look for feature with current index 115 sessionId 1 requestId 627 pFeature 0x78fa1f0440 type 1
07-11 02:04:25.111 4631 6287 D CHIUSECASE: [FULL ] chxadvancedcamerausecase.cpp:8857 GetFeatureFromRequestMapping() Look for feature with current index 115 sessionId 1 requestId 627 pFeature 0x78fa1f0440 type 1
07-11 02:04:25.111 4631 6287 D CHIUSECASE: [FULL ] chxfeaturezsl.cpp:1092 ProcessMessage() FeatureZSL MetaBuffer Done frameNum 627 i/p metadata 0x78f1073500 o/p metadata 0x78f2d85f20
07-11 02:04:25.111 4631 6287 I CamX : [ INFO][CORE ] camxsession.cpp:2786 ProcessRequest() ZSLPreviewRaw_0: Sequence ID 635 assigned for frameworkframeNumber 635, RequestId: 636 and m_requestQueueDepth 8
07-11 02:04:25.111 4631 7004 I CamX : [ INFO][HAL ] camxhal3.cpp:1127 process_capture_request() frame_number 636
07-11 02:04:25.111 4631 7004 I CamX : [ INFO][HAL ] camxhal3.cpp:1128 process_capture_request() num_output_buffers 1
07-11 02:04:25.111 4631 6287 I CamX : [ INFO][CORE ] camxpipeline.cpp:906 OpenRequest() pipeline[0] CSLOpenRequest for CSLSyncID: 636, requestId: 636 with syncmode:FALSE
07-11 02:04:25.111 4631 7004 I CamX : [ INFO][HAL ] camxhal3.cpp:1129 process_capture_request() output_buffers 0x78f1e10200
07-11 02:04:25.111 4631 7004 I CamX : [ INFO][HAL ] camxhal3.cpp:1134 process_capture_request() output_buffers[0] : 0x78f1e10200 - info
07-11 02:04:25.111 4631 6287 I CamX : [ INFO][CORE ] camxsession.cpp:3008 ProcessRequest() pipeline[0] OpenRequest called for request id = 636 withCSLSyncID 636
07-11 02:04:25.111 4631 7004 I CamX : [ INFO][HAL ] camxhal3.cpp:1135 process_capture_request() buffer : 0x78f1d8df18
07-11 02:04:25.111 4631 7004 I CamX : [ INFO][HAL ] camxhal3.cpp:1136 process_capture_request() status : 00000000
07-11 02:04:25.111 4631 7004 I CamX : [ INFO][HAL ] camxhal3.cpp:1137 process_capture_request() stream : 0x78f0cd3aa8
07-11 02:04:25.112 4631 7004 I CamX : [ INFO][HAL ] camxhal3.cpp:1147 process_capture_request() input_buffer 0x0
07-11 02:04:25.112 4631 7004 I CamX : [ INFO][HAL ] camxhal3.cpp:1154 process_capture_request() settings 0x0
07-11 02:04:25.112 4631 7004 I CamX : [ INFO][HAL ] camxhaldevice.cpp:1249 ProcessCaptureRequest() CHIModule: Original framework framenumber 636 contains 1 output buffers
07-11 02:04:25.112 4631 7004 I CHIUSECASE: [INFO ] chxextensionmodule.cpp:2853 OverrideProcessRequest() flush enabled, frame 636 m_aFlushInProgress[0]: 0
07-11 02:04:25.112 4631 7004 D CHIUSECASE: [FULL ] chxusecase.cpp:370 ProcessCaptureRequest() Saving buffer for CHI Frame: 636, requestFrame: 636, NumBuff: 1 resultFrameIndexChi: 124
07-11 02:04:25.112 4631 6287 I CamX : [ INFO][CORE ] camxnode.cpp:2592 ProcessMetadataDone() Node::ZSLPreviewRaw_ChiNodeWrapper0 : Type :255 ProcessMetadataDone 636
07-11 02:04:25.112 4631 7004 D CHIUSECASE: [FULL ] chxusecase.cpp:402 ProcessCaptureRequest() SAVING frame: 636 resultFrameIndexChi: 124
07-11 02:04:25.112 4631 7004 D CHIUSECASE: [FULL ] chxadvancedcamerausecase.cpp:6379 ExecuteCaptureRequest() AdvancedCameraUsecase::ExecuteCaptureRequest 636 124
